-- phpMyAdmin SQL Dump
-- version 2.11.3deb1ubuntu1.3
-- http://www.phpmyadmin.net
--
-- Serveur: localhost
-- Généré le : Jeu 28 Octobre 2010 à 10:18
-- Version du serveur: 5.0.51
-- Version de PHP: 5.2.4-2ubuntu5.10

SET SQL_MODE="NO_AUTO_VALUE_ON_ZERO";

--
-- Base de données: `Spore`
--

-- --------------------------------------------------------

--
-- Structure de la table `action`
--

CREATE TABLE IF NOT EXISTS `action` (
  `id_action` int(11) NOT NULL auto_increment,
  `Libelle_action` text character set latin1 NOT NULL,
  `appli` varchar(40) collate utf8_unicode_ci NOT NULL,
  PRIMARY KEY  (`id_action`)
) ENGINE=MyISAM  DEFAULT CHARSET=utf8 COLLATE=utf8_unicode_ci AUTO_INCREMENT=21 ;

--
-- Contenu de la table `action`
--

INSERT INTO `action` (`id_action`, `Libelle_action`, `appli`) VALUES
(1, 'Connexion', 'Parapheur'),
(2, 'Consultation du dossier', 'Parapheur'),
(3, 'Creation du dossier', 'Parapheur'),
(4, 'Archiver le dossier', 'Parapheur'),
(5, 'Valider le dossier', 'Parapheur'),
(6, 'Signer le dossier', 'Parapheur'),
(7, 'Afficher le dossier récupéré', 'Parapheur'),
(8, 'Creer un circuit', 'Parapheur'),
(9, 'Effectuer une recherche', 'Parapheur'),
(10, 'Valider par lot', 'Parapheur'),
(11, 'Emettre le dossier', 'Parapheur'),
(12, 'Déconnexion', 'Parapheur'),
(13, 'Exercer le droit de remord', 'Parapheur'),
(14, 'Rechercher un dossier', 'Parapheur'),
(15, 'Signer numériquement le dossier', 'Parapheur'),
(16, 'Soumettre à la secrétaire', 'Parapheur'),
(17, 'Renvoyer au patron', 'Parapheur'),
(18, 'Connexion', 'Webrsa'),
(19, 'Création d''un dossier', 'Webrsa'),
(20, 'Déconnexion', 'Webrsa');

-- --------------------------------------------------------

--
-- Structure de la table `implique`
--

CREATE TABLE IF NOT EXISTS `implique` (
  `id_scenario` int(11) NOT NULL,
  `id_user` varchar(30) NOT NULL,
  `ordre` int(3) NOT NULL,
  PRIMARY KEY  (`id_scenario`,`id_user`,`ordre`)
) ENGINE=MyISAM DEFAULT CHARSET=latin1;

--
-- Contenu de la table `implique`
--

INSERT INTO `implique` (`id_scenario`, `id_user`, `ordre`) VALUES
(1, 'utilisateur_0', 1),
(1, 'utilisateur_1', 2),
(2, 'utilisateur_0', 1),
(2, 'utilisateur_1', 2),
(3, 'utilisateur_0', 1),
(4, 'utilisateur_0', 1),
(4, 'utilisateur_1', 2),
(5, 'utilisateur_0', 1),
(5, 'utilisateur_1', 2),
(7, 'utilisateur_0', 1),
(8, 'utilisateur_0', 1),
(8, 'utilisateur_1', 2),
(9, 'utilisateur_0', 1),
(9, 'utilisateur_1', 2),
(11, 'utilisateur_0', 1),
(11, 'utilisateur_1', 2),
(12, 'utilisateur_0', 1),
(12, 'utilisateur_1', 2),
(13, 'utilisateur_0', 1),
(13, 'utilisateur_1', 4),
(13, 'utilisateur_2', 3),
(13, 'utilisateur_3', 2),
(14, 'secretaire_0', 3),
(14, 'utilisateur_0', 1),
(14, 'utilisateur_1', 2),
(14, 'utilisateur_1', 4),
(16, 'utilisateur_0', 1),
(17, 'utilisateur_0', 1);

-- --------------------------------------------------------

--
-- Structure de la table `listaction`
--

CREATE TABLE IF NOT EXISTS `listaction` (
  `id_Scena` int(11) NOT NULL,
  `id_action` int(11) NOT NULL,
  `ordre_Action` int(11) NOT NULL
) ENGINE=MyISAM DEFAULT CHARSET=utf8 COLLATE=utf8_unicode_ci;

--
-- Contenu de la table `listaction`
--

INSERT INTO `listaction` (`id_Scena`, `id_action`, `ordre_Action`) VALUES
(1, 1, 1),
(1, 3, 2),
(1, 11, 3),
(1, 12, 4),
(1, 1, 5),
(1, 10, 6),
(1, 12, 7),
(2, 1, 1),
(2, 3, 2),
(2, 11, 3),
(2, 12, 4),
(2, 1, 5),
(2, 5, 6),
(2, 12, 7),
(3, 1, 1),
(3, 3, 2),
(3, 11, 3),
(3, 13, 4),
(3, 12, 5),
(12, 1, 1),
(12, 3, 2),
(12, 11, 3),
(12, 12, 4),
(12, 1, 5),
(12, 6, 6),
(12, 12, 7),
(12, 1, 8),
(12, 4, 9),
(12, 15, 10),
(12, 12, 11),
(13, 1, 1),
(13, 3, 2),
(13, 11, 3),
(13, 12, 4),
(13, 1, 5),
(13, 5, 6),
(13, 12, 7),
(13, 1, 8),
(13, 5, 9),
(13, 12, 10),
(13, 1, 11),
(13, 6, 12),
(13, 12, 13),
(14, 1, 1),
(14, 3, 2),
(14, 11, 3),
(14, 12, 4),
(14, 1, 5),
(14, 16, 6),
(14, 12, 7),
(14, 1, 8),
(14, 17, 9),
(14, 12, 10),
(14, 1, 11),
(14, 6, 12),
(14, 12, 13),
(15, 1, 1),
(15, 8, 2),
(15, 12, 3),
(15, 0, 4),
(15, 0, 5),
(16, 7, 1),
(16, 2, 2),
(16, 12, 3),
(16, 3, 4),
(16, 0, 5),
(16, 0, 6),
(17, 2, 1),
(17, 12, 2),
(17, 8, 3),
(15, 1, 1),
(15, 8, 2),
(15, 12, 3),
(14, 18, 1),
(14, 18, 2),
(14, 18, 3),
(16, 18, 1),
(16, 18, 2),
(16, 18, 3),
(17, 18, 1);

-- --------------------------------------------------------

--
-- Structure de la table `listscenario`
--

CREATE TABLE IF NOT EXISTS `listscenario` (
  `id_simu` int(11) NOT NULL,
  `id_scena` int(11) NOT NULL,
  `nb_Scenario` int(11) NOT NULL,
  `nb_Utilisateur_Max` int(11) NOT NULL,
  PRIMARY KEY  (`id_scena`)
) ENGINE=MyISAM DEFAULT CHARSET=utf8 COLLATE=utf8_unicode_ci;

--
-- Contenu de la table `listscenario`
--


-- --------------------------------------------------------

--
-- Structure de la table `Scenario_Parapheur`
--

CREATE TABLE IF NOT EXISTS `Scenario_Parapheur` (
  `id_scenario` int(11) NOT NULL,
  `Libelle_scenario` text character set latin1 NOT NULL,
  `Description_scenario` text character set latin1 NOT NULL,
  `pathScenarioJmter` varchar(80) collate utf8_unicode_ci NOT NULL,
  `nbDossiersNecessaires` int(4) NOT NULL,
  `nbUtilisateurs` int(2) NOT NULL,
  `IsActif` int(1) NOT NULL,
  `nomCSV` varchar(100) collate utf8_unicode_ci NOT NULL,
  `pathLog` varchar(120) collate utf8_unicode_ci default NULL,
  PRIMARY KEY  (`id_scenario`)
) ENGINE=MyISAM DEFAULT CHARSET=utf8 COLLATE=utf8_unicode_ci;

--
-- Contenu de la table `Scenario_Parapheur`
--

INSERT INTO `Scenario_Parapheur` (`id_scenario`, `Libelle_scenario`, `Description_scenario`, `pathScenarioJmter`, `nbDossiersNecessaires`, `nbUtilisateurs`, `IsActif`, `nomCSV`, `pathLog`) VALUES
(3, 'Scenario 5', 'Crée un dossier puis exerce son droit de remord', '/home/parapheur/SPORE/Scenario/Scenario_Parapheur/Scenario5/Scenario5.jmx', 1, 1, 1, '/scenar5.csv', '/Scenario5.txt'),
(2, 'Scenario 2', 'Crée un dossier avec un utilisateur et le valide avec un autre utilisateur', '/home/parapheur/SPORE/Scenario/Scenario_Parapheur/Scenario2/Scenario2.jmx', 1, 2, 1, '/scenar2.csv', '/Scenario2.txt'),
(8, 'Scenario 1', 'Crée un dossier avec un utilisateur et visionne les annotations et la piece jointe avec un autre utilisateur', '/home/parapheur/SPORE/Scenario/Scenario_Parapheur/Scenario1/Scenario1.jmx', 1, 2, 1, '/scenar1.csv', '/Scenario1.txt'),
(4, 'Scenario 3', 'Utilisateur 1 créer et emet un dossier, Utilisateur 2 le signe, Utilisateur1 archive', '/home/parapheur/SPORE/Scenario/Scenario_Parapheur/Scenario3/Scenario3.jmx', 1, 2, 1, '/scenar3.csv', '/Scenario3.txt'),
(5, 'Scenario 8', 'Utilisateur1 crée et émet un dossier, Utilisateur2 le rejette', '/home/parapheur/SPORE/Scenario/Scenario_Parapheur/Scenario8/Scenario8.jmx', 1, 2, 1, '/scenar8.csv', '/Scenario8.txt'),
(1, 'Scenario 13', 'Utilisateur1 emet 2 dossiers, Utilisateur2 valide les 2 avec validation par lot', '/home/parapheur/SPORE/Scenario/Scenario_Parapheur/Scenario13/Scenario13.jmx', 2, 2, 1, '/scenar13.csv', '/Scenario13.txt'),
(7, 'Scenario 14', 'L''utilisateur A crée un dossier puis le supprime', '/home/parapheur/SPORE/Scenario/Scenario_Parapheur/Scenario14/Scenario14.jmx', 1, 1, 1, '/scenar14.csv', '/Scenario14.txt'),
(9, 'Scenario 6', 'Emet un dossier sur le circuit helios avec utilisateur 1 et le signe avec utilisateur 2', '/home/parapheur/SPORE/Scenario/Scenario_Parapheur/Scenario6/Scenario6.jmx', 1, 2, 1, '/scenar6.csv', '/Scenario6.txt'),
(12, 'Scenario 4', 'utilisateur 0 crée et emet un dossier, utilisateur 1 le signe, utilisateur 0 l''archive et le recherche', '/home/parapheur/SPORE/Scenario/Scenario_Parapheur/Scenario4/Scenario4.jmx', 1, 2, 1, '/scenar4.csv', '/Scenario4.txt'),
(13, 'Scenario 12', 'Utilisateur 0 crée et emet un dossier, utilisateur 3 valide, utilisateur 2 valide et utilisateur 1 signe numériquement', '/home/parapheur/SPORE/Scenario/Scenario_Parapheur/Scenario12/Scenario12.jmx', 1, 4, 0, '/scenar12.csv', '/Scenario12.txt'),
(11, 'Scenario 7', 'Crée emet un dossier avec utilisateur 0 puis le lis et le signe numériquement avec utilisateur 1', '/home/parapheur/SPORE/Scenario/Scenario_Parapheur/Scenario7/Scenario7.jmx', 1, 2, 0, '/scenar7.csv', '/Scenario7.txt'),
(14, 'Scenario 15', 'Utilisateur 0 crée et emet un dossier, utilisateur 1 le fais relire par sa secretaire, celleci renvoi le dossier à utilisateur1 qui lit et signe le dossier', '/home/parapheur/SPORE/Scenario/Scenario_Parapheur/Scenario15/Scenario15.jmx', 1, 2, 1, '/scenar15.csv', '/Scenario15.txt');

-- --------------------------------------------------------

--
-- Structure de la table `Scenario_Webrsa`
--

CREATE TABLE IF NOT EXISTS `Scenario_Webrsa` (
  `id_scenario` int(11) NOT NULL,
  `Libelle_scenario` text character set latin1 NOT NULL,
  `Description_scenario` text character set latin1 NOT NULL,
  `pathScenarioJmter` varchar(80) collate utf8_unicode_ci NOT NULL,
  `nbDossiersNecessaires` int(4) NOT NULL,
  `nbUtilisateurs` int(2) NOT NULL,
  `IsActif` int(1) NOT NULL,
  `nomCSV` varchar(100) collate utf8_unicode_ci NOT NULL,
  `pathLog` varchar(80) collate utf8_unicode_ci NOT NULL,
  PRIMARY KEY  (`id_scenario`)
) ENGINE=MyISAM DEFAULT CHARSET=utf8 COLLATE=utf8_unicode_ci;

--
-- Contenu de la table `Scenario_Webrsa`
--

INSERT INTO `Scenario_Webrsa` (`id_scenario`, `Libelle_scenario`, `Description_scenario`, `pathScenarioJmter`, `nbDossiersNecessaires`, `nbUtilisateurs`, `IsActif`, `nomCSV`, `pathLog`) VALUES
(16, 'Scenario 1', 'Création d''un dossier', '/home/parapheur/SPORE/Scenario/Scenario_Webrsa/ScriptCreationDossierRSA.jmx', 1, 1, 1, 'scenar1.csv', ''),
(17, 'ScenarioChristian', 'ScenarioChristian', '/home/parapheur/SPORE/Scenario/Scenario_Webrsa/Script1.jmx', 1, 1, 1, '/Script1.csv', '/Script1.txt');

-- --------------------------------------------------------

--
-- Structure de la table `simulation`
--

CREATE TABLE IF NOT EXISTS `simulation` (
  `id_Simulation` int(11) NOT NULL auto_increment,
  `nb_utilisateur` int(11) default NULL,
  `Description_Simulation` text character set latin1,
  `Max_RAM_Mo` int(11) default NULL,
  `Max_Processeur` int(11) default NULL,
  `Max_Bande_Passante` int(11) default NULL,
  `Max_BDD` int(11) default NULL,
  `Max_Acces_Disque_Lu` int(11) default NULL,
  `Max_Acces_Disque_Ecrit` int(11) default NULL,
  `Conseil_RAM_Mo` int(11) default NULL,
  `Conseil_Processeur` text character set latin1,
  `Conseil_conteneur_servlet` text character set latin1,
  `Conseil_JVM` text character set latin1,
  `Conseil_BDD` text character set latin1,
  `Config_Conteneur_Servlet` text character set latin1,
  `Config_JVM` text character set latin1,
  `Config_BDD` text character set latin1,
  `Config_Apache2` text character set latin1,
  `Config_Alfresco` text character set latin1,
  `Graphique_RAM` text character set latin1,
  `Graphique_Processeur` text character set latin1,
  `Graphique_Bande_Passante` text character set latin1,
  `Graphique_Acces_Disque` text character set latin1,
  `Graphique_BDD` text character set latin1,
  `duree_simulation` varchar(10) collate utf8_unicode_ci default NULL,
  PRIMARY KEY  (`id_Simulation`),
  UNIQUE KEY `id_Simulation` (`id_Simulation`)
) ENGINE=MyISAM DEFAULT CHARSET=utf8 COLLATE=utf8_unicode_ci AUTO_INCREMENT=1 ;

--
-- Contenu de la table `simulation`
--

