--------------------------------------------------------------------------------
-- Paramétrage - Général
--
-- Ce fichier contient l'initialisation du paramétrage c'est-à-dire les
-- données nécessaires à l'utilisation de l'application.
--
-- @package openscrutin
-- @version SVN : $Id$
--------------------------------------------------------------------------------

--
--


--
-- Data for Name: om_collectivite; Type: TABLE DATA; Schema: openscrutin; Owner: -
--

INSERT INTO om_collectivite (om_collectivite, libelle, niveau) VALUES (1, 'LIBREVILLE', '1');
INSERT INTO om_collectivite (om_collectivite, libelle, niveau) VALUES (2, 'MULTI', '2');


--
-- Data for Name: om_profil; Type: TABLE DATA; Schema: openscrutin; Owner: -
--

INSERT INTO om_profil (om_profil, libelle, hierarchie) VALUES (1, 'ADMINISTRATEUR', 5);
INSERT INTO om_profil (om_profil, libelle, hierarchie) VALUES (2, 'SUPER UTILISATEUR', 4);
INSERT INTO om_profil (om_profil, libelle, hierarchie) VALUES (3, 'UTILISATEUR', 3);
INSERT INTO om_profil (om_profil, libelle, hierarchie) VALUES (4, 'UTILISATEUR LIMITE', 2);
INSERT INTO om_profil (om_profil, libelle, hierarchie) VALUES (5, 'CONSULTATION', 1);


--
-- Data for Name: om_droit; Type: TABLE DATA; Schema: openscrutin; Owner: -
--

INSERT INTO om_droit (om_droit, libelle, om_profil) VALUES (1, 'om_utilisateur', 1);
INSERT INTO om_droit (om_droit, libelle, om_profil) VALUES (2, 'om_droit', 1);
INSERT INTO om_droit (om_droit, libelle, om_profil) VALUES (3, 'om_profil', 1);
INSERT INTO om_droit (om_droit, libelle, om_profil) VALUES (4, 'om_collectivite', 1);
INSERT INTO om_droit (om_droit, libelle, om_profil) VALUES (5, 'om_parametre', 2);
INSERT INTO om_droit (om_droit, libelle, om_profil) VALUES (6, 'om_etat', 2);
INSERT INTO om_droit (om_droit, libelle, om_profil) VALUES (7, 'om_sousetat', 2);
INSERT INTO om_droit (om_droit, libelle, om_profil) VALUES (8, 'om_lettretype', 2);
INSERT INTO om_droit (om_droit, libelle, om_profil) VALUES (9, 'gen', 1);
INSERT INTO om_droit (om_droit, libelle, om_profil) VALUES (10, 'om_sig_map', 2);
INSERT INTO om_droit (om_droit, libelle, om_profil) VALUES (11, 'om_sig_map_comp', 2);
INSERT INTO om_droit (om_droit, libelle, om_profil) VALUES (12, 'om_sig_map_wms', 2);
INSERT INTO om_droit (om_droit, libelle, om_profil) VALUES (13, 'om_sig_wms', 2);
INSERT INTO om_droit (om_droit, libelle, om_profil) VALUES (14, 'directory', 1);
INSERT INTO om_droit (om_droit, libelle, om_profil) VALUES (15, 'import', 1);

INSERT INTO om_droit (om_droit, libelle, om_profil) VALUES (19, 'om_widget', 2);
INSERT INTO om_droit (om_droit, libelle, om_profil) VALUES (20, 'om_tdb', 2);
INSERT INTO om_droit (om_droit, libelle, om_profil) VALUES (21, 'scrutin', 2);
INSERT INTO om_droit (om_droit, libelle, om_profil) VALUES (22, 'service', 2);
INSERT INTO om_droit (om_droit, libelle, om_profil) VALUES (23, 'poste', 2);
INSERT INTO om_droit (om_droit, libelle, om_profil) VALUES (25, 'grade', 2);
INSERT INTO om_droit (om_droit, libelle, om_profil) VALUES (26, 'elu', 3);
INSERT INTO om_droit (om_droit, libelle, om_profil) VALUES (27, 'canton', 2);
INSERT INTO om_droit (om_droit, libelle, om_profil) VALUES (28, 'candidature', 3);
INSERT INTO om_droit (om_droit, libelle, om_profil) VALUES (29, 'candidat', 3);
INSERT INTO om_droit (om_droit, libelle, om_profil) VALUES (30, 'bureau', 2);
INSERT INTO om_droit (om_droit, libelle, om_profil) VALUES (31, 'agent', 3);
INSERT INTO om_droit (om_droit, libelle, om_profil) VALUES (32, 'affectation', 3);
INSERT INTO om_droit (om_droit, libelle, om_profil) VALUES (33, 'composition_bureau', 2);
INSERT INTO om_droit (om_droit, libelle, om_profil) VALUES (34, 'composition_bureau_edition', 2);
INSERT INTO om_droit (om_droit, libelle, om_profil) VALUES (35, 'convocation_agent', 2);
INSERT INTO om_droit (om_droit, libelle, om_profil) VALUES (36, 'convocation_president', 2);
INSERT INTO om_droit (om_droit, libelle, om_profil) VALUES (37, 'recepisse', 2);
INSERT INTO om_droit (om_droit, libelle, om_profil) VALUES (38, 'affectation_heure', 2);
INSERT INTO om_droit (om_droit, libelle, om_profil) VALUES (39, 'transfert_candidature', 2);
INSERT INTO om_droit (om_droit, libelle, om_profil) VALUES (40, 'transfert_affectation', 2);
INSERT INTO om_droit (om_droit, libelle, om_profil) VALUES (41, 'valid_copie', 3);
INSERT INTO om_droit (om_droit, libelle, om_profil) VALUES (42, 'scrutin_default', 2);
INSERT INTO om_droit (om_droit, libelle, om_profil) VALUES (24, 'periode', 1);
INSERT INTO om_droit (om_droit, libelle, om_profil) VALUES (43, 'logout', 5);


--
-- Data for Name: om_etat; Type: TABLE DATA; Schema: openscrutin; Owner: -
--

INSERT INTO om_etat (om_etat, om_collectivite, id, libelle, actif, orientation, format, footerfont, footerattribut, footertaille, logo, logoleft, logotop, titre, titreleft, titretop, titrelargeur, titrehauteur, titrefont, titreattribut, titretaille, titrebordure, titrealign, corps, corpsleft, corpstop, corpslargeur, corpshauteur, corpsfont, corpsattribut, corpstaille, corpsbordure, corpsalign, om_sql, sousetat, se_font, se_margeleft, se_margetop, se_margeright, se_couleurtexte) VALUES (2, 1, 'composition_bureau', 'composition bureau', true, 'P', 'A4', 'helvetica', '', 10, 'arles.png', 5, 1, 'ELECTION DU [date_scrutin] 

[libelle]


[bureau] - [libelle_bureau]', 99, 13, 195, 5, 'helvetica', '', 12, '0', 'L', 'President  :  [president]

Suppleant :  [president_suppleant]

Secretaire : [secretaire]', 7, 50, 180, 5, 'helvetica', 'B', 12, '0', 'L', 'select composition_bureau.bureau, president,president_suppleant,secretaire,
to_char(date_scrutin ,''DD/MM/YYYY'') as date_scrutin,
scrutin.libelle as libelle, bureau.libelle as libelle_bureau
from &DB_PREFIXEcomposition_bureau inner join &DB_PREFIXEscrutin on scrutin.scrutin=composition_bureau.scrutin 
inner join &DB_PREFIXEbureau on bureau.bureau=composition_bureau.bureau
where composition_bureau.scrutin = ''&idx'' and composition_bureau.bureau =''&idz''', 'composition_bureau', 'helvetica', 8, 5, 5, '0-0-0');
INSERT INTO om_etat (om_etat, om_collectivite, id, libelle, actif, orientation, format, footerfont, footerattribut, footertaille, logo, logoleft, logotop, titre, titreleft, titretop, titrelargeur, titrehauteur, titrefont, titreattribut, titretaille, titrebordure, titrealign, corps, corpsleft, corpstop, corpslargeur, corpshauteur, corpsfont, corpsattribut, corpstaille, corpsbordure, corpsalign, om_sql, sousetat, se_font, se_margeleft, se_margetop, se_margeright, se_couleurtexte) VALUES (9, 1, 'affectation_r', 'publipostage affection different president', true, 'P', 'A4', 'helvetica', 'I', 8, 'arles.png', 10, 10, 'ELECTIONS 
[libellescrutin] 
du [date_scrutin]', 86, 26, 100, 10, 'arial', 'B', 12, '0', 'L', '          

 Vu l''article R.44 du Code électoral et la circulaire ministérielle du 02 Mai 2012, 



Le Maire de la Ville &ville donne récépissé à :


[nom] [prenom]
[adresse]
[cpelu] [villeelu]


De sa désignation en qualité de [poste]

Au bureau de vote : [bureau] [libellebureau]

Pour le candidat  : [candidat]

	


	                           Fait à &ville,  le &aujourdhui


	                           &maire', 40, 79, 150, 5, 'times', '', 12, '0', 'J', ' select nom, prenom, adresse, elu.cp as cpelu, elu.ville as villeelu, affectation.scrutin,
scrutin.libelle as libellescrutin, 
to_char(date_scrutin ,''DD/MM/YYYY'') as date_scrutin, scrutin.convocation_president,
 scrutin.convocation_president, poste,
affectation.bureau, bureau.libelle as libellebureau, bureau.bureau,candidat
from &DB_PREFIXEelu inner join &DB_PREFIXEaffectation on elu.elu = affectation.elu  
inner join &DB_PREFIXEscrutin on affectation.scrutin=scrutin.scrutin
left join &DB_PREFIXEbureau on bureau.bureau = affectation.bureau
where affectation.scrutin=''&idx'' and decision  is true and poste != ''president''
order by bureau.bureau', '', 'helvetica', 8, 5, 5, '0-0-0');
INSERT INTO om_etat (om_etat, om_collectivite, id, libelle, actif, orientation, format, footerfont, footerattribut, footertaille, logo, logoleft, logotop, titre, titreleft, titretop, titrelargeur, titrehauteur, titrefont, titreattribut, titretaille, titrebordure, titrealign, corps, corpsleft, corpstop, corpslargeur, corpshauteur, corpsfont, corpsattribut, corpstaille, corpsbordure, corpsalign, om_sql, sousetat, se_font, se_margeleft, se_margetop, se_margeright, se_couleurtexte) VALUES (3, 1, 'candidature', 'convocation agent', true, 'P', 'A4', 'helvetica', 'I', 8, 'arles.png', 7, 9, '&ville le &aujourdhui

[nom] [prenom]
[adresse]
[cpagent] [villeagent]', 111, 21, 100, 5, 'arial', 'B', 10, '0', 'L', 'Objet : ELECTION DU [date_scrutin]
            Affectation / Réunion préparatoire





Madame, Monsieur,

J ai le plaisir de vous faire part de votre affectation en qualité de « [poste] »

Pour les élections  [libellescrutin]

Le DIMANCHE [date_scrutin]

Au bureau de vote  « [bureau] [libellebureau] »  [adresse1] [adresse2]

pour la periode : [periode]  [libelleperiode]

En cas d empêchement de votre part, pour assurer ces fonctions, il convient de m en informer le plus rapidement possible au 04.90.49.35.48.

Vous voudrez bien PARTICIPER IMPERATIVEMENT à la réunion préparatoire dont les horaires et le lieu sont précisés ci-dessous, par avance je vous en remercie.

[convocation_agent]

Cette réunion, destinée à l ensemble des secrétaires et plantons, est organisée afin de vous présenter les nouvelles dispositions arrêtées pour ces scrutins et vous donner toutes précisions utiles notamment sur l établissement du procès-verbal.

Je vous prie de recevoir, l assurance de mes sentiments distingués.


&signataire', 38, 61, 150, 5, 'helvetica', '', 10, '0', 'J', ' select nom, prenom, adresse, agent.cp as cpagent, agent.ville as villeagent, candidature.scrutin,
scrutin.libelle as libellescrutin, 
to_char(date_scrutin ,''DD/MM/YYYY'') as date_scrutin,
candidature.poste, scrutin.convocation_agent,
candidature.bureau, bureau.libelle as libellebureau, candidature.periode, bureau.bureau, adresse1, adresse2, periode.libelle as libelleperiode
from  &DB_PREFIXEagent inner join  &DB_PREFIXEcandidature on agent.agent = candidature.agent  
inner join  &DB_PREFIXEscrutin on candidature.scrutin=scrutin.scrutin
inner join  &DB_PREFIXEbureau on bureau.bureau = candidature.bureau
left join  &DB_PREFIXEperiode on candidature.periode=periode.periode
where candidature.candidature=''&idx''', '', 'helvetica', 8, 5, 5, '0-0-0');
INSERT INTO om_etat (om_etat, om_collectivite, id, libelle, actif, orientation, format, footerfont, footerattribut, footertaille, logo, logoleft, logotop, titre, titreleft, titretop, titrelargeur, titrehauteur, titrefont, titreattribut, titretaille, titrebordure, titrealign, corps, corpsleft, corpstop, corpslargeur, corpshauteur, corpsfont, corpsattribut, corpstaille, corpsbordure, corpsalign, om_sql, sousetat, se_font, se_margeleft, se_margetop, se_margeright, se_couleurtexte) VALUES (10, 1, 'candidature_p', 'publipostage candidatures', true, 'P', 'A4', 'helvetica', 'I', 8, 'logopdf.png', 10, 10, '&ville le &aujourdhui

[nom] [prenom]
[adresse]
[cpagent] [villeagent]', 111, 21, 100, 5, 'arial', 'B', 10, '0', 'L', 'Objet : ELECTION DU [date_scrutin]
            Affectation/Réunion préparatoire 





Madame, Monsieur,

J’ai le plaisir de vous faire part de votre affectation en qualité de « [poste] »

Pour les élections  [libellescrutin]

Le DIMANCHE [date_scrutin]

Au BUREAU DE VOTE – « [bureau] [libellebureau] »  [adresse1] [adresse2]

pour la période : [periode]  [libelleperiode]

En cas d’empêchement de votre part, pour assurer ces fonctions, il convient de m’en informer le plus rapidement possible au 04.90.49.35.48.

Vous voudrez bien PARTICIPER IMPERATIVEMENT à la réunion préparatoire dont l''horaire et le lieu sont précisés ci-dessous, par avance je vous en remercie.

  
   [convocation_agent]             


Cette réunion, destinée à l''ensemble des secrétaires et plantons, est organisée afin de vous
présenter les nouvelles dispositions arrêtées pour ce scrutin et vous donner toutes précisions utiles notamment sur l''établissement du procès-verbal.


Je vous prie de recevoir, Madame, Monsieur, l’assurance de mes sentiments distingués.


&signataire', 38, 61, 150, 5, 'times', '', 10, '0', 'J', 'select nom, prenom, adresse, agent.cp as cpagent, agent.ville as villeagent, candidature.scrutin,
scrutin.libelle as libellescrutin, 
to_char(date_scrutin ,''DD/MM/YYYY'') as date_scrutin, 
candidature.poste, scrutin.convocation_agent,
candidature.bureau, bureau.libelle as libellebureau, candidature.periode, bureau.bureau, adresse1, adresse2, periode.libelle as libelleperiode
from &DB_PREFIXEagent inner join &DB_PREFIXEcandidature on agent.agent = candidature.agent  
inner join &DB_PREFIXEscrutin on candidature.scrutin=scrutin.scrutin
inner join &DB_PREFIXEbureau on bureau.bureau = candidature.bureau
left join &DB_PREFIXEperiode on candidature.periode=periode.periode
where candidature.scrutin=''&idx''
  and decision is true', '', 'helvetica', 8, 5, 5, '0-0-0');
INSERT INTO om_etat (om_etat, om_collectivite, id, libelle, actif, orientation, format, footerfont, footerattribut, footertaille, logo, logoleft, logotop, titre, titreleft, titretop, titrelargeur, titrehauteur, titrefont, titreattribut, titretaille, titrebordure, titrealign, corps, corpsleft, corpstop, corpslargeur, corpshauteur, corpsfont, corpsattribut, corpstaille, corpsbordure, corpsalign, om_sql, sousetat, se_font, se_margeleft, se_margetop, se_margeright, se_couleurtexte) VALUES (5, 1, 'recepisse', 'recepisse assesseurs et delegues', true, 'P', 'A4', 'helvetica', 'I', 8, 'arles.png', 7, 9, 'ELECTIONS 
[libellescrutin] 
du [date_scrutin]

RECEPISSE', 86, 26, 100, 8, 'arial', 'B', 12, '0', 'L', '           Vu l article R.44 du Code électoral et la circulaire ministérielle NOR/INT/A/07/000123/C du 20 décembre 2007,

Le Maire de la Ville &ville donne récépissé à :

[nom] [prenom]
[adresse]
[cpelu] [villeelu]

De sa désignation en qualité de [poste]

Au bureau de vote : [bureau] [libellebureau]

Pour le candidat  : [candidat]

	
	Fait à &ville,  le &aujourdhui

	Le Maire de la Ville   &ville', 40, 79, 150, 5, 'times', '', 12, '0', 'J', ' select elu.nom as nom, prenom, adresse, elu.cp as cpelu, elu.ville as villeelu, affectation.scrutin,
scrutin.libelle as libellescrutin, 
to_char(date_scrutin ,''DD/MM/YYYY'') as date_scrutin, scrutin.convocation_president,
scrutin.convocation_president, poste,
affectation.bureau, bureau.libelle as libellebureau, bureau.bureau,candidat.nom as candidat
from  &DB_PREFIXEelu inner join  &DB_PREFIXEaffectation on elu.elu = affectation.elu  
inner join  &DB_PREFIXEscrutin on affectation.scrutin=scrutin.scrutin
left join  &DB_PREFIXEbureau on bureau.bureau = affectation.bureau
left join &DB_PREFIXEcandidat on candidat.candidat = affectation.candidat
where 
affectation.affectation=''&idx''
order by bureau.bureau', '', 'helvetica', 8, 5, 5, '0-0-0');
INSERT INTO om_etat (om_etat, om_collectivite, id, libelle, actif, orientation, format, footerfont, footerattribut, footertaille, logo, logoleft, logotop, titre, titreleft, titretop, titrelargeur, titrehauteur, titrefont, titreattribut, titretaille, titrebordure, titrealign, corps, corpsleft, corpstop, corpslargeur, corpshauteur, corpsfont, corpsattribut, corpstaille, corpsbordure, corpsalign, om_sql, sousetat, se_font, se_margeleft, se_margetop, se_margeright, se_couleurtexte) VALUES (8, 1, 'affectation_p', 'publipostage affectation presidents', true, 'P', 'A4', 'helvetica', 'I', 8, 'arles.png', 7, 9, '&ville le &aujourdhui', 111, 21, 100, 5, 'arial', 'B', 10, '0', 'L', 'ELECTION DU [date_scrutin] 
[libellescrutin]




       Madame, Monsieur, Cher(e) Collègue,


      Conformément aux dispositions de l’article R.43 du code électoral « les bureaux de vote sont présidés par les Maires, Adjoints et Conseillers Municipaux dans l’ordre du tableau ».


      Je vous confirme votre affectation en qualité de    PRESIDENT  au bureau de vote 


      N° [bureau] [libellebureau]
      [adresse1]
      [adresse2]

      
    
[convocation_president]

       Dans cette attente, je vous prie de croire, Madame, Monsieur, Cher(e) Collègue, à l’expression de mes sentiments les meilleurs.


  
&maire', 22, 61, 150, 5, 'times', '', 10, '0', 'J', 'select nom, prenom, adresse, elu.cp as cpelu, elu.ville as villeelu, affectation.scrutin,
scrutin.libelle as libellescrutin, 
to_char(date_scrutin ,''DD/MM/YYYY'') as date_scrutin,  scrutin.convocation_president,
affectation.bureau, bureau.libelle as libellebureau, bureau.bureau,
bureau.adresse1, bureau.adresse2
from  &DB_PREFIXEelu inner join  &DB_PREFIXEaffectation on elu.elu = affectation.elu  
inner join  &DB_PREFIXEscrutin on affectation.scrutin=scrutin.scrutin
inner join  &DB_PREFIXEbureau on bureau.bureau = affectation.bureau
where affectation.scrutin=''&idx'' ', '', 'helvetica', 8, 5, 5, '0-0-0');
INSERT INTO om_etat (om_etat, om_collectivite, id, libelle, actif, orientation, format, footerfont, footerattribut, footertaille, logo, logoleft, logotop, titre, titreleft, titretop, titrelargeur, titrehauteur, titrefont, titreattribut, titretaille, titrebordure, titrealign, corps, corpsleft, corpstop, corpslargeur, corpshauteur, corpsfont, corpsattribut, corpstaille, corpsbordure, corpsalign, om_sql, sousetat, se_font, se_margeleft, se_margetop, se_margeright, se_couleurtexte) VALUES (7, 1, 'scrutin_bureau', ' composition bureaux par scrutin', true, 'P', 'A4', 'helvetica', 'I', 8, 'arles.png', 7, 9, '&ville le &aujourdhui', 130, 10, 100, 10, 'arial', 'B', 10, '0', 'L', 'ELECTION DU [date_scrutin]   -  [libelle]', 7, 34, 180, 5, 'times', '', 10, '0', 'J', 'select libelle,
 to_char(date_scrutin ,''DD/MM/YYYY'') as date_scrutin 
 from  &DB_PREFIXEscrutin where scrutin = ''&idx''', 'scrutin_bureau', 'helvetica', 8, 5, 5, '0-0-0');
INSERT INTO om_etat (om_etat, om_collectivite, id, libelle, actif, orientation, format, footerfont, footerattribut, footertaille, logo, logoleft, logotop, titre, titreleft, titretop, titrelargeur, titrehauteur, titrefont, titreattribut, titretaille, titrebordure, titrealign, corps, corpsleft, corpstop, corpslargeur, corpshauteur, corpsfont, corpsattribut, corpstaille, corpsbordure, corpsalign, om_sql, sousetat, se_font, se_margeleft, se_margetop, se_margeright, se_couleurtexte) VALUES (4, 1, 'affectation', 'convocation president', true, 'P', 'A4', 'helvetica', 'I', 8, 'arles.png', 7, 9, '&ville le &aujourdhui



[nom] [prenom]
[adresse]
[cpelu] [villeelu]', 111, 21, 100, 5, 'arial', 'B', 10, '0', 'L', 'ELECTION DU [date_scrutin] 
[libellescrutin]




       Madame, Monsieur, Cher(e) Collègue,


      Conformément aux dispositions de l article R. 43 du Code Electoral « les bureaux de vote sont présidés par les Maires, Adjoints et Conseillers Municipaux dans l ordre du tableau ».

      Je vous confirme votre affectation en qualité de    PRESIDENT  au bureau de vote 

      N° [bureau] [libellebureau]
      [adresse1]
      [adresse2]

      

      
[convocation_president]



       Dans cette attente, je vous prie de croire, Madame, Monsieur, Cher(e) Collègue, à l expression de mes sentiments les meilleurs.


                                                                                                   Pour le Maire,   
                                                                                                   L Adjoint déléguée




                                                                                                  &adjoint', 22, 61, 150, 5, 'times', '', 12, '0', 'J', ' select nom, prenom, adresse, elu.cp as cpelu, elu.ville as villeelu, affectation.scrutin,
scrutin.libelle as libellescrutin, 
to_char(date_scrutin ,''DD/MM/YYYY'') as date_scrutin, scrutin.convocation_president,
affectation.bureau, bureau.libelle as libellebureau, bureau.bureau,
bureau.adresse1, bureau.adresse2
from  &DB_PREFIXEelu inner join 
 &DB_PREFIXEaffectation on elu.elu = affectation.elu  
 inner join  &DB_PREFIXEscrutin on affectation.scrutin=scrutin.scrutin
 inner join  &DB_PREFIXEbureau on bureau.bureau = affectation.bureau
where affectation.affectation=''&idx'' and decision is true and poste = ''PRESIDENT''', '', 'helvetica', 8, 5, 5, '0-0-0');
INSERT INTO om_etat (om_etat, om_collectivite, id, libelle, actif, orientation, format, footerfont, footerattribut, footertaille, logo, logoleft, logotop, titre, titreleft, titretop, titrelargeur, titrehauteur, titrefont, titreattribut, titretaille, titrebordure, titrealign, corps, corpsleft, corpstop, corpslargeur, corpshauteur, corpsfont, corpsattribut, corpstaille, corpsbordure, corpsalign, om_sql, sousetat, se_font, se_margeleft, se_margetop, se_margeright, se_couleurtexte) VALUES (6, 1, 'scrutin_president', 'liste des  presidents et suppleants', true, 'P', 'A4', 'helvetica', 'I', 8, 'arles.png', 7, 9, '&ville le &aujourdhui', 120, 8, 100, 5, 'helvetica', '', 10, '0', 'C', 'ELECTION DU  <b>[date_scrutin]   -  [libelle]</b>', 7, 34, 180, 8, 'helvetica', '', 10, '1', 'C', ' select libelle, 
to_char(date_scrutin ,''DD/MM/YYYY'') as date_scrutin 
 from  &DB_PREFIXEscrutin where scrutin = ''&idx''', 'scrutin_president', 'helvetica', 8, 5, 5, '0-0-0');


--
-- Data for Name: om_parametre; Type: TABLE DATA; Schema: openscrutin; Owner: -
--

INSERT INTO om_parametre (om_parametre, libelle, valeur, om_collectivite) VALUES (1, 'ville', 'LIBREVILLE', 1);
INSERT INTO om_parametre (om_parametre, libelle, valeur, om_collectivite) VALUES (2, 'ville', 'MULTI', 2);
INSERT INTO om_parametre (om_parametre, libelle, valeur, om_collectivite) VALUES (3, 'cp', '13200', 1);
INSERT INTO om_parametre (om_parametre, libelle, valeur, om_collectivite) VALUES (4, 'decision', 'oui', 1);
INSERT INTO om_parametre (om_parametre, libelle, valeur, om_collectivite) VALUES (5, 'signataire', 'Michèle DURAND', 1);
INSERT INTO om_parametre (om_parametre, libelle, valeur, om_collectivite) VALUES (6, 'adjoint', 'Danielle DUPONT', 1);
INSERT INTO om_parametre (om_parametre, libelle, valeur, om_collectivite) VALUES (7, 'maire', 'Hervé MARTIN', 1);


--
-- Data for Name: om_sousetat; Type: TABLE DATA; Schema: openscrutin; Owner: -
--

INSERT INTO om_sousetat (om_sousetat, om_collectivite, id, libelle, actif, titre, titrehauteur, titrefont, titreattribut, titretaille, titrebordure, titrealign, titrefond, titrefondcouleur, titretextecouleur, intervalle_debut, intervalle_fin, entete_flag, entete_fond, entete_orientation, entete_hauteur, entetecolone_bordure, entetecolone_align, entete_fondcouleur, entete_textecouleur, tableau_largeur, tableau_bordure, tableau_fontaille, bordure_couleur, se_fond1, se_fond2, cellule_fond, cellule_hauteur, cellule_largeur, cellule_bordure_un, cellule_bordure, cellule_align, cellule_fond_total, cellule_fontaille_total, cellule_hauteur_total, cellule_fondcouleur_total, cellule_bordure_total, cellule_align_total, cellule_fond_moyenne, cellule_fontaille_moyenne, cellule_hauteur_moyenne, cellule_fondcouleur_moyenne, cellule_bordure_moyenne, cellule_align_moyenne, cellule_fond_nbr, cellule_fontaille_nbr, cellule_hauteur_nbr, cellule_fondcouleur_nbr, cellule_bordure_nbr, cellule_align_nbr, cellule_numerique, cellule_total, cellule_moyenne, cellule_compteur, om_sql) VALUES (4, 1, 'scrutin_bureau', 'composition bureau par scrutin', true, 'Composition du bureau', 10, 'helvetica', 'B', 12, '0', 'L', '0', '255-255-255', '0-0-0', 2, 2, '1', '1', '0|0|0', 10, 'TLB|LTB|LTBR', 'C|C|C', '255-255-255', '0-0-0', 195, '1', 8, '0-0-0', '243-243-246', '255-255-255', '1', 10, '65|65|65', 'LTBR|LTBR|LTBR', 'LTBR|LTBR|LTBR', 'L|L|L', '1', 10, 15, '196-213-215', 'TBL|TBL|LTBR', 'L|L|C', '1', 10, 15, '196-213-215', 'TBL|TBL|LTBR', 'L|L|C', '1', 10, 15, '196-213-215', 'TBL|TBL|LTBR', 'L|L|C', '999|999|999', '0|0|0', '0|0|0', '0|0|0', 'SELECT  concat(nom||'' ''||prenom|| '' ''||adresse||'' ''||elu.cp||'' ''||elu.ville) as nom, 
 affectation.poste, 
 (affectation.bureau||'' - ''||bureau.libelle) as bureau 
 from  &DB_PREFIXEaffectation 
 inner join  &DB_PREFIXEelu on elu.elu=affectation.elu
 left join  &DB_PREFIXEbureau on bureau.bureau = affectation.bureau
 inner join  &DB_PREFIXEposte on affectation.poste = poste.poste
 where  affectation.scrutin = ''&idx''  and decision is true 
order by affectation.bureau,poste.ordre');
INSERT INTO om_sousetat (om_sousetat, om_collectivite, id, libelle, actif, titre, titrehauteur, titrefont, titreattribut, titretaille, titrebordure, titrealign, titrefond, titrefondcouleur, titretextecouleur, intervalle_debut, intervalle_fin, entete_flag, entete_fond, entete_orientation, entete_hauteur, entetecolone_bordure, entetecolone_align, entete_fondcouleur, entete_textecouleur, tableau_largeur, tableau_bordure, tableau_fontaille, bordure_couleur, se_fond1, se_fond2, cellule_fond, cellule_hauteur, cellule_largeur, cellule_bordure_un, cellule_bordure, cellule_align, cellule_fond_total, cellule_fontaille_total, cellule_hauteur_total, cellule_fondcouleur_total, cellule_bordure_total, cellule_align_total, cellule_fond_moyenne, cellule_fontaille_moyenne, cellule_hauteur_moyenne, cellule_fondcouleur_moyenne, cellule_bordure_moyenne, cellule_align_moyenne, cellule_fond_nbr, cellule_fontaille_nbr, cellule_hauteur_nbr, cellule_fondcouleur_nbr, cellule_bordure_nbr, cellule_align_nbr, cellule_numerique, cellule_total, cellule_moyenne, cellule_compteur, om_sql) VALUES (2, 1, 'composition_bureau', 'composition bureau', true, 'Assesseurs et delegues', 8, 'helvetica', 'B', 12, '0', 'L', '0', '243-246-246', '0-0-0', 5, 5, '1', '1', '0|0|0', 15, 'TLB|LTB|LTBR', 'C|C|C', '255-255-255', '0-0-0', 195, '1', 9, '0-0-0', '243-243-246', '255-255-255', '1', 10, '65|65|65', 'LTBR|LTBR|LTBR', 'LTBR|LTBR|LTBR', 'L|L|C', '1', 10, 15, '196-213-215', 'TBL|TBL|LTBR', 'L|L|C', '1', 10, 15, '196-213-215', 'TBL|TBL|LTBR', 'L|L|C', '1', 10, 15, '196-213-215', 'TBL|TBL|LTBR', 'L|L|C', '999|999|999', '0|0|0', '0|0|0', '0|0|0', 'SELECT (elu.nom||'' ''||elu.prenom ) as nom, (affectation.poste||'' ''||coalesce(affectation.bureau,'''')) as poste, candidat.nom as candidat from &DB_PREFIXEaffectation inner join &DB_PREFIXEelu on elu.elu=affectation.elu left join &DB_PREFIXEcandidat on candidat.candidat=affectation.candidat left join &DB_PREFIXEbureau on bureau.bureau = affectation.bureau inner join &DB_PREFIXEposte on affectation.poste = poste.poste where affectation.scrutin=''&idx'' and (affectation.bureau=''&idz'' or affectation.bureau = ''T'') and affectation.poste not like ''PRESIDENT%'' and decision is true order by affectation.bureau,poste.ordre,candidat');
INSERT INTO om_sousetat (om_sousetat, om_collectivite, id, libelle, actif, titre, titrehauteur, titrefont, titreattribut, titretaille, titrebordure, titrealign, titrefond, titrefondcouleur, titretextecouleur, intervalle_debut, intervalle_fin, entete_flag, entete_fond, entete_orientation, entete_hauteur, entetecolone_bordure, entetecolone_align, entete_fondcouleur, entete_textecouleur, tableau_largeur, tableau_bordure, tableau_fontaille, bordure_couleur, se_fond1, se_fond2, cellule_fond, cellule_hauteur, cellule_largeur, cellule_bordure_un, cellule_bordure, cellule_align, cellule_fond_total, cellule_fontaille_total, cellule_hauteur_total, cellule_fondcouleur_total, cellule_bordure_total, cellule_align_total, cellule_fond_moyenne, cellule_fontaille_moyenne, cellule_hauteur_moyenne, cellule_fondcouleur_moyenne, cellule_bordure_moyenne, cellule_align_moyenne, cellule_fond_nbr, cellule_fontaille_nbr, cellule_hauteur_nbr, cellule_fondcouleur_nbr, cellule_bordure_nbr, cellule_align_nbr, cellule_numerique, cellule_total, cellule_moyenne, cellule_compteur, om_sql) VALUES (3, 1, 'scrutin_president', 'liste presidents et suppleants', true, 'Les présidents et présidents suppléants', 10, 'helvetica', 'B', 10, '0', 'L', '0', '243-246-246', '0-0-0', 10, 15, '1', '1', '0|0|0', 8, 'TLB|LTB|LTBR', 'C|C|C', '195-224-169', '0-0-0', 195, '1', 10, '0-0-0', '243-243-246', '255-255-255', '1', 10, '65|65|65', 'LTBR|LTBR|LTBR', 'LTBR|LTBR|LTBR', 'L|L|C', '1', 10, 15, '196-213-215', 'TBL|TBL|LTBR', 'L|L|C', '1', 10, 15, '196-213-215', 'TBL|TBL|LTBR', 'L|L|C', '1', 10, 15, '196-213-215', 'TBL|TBL|LTBR', 'L|L|C', '999|999|999', '0|0|0', '0|0|0', '0|0|0', 'SELECT (elu.nom||'' ''||elu.prenom||''    ''||elu.adresse||'' ''||elu.cp||'' ''||elu.ville) as nom,  affectation.poste, 
 (affectation.bureau||'' -  ''||bureau.libelle) as bureau 
 from  
 &DB_PREFIXEaffectation 
 inner join  &DB_PREFIXEelu on elu.elu=affectation.elu
 inner join  &DB_PREFIXEbureau on bureau.bureau = affectation.bureau
where  affectation.scrutin = ''&idx''  and (poste = ''PRESIDENT'' or poste =''PRESIDENT SUPPLEANT'') and decision is true
order by affectation.bureau,affectation.poste');


--
-- Data for Name: periode; Type: TABLE DATA; Schema: openscrutin; Owner: -
--

INSERT INTO periode (periode, libelle, debut, fin) VALUES ('matin', '    de  7H00  à  13H00', '07:00:00', '13:00:00');
INSERT INTO periode (periode, libelle, debut, fin) VALUES ('apres-midi', '    de  13H00  à  LA FIN', '13:00:00', '22:00:00');
INSERT INTO periode (periode, libelle, debut, fin) VALUES ('journee', '    de  7H00  à  LA FIN', '07:00:00', '23:00:00');


--
-- Data for Name: poste; Type: TABLE DATA; Schema: openscrutin; Owner: -
--

INSERT INTO poste (poste, libelle, nature, ordre) VALUES ('SECRETAIRE', 'SECRETAIRE', 'candidature', 0);
INSERT INTO poste (poste, libelle, nature, ordre) VALUES ('PLANTON', 'PLANTON', 'candidature', 0);
INSERT INTO poste (poste, libelle, nature, ordre) VALUES ('PRESIDENT', 'PRESIDENT', 'affectation', 1);
INSERT INTO poste (poste, libelle, nature, ordre) VALUES ('DELEGUE TITULAIRE', 'DELEGUE TITULAIRE', 'affectation', 5);
INSERT INTO poste (poste, libelle, nature, ordre) VALUES ('ASSESSEUR TITULAIRE', 'ASSESSEUR TITULAIRE', 'affectation', 3);
INSERT INTO poste (poste, libelle, nature, ordre) VALUES ('ASSESSEUR SUPPLEANT', 'ASSESSEUR SUPPLEANT', 'affectation', 4);
INSERT INTO poste (poste, libelle, nature, ordre) VALUES ('AGENT CENTRALISATION', 'AGENT CENTRALISATION', 'candidature', 0);
INSERT INTO poste (poste, libelle, nature, ordre) VALUES ('DELEGUE SUPPLEANT', 'DELEGUE SUPPLEANT', 'affectation', 6);
INSERT INTO poste (poste, libelle, nature, ordre) VALUES ('PRESIDENT SUPPLEANT', 'PRESIDENT SUPPLEANT', 'affectation', 2);


--
--

