--
--

-- SET statement_timeout = 0;
-- SET lock_timeout = 0;
-- SET client_encoding = 'UTF8';
-- SET standard_conforming_strings = on;
-- SET check_function_bodies = false;
-- SET client_min_messages = warning;

-- SET search_path = openads, pg_catalog;

--
-- Data for Name: architecte; Type: TABLE DATA; Schema: openads; Owner: postgres
--

INSERT INTO architecte (architecte, nom, prenom, adresse1, adresse2, cp, ville, pays, inscription, telephone, fax, email, note, frequent, nom_cabinet, conseil_regional) VALUES (1, 'Mercier', 'Paul', '113 boulevard de pont de vivaux', '', '13010', 'Marseille', 'France', '054645', '0497856235', '0497856236', 'paul.mercier@architecte.fr', '', true, NULL, NULL);
INSERT INTO architecte (architecte, nom, prenom, adresse1, adresse2, cp, ville, pays, inscription, telephone, fax, email, note, frequent, nom_cabinet, conseil_regional) VALUES (2, 'Mercier', 'Jean', '113 boulevard de pont de vivaux', '', '13010', 'Marseille', 'France', '56454', '0491352689', '0491352685', 'jean.mercier@architecte.fr', '', true, NULL, NULL);


--
-- Name: architecte_seq; Type: SEQUENCE SET; Schema: openads; Owner: postgres
--

SELECT pg_catalog.setval('architecte_seq', 3, false);


--
-- Data for Name: direction; Type: TABLE DATA; Schema: openads; Owner: postgres
--

INSERT INTO direction (direction, code, libelle, description, chef, om_validite_debut, om_validite_fin, om_collectivite) VALUES (1, 'ADS', 'Direction ADS', 'Direction des autorisations des droits du sol', 'Jeanette Rochefort', NULL, NULL, 2);
INSERT INTO direction (direction, code, libelle, description, chef, om_validite_debut, om_validite_fin, om_collectivite) VALUES (2, 'ADS-ALLAUCH', 'Direction ADS d''Allauch', 'Direction des autorisations des droits du sol de la ville d''Allauch', 'Julien Rouvière', NULL, NULL, 3);


--
-- Name: direction_seq; Type: SEQUENCE SET; Schema: openads; Owner: postgres
--

SELECT pg_catalog.setval('direction_seq', 3, false);


--
-- Data for Name: division; Type: TABLE DATA; Schema: openads; Owner: postgres
--

INSERT INTO division (division, code, libelle, description, chef, direction, om_validite_debut, om_validite_fin) VALUES (22, 'H', 'subdivision H', NULL, 'Paien Labossière', 1, NULL, NULL);
INSERT INTO division (division, code, libelle, description, chef, direction, om_validite_debut, om_validite_fin) VALUES (23, 'J', 'subdivision J', NULL, 'Stéphane Cartier', 1, NULL, NULL);
INSERT INTO division (division, code, libelle, description, chef, direction, om_validite_debut, om_validite_fin) VALUES (24, 'L', 'subdivision L', NULL, 'Le Maire', 2, NULL, NULL);


--
-- Name: division_seq; Type: SEQUENCE SET; Schema: openads; Owner: postgres
--

SELECT pg_catalog.setval('division_seq', 25, false);


--
-- Data for Name: om_utilisateur; Type: TABLE DATA; Schema: openads; Owner: postgres
--

INSERT INTO om_utilisateur (om_utilisateur, nom, email, login, pwd, om_collectivite, om_type, om_profil) VALUES (1, 'Administrateur', 'support@atreal.fr', 'admin', '21232f297a57a5a743894a0e4a801fc3', 2, 'DB', 2);
INSERT INTO om_utilisateur (om_utilisateur, nom, email, login, pwd, om_collectivite, om_type, om_profil) VALUES (2, 'Anonyme', 'support@atreal.fr', 'anony', '9163834aac262db4408928dd21608752', 1, 'DB', 1);
INSERT INTO om_utilisateur (om_utilisateur, nom, email, login, pwd, om_collectivite, om_type, om_profil) VALUES (3, 'Instructeur', 'support@atreal.fr', 'instr', 'e1403d6e7f5e9a4b9090db9056e5b08a', 1, 'DB', 3);
INSERT INTO om_utilisateur (om_utilisateur, nom, email, login, pwd, om_collectivite, om_type, om_profil) VALUES (4, 'Instructeur 1', 'support@atreal.fr', 'instr1', 'e1403d6e7f5e9a4b9090db9056e5b08a', 1, 'DB', 3);
INSERT INTO om_utilisateur (om_utilisateur, nom, email, login, pwd, om_collectivite, om_type, om_profil) VALUES (5, 'Instructeur 2', 'support@atreal.fr', 'instr2', 'e1403d6e7f5e9a4b9090db9056e5b08a', 1, 'DB', 3);
INSERT INTO om_utilisateur (om_utilisateur, nom, email, login, pwd, om_collectivite, om_type, om_profil) VALUES (6, 'Service consulté', 'support@atreal.fr', 'consu', '0da946569d9461a74e7495ade5719b16', 1, 'DB', 4);
INSERT INTO om_utilisateur (om_utilisateur, nom, email, login, pwd, om_collectivite, om_type, om_profil) VALUES (7, 'Service consulté 1', 'support@atreal.fr', 'consu1', '0da946569d9461a74e7495ade5719b16', 1, 'DB', 4);
INSERT INTO om_utilisateur (om_utilisateur, nom, email, login, pwd, om_collectivite, om_type, om_profil) VALUES (8, 'Service consulté 2', 'support@atreal.fr', 'consu2', '0da946569d9461a74e7495ade5719b16', 1, 'DB', 4);
INSERT INTO om_utilisateur (om_utilisateur, nom, email, login, pwd, om_collectivite, om_type, om_profil) VALUES (9, 'Cellule suivi', 'support@atreal.fr', 'suivi', '88a76b5541cd34cea92bc20ec5bf75e2', 1, 'DB', 5);
INSERT INTO om_utilisateur (om_utilisateur, nom, email, login, pwd, om_collectivite, om_type, om_profil) VALUES (10, 'Guichet Unique', 'support@atreal.fr', 'guichet', 'aca8a84cc15c9d23d11e96a15df4f828', 1, 'DB', 6);
INSERT INTO om_utilisateur (om_utilisateur, nom, email, login, pwd, om_collectivite, om_type, om_profil) VALUES (11, 'Service consulté interne', 'support@atreal.fr', 'consuint', '41f5107d08bf85431bf518a48315008b', 1, 'db', 8);
INSERT INTO om_utilisateur (om_utilisateur, nom, email, login, pwd, om_collectivite, om_type, om_profil) VALUES (12, 'Visualisation DA et DI', 'support@atreal.fr', 'visudadi', 'f5482d356ab55aae5edf5e6146f44644', 1, 'db', 9);
INSERT INTO om_utilisateur (om_utilisateur, nom, email, login, pwd, om_collectivite, om_type, om_profil) VALUES (13, 'Visualisation DA', 'support@atreal.fr', 'visuda', 'f8d59fd856bf844a90f0968e8acd8cac', 1, 'db', 10);
INSERT INTO om_utilisateur (om_utilisateur, nom, email, login, pwd, om_collectivite, om_type, om_profil) VALUES (14, 'Qualificateur', 'support@atreal.fr', 'qualif', 'c7f6e8776497fc37bc20c6eae9db1c9d', 1, 'db', 7);
INSERT INTO om_utilisateur (om_utilisateur, nom, email, login, pwd, om_collectivite, om_type, om_profil) VALUES (15, 'Divisionnaire', 'support@atreal.fr', 'divi', 'a8124c681eeedd309a78db78c6d087b9', 1, 'db', 11);
INSERT INTO om_utilisateur (om_utilisateur, nom, email, login, pwd, om_collectivite, om_type, om_profil) VALUES (16, 'Chef de service', 'support@atreal.fr', 'chef', 'cbb4581ba3ada1ddef9b431eef2660ce', 1, 'db', 12);
INSERT INTO om_utilisateur (om_utilisateur, nom, email, login, pwd, om_collectivite, om_type, om_profil) VALUES (17, 'ldap_instructeur', 'support@atreal.fr', 'ldap_instructeur', '84b07083423cf92950e2eb1e2fb1995f', 1, 'ldap', 3);
INSERT INTO om_utilisateur (om_utilisateur, nom, email, login, pwd, om_collectivite, om_type, om_profil) VALUES (18, 'ldap_service', 'support@atreal.fr', 'ldap_service', 'dfcf7011422a7f19a16e0f92287a37d6', 1, 'ldap', 4);
INSERT INTO om_utilisateur (om_utilisateur, nom, email, login, pwd, om_collectivite, om_type, om_profil) VALUES (19, 'Administrateur fonctionnel', 'support@atreal.fr', 'adminfonct', '1fd0c3ab4628760fa01aa6658144ec08', 1, 'DB', 13);
INSERT INTO om_utilisateur (om_utilisateur, nom, email, login, pwd, om_collectivite, om_type, om_profil) VALUES (20, 'Administrateur général', 'support@atreal.fr', 'admingen', 'dbb8ae68325e4282d2c7a9b66ee2c0dd', 2, 'DB', 16);
INSERT INTO om_utilisateur (om_utilisateur, nom, email, login, pwd, om_collectivite, om_type, om_profil) VALUES (21, 'Instructeur polyvalent', 'support@atreal.fr', 'instrpoly', '598cf3537c1cc72974210fd7f2061ae8', 2, 'DB', 18);
INSERT INTO om_utilisateur (om_utilisateur, nom, email, login, pwd, om_collectivite, om_type, om_profil) VALUES (22, 'Instructeur polyvalent commune', 'support@atreal.fr', 'instrpolycomm', '0d110edaeff4a6f29d09988f9eee77cc', 1, 'DB', 17);
INSERT INTO om_utilisateur (om_utilisateur, nom, email, login, pwd, om_collectivite, om_type, om_profil) VALUES (23, 'Guichet et suivi', 'support@atreal.fr', 'guichetsuivi', '09c2102d8338de774534822eef0c880e', 1, 'DB', 15);
INSERT INTO om_utilisateur (om_utilisateur, nom, email, login, pwd, om_collectivite, om_type, om_profil) VALUES (24, 'Instr. poly. Marseille', 'support@atreal.fr', 'instrpolycomm2', '427db6cc66f871a5d1a754a8921769ae', 1, 'DB', 17);
INSERT INTO om_utilisateur (om_utilisateur, nom, email, login, pwd, om_collectivite, om_type, om_profil) VALUES (25, 'Instr. poly. Allauch', 'support@atreal.fr', 'instrpolycomm3', '53645c3fce0321d416ddae1e7516020e', 3, 'DB', 17);


--
-- Data for Name: instructeur; Type: TABLE DATA; Schema: openads; Owner: postgres
--

INSERT INTO instructeur (instructeur, nom, telephone, division, om_utilisateur, om_validite_debut, om_validite_fin) VALUES (1, 'Louis Laurent', NULL, 22, 3, NULL, NULL);
INSERT INTO instructeur (instructeur, nom, telephone, division, om_utilisateur, om_validite_debut, om_validite_fin) VALUES (2, 'Martine Nadeau', NULL, 22, 4, NULL, NULL);
INSERT INTO instructeur (instructeur, nom, telephone, division, om_utilisateur, om_validite_debut, om_validite_fin) VALUES (3, 'Roland Richard', NULL, 23, 5, NULL, NULL);
INSERT INTO instructeur (instructeur, nom, telephone, division, om_utilisateur, om_validite_debut, om_validite_fin) VALUES (4, 'Pierre Martin', NULL, 22, 15, NULL, NULL);
INSERT INTO instructeur (instructeur, nom, telephone, division, om_utilisateur, om_validite_debut, om_validite_fin) VALUES (5, 'ldap_instructeur', NULL, 22, 17, NULL, NULL);
INSERT INTO instructeur (instructeur, nom, telephone, division, om_utilisateur, om_validite_debut, om_validite_fin) VALUES (6, 'Poly', NULL, 22, 21, NULL, NULL);
INSERT INTO instructeur (instructeur, nom, telephone, division, om_utilisateur, om_validite_debut, om_validite_fin) VALUES (7, 'Poly Com', NULL, 23, 22, NULL, NULL);
INSERT INTO instructeur (instructeur, nom, telephone, division, om_utilisateur, om_validite_debut, om_validite_fin) VALUES (8, 'Poly Com Marseille', NULL, 23, 24, NULL, NULL);
INSERT INTO instructeur (instructeur, nom, telephone, division, om_utilisateur, om_validite_debut, om_validite_fin) VALUES (9, 'Poly Com Allauch', NULL, 24, 25, NULL, NULL);


--
-- Name: instructeur_seq; Type: SEQUENCE SET; Schema: openads; Owner: postgres
--

SELECT pg_catalog.setval('instructeur_seq', 10, false);


--
-- Name: om_utilisateur_seq; Type: SEQUENCE SET; Schema: openads; Owner: postgres
--

SELECT pg_catalog.setval('om_utilisateur_seq', 26, false);


--
--

