--
-- PostgreSQL database dump
--

-- SET statement_timeout = 0;
-- SET lock_timeout = 0;
-- SET client_encoding = 'UTF8';
-- SET standard_conforming_strings = on;
-- SET check_function_bodies = false;
-- SET client_min_messages = warning;

-- SET search_path = openads, pg_catalog;

--
-- Data for Name: autorite_competente; Type: TABLE DATA; Schema: openads; Owner: postgres
--

INSERT INTO autorite_competente (autorite_competente, code, libelle, description, autorite_competente_sitadel) VALUES (1, 'COM', 'Commune', 'C''est l''autorité compétente par défaut sur un dossier d''instruction', 1);
INSERT INTO autorite_competente (autorite_competente, code, libelle, description, autorite_competente_sitadel) VALUES (2, 'ETAT', 'État', '', 2);
INSERT INTO autorite_competente (autorite_competente, code, libelle, description, autorite_competente_sitadel) VALUES (3, 'ETATMAIRE', 'Commune pour état', '', 2);


--
-- Name: autorite_competente_seq; Type: SEQUENCE SET; Schema: openads; Owner: postgres
--

SELECT pg_catalog.setval('autorite_competente_seq', 4, false);


--
-- Data for Name: cerfa; Type: TABLE DATA; Schema: openads; Owner: postgres
--

INSERT INTO cerfa (cerfa, libelle, code, om_validite_debut, om_validite_fin, am_lotiss, am_autre_div, am_camping, am_caravane, am_carav_duree, am_statio, am_statio_cont, am_affou_exhau, am_affou_exhau_sup, am_affou_prof, am_exhau_haut, am_coupe_abat, am_prot_plu, am_prot_muni, am_mobil_voyage, am_aire_voyage, am_rememb_afu, am_parc_resid_loi, am_sport_moto, am_sport_attrac, am_sport_golf, am_mob_art, am_modif_voie_esp, am_plant_voie_esp, am_chem_ouv_esp, am_agri_peche, am_crea_voie, am_modif_voie_exist, am_crea_esp_sauv, am_crea_esp_class, am_projet_desc, am_terr_surf, am_tranche_desc, am_lot_max_nb, am_lot_max_shon, am_lot_cstr_cos, am_lot_cstr_plan, am_lot_cstr_vente, am_lot_fin_diff, am_lot_consign, am_lot_gar_achev, am_lot_vente_ant, am_empl_nb, am_tente_nb, am_carav_nb, am_mobil_nb, am_pers_nb, am_empl_hll_nb, am_hll_shon, am_periode_exploit, am_exist_agrand, am_exist_date, am_exist_num, am_exist_nb_avant, am_exist_nb_apres, am_coupe_bois, am_coupe_parc, am_coupe_align, am_coupe_ess, am_coupe_age, am_coupe_dens, am_coupe_qual, am_coupe_trait, am_coupe_autr, co_archi_recours, co_cstr_nouv, co_cstr_exist, co_cloture, co_elec_tension, co_div_terr, co_projet_desc, co_anx_pisc, co_anx_gara, co_anx_veran, co_anx_abri, co_anx_autr, co_anx_autr_desc, co_tot_log_nb, co_tot_ind_nb, co_tot_coll_nb, co_mais_piece_nb, co_mais_niv_nb, co_fin_lls_nb, co_fin_aa_nb, co_fin_ptz_nb, co_fin_autr_nb, co_fin_autr_desc, co_mais_contrat_ind, co_uti_pers, co_uti_vente, co_uti_loc, co_uti_princ, co_uti_secon, co_resid_agees, co_resid_etud, co_resid_tourism, co_resid_hot_soc, co_resid_soc, co_resid_hand, co_resid_autr, co_resid_autr_desc, co_foyer_chamb_nb, co_log_1p_nb, co_log_2p_nb, co_log_3p_nb, co_log_4p_nb, co_log_5p_nb, co_log_6p_nb, co_bat_niv_nb, co_trx_exten, co_trx_surelev, co_trx_nivsup, co_demont_periode, co_sp_transport, co_sp_enseign, co_sp_act_soc, co_sp_ouvr_spe, co_sp_sante, co_sp_culture, co_statio_avt_nb, co_statio_apr_nb, co_statio_adr, co_statio_place_nb, co_statio_tot_surf, co_statio_tot_shob, co_statio_comm_cin_surf, tab_surface, dm_constr_dates, dm_total, dm_partiel, dm_projet_desc, dm_tot_log_nb, tax_surf_tot, tax_surf, tax_surf_suppr_mod, tab_tax_su_princ, tab_tax_su_heber, tab_tax_su_secon, tab_tax_su_tot, tax_ext_pret, tax_ext_desc, tax_surf_tax_exist_cons, tax_log_exist_nb, tax_trx_presc_ppr, tax_monu_hist, tax_comm_nb, tab_tax_su_non_habit_surf, tab_tax_am, vsd_surf_planch_smd, vsd_unit_fonc_sup, vsd_unit_fonc_constr_sup, vsd_val_terr, vsd_const_sxist_non_dem_surf, vsd_rescr_fisc, pld_val_terr, pld_const_exist_dem, pld_const_exist_dem_surf, code_cnil, terr_juri_titul, terr_juri_lot, terr_juri_zac, terr_juri_afu, terr_juri_pup, terr_juri_oin, terr_juri_desc, terr_div_surf_etab, terr_div_surf_av_div, doc_date, doc_tot_trav, doc_tranche_trav, doc_tranche_trav_desc, doc_surf, doc_nb_log, doc_nb_log_indiv, doc_nb_log_coll, doc_nb_log_lls, doc_nb_log_aa, doc_nb_log_ptz, doc_nb_log_autre, daact_date, daact_date_chgmt_dest, daact_tot_trav, daact_tranche_trav, daact_tranche_trav_desc, daact_surf, daact_nb_log, daact_nb_log_indiv, daact_nb_log_coll, daact_nb_log_lls, daact_nb_log_aa, daact_nb_log_ptz, daact_nb_log_autre, am_div_mun, co_perf_energ, architecte, co_statio_avt_shob, co_statio_apr_shob, co_statio_avt_surf, co_statio_apr_surf, co_trx_amgt, co_modif_aspect, co_modif_struct, co_ouvr_elec, co_ouvr_infra, co_trx_imm, co_cstr_shob, am_voyage_deb, am_voyage_fin, am_modif_amgt, am_lot_max_shob, mod_desc, tr_total, tr_partiel, tr_desc, avap_co_elt_pro, avap_nouv_haut_surf, avap_co_clot, avap_aut_coup_aba_arb, avap_ouv_infra, avap_aut_inst_mob, avap_aut_plant, avap_aut_auv_elec, tax_dest_loc_tr, ope_proj_desc, tax_surf_tot_cstr, tax_surf_loc_stat, tax_log_ap_trvx_nb, tax_am_statio_ext_cr, tax_sup_bass_pisc_cr, tax_empl_ten_carav_mobil_nb_cr, tax_empl_hll_nb_cr, tax_eol_haut_nb_cr, tax_pann_volt_sup_cr, tax_surf_loc_arch, tax_surf_pisc_arch, tax_am_statio_ext_arch, tab_tax_su_parc_statio_expl_comm, tax_empl_ten_carav_mobil_nb_arch, tax_empl_hll_nb_arch, tax_eol_haut_nb_arch, ope_proj_div_co, ope_proj_div_contr, tax_desc, erp_cstr_neuve, erp_trvx_acc, erp_extension, erp_rehab, erp_trvx_am, erp_vol_nouv_exist, tab_erp_eff, erp_class_cat, erp_class_type, tax_surf_abr_jard_pig_colom, tax_su_non_habit_abr_jard_pig_colom, dia_imm_non_bati, dia_imm_bati_terr_propr, dia_imm_bati_terr_autr, dia_imm_bati_terr_autr_desc, dia_bat_copro, dia_bat_copro_desc, dia_lot_numero, dia_lot_bat, dia_lot_etage, dia_lot_quote_part, dia_us_hab, dia_us_pro, dia_us_mixte, dia_us_comm, dia_us_agr, dia_us_autre, dia_us_autre_prec, dia_occ_prop, dia_occ_loc, dia_occ_sans_occ, dia_occ_autre, dia_occ_autre_prec, dia_mod_cess_prix_vente, dia_mod_cess_prix_vente_mob, dia_mod_cess_prix_vente_cheptel, dia_mod_cess_prix_vente_recol, dia_mod_cess_prix_vente_autre, dia_mod_cess_commi, dia_mod_cess_commi_ttc, dia_mod_cess_commi_ht, dia_acquereur_nom_prenom, dia_acquereur_adr_num_voie, dia_acquereur_adr_ext, dia_acquereur_adr_type_voie, dia_acquereur_adr_nom_voie, dia_acquereur_adr_lieu_dit_bp, dia_acquereur_adr_cp, dia_acquereur_adr_localite, dia_observation, tab_surface2, dia_occ_sol_su_terre, dia_occ_sol_su_pres, dia_occ_sol_su_verger, dia_occ_sol_su_vigne, dia_occ_sol_su_bois, dia_occ_sol_su_lande, dia_occ_sol_su_carriere, dia_occ_sol_su_eau_cadastree, dia_occ_sol_su_jardin, dia_occ_sol_su_terr_batir, dia_occ_sol_su_terr_agr, dia_occ_sol_su_sol, dia_bati_vend_tot, dia_bati_vend_tot_txt, dia_su_co_sol, dia_su_util_hab, dia_nb_niv, dia_nb_appart, dia_nb_autre_loc, dia_vente_lot_volume, dia_vente_lot_volume_txt, dia_lot_nat_su, dia_lot_bat_achv_plus_10, dia_lot_bat_achv_moins_10, dia_lot_regl_copro_publ_hypo_plus_10, dia_lot_regl_copro_publ_hypo_moins_10, dia_indivi_quote_part, dia_design_societe, dia_design_droit, dia_droit_soc_nat, dia_droit_soc_nb, dia_droit_soc_num_part, dia_droit_reel_perso_grevant_bien_oui, dia_droit_reel_perso_grevant_bien_non, dia_droit_reel_perso_nat, dia_droit_reel_perso_viag, dia_mod_cess_adr, dia_mod_cess_sign_act_auth, dia_mod_cess_terme, dia_mod_cess_terme_prec, dia_mod_cess_bene_acquereur, dia_mod_cess_bene_vendeur, dia_mod_cess_paie_nat, dia_mod_cess_design_contr_alien, dia_mod_cess_eval_contr, dia_mod_cess_rente_viag, dia_mod_cess_mnt_an, dia_mod_cess_mnt_compt, dia_mod_cess_bene_rente, dia_mod_cess_droit_usa_hab, dia_mod_cess_droit_usa_hab_prec, dia_mod_cess_eval_usa_usufruit, dia_mod_cess_vente_nue_prop, dia_mod_cess_vente_nue_prop_prec, dia_mod_cess_echange, dia_mod_cess_design_bien_recus_ech, dia_mod_cess_mnt_soulte, dia_mod_cess_prop_contre_echan, dia_mod_cess_apport_societe, dia_mod_cess_bene, dia_mod_cess_esti_bien, dia_mod_cess_cess_terr_loc_co, dia_mod_cess_esti_terr, dia_mod_cess_esti_loc, dia_mod_cess_esti_imm_loca, dia_mod_cess_adju_vol, dia_mod_cess_adju_obl, dia_mod_cess_adju_fin_indivi, dia_mod_cess_adju_date_lieu, dia_mod_cess_mnt_mise_prix, dia_prop_titu_prix_indique, dia_prop_recherche_acqu_prix_indique, dia_acquereur_prof, dia_indic_compl_ope, dia_vente_adju, am_terr_res_demon, am_air_terr_res_mob) VALUES (2, 'cerfa de test lot n°1', '123456', '2013-02-01', '2018-12-31', false, false, false, false, false, false, false, false, false, false, false, false, false, false, false, false, false, false, false, false, false, false, false, false, false, false, false, false, false, false, false, false, false, false, false, false, false, false, false, false, false, false, false, false, false, false, false, false, false, false, false, false, false, false, false, false, false, false, false, false, false, false, false, false, false, false, false, false, false, false, false, false, false, false, false, false, false, false, false, false, false, false, false, false, false, false, false, false, false, false, false, false, false, false, false, false, false, false, false, false, false, false, false, false, false, false, false, false, false, false, false, false, false, false, false, false, false, false, false, false, false, false, false, false, false, false, 13409, false, false, false, false, false, false, false, false, NULL, NULL, NULL, NULL, false, false, false, false, false, false, false, NULL, NULL, false, false, false, false, false, false, false, false, false, false, NULL, NULL, NULL, NULL, NULL, NULL, NULL, NULL, NULL, NULL, NULL, NULL, NULL, NULL, NULL, NULL, NULL, NULL, NULL, NULL, NULL, NULL, NULL, NULL, NULL, NULL, NULL, NULL, NULL, NULL, NULL, NULL, NULL, NULL, NULL, NULL, NULL, false, false, false, false, false, false, false, false, false, false, false, false, false, false, false, false, false, false, false, false, false, false, false, false, false, false, false, false, false, false, false, false, false, false, false, false, false, false, false, false, false, NULL, false, false, false, false, false, false, false, false, false, false, false, false, NULL, false, false, false, false, false, false, false, false, false, false, false, false, false, false, false, false, false, false, false, false, false, false, false, false, false, false, false, false, false, false, false, false, false, false, false, false, false, false, false, false, false, false, false, NULL, false, false, false, false, false, false, false, false, false, false, false, false, false, false, false, false, false, false, false, false, false, false, false, false, false, false, false, false, false, false, false, false, false, false, false, false, false, false, false, false, false, false, false, false, false, false, false, false, false, false, false, false, false, false, false, false, false, false, false, false, false, false, false, false, false, false, false, false, false, false, false, false, false, false, false, false, false);
INSERT INTO cerfa (cerfa, libelle, code, om_validite_debut, om_validite_fin, am_lotiss, am_autre_div, am_camping, am_caravane, am_carav_duree, am_statio, am_statio_cont, am_affou_exhau, am_affou_exhau_sup, am_affou_prof, am_exhau_haut, am_coupe_abat, am_prot_plu, am_prot_muni, am_mobil_voyage, am_aire_voyage, am_rememb_afu, am_parc_resid_loi, am_sport_moto, am_sport_attrac, am_sport_golf, am_mob_art, am_modif_voie_esp, am_plant_voie_esp, am_chem_ouv_esp, am_agri_peche, am_crea_voie, am_modif_voie_exist, am_crea_esp_sauv, am_crea_esp_class, am_projet_desc, am_terr_surf, am_tranche_desc, am_lot_max_nb, am_lot_max_shon, am_lot_cstr_cos, am_lot_cstr_plan, am_lot_cstr_vente, am_lot_fin_diff, am_lot_consign, am_lot_gar_achev, am_lot_vente_ant, am_empl_nb, am_tente_nb, am_carav_nb, am_mobil_nb, am_pers_nb, am_empl_hll_nb, am_hll_shon, am_periode_exploit, am_exist_agrand, am_exist_date, am_exist_num, am_exist_nb_avant, am_exist_nb_apres, am_coupe_bois, am_coupe_parc, am_coupe_align, am_coupe_ess, am_coupe_age, am_coupe_dens, am_coupe_qual, am_coupe_trait, am_coupe_autr, co_archi_recours, co_cstr_nouv, co_cstr_exist, co_cloture, co_elec_tension, co_div_terr, co_projet_desc, co_anx_pisc, co_anx_gara, co_anx_veran, co_anx_abri, co_anx_autr, co_anx_autr_desc, co_tot_log_nb, co_tot_ind_nb, co_tot_coll_nb, co_mais_piece_nb, co_mais_niv_nb, co_fin_lls_nb, co_fin_aa_nb, co_fin_ptz_nb, co_fin_autr_nb, co_fin_autr_desc, co_mais_contrat_ind, co_uti_pers, co_uti_vente, co_uti_loc, co_uti_princ, co_uti_secon, co_resid_agees, co_resid_etud, co_resid_tourism, co_resid_hot_soc, co_resid_soc, co_resid_hand, co_resid_autr, co_resid_autr_desc, co_foyer_chamb_nb, co_log_1p_nb, co_log_2p_nb, co_log_3p_nb, co_log_4p_nb, co_log_5p_nb, co_log_6p_nb, co_bat_niv_nb, co_trx_exten, co_trx_surelev, co_trx_nivsup, co_demont_periode, co_sp_transport, co_sp_enseign, co_sp_act_soc, co_sp_ouvr_spe, co_sp_sante, co_sp_culture, co_statio_avt_nb, co_statio_apr_nb, co_statio_adr, co_statio_place_nb, co_statio_tot_surf, co_statio_tot_shob, co_statio_comm_cin_surf, tab_surface, dm_constr_dates, dm_total, dm_partiel, dm_projet_desc, dm_tot_log_nb, tax_surf_tot, tax_surf, tax_surf_suppr_mod, tab_tax_su_princ, tab_tax_su_heber, tab_tax_su_secon, tab_tax_su_tot, tax_ext_pret, tax_ext_desc, tax_surf_tax_exist_cons, tax_log_exist_nb, tax_trx_presc_ppr, tax_monu_hist, tax_comm_nb, tab_tax_su_non_habit_surf, tab_tax_am, vsd_surf_planch_smd, vsd_unit_fonc_sup, vsd_unit_fonc_constr_sup, vsd_val_terr, vsd_const_sxist_non_dem_surf, vsd_rescr_fisc, pld_val_terr, pld_const_exist_dem, pld_const_exist_dem_surf, code_cnil, terr_juri_titul, terr_juri_lot, terr_juri_zac, terr_juri_afu, terr_juri_pup, terr_juri_oin, terr_juri_desc, terr_div_surf_etab, terr_div_surf_av_div, doc_date, doc_tot_trav, doc_tranche_trav, doc_tranche_trav_desc, doc_surf, doc_nb_log, doc_nb_log_indiv, doc_nb_log_coll, doc_nb_log_lls, doc_nb_log_aa, doc_nb_log_ptz, doc_nb_log_autre, daact_date, daact_date_chgmt_dest, daact_tot_trav, daact_tranche_trav, daact_tranche_trav_desc, daact_surf, daact_nb_log, daact_nb_log_indiv, daact_nb_log_coll, daact_nb_log_lls, daact_nb_log_aa, daact_nb_log_ptz, daact_nb_log_autre, am_div_mun, co_perf_energ, architecte, co_statio_avt_shob, co_statio_apr_shob, co_statio_avt_surf, co_statio_apr_surf, co_trx_amgt, co_modif_aspect, co_modif_struct, co_ouvr_elec, co_ouvr_infra, co_trx_imm, co_cstr_shob, am_voyage_deb, am_voyage_fin, am_modif_amgt, am_lot_max_shob, mod_desc, tr_total, tr_partiel, tr_desc, avap_co_elt_pro, avap_nouv_haut_surf, avap_co_clot, avap_aut_coup_aba_arb, avap_ouv_infra, avap_aut_inst_mob, avap_aut_plant, avap_aut_auv_elec, tax_dest_loc_tr, ope_proj_desc, tax_surf_tot_cstr, tax_surf_loc_stat, tax_log_ap_trvx_nb, tax_am_statio_ext_cr, tax_sup_bass_pisc_cr, tax_empl_ten_carav_mobil_nb_cr, tax_empl_hll_nb_cr, tax_eol_haut_nb_cr, tax_pann_volt_sup_cr, tax_surf_loc_arch, tax_surf_pisc_arch, tax_am_statio_ext_arch, tab_tax_su_parc_statio_expl_comm, tax_empl_ten_carav_mobil_nb_arch, tax_empl_hll_nb_arch, tax_eol_haut_nb_arch, ope_proj_div_co, ope_proj_div_contr, tax_desc, erp_cstr_neuve, erp_trvx_acc, erp_extension, erp_rehab, erp_trvx_am, erp_vol_nouv_exist, tab_erp_eff, erp_class_cat, erp_class_type, tax_surf_abr_jard_pig_colom, tax_su_non_habit_abr_jard_pig_colom, dia_imm_non_bati, dia_imm_bati_terr_propr, dia_imm_bati_terr_autr, dia_imm_bati_terr_autr_desc, dia_bat_copro, dia_bat_copro_desc, dia_lot_numero, dia_lot_bat, dia_lot_etage, dia_lot_quote_part, dia_us_hab, dia_us_pro, dia_us_mixte, dia_us_comm, dia_us_agr, dia_us_autre, dia_us_autre_prec, dia_occ_prop, dia_occ_loc, dia_occ_sans_occ, dia_occ_autre, dia_occ_autre_prec, dia_mod_cess_prix_vente, dia_mod_cess_prix_vente_mob, dia_mod_cess_prix_vente_cheptel, dia_mod_cess_prix_vente_recol, dia_mod_cess_prix_vente_autre, dia_mod_cess_commi, dia_mod_cess_commi_ttc, dia_mod_cess_commi_ht, dia_acquereur_nom_prenom, dia_acquereur_adr_num_voie, dia_acquereur_adr_ext, dia_acquereur_adr_type_voie, dia_acquereur_adr_nom_voie, dia_acquereur_adr_lieu_dit_bp, dia_acquereur_adr_cp, dia_acquereur_adr_localite, dia_observation, tab_surface2, dia_occ_sol_su_terre, dia_occ_sol_su_pres, dia_occ_sol_su_verger, dia_occ_sol_su_vigne, dia_occ_sol_su_bois, dia_occ_sol_su_lande, dia_occ_sol_su_carriere, dia_occ_sol_su_eau_cadastree, dia_occ_sol_su_jardin, dia_occ_sol_su_terr_batir, dia_occ_sol_su_terr_agr, dia_occ_sol_su_sol, dia_bati_vend_tot, dia_bati_vend_tot_txt, dia_su_co_sol, dia_su_util_hab, dia_nb_niv, dia_nb_appart, dia_nb_autre_loc, dia_vente_lot_volume, dia_vente_lot_volume_txt, dia_lot_nat_su, dia_lot_bat_achv_plus_10, dia_lot_bat_achv_moins_10, dia_lot_regl_copro_publ_hypo_plus_10, dia_lot_regl_copro_publ_hypo_moins_10, dia_indivi_quote_part, dia_design_societe, dia_design_droit, dia_droit_soc_nat, dia_droit_soc_nb, dia_droit_soc_num_part, dia_droit_reel_perso_grevant_bien_oui, dia_droit_reel_perso_grevant_bien_non, dia_droit_reel_perso_nat, dia_droit_reel_perso_viag, dia_mod_cess_adr, dia_mod_cess_sign_act_auth, dia_mod_cess_terme, dia_mod_cess_terme_prec, dia_mod_cess_bene_acquereur, dia_mod_cess_bene_vendeur, dia_mod_cess_paie_nat, dia_mod_cess_design_contr_alien, dia_mod_cess_eval_contr, dia_mod_cess_rente_viag, dia_mod_cess_mnt_an, dia_mod_cess_mnt_compt, dia_mod_cess_bene_rente, dia_mod_cess_droit_usa_hab, dia_mod_cess_droit_usa_hab_prec, dia_mod_cess_eval_usa_usufruit, dia_mod_cess_vente_nue_prop, dia_mod_cess_vente_nue_prop_prec, dia_mod_cess_echange, dia_mod_cess_design_bien_recus_ech, dia_mod_cess_mnt_soulte, dia_mod_cess_prop_contre_echan, dia_mod_cess_apport_societe, dia_mod_cess_bene, dia_mod_cess_esti_bien, dia_mod_cess_cess_terr_loc_co, dia_mod_cess_esti_terr, dia_mod_cess_esti_loc, dia_mod_cess_esti_imm_loca, dia_mod_cess_adju_vol, dia_mod_cess_adju_obl, dia_mod_cess_adju_fin_indivi, dia_mod_cess_adju_date_lieu, dia_mod_cess_mnt_mise_prix, dia_prop_titu_prix_indique, dia_prop_recherche_acqu_prix_indique, dia_acquereur_prof, dia_indic_compl_ope, dia_vente_adju, am_terr_res_demon, am_air_terr_res_mob) VALUES (1, 'cerfa de test n°1', '123456', '2013-02-01', '2014-12-31', true, true, true, false, false, true, true, true, true, true, true, false, false, false, false, false, false, true, true, true, true, false, false, false, true, true, true, true, true, true, true, true, true, false, false, false, false, false, false, false, false, false, false, false, false, false, false, false, false, false, false, false, false, false, false, false, false, false, false, false, false, false, false, false, false, false, false, false, false, false, false, false, false, false, false, false, false, false, false, false, false, false, false, false, false, false, false, false, false, false, false, false, false, false, false, false, false, false, false, false, false, false, false, false, false, false, false, false, false, false, false, false, false, true, true, true, true, true, true, false, false, false, false, false, false, false, 13409, true, true, true, true, true, false, false, false, NULL, NULL, NULL, NULL, false, false, false, false, false, false, false, NULL, NULL, false, false, false, false, false, false, false, false, false, false, NULL, NULL, NULL, NULL, NULL, NULL, NULL, NULL, NULL, NULL, NULL, NULL, NULL, NULL, NULL, NULL, NULL, NULL, NULL, NULL, NULL, NULL, NULL, NULL, NULL, NULL, NULL, NULL, NULL, NULL, NULL, NULL, NULL, NULL, NULL, NULL, true, false, false, false, false, false, false, false, false, false, false, false, false, false, false, false, false, false, false, false, false, false, false, false, false, false, false, false, false, false, false, false, false, false, false, false, false, false, false, false, false, false, NULL, false, false, false, false, false, false, false, false, false, false, false, false, NULL, false, false, false, false, false, false, false, false, false, false, false, false, false, false, false, false, false, false, false, false, false, false, false, false, false, false, false, false, false, false, false, false, false, false, false, false, false, false, false, false, false, false, false, NULL, false, false, false, false, false, false, false, false, false, false, false, false, false, false, false, false, false, false, false, false, false, false, false, false, false, false, false, false, false, false, false, false, false, false, false, false, false, false, false, false, false, false, false, false, false, false, false, false, false, false, false, false, false, false, false, false, false, false, false, false, false, false, false, false, false, false, false, false, false, false, false, false, false, false, false, false, false);
INSERT INTO cerfa (cerfa, libelle, code, om_validite_debut, om_validite_fin, am_lotiss, am_autre_div, am_camping, am_caravane, am_carav_duree, am_statio, am_statio_cont, am_affou_exhau, am_affou_exhau_sup, am_affou_prof, am_exhau_haut, am_coupe_abat, am_prot_plu, am_prot_muni, am_mobil_voyage, am_aire_voyage, am_rememb_afu, am_parc_resid_loi, am_sport_moto, am_sport_attrac, am_sport_golf, am_mob_art, am_modif_voie_esp, am_plant_voie_esp, am_chem_ouv_esp, am_agri_peche, am_crea_voie, am_modif_voie_exist, am_crea_esp_sauv, am_crea_esp_class, am_projet_desc, am_terr_surf, am_tranche_desc, am_lot_max_nb, am_lot_max_shon, am_lot_cstr_cos, am_lot_cstr_plan, am_lot_cstr_vente, am_lot_fin_diff, am_lot_consign, am_lot_gar_achev, am_lot_vente_ant, am_empl_nb, am_tente_nb, am_carav_nb, am_mobil_nb, am_pers_nb, am_empl_hll_nb, am_hll_shon, am_periode_exploit, am_exist_agrand, am_exist_date, am_exist_num, am_exist_nb_avant, am_exist_nb_apres, am_coupe_bois, am_coupe_parc, am_coupe_align, am_coupe_ess, am_coupe_age, am_coupe_dens, am_coupe_qual, am_coupe_trait, am_coupe_autr, co_archi_recours, co_cstr_nouv, co_cstr_exist, co_cloture, co_elec_tension, co_div_terr, co_projet_desc, co_anx_pisc, co_anx_gara, co_anx_veran, co_anx_abri, co_anx_autr, co_anx_autr_desc, co_tot_log_nb, co_tot_ind_nb, co_tot_coll_nb, co_mais_piece_nb, co_mais_niv_nb, co_fin_lls_nb, co_fin_aa_nb, co_fin_ptz_nb, co_fin_autr_nb, co_fin_autr_desc, co_mais_contrat_ind, co_uti_pers, co_uti_vente, co_uti_loc, co_uti_princ, co_uti_secon, co_resid_agees, co_resid_etud, co_resid_tourism, co_resid_hot_soc, co_resid_soc, co_resid_hand, co_resid_autr, co_resid_autr_desc, co_foyer_chamb_nb, co_log_1p_nb, co_log_2p_nb, co_log_3p_nb, co_log_4p_nb, co_log_5p_nb, co_log_6p_nb, co_bat_niv_nb, co_trx_exten, co_trx_surelev, co_trx_nivsup, co_demont_periode, co_sp_transport, co_sp_enseign, co_sp_act_soc, co_sp_ouvr_spe, co_sp_sante, co_sp_culture, co_statio_avt_nb, co_statio_apr_nb, co_statio_adr, co_statio_place_nb, co_statio_tot_surf, co_statio_tot_shob, co_statio_comm_cin_surf, tab_surface, dm_constr_dates, dm_total, dm_partiel, dm_projet_desc, dm_tot_log_nb, tax_surf_tot, tax_surf, tax_surf_suppr_mod, tab_tax_su_princ, tab_tax_su_heber, tab_tax_su_secon, tab_tax_su_tot, tax_ext_pret, tax_ext_desc, tax_surf_tax_exist_cons, tax_log_exist_nb, tax_trx_presc_ppr, tax_monu_hist, tax_comm_nb, tab_tax_su_non_habit_surf, tab_tax_am, vsd_surf_planch_smd, vsd_unit_fonc_sup, vsd_unit_fonc_constr_sup, vsd_val_terr, vsd_const_sxist_non_dem_surf, vsd_rescr_fisc, pld_val_terr, pld_const_exist_dem, pld_const_exist_dem_surf, code_cnil, terr_juri_titul, terr_juri_lot, terr_juri_zac, terr_juri_afu, terr_juri_pup, terr_juri_oin, terr_juri_desc, terr_div_surf_etab, terr_div_surf_av_div, doc_date, doc_tot_trav, doc_tranche_trav, doc_tranche_trav_desc, doc_surf, doc_nb_log, doc_nb_log_indiv, doc_nb_log_coll, doc_nb_log_lls, doc_nb_log_aa, doc_nb_log_ptz, doc_nb_log_autre, daact_date, daact_date_chgmt_dest, daact_tot_trav, daact_tranche_trav, daact_tranche_trav_desc, daact_surf, daact_nb_log, daact_nb_log_indiv, daact_nb_log_coll, daact_nb_log_lls, daact_nb_log_aa, daact_nb_log_ptz, daact_nb_log_autre, am_div_mun, co_perf_energ, architecte, co_statio_avt_shob, co_statio_apr_shob, co_statio_avt_surf, co_statio_apr_surf, co_trx_amgt, co_modif_aspect, co_modif_struct, co_ouvr_elec, co_ouvr_infra, co_trx_imm, co_cstr_shob, am_voyage_deb, am_voyage_fin, am_modif_amgt, am_lot_max_shob, mod_desc, tr_total, tr_partiel, tr_desc, avap_co_elt_pro, avap_nouv_haut_surf, avap_co_clot, avap_aut_coup_aba_arb, avap_ouv_infra, avap_aut_inst_mob, avap_aut_plant, avap_aut_auv_elec, tax_dest_loc_tr, ope_proj_desc, tax_surf_tot_cstr, tax_surf_loc_stat, tax_log_ap_trvx_nb, tax_am_statio_ext_cr, tax_sup_bass_pisc_cr, tax_empl_ten_carav_mobil_nb_cr, tax_empl_hll_nb_cr, tax_eol_haut_nb_cr, tax_pann_volt_sup_cr, tax_surf_loc_arch, tax_surf_pisc_arch, tax_am_statio_ext_arch, tab_tax_su_parc_statio_expl_comm, tax_empl_ten_carav_mobil_nb_arch, tax_empl_hll_nb_arch, tax_eol_haut_nb_arch, ope_proj_div_co, ope_proj_div_contr, tax_desc, erp_cstr_neuve, erp_trvx_acc, erp_extension, erp_rehab, erp_trvx_am, erp_vol_nouv_exist, tab_erp_eff, erp_class_cat, erp_class_type, tax_surf_abr_jard_pig_colom, tax_su_non_habit_abr_jard_pig_colom, dia_imm_non_bati, dia_imm_bati_terr_propr, dia_imm_bati_terr_autr, dia_imm_bati_terr_autr_desc, dia_bat_copro, dia_bat_copro_desc, dia_lot_numero, dia_lot_bat, dia_lot_etage, dia_lot_quote_part, dia_us_hab, dia_us_pro, dia_us_mixte, dia_us_comm, dia_us_agr, dia_us_autre, dia_us_autre_prec, dia_occ_prop, dia_occ_loc, dia_occ_sans_occ, dia_occ_autre, dia_occ_autre_prec, dia_mod_cess_prix_vente, dia_mod_cess_prix_vente_mob, dia_mod_cess_prix_vente_cheptel, dia_mod_cess_prix_vente_recol, dia_mod_cess_prix_vente_autre, dia_mod_cess_commi, dia_mod_cess_commi_ttc, dia_mod_cess_commi_ht, dia_acquereur_nom_prenom, dia_acquereur_adr_num_voie, dia_acquereur_adr_ext, dia_acquereur_adr_type_voie, dia_acquereur_adr_nom_voie, dia_acquereur_adr_lieu_dit_bp, dia_acquereur_adr_cp, dia_acquereur_adr_localite, dia_observation, tab_surface2, dia_occ_sol_su_terre, dia_occ_sol_su_pres, dia_occ_sol_su_verger, dia_occ_sol_su_vigne, dia_occ_sol_su_bois, dia_occ_sol_su_lande, dia_occ_sol_su_carriere, dia_occ_sol_su_eau_cadastree, dia_occ_sol_su_jardin, dia_occ_sol_su_terr_batir, dia_occ_sol_su_terr_agr, dia_occ_sol_su_sol, dia_bati_vend_tot, dia_bati_vend_tot_txt, dia_su_co_sol, dia_su_util_hab, dia_nb_niv, dia_nb_appart, dia_nb_autre_loc, dia_vente_lot_volume, dia_vente_lot_volume_txt, dia_lot_nat_su, dia_lot_bat_achv_plus_10, dia_lot_bat_achv_moins_10, dia_lot_regl_copro_publ_hypo_plus_10, dia_lot_regl_copro_publ_hypo_moins_10, dia_indivi_quote_part, dia_design_societe, dia_design_droit, dia_droit_soc_nat, dia_droit_soc_nb, dia_droit_soc_num_part, dia_droit_reel_perso_grevant_bien_oui, dia_droit_reel_perso_grevant_bien_non, dia_droit_reel_perso_nat, dia_droit_reel_perso_viag, dia_mod_cess_adr, dia_mod_cess_sign_act_auth, dia_mod_cess_terme, dia_mod_cess_terme_prec, dia_mod_cess_bene_acquereur, dia_mod_cess_bene_vendeur, dia_mod_cess_paie_nat, dia_mod_cess_design_contr_alien, dia_mod_cess_eval_contr, dia_mod_cess_rente_viag, dia_mod_cess_mnt_an, dia_mod_cess_mnt_compt, dia_mod_cess_bene_rente, dia_mod_cess_droit_usa_hab, dia_mod_cess_droit_usa_hab_prec, dia_mod_cess_eval_usa_usufruit, dia_mod_cess_vente_nue_prop, dia_mod_cess_vente_nue_prop_prec, dia_mod_cess_echange, dia_mod_cess_design_bien_recus_ech, dia_mod_cess_mnt_soulte, dia_mod_cess_prop_contre_echan, dia_mod_cess_apport_societe, dia_mod_cess_bene, dia_mod_cess_esti_bien, dia_mod_cess_cess_terr_loc_co, dia_mod_cess_esti_terr, dia_mod_cess_esti_loc, dia_mod_cess_esti_imm_loca, dia_mod_cess_adju_vol, dia_mod_cess_adju_obl, dia_mod_cess_adju_fin_indivi, dia_mod_cess_adju_date_lieu, dia_mod_cess_mnt_mise_prix, dia_prop_titu_prix_indique, dia_prop_recherche_acqu_prix_indique, dia_acquereur_prof, dia_indic_compl_ope, dia_vente_adju, am_terr_res_demon, am_air_terr_res_mob) VALUES (3, 'cerfa de test n°2', '123456', '2013-02-01', '2016-02-02', true, true, true, true, true, true, true, true, true, true, true, true, true, true, true, true, true, true, true, true, true, true, true, true, true, true, true, true, true, true, true, true, true, true, true, true, true, true, true, true, true, true, true, true, true, true, true, true, true, true, true, true, true, true, true, true, true, true, true, true, true, true, true, true, true, true, true, true, true, true, true, true, true, true, true, true, true, true, true, true, true, true, true, true, true, true, true, true, true, true, true, true, true, true, true, true, true, true, true, true, true, true, true, true, true, true, true, true, true, true, true, true, true, true, true, true, true, true, true, true, true, true, true, true, true, true, 13409, true, true, true, true, true, true, true, true, 1340903, 1340903, 1340903, 1340903, true, true, true, true, true, true, true, 1340903, 13409, true, true, true, true, true, true, true, true, true, true, true, true, true, true, true, true, true, true, true, true, true, true, true, true, true, true, true, true, true, true, true, true, true, true, true, true, true, true, true, true, true, true, true, true, true, true, true, true, true, true, true, true, true, true, true, true, true, true, true, true, true, true, true, true, true, true, true, true, true, true, true, true, true, true, true, true, true, true, true, true, true, true, true, true, true, true, true, true, 1340903, true, true, true, true, true, true, true, true, true, true, true, true, 1382403, true, true, false, false, false, false, false, false, false, false, false, false, false, false, false, false, false, false, false, false, false, false, false, false, false, false, false, false, false, false, false, false, false, false, false, false, false, false, false, false, false, false, false, NULL, false, false, false, false, false, false, false, false, false, false, false, false, false, false, false, false, false, false, false, false, false, false, false, false, false, false, false, false, false, false, false, false, false, false, false, false, false, false, false, false, false, false, false, false, false, false, false, false, false, false, false, false, false, false, false, false, false, false, false, false, false, false, false, false, false, false, false, false, false, false, false, false, false, false, false, false, false);
INSERT INTO cerfa (cerfa, libelle, code, om_validite_debut, om_validite_fin, am_lotiss, am_autre_div, am_camping, am_caravane, am_carav_duree, am_statio, am_statio_cont, am_affou_exhau, am_affou_exhau_sup, am_affou_prof, am_exhau_haut, am_coupe_abat, am_prot_plu, am_prot_muni, am_mobil_voyage, am_aire_voyage, am_rememb_afu, am_parc_resid_loi, am_sport_moto, am_sport_attrac, am_sport_golf, am_mob_art, am_modif_voie_esp, am_plant_voie_esp, am_chem_ouv_esp, am_agri_peche, am_crea_voie, am_modif_voie_exist, am_crea_esp_sauv, am_crea_esp_class, am_projet_desc, am_terr_surf, am_tranche_desc, am_lot_max_nb, am_lot_max_shon, am_lot_cstr_cos, am_lot_cstr_plan, am_lot_cstr_vente, am_lot_fin_diff, am_lot_consign, am_lot_gar_achev, am_lot_vente_ant, am_empl_nb, am_tente_nb, am_carav_nb, am_mobil_nb, am_pers_nb, am_empl_hll_nb, am_hll_shon, am_periode_exploit, am_exist_agrand, am_exist_date, am_exist_num, am_exist_nb_avant, am_exist_nb_apres, am_coupe_bois, am_coupe_parc, am_coupe_align, am_coupe_ess, am_coupe_age, am_coupe_dens, am_coupe_qual, am_coupe_trait, am_coupe_autr, co_archi_recours, co_cstr_nouv, co_cstr_exist, co_cloture, co_elec_tension, co_div_terr, co_projet_desc, co_anx_pisc, co_anx_gara, co_anx_veran, co_anx_abri, co_anx_autr, co_anx_autr_desc, co_tot_log_nb, co_tot_ind_nb, co_tot_coll_nb, co_mais_piece_nb, co_mais_niv_nb, co_fin_lls_nb, co_fin_aa_nb, co_fin_ptz_nb, co_fin_autr_nb, co_fin_autr_desc, co_mais_contrat_ind, co_uti_pers, co_uti_vente, co_uti_loc, co_uti_princ, co_uti_secon, co_resid_agees, co_resid_etud, co_resid_tourism, co_resid_hot_soc, co_resid_soc, co_resid_hand, co_resid_autr, co_resid_autr_desc, co_foyer_chamb_nb, co_log_1p_nb, co_log_2p_nb, co_log_3p_nb, co_log_4p_nb, co_log_5p_nb, co_log_6p_nb, co_bat_niv_nb, co_trx_exten, co_trx_surelev, co_trx_nivsup, co_demont_periode, co_sp_transport, co_sp_enseign, co_sp_act_soc, co_sp_ouvr_spe, co_sp_sante, co_sp_culture, co_statio_avt_nb, co_statio_apr_nb, co_statio_adr, co_statio_place_nb, co_statio_tot_surf, co_statio_tot_shob, co_statio_comm_cin_surf, tab_surface, dm_constr_dates, dm_total, dm_partiel, dm_projet_desc, dm_tot_log_nb, tax_surf_tot, tax_surf, tax_surf_suppr_mod, tab_tax_su_princ, tab_tax_su_heber, tab_tax_su_secon, tab_tax_su_tot, tax_ext_pret, tax_ext_desc, tax_surf_tax_exist_cons, tax_log_exist_nb, tax_trx_presc_ppr, tax_monu_hist, tax_comm_nb, tab_tax_su_non_habit_surf, tab_tax_am, vsd_surf_planch_smd, vsd_unit_fonc_sup, vsd_unit_fonc_constr_sup, vsd_val_terr, vsd_const_sxist_non_dem_surf, vsd_rescr_fisc, pld_val_terr, pld_const_exist_dem, pld_const_exist_dem_surf, code_cnil, terr_juri_titul, terr_juri_lot, terr_juri_zac, terr_juri_afu, terr_juri_pup, terr_juri_oin, terr_juri_desc, terr_div_surf_etab, terr_div_surf_av_div, doc_date, doc_tot_trav, doc_tranche_trav, doc_tranche_trav_desc, doc_surf, doc_nb_log, doc_nb_log_indiv, doc_nb_log_coll, doc_nb_log_lls, doc_nb_log_aa, doc_nb_log_ptz, doc_nb_log_autre, daact_date, daact_date_chgmt_dest, daact_tot_trav, daact_tranche_trav, daact_tranche_trav_desc, daact_surf, daact_nb_log, daact_nb_log_indiv, daact_nb_log_coll, daact_nb_log_lls, daact_nb_log_aa, daact_nb_log_ptz, daact_nb_log_autre, am_div_mun, co_perf_energ, architecte, co_statio_avt_shob, co_statio_apr_shob, co_statio_avt_surf, co_statio_apr_surf, co_trx_amgt, co_modif_aspect, co_modif_struct, co_ouvr_elec, co_ouvr_infra, co_trx_imm, co_cstr_shob, am_voyage_deb, am_voyage_fin, am_modif_amgt, am_lot_max_shob, mod_desc, tr_total, tr_partiel, tr_desc, avap_co_elt_pro, avap_nouv_haut_surf, avap_co_clot, avap_aut_coup_aba_arb, avap_ouv_infra, avap_aut_inst_mob, avap_aut_plant, avap_aut_auv_elec, tax_dest_loc_tr, ope_proj_desc, tax_surf_tot_cstr, tax_surf_loc_stat, tax_log_ap_trvx_nb, tax_am_statio_ext_cr, tax_sup_bass_pisc_cr, tax_empl_ten_carav_mobil_nb_cr, tax_empl_hll_nb_cr, tax_eol_haut_nb_cr, tax_pann_volt_sup_cr, tax_surf_loc_arch, tax_surf_pisc_arch, tax_am_statio_ext_arch, tab_tax_su_parc_statio_expl_comm, tax_empl_ten_carav_mobil_nb_arch, tax_empl_hll_nb_arch, tax_eol_haut_nb_arch, ope_proj_div_co, ope_proj_div_contr, tax_desc, erp_cstr_neuve, erp_trvx_acc, erp_extension, erp_rehab, erp_trvx_am, erp_vol_nouv_exist, tab_erp_eff, erp_class_cat, erp_class_type, tax_surf_abr_jard_pig_colom, tax_su_non_habit_abr_jard_pig_colom, dia_imm_non_bati, dia_imm_bati_terr_propr, dia_imm_bati_terr_autr, dia_imm_bati_terr_autr_desc, dia_bat_copro, dia_bat_copro_desc, dia_lot_numero, dia_lot_bat, dia_lot_etage, dia_lot_quote_part, dia_us_hab, dia_us_pro, dia_us_mixte, dia_us_comm, dia_us_agr, dia_us_autre, dia_us_autre_prec, dia_occ_prop, dia_occ_loc, dia_occ_sans_occ, dia_occ_autre, dia_occ_autre_prec, dia_mod_cess_prix_vente, dia_mod_cess_prix_vente_mob, dia_mod_cess_prix_vente_cheptel, dia_mod_cess_prix_vente_recol, dia_mod_cess_prix_vente_autre, dia_mod_cess_commi, dia_mod_cess_commi_ttc, dia_mod_cess_commi_ht, dia_acquereur_nom_prenom, dia_acquereur_adr_num_voie, dia_acquereur_adr_ext, dia_acquereur_adr_type_voie, dia_acquereur_adr_nom_voie, dia_acquereur_adr_lieu_dit_bp, dia_acquereur_adr_cp, dia_acquereur_adr_localite, dia_observation, tab_surface2, dia_occ_sol_su_terre, dia_occ_sol_su_pres, dia_occ_sol_su_verger, dia_occ_sol_su_vigne, dia_occ_sol_su_bois, dia_occ_sol_su_lande, dia_occ_sol_su_carriere, dia_occ_sol_su_eau_cadastree, dia_occ_sol_su_jardin, dia_occ_sol_su_terr_batir, dia_occ_sol_su_terr_agr, dia_occ_sol_su_sol, dia_bati_vend_tot, dia_bati_vend_tot_txt, dia_su_co_sol, dia_su_util_hab, dia_nb_niv, dia_nb_appart, dia_nb_autre_loc, dia_vente_lot_volume, dia_vente_lot_volume_txt, dia_lot_nat_su, dia_lot_bat_achv_plus_10, dia_lot_bat_achv_moins_10, dia_lot_regl_copro_publ_hypo_plus_10, dia_lot_regl_copro_publ_hypo_moins_10, dia_indivi_quote_part, dia_design_societe, dia_design_droit, dia_droit_soc_nat, dia_droit_soc_nb, dia_droit_soc_num_part, dia_droit_reel_perso_grevant_bien_oui, dia_droit_reel_perso_grevant_bien_non, dia_droit_reel_perso_nat, dia_droit_reel_perso_viag, dia_mod_cess_adr, dia_mod_cess_sign_act_auth, dia_mod_cess_terme, dia_mod_cess_terme_prec, dia_mod_cess_bene_acquereur, dia_mod_cess_bene_vendeur, dia_mod_cess_paie_nat, dia_mod_cess_design_contr_alien, dia_mod_cess_eval_contr, dia_mod_cess_rente_viag, dia_mod_cess_mnt_an, dia_mod_cess_mnt_compt, dia_mod_cess_bene_rente, dia_mod_cess_droit_usa_hab, dia_mod_cess_droit_usa_hab_prec, dia_mod_cess_eval_usa_usufruit, dia_mod_cess_vente_nue_prop, dia_mod_cess_vente_nue_prop_prec, dia_mod_cess_echange, dia_mod_cess_design_bien_recus_ech, dia_mod_cess_mnt_soulte, dia_mod_cess_prop_contre_echan, dia_mod_cess_apport_societe, dia_mod_cess_bene, dia_mod_cess_esti_bien, dia_mod_cess_cess_terr_loc_co, dia_mod_cess_esti_terr, dia_mod_cess_esti_loc, dia_mod_cess_esti_imm_loca, dia_mod_cess_adju_vol, dia_mod_cess_adju_obl, dia_mod_cess_adju_fin_indivi, dia_mod_cess_adju_date_lieu, dia_mod_cess_mnt_mise_prix, dia_prop_titu_prix_indique, dia_prop_recherche_acqu_prix_indique, dia_acquereur_prof, dia_indic_compl_ope, dia_vente_adju, am_terr_res_demon, am_air_terr_res_mob) VALUES (4, 'cerfa de test n°3', '123456', '2013-02-01', '2016-06-01', true, true, true, true, true, true, true, true, true, true, true, true, true, true, true, true, true, true, true, true, true, true, true, true, true, true, true, true, true, true, true, true, true, true, true, true, true, true, true, true, true, true, true, true, true, true, true, true, true, true, true, true, true, true, true, true, true, true, true, true, true, true, true, true, true, true, true, true, true, true, true, true, true, true, true, true, true, true, true, true, true, true, true, true, true, true, true, true, true, true, true, true, true, true, true, true, true, true, true, true, true, true, true, true, true, true, true, true, true, true, true, true, true, true, true, true, true, true, true, true, true, true, true, true, true, true, 13409, true, true, true, true, true, true, true, true, 1340903, 1340903, 1340903, 1340903, true, true, true, true, true, true, true, 1340903, 13409, true, true, true, true, true, true, true, true, true, true, true, true, true, true, true, true, true, true, true, true, true, true, true, true, true, true, true, true, true, true, true, true, true, true, true, true, true, true, true, true, true, true, true, true, true, true, true, true, true, true, true, true, true, true, true, true, true, true, true, true, true, true, true, true, true, true, true, true, true, true, true, true, true, true, true, true, true, true, true, true, true, true, true, true, true, true, true, true, 1340903, true, true, true, true, true, true, true, true, true, true, true, true, 1382403, true, true, true, true, false, false, false, false, false, false, false, false, false, false, false, false, false, false, false, false, false, false, false, false, false, false, false, false, false, false, false, false, false, false, false, false, false, false, false, false, false, false, false, NULL, false, false, false, false, false, false, false, false, false, false, false, false, false, false, false, false, false, false, false, false, false, false, false, false, false, false, false, false, false, false, false, false, false, false, false, false, false, false, false, false, false, false, false, false, false, false, false, false, false, false, false, false, false, false, false, false, false, false, false, false, false, false, false, false, false, false, false, false, false, false, false, false, false, false, false, false, false);
INSERT INTO cerfa (cerfa, libelle, code, om_validite_debut, om_validite_fin, am_lotiss, am_autre_div, am_camping, am_caravane, am_carav_duree, am_statio, am_statio_cont, am_affou_exhau, am_affou_exhau_sup, am_affou_prof, am_exhau_haut, am_coupe_abat, am_prot_plu, am_prot_muni, am_mobil_voyage, am_aire_voyage, am_rememb_afu, am_parc_resid_loi, am_sport_moto, am_sport_attrac, am_sport_golf, am_mob_art, am_modif_voie_esp, am_plant_voie_esp, am_chem_ouv_esp, am_agri_peche, am_crea_voie, am_modif_voie_exist, am_crea_esp_sauv, am_crea_esp_class, am_projet_desc, am_terr_surf, am_tranche_desc, am_lot_max_nb, am_lot_max_shon, am_lot_cstr_cos, am_lot_cstr_plan, am_lot_cstr_vente, am_lot_fin_diff, am_lot_consign, am_lot_gar_achev, am_lot_vente_ant, am_empl_nb, am_tente_nb, am_carav_nb, am_mobil_nb, am_pers_nb, am_empl_hll_nb, am_hll_shon, am_periode_exploit, am_exist_agrand, am_exist_date, am_exist_num, am_exist_nb_avant, am_exist_nb_apres, am_coupe_bois, am_coupe_parc, am_coupe_align, am_coupe_ess, am_coupe_age, am_coupe_dens, am_coupe_qual, am_coupe_trait, am_coupe_autr, co_archi_recours, co_cstr_nouv, co_cstr_exist, co_cloture, co_elec_tension, co_div_terr, co_projet_desc, co_anx_pisc, co_anx_gara, co_anx_veran, co_anx_abri, co_anx_autr, co_anx_autr_desc, co_tot_log_nb, co_tot_ind_nb, co_tot_coll_nb, co_mais_piece_nb, co_mais_niv_nb, co_fin_lls_nb, co_fin_aa_nb, co_fin_ptz_nb, co_fin_autr_nb, co_fin_autr_desc, co_mais_contrat_ind, co_uti_pers, co_uti_vente, co_uti_loc, co_uti_princ, co_uti_secon, co_resid_agees, co_resid_etud, co_resid_tourism, co_resid_hot_soc, co_resid_soc, co_resid_hand, co_resid_autr, co_resid_autr_desc, co_foyer_chamb_nb, co_log_1p_nb, co_log_2p_nb, co_log_3p_nb, co_log_4p_nb, co_log_5p_nb, co_log_6p_nb, co_bat_niv_nb, co_trx_exten, co_trx_surelev, co_trx_nivsup, co_demont_periode, co_sp_transport, co_sp_enseign, co_sp_act_soc, co_sp_ouvr_spe, co_sp_sante, co_sp_culture, co_statio_avt_nb, co_statio_apr_nb, co_statio_adr, co_statio_place_nb, co_statio_tot_surf, co_statio_tot_shob, co_statio_comm_cin_surf, tab_surface, dm_constr_dates, dm_total, dm_partiel, dm_projet_desc, dm_tot_log_nb, tax_surf_tot, tax_surf, tax_surf_suppr_mod, tab_tax_su_princ, tab_tax_su_heber, tab_tax_su_secon, tab_tax_su_tot, tax_ext_pret, tax_ext_desc, tax_surf_tax_exist_cons, tax_log_exist_nb, tax_trx_presc_ppr, tax_monu_hist, tax_comm_nb, tab_tax_su_non_habit_surf, tab_tax_am, vsd_surf_planch_smd, vsd_unit_fonc_sup, vsd_unit_fonc_constr_sup, vsd_val_terr, vsd_const_sxist_non_dem_surf, vsd_rescr_fisc, pld_val_terr, pld_const_exist_dem, pld_const_exist_dem_surf, code_cnil, terr_juri_titul, terr_juri_lot, terr_juri_zac, terr_juri_afu, terr_juri_pup, terr_juri_oin, terr_juri_desc, terr_div_surf_etab, terr_div_surf_av_div, doc_date, doc_tot_trav, doc_tranche_trav, doc_tranche_trav_desc, doc_surf, doc_nb_log, doc_nb_log_indiv, doc_nb_log_coll, doc_nb_log_lls, doc_nb_log_aa, doc_nb_log_ptz, doc_nb_log_autre, daact_date, daact_date_chgmt_dest, daact_tot_trav, daact_tranche_trav, daact_tranche_trav_desc, daact_surf, daact_nb_log, daact_nb_log_indiv, daact_nb_log_coll, daact_nb_log_lls, daact_nb_log_aa, daact_nb_log_ptz, daact_nb_log_autre, am_div_mun, co_perf_energ, architecte, co_statio_avt_shob, co_statio_apr_shob, co_statio_avt_surf, co_statio_apr_surf, co_trx_amgt, co_modif_aspect, co_modif_struct, co_ouvr_elec, co_ouvr_infra, co_trx_imm, co_cstr_shob, am_voyage_deb, am_voyage_fin, am_modif_amgt, am_lot_max_shob, mod_desc, tr_total, tr_partiel, tr_desc, avap_co_elt_pro, avap_nouv_haut_surf, avap_co_clot, avap_aut_coup_aba_arb, avap_ouv_infra, avap_aut_inst_mob, avap_aut_plant, avap_aut_auv_elec, tax_dest_loc_tr, ope_proj_desc, tax_surf_tot_cstr, tax_surf_loc_stat, tax_log_ap_trvx_nb, tax_am_statio_ext_cr, tax_sup_bass_pisc_cr, tax_empl_ten_carav_mobil_nb_cr, tax_empl_hll_nb_cr, tax_eol_haut_nb_cr, tax_pann_volt_sup_cr, tax_surf_loc_arch, tax_surf_pisc_arch, tax_am_statio_ext_arch, tab_tax_su_parc_statio_expl_comm, tax_empl_ten_carav_mobil_nb_arch, tax_empl_hll_nb_arch, tax_eol_haut_nb_arch, ope_proj_div_co, ope_proj_div_contr, tax_desc, erp_cstr_neuve, erp_trvx_acc, erp_extension, erp_rehab, erp_trvx_am, erp_vol_nouv_exist, tab_erp_eff, erp_class_cat, erp_class_type, tax_surf_abr_jard_pig_colom, tax_su_non_habit_abr_jard_pig_colom, dia_imm_non_bati, dia_imm_bati_terr_propr, dia_imm_bati_terr_autr, dia_imm_bati_terr_autr_desc, dia_bat_copro, dia_bat_copro_desc, dia_lot_numero, dia_lot_bat, dia_lot_etage, dia_lot_quote_part, dia_us_hab, dia_us_pro, dia_us_mixte, dia_us_comm, dia_us_agr, dia_us_autre, dia_us_autre_prec, dia_occ_prop, dia_occ_loc, dia_occ_sans_occ, dia_occ_autre, dia_occ_autre_prec, dia_mod_cess_prix_vente, dia_mod_cess_prix_vente_mob, dia_mod_cess_prix_vente_cheptel, dia_mod_cess_prix_vente_recol, dia_mod_cess_prix_vente_autre, dia_mod_cess_commi, dia_mod_cess_commi_ttc, dia_mod_cess_commi_ht, dia_acquereur_nom_prenom, dia_acquereur_adr_num_voie, dia_acquereur_adr_ext, dia_acquereur_adr_type_voie, dia_acquereur_adr_nom_voie, dia_acquereur_adr_lieu_dit_bp, dia_acquereur_adr_cp, dia_acquereur_adr_localite, dia_observation, tab_surface2, dia_occ_sol_su_terre, dia_occ_sol_su_pres, dia_occ_sol_su_verger, dia_occ_sol_su_vigne, dia_occ_sol_su_bois, dia_occ_sol_su_lande, dia_occ_sol_su_carriere, dia_occ_sol_su_eau_cadastree, dia_occ_sol_su_jardin, dia_occ_sol_su_terr_batir, dia_occ_sol_su_terr_agr, dia_occ_sol_su_sol, dia_bati_vend_tot, dia_bati_vend_tot_txt, dia_su_co_sol, dia_su_util_hab, dia_nb_niv, dia_nb_appart, dia_nb_autre_loc, dia_vente_lot_volume, dia_vente_lot_volume_txt, dia_lot_nat_su, dia_lot_bat_achv_plus_10, dia_lot_bat_achv_moins_10, dia_lot_regl_copro_publ_hypo_plus_10, dia_lot_regl_copro_publ_hypo_moins_10, dia_indivi_quote_part, dia_design_societe, dia_design_droit, dia_droit_soc_nat, dia_droit_soc_nb, dia_droit_soc_num_part, dia_droit_reel_perso_grevant_bien_oui, dia_droit_reel_perso_grevant_bien_non, dia_droit_reel_perso_nat, dia_droit_reel_perso_viag, dia_mod_cess_adr, dia_mod_cess_sign_act_auth, dia_mod_cess_terme, dia_mod_cess_terme_prec, dia_mod_cess_bene_acquereur, dia_mod_cess_bene_vendeur, dia_mod_cess_paie_nat, dia_mod_cess_design_contr_alien, dia_mod_cess_eval_contr, dia_mod_cess_rente_viag, dia_mod_cess_mnt_an, dia_mod_cess_mnt_compt, dia_mod_cess_bene_rente, dia_mod_cess_droit_usa_hab, dia_mod_cess_droit_usa_hab_prec, dia_mod_cess_eval_usa_usufruit, dia_mod_cess_vente_nue_prop, dia_mod_cess_vente_nue_prop_prec, dia_mod_cess_echange, dia_mod_cess_design_bien_recus_ech, dia_mod_cess_mnt_soulte, dia_mod_cess_prop_contre_echan, dia_mod_cess_apport_societe, dia_mod_cess_bene, dia_mod_cess_esti_bien, dia_mod_cess_cess_terr_loc_co, dia_mod_cess_esti_terr, dia_mod_cess_esti_loc, dia_mod_cess_esti_imm_loca, dia_mod_cess_adju_vol, dia_mod_cess_adju_obl, dia_mod_cess_adju_fin_indivi, dia_mod_cess_adju_date_lieu, dia_mod_cess_mnt_mise_prix, dia_prop_titu_prix_indique, dia_prop_recherche_acqu_prix_indique, dia_acquereur_prof, dia_indic_compl_ope, dia_vente_adju, am_terr_res_demon, am_air_terr_res_mob) VALUES (5, 'cerfa de test n°4', '123456', '2013-01-01', '2016-11-01', true, true, true, true, true, true, true, true, true, true, true, true, true, true, true, true, true, true, true, true, true, true, true, true, true, true, true, true, true, true, true, true, true, true, true, true, true, true, true, true, true, true, true, true, true, true, true, true, true, true, true, true, true, true, true, true, true, true, true, true, true, true, true, true, true, true, true, true, true, true, true, true, true, true, true, true, true, true, true, true, true, true, true, true, true, true, true, true, true, true, true, true, true, true, true, true, true, true, true, true, true, true, true, true, true, true, true, true, true, true, true, true, true, true, true, true, true, true, true, true, true, true, true, true, true, true, 13409, true, true, true, true, true, true, true, true, 1340903, 1340903, 1340903, 1340903, true, true, true, true, true, true, true, 1340903, 13409, true, true, true, true, true, true, true, true, true, true, true, true, true, true, true, true, true, true, true, true, true, true, true, true, true, true, true, true, true, true, true, true, true, true, true, true, true, true, true, true, true, true, true, true, true, true, true, true, true, true, true, true, true, true, true, true, true, true, true, true, true, true, true, true, true, true, true, true, true, true, true, true, true, true, true, true, true, true, true, true, true, true, true, true, true, true, true, true, 1340903, true, true, true, true, true, true, true, true, true, true, true, true, 1382403, true, true, true, true, false, false, false, false, false, false, false, false, false, false, false, false, false, false, false, false, false, false, false, false, false, false, false, false, false, false, false, false, false, false, false, false, false, false, false, false, false, false, false, 1340905, false, false, false, false, false, false, false, false, false, false, false, false, false, false, false, false, false, false, false, false, false, false, false, false, false, false, false, false, false, false, false, false, false, false, false, false, false, false, false, false, false, false, false, false, false, false, false, false, false, false, false, false, false, false, false, false, false, false, false, false, false, false, false, false, false, false, false, false, false, false, false, false, false, false, false, false, false);
INSERT INTO cerfa (cerfa, libelle, code, om_validite_debut, om_validite_fin, am_lotiss, am_autre_div, am_camping, am_caravane, am_carav_duree, am_statio, am_statio_cont, am_affou_exhau, am_affou_exhau_sup, am_affou_prof, am_exhau_haut, am_coupe_abat, am_prot_plu, am_prot_muni, am_mobil_voyage, am_aire_voyage, am_rememb_afu, am_parc_resid_loi, am_sport_moto, am_sport_attrac, am_sport_golf, am_mob_art, am_modif_voie_esp, am_plant_voie_esp, am_chem_ouv_esp, am_agri_peche, am_crea_voie, am_modif_voie_exist, am_crea_esp_sauv, am_crea_esp_class, am_projet_desc, am_terr_surf, am_tranche_desc, am_lot_max_nb, am_lot_max_shon, am_lot_cstr_cos, am_lot_cstr_plan, am_lot_cstr_vente, am_lot_fin_diff, am_lot_consign, am_lot_gar_achev, am_lot_vente_ant, am_empl_nb, am_tente_nb, am_carav_nb, am_mobil_nb, am_pers_nb, am_empl_hll_nb, am_hll_shon, am_periode_exploit, am_exist_agrand, am_exist_date, am_exist_num, am_exist_nb_avant, am_exist_nb_apres, am_coupe_bois, am_coupe_parc, am_coupe_align, am_coupe_ess, am_coupe_age, am_coupe_dens, am_coupe_qual, am_coupe_trait, am_coupe_autr, co_archi_recours, co_cstr_nouv, co_cstr_exist, co_cloture, co_elec_tension, co_div_terr, co_projet_desc, co_anx_pisc, co_anx_gara, co_anx_veran, co_anx_abri, co_anx_autr, co_anx_autr_desc, co_tot_log_nb, co_tot_ind_nb, co_tot_coll_nb, co_mais_piece_nb, co_mais_niv_nb, co_fin_lls_nb, co_fin_aa_nb, co_fin_ptz_nb, co_fin_autr_nb, co_fin_autr_desc, co_mais_contrat_ind, co_uti_pers, co_uti_vente, co_uti_loc, co_uti_princ, co_uti_secon, co_resid_agees, co_resid_etud, co_resid_tourism, co_resid_hot_soc, co_resid_soc, co_resid_hand, co_resid_autr, co_resid_autr_desc, co_foyer_chamb_nb, co_log_1p_nb, co_log_2p_nb, co_log_3p_nb, co_log_4p_nb, co_log_5p_nb, co_log_6p_nb, co_bat_niv_nb, co_trx_exten, co_trx_surelev, co_trx_nivsup, co_demont_periode, co_sp_transport, co_sp_enseign, co_sp_act_soc, co_sp_ouvr_spe, co_sp_sante, co_sp_culture, co_statio_avt_nb, co_statio_apr_nb, co_statio_adr, co_statio_place_nb, co_statio_tot_surf, co_statio_tot_shob, co_statio_comm_cin_surf, tab_surface, dm_constr_dates, dm_total, dm_partiel, dm_projet_desc, dm_tot_log_nb, tax_surf_tot, tax_surf, tax_surf_suppr_mod, tab_tax_su_princ, tab_tax_su_heber, tab_tax_su_secon, tab_tax_su_tot, tax_ext_pret, tax_ext_desc, tax_surf_tax_exist_cons, tax_log_exist_nb, tax_trx_presc_ppr, tax_monu_hist, tax_comm_nb, tab_tax_su_non_habit_surf, tab_tax_am, vsd_surf_planch_smd, vsd_unit_fonc_sup, vsd_unit_fonc_constr_sup, vsd_val_terr, vsd_const_sxist_non_dem_surf, vsd_rescr_fisc, pld_val_terr, pld_const_exist_dem, pld_const_exist_dem_surf, code_cnil, terr_juri_titul, terr_juri_lot, terr_juri_zac, terr_juri_afu, terr_juri_pup, terr_juri_oin, terr_juri_desc, terr_div_surf_etab, terr_div_surf_av_div, doc_date, doc_tot_trav, doc_tranche_trav, doc_tranche_trav_desc, doc_surf, doc_nb_log, doc_nb_log_indiv, doc_nb_log_coll, doc_nb_log_lls, doc_nb_log_aa, doc_nb_log_ptz, doc_nb_log_autre, daact_date, daact_date_chgmt_dest, daact_tot_trav, daact_tranche_trav, daact_tranche_trav_desc, daact_surf, daact_nb_log, daact_nb_log_indiv, daact_nb_log_coll, daact_nb_log_lls, daact_nb_log_aa, daact_nb_log_ptz, daact_nb_log_autre, am_div_mun, co_perf_energ, architecte, co_statio_avt_shob, co_statio_apr_shob, co_statio_avt_surf, co_statio_apr_surf, co_trx_amgt, co_modif_aspect, co_modif_struct, co_ouvr_elec, co_ouvr_infra, co_trx_imm, co_cstr_shob, am_voyage_deb, am_voyage_fin, am_modif_amgt, am_lot_max_shob, mod_desc, tr_total, tr_partiel, tr_desc, avap_co_elt_pro, avap_nouv_haut_surf, avap_co_clot, avap_aut_coup_aba_arb, avap_ouv_infra, avap_aut_inst_mob, avap_aut_plant, avap_aut_auv_elec, tax_dest_loc_tr, ope_proj_desc, tax_surf_tot_cstr, tax_surf_loc_stat, tax_log_ap_trvx_nb, tax_am_statio_ext_cr, tax_sup_bass_pisc_cr, tax_empl_ten_carav_mobil_nb_cr, tax_empl_hll_nb_cr, tax_eol_haut_nb_cr, tax_pann_volt_sup_cr, tax_surf_loc_arch, tax_surf_pisc_arch, tax_am_statio_ext_arch, tab_tax_su_parc_statio_expl_comm, tax_empl_ten_carav_mobil_nb_arch, tax_empl_hll_nb_arch, tax_eol_haut_nb_arch, ope_proj_div_co, ope_proj_div_contr, tax_desc, erp_cstr_neuve, erp_trvx_acc, erp_extension, erp_rehab, erp_trvx_am, erp_vol_nouv_exist, tab_erp_eff, erp_class_cat, erp_class_type, tax_surf_abr_jard_pig_colom, tax_su_non_habit_abr_jard_pig_colom, dia_imm_non_bati, dia_imm_bati_terr_propr, dia_imm_bati_terr_autr, dia_imm_bati_terr_autr_desc, dia_bat_copro, dia_bat_copro_desc, dia_lot_numero, dia_lot_bat, dia_lot_etage, dia_lot_quote_part, dia_us_hab, dia_us_pro, dia_us_mixte, dia_us_comm, dia_us_agr, dia_us_autre, dia_us_autre_prec, dia_occ_prop, dia_occ_loc, dia_occ_sans_occ, dia_occ_autre, dia_occ_autre_prec, dia_mod_cess_prix_vente, dia_mod_cess_prix_vente_mob, dia_mod_cess_prix_vente_cheptel, dia_mod_cess_prix_vente_recol, dia_mod_cess_prix_vente_autre, dia_mod_cess_commi, dia_mod_cess_commi_ttc, dia_mod_cess_commi_ht, dia_acquereur_nom_prenom, dia_acquereur_adr_num_voie, dia_acquereur_adr_ext, dia_acquereur_adr_type_voie, dia_acquereur_adr_nom_voie, dia_acquereur_adr_lieu_dit_bp, dia_acquereur_adr_cp, dia_acquereur_adr_localite, dia_observation, tab_surface2, dia_occ_sol_su_terre, dia_occ_sol_su_pres, dia_occ_sol_su_verger, dia_occ_sol_su_vigne, dia_occ_sol_su_bois, dia_occ_sol_su_lande, dia_occ_sol_su_carriere, dia_occ_sol_su_eau_cadastree, dia_occ_sol_su_jardin, dia_occ_sol_su_terr_batir, dia_occ_sol_su_terr_agr, dia_occ_sol_su_sol, dia_bati_vend_tot, dia_bati_vend_tot_txt, dia_su_co_sol, dia_su_util_hab, dia_nb_niv, dia_nb_appart, dia_nb_autre_loc, dia_vente_lot_volume, dia_vente_lot_volume_txt, dia_lot_nat_su, dia_lot_bat_achv_plus_10, dia_lot_bat_achv_moins_10, dia_lot_regl_copro_publ_hypo_plus_10, dia_lot_regl_copro_publ_hypo_moins_10, dia_indivi_quote_part, dia_design_societe, dia_design_droit, dia_droit_soc_nat, dia_droit_soc_nb, dia_droit_soc_num_part, dia_droit_reel_perso_grevant_bien_oui, dia_droit_reel_perso_grevant_bien_non, dia_droit_reel_perso_nat, dia_droit_reel_perso_viag, dia_mod_cess_adr, dia_mod_cess_sign_act_auth, dia_mod_cess_terme, dia_mod_cess_terme_prec, dia_mod_cess_bene_acquereur, dia_mod_cess_bene_vendeur, dia_mod_cess_paie_nat, dia_mod_cess_design_contr_alien, dia_mod_cess_eval_contr, dia_mod_cess_rente_viag, dia_mod_cess_mnt_an, dia_mod_cess_mnt_compt, dia_mod_cess_bene_rente, dia_mod_cess_droit_usa_hab, dia_mod_cess_droit_usa_hab_prec, dia_mod_cess_eval_usa_usufruit, dia_mod_cess_vente_nue_prop, dia_mod_cess_vente_nue_prop_prec, dia_mod_cess_echange, dia_mod_cess_design_bien_recus_ech, dia_mod_cess_mnt_soulte, dia_mod_cess_prop_contre_echan, dia_mod_cess_apport_societe, dia_mod_cess_bene, dia_mod_cess_esti_bien, dia_mod_cess_cess_terr_loc_co, dia_mod_cess_esti_terr, dia_mod_cess_esti_loc, dia_mod_cess_esti_imm_loca, dia_mod_cess_adju_vol, dia_mod_cess_adju_obl, dia_mod_cess_adju_fin_indivi, dia_mod_cess_adju_date_lieu, dia_mod_cess_mnt_mise_prix, dia_prop_titu_prix_indique, dia_prop_recherche_acqu_prix_indique, dia_acquereur_prof, dia_indic_compl_ope, dia_vente_adju, am_terr_res_demon, am_air_terr_res_mob) VALUES (6, 'cerfa de test n°5', '123456', '2013-01-01', '2033-12-31', true, true, true, true, true, true, true, true, true, true, true, true, true, true, true, true, true, true, true, true, true, true, true, true, true, true, true, true, true, true, true, true, true, true, true, true, true, true, true, true, true, true, true, true, true, true, true, true, true, true, true, true, true, true, true, true, true, true, true, true, true, true, true, true, true, true, true, true, true, true, true, true, true, true, true, true, true, true, true, true, true, true, true, true, true, true, true, true, true, true, true, true, true, true, true, true, true, true, true, true, true, true, true, true, true, true, true, true, true, true, true, true, true, true, true, true, true, true, true, true, true, true, true, true, true, true, 13409, true, true, true, true, true, true, true, true, 1340903, 1340903, 1340903, 1340903, true, true, true, true, true, true, true, 1340903, 13409, true, true, true, true, true, true, true, true, true, true, true, true, true, true, true, true, true, true, true, true, true, true, true, true, true, true, true, true, true, true, true, true, true, true, true, true, true, true, true, true, true, true, true, true, true, true, true, true, true, true, true, true, true, true, true, true, true, true, true, true, true, true, true, true, true, true, true, true, true, true, true, true, true, true, true, true, true, true, true, true, true, true, true, true, true, true, true, true, 1340903, true, true, true, true, true, true, true, true, true, true, true, true, 1382403, true, true, true, true, true, true, true, true, true, true, true, true, true, true, true, true, true, true, true, true, true, true, true, true, true, true, true, true, true, true, true, true, true, true, true, true, true, true, true, true, true, true, true, 1340905, true, true, true, true, true, true, true, true, true, true, true, true, true, true, true, true, true, true, true, true, true, true, true, true, true, true, true, true, true, true, true, true, true, true, true, true, true, true, true, true, true, true, true, true, true, true, true, true, true, true, true, true, true, true, true, true, true, true, true, true, true, true, true, true, true, true, true, true, true, true, true, true, true, true, true, true, true);


--
-- Name: cerfa_seq; Type: SEQUENCE SET; Schema: openads; Owner: postgres
--

SELECT pg_catalog.setval('cerfa_seq', 7, false);


--
-- Data for Name: genre; Type: TABLE DATA; Schema: openads; Owner: postgres
--

INSERT INTO genre (genre, code, libelle, description) VALUES (1, 'URBA', 'Pôle Urbanisme', 'Responsabilité de la DDU');
INSERT INTO genre (genre, code, libelle, description) VALUES (2, 'ERP', 'Pôle ERP', 'Responsabilité de la DGUP');


--
-- Data for Name: groupe; Type: TABLE DATA; Schema: openads; Owner: postgres
--

INSERT INTO groupe (groupe, code, libelle, description, genre) VALUES (1, 'ADS', 'Autorisation ADS', '', 1);
INSERT INTO groupe (groupe, code, libelle, description, genre) VALUES (2, 'CTX', 'Contentieux', '', 1);
INSERT INTO groupe (groupe, code, libelle, description, genre) VALUES (3, 'CU', 'Changement d''usage', '', 1);
INSERT INTO groupe (groupe, code, libelle, description, genre) VALUES (4, 'RU', 'Renseignement d''urbanisme', '', 1);
INSERT INTO groupe (groupe, code, libelle, description, genre) VALUES (5, 'ERP', 'ERP', '', 2);


--
-- Data for Name: dossier_autorisation_type; Type: TABLE DATA; Schema: openads; Owner: postgres
--

INSERT INTO dossier_autorisation_type (dossier_autorisation_type, code, libelle, description, confidentiel, groupe) VALUES (1, 'PC', 'Permis de construire', '', false, 1);
INSERT INTO dossier_autorisation_type (dossier_autorisation_type, code, libelle, description, confidentiel, groupe) VALUES (2, 'PD', 'Permis de démolir', '', false, 1);
INSERT INTO dossier_autorisation_type (dossier_autorisation_type, code, libelle, description, confidentiel, groupe) VALUES (3, 'PA', 'Permis d''aménager', '', false, 1);
INSERT INTO dossier_autorisation_type (dossier_autorisation_type, code, libelle, description, confidentiel, groupe) VALUES (4, 'DP', 'Déclaration préalable', '', false, 1);
INSERT INTO dossier_autorisation_type (dossier_autorisation_type, code, libelle, description, confidentiel, groupe) VALUES (5, 'CU', 'Certificat d''urbanisme', '', false, 1);
INSERT INTO dossier_autorisation_type (dossier_autorisation_type, code, libelle, description, confidentiel, groupe) VALUES (6, 'AZ', 'Demande d''autorisation spéciale de travaux dans le périmètre d''une AVAP', 'Demande d''autorisation spéciale de travaux compris dans le périmètre d''une aire de mise en valeur de l''architecture et du patrimoine (AVAP)', false, 1);
INSERT INTO dossier_autorisation_type (dossier_autorisation_type, code, libelle, description, confidentiel, groupe) VALUES (7, 'AT', 'Demande d''autorisation de construire, d''aménager ou de modifier un ERP', 'Demande d''autorisation de construire, d''aménager ou de modifier un établissement recevant du public (ERP)', false, 5);


--
-- Data for Name: dossier_autorisation_type_detaille; Type: TABLE DATA; Schema: openads; Owner: postgres
--

INSERT INTO dossier_autorisation_type_detaille (dossier_autorisation_type_detaille, code, libelle, description, dossier_autorisation_type, cerfa, cerfa_lot, duree_validite_parametrage) VALUES (1, 'PCI', 'Permis de construire pour une maison individuelle et / ou ses annexes', '', 1, 6, 2, 0);
INSERT INTO dossier_autorisation_type_detaille (dossier_autorisation_type_detaille, code, libelle, description, dossier_autorisation_type, cerfa, cerfa_lot, duree_validite_parametrage) VALUES (2, 'PCA', 'Permis de construire comprenant ou non des démolitions', '', 1, 6, 2, 0);
INSERT INTO dossier_autorisation_type_detaille (dossier_autorisation_type_detaille, code, libelle, description, dossier_autorisation_type, cerfa, cerfa_lot, duree_validite_parametrage) VALUES (3, 'PD', 'Permis de démolir', '', 2, 6, 2, 0);
INSERT INTO dossier_autorisation_type_detaille (dossier_autorisation_type_detaille, code, libelle, description, dossier_autorisation_type, cerfa, cerfa_lot, duree_validite_parametrage) VALUES (4, 'PA', 'Permis d''aménager comprenant ou non des constructions et/ou des démolitions', '', 3, 6, 2, 0);
INSERT INTO dossier_autorisation_type_detaille (dossier_autorisation_type_detaille, code, libelle, description, dossier_autorisation_type, cerfa, cerfa_lot, duree_validite_parametrage) VALUES (5, 'DP', 'Déclaration préalable', '', 4, 6, 2, 0);
INSERT INTO dossier_autorisation_type_detaille (dossier_autorisation_type_detaille, code, libelle, description, dossier_autorisation_type, cerfa, cerfa_lot, duree_validite_parametrage) VALUES (6, 'CU', 'Certificat d''urbanisme', '', 5, 6, 2, 0);
INSERT INTO dossier_autorisation_type_detaille (dossier_autorisation_type_detaille, code, libelle, description, dossier_autorisation_type, cerfa, cerfa_lot, duree_validite_parametrage) VALUES (7, 'AZ', 'Demande d''autorisation spéciale de travaux dans le périmètre d''une AVAP', 'Demande d''autorisation spéciale de travaux compris dans le périmètre d''une aire de mise en valeur de l''architecture et du patrimoine (AVAP)', 6, 6, 2, 0);
INSERT INTO dossier_autorisation_type_detaille (dossier_autorisation_type_detaille, code, libelle, description, dossier_autorisation_type, cerfa, cerfa_lot, duree_validite_parametrage) VALUES (8, 'AT', 'Demande d''autorisation de construire, d''aménager ou de modifier un ERP', 'Demande d''autorisation de construire, d''aménager ou de modifier un établissement recevant du public (ERP)', 7, 6, 2, 0);
INSERT INTO dossier_autorisation_type_detaille (dossier_autorisation_type_detaille, code, libelle, description, dossier_autorisation_type, cerfa, cerfa_lot, duree_validite_parametrage) VALUES (9, 'DPS', 'DECLARATION PREALABLE SIMPLE', '', 4, 6, 2, 0);


--
-- Name: dossier_autorisation_type_detaille_seq; Type: SEQUENCE SET; Schema: openads; Owner: postgres
--

SELECT pg_catalog.setval('dossier_autorisation_type_detaille_seq', 10, false);


--
-- Name: dossier_autorisation_type_seq; Type: SEQUENCE SET; Schema: openads; Owner: postgres
--

SELECT pg_catalog.setval('dossier_autorisation_type_seq', 8, false);


--
-- Data for Name: dossier_instruction_type; Type: TABLE DATA; Schema: openads; Owner: postgres
--

INSERT INTO dossier_instruction_type (dossier_instruction_type, code, libelle, description, dossier_autorisation_type_detaille, suffixe, mouvement_sitadel) VALUES (1, 'P', 'Initial', '', 1, true, 'DEPOT');
INSERT INTO dossier_instruction_type (dossier_instruction_type, code, libelle, description, dossier_autorisation_type_detaille, suffixe, mouvement_sitadel) VALUES (6, 'P', 'Initial', '', 2, true, 'DEPOT');
INSERT INTO dossier_instruction_type (dossier_instruction_type, code, libelle, description, dossier_autorisation_type_detaille, suffixe, mouvement_sitadel) VALUES (11, 'P', 'Initial', '', 3, true, 'DEPOT');
INSERT INTO dossier_instruction_type (dossier_instruction_type, code, libelle, description, dossier_autorisation_type_detaille, suffixe, mouvement_sitadel) VALUES (26, 'P', 'Initial', '', 6, true, 'DEPOT');
INSERT INTO dossier_instruction_type (dossier_instruction_type, code, libelle, description, dossier_autorisation_type_detaille, suffixe, mouvement_sitadel) VALUES (3, 'T', 'Transfert', '', 1, true, 'TRANSFERT');
INSERT INTO dossier_instruction_type (dossier_instruction_type, code, libelle, description, dossier_autorisation_type_detaille, suffixe, mouvement_sitadel) VALUES (8, 'T', 'Transfert', '', 2, true, 'TRANSFERT');
INSERT INTO dossier_instruction_type (dossier_instruction_type, code, libelle, description, dossier_autorisation_type_detaille, suffixe, mouvement_sitadel) VALUES (13, 'T', 'Transfert', '', 3, true, 'TRANSFERT');
INSERT INTO dossier_instruction_type (dossier_instruction_type, code, libelle, description, dossier_autorisation_type_detaille, suffixe, mouvement_sitadel) VALUES (18, 'T', 'Transfert', '', 4, true, 'TRANSFERT');
INSERT INTO dossier_instruction_type (dossier_instruction_type, code, libelle, description, dossier_autorisation_type_detaille, suffixe, mouvement_sitadel) VALUES (23, 'T', 'Transfert', '', 5, true, 'TRANSFERT');
INSERT INTO dossier_instruction_type (dossier_instruction_type, code, libelle, description, dossier_autorisation_type_detaille, suffixe, mouvement_sitadel) VALUES (28, 'T', 'Transfert', '', 6, true, 'TRANSFERT');
INSERT INTO dossier_instruction_type (dossier_instruction_type, code, libelle, description, dossier_autorisation_type_detaille, suffixe, mouvement_sitadel) VALUES (33, 'T', 'Transfert', '', 7, true, 'TRANSFERT');
INSERT INTO dossier_instruction_type (dossier_instruction_type, code, libelle, description, dossier_autorisation_type_detaille, suffixe, mouvement_sitadel) VALUES (38, 'T', 'Transfert', '', 8, true, 'TRANSFERT');
INSERT INTO dossier_instruction_type (dossier_instruction_type, code, libelle, description, dossier_autorisation_type_detaille, suffixe, mouvement_sitadel) VALUES (2, 'M', 'Modificatif', '', 1, true, 'MODIFICATIF');
INSERT INTO dossier_instruction_type (dossier_instruction_type, code, libelle, description, dossier_autorisation_type_detaille, suffixe, mouvement_sitadel) VALUES (7, 'M', 'Modificatif', '', 2, true, 'MODIFICATIF');
INSERT INTO dossier_instruction_type (dossier_instruction_type, code, libelle, description, dossier_autorisation_type_detaille, suffixe, mouvement_sitadel) VALUES (12, 'M', 'Modificatif', '', 3, true, 'MODIFICATIF');
INSERT INTO dossier_instruction_type (dossier_instruction_type, code, libelle, description, dossier_autorisation_type_detaille, suffixe, mouvement_sitadel) VALUES (17, 'M', 'Modificatif', '', 4, true, 'MODIFICATIF');
INSERT INTO dossier_instruction_type (dossier_instruction_type, code, libelle, description, dossier_autorisation_type_detaille, suffixe, mouvement_sitadel) VALUES (22, 'M', 'Modificatif', '', 5, true, 'MODIFICATIF');
INSERT INTO dossier_instruction_type (dossier_instruction_type, code, libelle, description, dossier_autorisation_type_detaille, suffixe, mouvement_sitadel) VALUES (27, 'M', 'Modificatif', '', 6, true, 'MODIFICATIF');
INSERT INTO dossier_instruction_type (dossier_instruction_type, code, libelle, description, dossier_autorisation_type_detaille, suffixe, mouvement_sitadel) VALUES (32, 'M', 'Modificatif', '', 7, true, 'MODIFICATIF');
INSERT INTO dossier_instruction_type (dossier_instruction_type, code, libelle, description, dossier_autorisation_type_detaille, suffixe, mouvement_sitadel) VALUES (37, 'M', 'Modificatif', '', 8, true, 'MODIFICATIF');
INSERT INTO dossier_instruction_type (dossier_instruction_type, code, libelle, description, dossier_autorisation_type_detaille, suffixe, mouvement_sitadel) VALUES (4, 'DAACT', 'Achèvement et conformité', '', 1, true, 'SUIVI');
INSERT INTO dossier_instruction_type (dossier_instruction_type, code, libelle, description, dossier_autorisation_type_detaille, suffixe, mouvement_sitadel) VALUES (5, 'DOC', 'Ouverture de chantier', '', 1, true, 'SUIVI');
INSERT INTO dossier_instruction_type (dossier_instruction_type, code, libelle, description, dossier_autorisation_type_detaille, suffixe, mouvement_sitadel) VALUES (9, 'DAACT', 'Achèvement et conformité', '', 2, true, 'SUIVI');
INSERT INTO dossier_instruction_type (dossier_instruction_type, code, libelle, description, dossier_autorisation_type_detaille, suffixe, mouvement_sitadel) VALUES (10, 'DOC', 'Ouverture de chantier', '', 2, true, 'SUIVI');
INSERT INTO dossier_instruction_type (dossier_instruction_type, code, libelle, description, dossier_autorisation_type_detaille, suffixe, mouvement_sitadel) VALUES (14, 'DAACT', 'Achèvement et conformité', '', 3, true, 'SUIVI');
INSERT INTO dossier_instruction_type (dossier_instruction_type, code, libelle, description, dossier_autorisation_type_detaille, suffixe, mouvement_sitadel) VALUES (15, 'DOC', 'Ouverture de chantier', '', 3, true, 'SUIVI');
INSERT INTO dossier_instruction_type (dossier_instruction_type, code, libelle, description, dossier_autorisation_type_detaille, suffixe, mouvement_sitadel) VALUES (19, 'DAACT', 'Achèvement et conformité', '', 4, true, 'SUIVI');
INSERT INTO dossier_instruction_type (dossier_instruction_type, code, libelle, description, dossier_autorisation_type_detaille, suffixe, mouvement_sitadel) VALUES (20, 'DOC', 'Ouverture de chantier', '', 4, true, 'SUIVI');
INSERT INTO dossier_instruction_type (dossier_instruction_type, code, libelle, description, dossier_autorisation_type_detaille, suffixe, mouvement_sitadel) VALUES (24, 'DAACT', 'Achèvement et conformité', '', 5, true, 'SUIVI');
INSERT INTO dossier_instruction_type (dossier_instruction_type, code, libelle, description, dossier_autorisation_type_detaille, suffixe, mouvement_sitadel) VALUES (25, 'DOC', 'Ouverture de chantier', '', 5, true, 'SUIVI');
INSERT INTO dossier_instruction_type (dossier_instruction_type, code, libelle, description, dossier_autorisation_type_detaille, suffixe, mouvement_sitadel) VALUES (29, 'DAACT', 'Achèvement et conformité', '', 6, true, 'SUIVI');
INSERT INTO dossier_instruction_type (dossier_instruction_type, code, libelle, description, dossier_autorisation_type_detaille, suffixe, mouvement_sitadel) VALUES (30, 'DOC', 'Ouverture de chantier', '', 6, true, 'SUIVI');
INSERT INTO dossier_instruction_type (dossier_instruction_type, code, libelle, description, dossier_autorisation_type_detaille, suffixe, mouvement_sitadel) VALUES (34, 'DAACT', 'Achèvement et conformité', '', 7, true, 'SUIVI');
INSERT INTO dossier_instruction_type (dossier_instruction_type, code, libelle, description, dossier_autorisation_type_detaille, suffixe, mouvement_sitadel) VALUES (35, 'DOC', 'Ouverture de chantier', '', 7, true, 'SUIVI');
INSERT INTO dossier_instruction_type (dossier_instruction_type, code, libelle, description, dossier_autorisation_type_detaille, suffixe, mouvement_sitadel) VALUES (39, 'DAACT', 'Achèvement et conformité', '', 8, true, 'SUIVI');
INSERT INTO dossier_instruction_type (dossier_instruction_type, code, libelle, description, dossier_autorisation_type_detaille, suffixe, mouvement_sitadel) VALUES (40, 'DOC', 'Ouverture de chantier', '', 8, true, 'SUIVI');
INSERT INTO dossier_instruction_type (dossier_instruction_type, code, libelle, description, dossier_autorisation_type_detaille, suffixe, mouvement_sitadel) VALUES (42, 'T', 'Transfert', '', 9, true, 'TRANSFERT');
INSERT INTO dossier_instruction_type (dossier_instruction_type, code, libelle, description, dossier_autorisation_type_detaille, suffixe, mouvement_sitadel) VALUES (43, 'M', 'Modificatif', '', 9, true, 'MODIFICATIF');
INSERT INTO dossier_instruction_type (dossier_instruction_type, code, libelle, description, dossier_autorisation_type_detaille, suffixe, mouvement_sitadel) VALUES (44, 'DAACT', 'Achèvement et conformité', '', 9, true, 'SUIVI');
INSERT INTO dossier_instruction_type (dossier_instruction_type, code, libelle, description, dossier_autorisation_type_detaille, suffixe, mouvement_sitadel) VALUES (45, 'DOC', 'Ouverture de chantier', '', 9, true, 'SUIVI');
INSERT INTO dossier_instruction_type (dossier_instruction_type, code, libelle, description, dossier_autorisation_type_detaille, suffixe, mouvement_sitadel) VALUES (21, 'P', 'Initiale', '', 5, true, 'DEPOT');
INSERT INTO dossier_instruction_type (dossier_instruction_type, code, libelle, description, dossier_autorisation_type_detaille, suffixe, mouvement_sitadel) VALUES (31, 'P', 'Initiale', '', 7, true, 'DEPOT');
INSERT INTO dossier_instruction_type (dossier_instruction_type, code, libelle, description, dossier_autorisation_type_detaille, suffixe, mouvement_sitadel) VALUES (36, 'P', 'Initiale', '', 8, true, 'DEPOT');
INSERT INTO dossier_instruction_type (dossier_instruction_type, code, libelle, description, dossier_autorisation_type_detaille, suffixe, mouvement_sitadel) VALUES (41, 'P', 'Initiale', '', 9, true, 'DEPOT');
INSERT INTO dossier_instruction_type (dossier_instruction_type, code, libelle, description, dossier_autorisation_type_detaille, suffixe, mouvement_sitadel) VALUES (16, 'P', 'Initial', '', 4, false, 'DEPOT');


--
-- Name: dossier_instruction_type_seq; Type: SEQUENCE SET; Schema: openads; Owner: postgres
--

SELECT pg_catalog.setval('dossier_instruction_type_seq', 46, false);


--
-- Name: genre_seq; Type: SEQUENCE SET; Schema: openads; Owner: postgres
--

SELECT pg_catalog.setval('genre_seq', 3, false);


--
-- Name: groupe_seq; Type: SEQUENCE SET; Schema: openads; Owner: postgres
--

SELECT pg_catalog.setval('groupe_seq', 6, false);


--
-- PostgreSQL database dump complete
--

