--
--

-- SET statement_timeout = 0;
-- SET lock_timeout = 0;
-- SET client_encoding = 'UTF8';
-- SET standard_conforming_strings = on;
-- SET check_function_bodies = false;
-- SET client_min_messages = warning;

-- SET search_path = openads, pg_catalog;

--
-- Data for Name: architecte; Type: TABLE DATA; Schema: openads; Owner: postgres
--

INSERT INTO architecte (architecte, nom, prenom, adresse1, adresse2, cp, ville, pays, inscription, telephone, fax, email, note, frequent, nom_cabinet, conseil_regional) VALUES (1, 'Mercier', 'Paul', '113 boulevard de pont de vivaux', '', '13010', 'Marseille', 'France', '054645', '0497856235', '0497856236', 'paul.mercier@architecte.fr', '', true, NULL, NULL);
INSERT INTO architecte (architecte, nom, prenom, adresse1, adresse2, cp, ville, pays, inscription, telephone, fax, email, note, frequent, nom_cabinet, conseil_regional) VALUES (2, 'Mercier', 'Jean', '113 boulevard de pont de vivaux', '', '13010', 'Marseille', 'France', '56454', '0491352689', '0491352685', 'jean.mercier@architecte.fr', '', true, NULL, NULL);


--
-- Data for Name: direction; Type: TABLE DATA; Schema: openads; Owner: postgres
--

INSERT INTO direction (direction, code, libelle, description, chef, om_validite_debut, om_validite_fin, om_collectivite) VALUES (2, 'ADS-ALLAUCH', 'Direction ADS d''Allauch', 'Direction des autorisations des droits du sol de la ville d''Allauch', 'Julien Rouvière', NULL, NULL, 3);
INSERT INTO direction (direction, code, libelle, description, chef, om_validite_debut, om_validite_fin, om_collectivite) VALUES (1, 'ADS', 'Direction ADS', 'Direction des autorisations des droits du sol', 'Jeanette Rochefort', NULL, NULL, 2);


--
-- Data for Name: division; Type: TABLE DATA; Schema: openads; Owner: postgres
--

INSERT INTO division (division, code, libelle, description, chef, direction, om_validite_debut, om_validite_fin) VALUES (22, 'H', 'subdivision H', NULL, 'Paien Labossière', 1, NULL, NULL);
INSERT INTO division (division, code, libelle, description, chef, direction, om_validite_debut, om_validite_fin) VALUES (23, 'J', 'subdivision J', NULL, 'Stéphane Cartier', 1, NULL, NULL);
INSERT INTO division (division, code, libelle, description, chef, direction, om_validite_debut, om_validite_fin) VALUES (24, 'L', 'subdivision L', NULL, 'Le Maire', 2, NULL, NULL);


--
-- Data for Name: instructeur_qualite; Type: TABLE DATA; Schema: openads; Owner: postgres
--

INSERT INTO instructeur_qualite (instructeur_qualite, code, libelle, description) VALUES (1, 'instr', 'instructeur', NULL);
INSERT INTO instructeur_qualite (instructeur_qualite, code, libelle, description) VALUES (2, 'juri', 'juriste', NULL);
INSERT INTO instructeur_qualite (instructeur_qualite, code, libelle, description) VALUES (3, 'tech', 'technicien', NULL);


--
-- Data for Name: instructeur; Type: TABLE DATA; Schema: openads; Owner: postgres
--

INSERT INTO instructeur (instructeur, nom, telephone, division, om_utilisateur, om_validite_debut, om_validite_fin, instructeur_qualite) VALUES (1, 'Louis Laurent', NULL, 22, 3, NULL, NULL, 1);
INSERT INTO instructeur (instructeur, nom, telephone, division, om_utilisateur, om_validite_debut, om_validite_fin, instructeur_qualite) VALUES (2, 'Martine Nadeau', NULL, 22, 4, NULL, NULL, 1);
INSERT INTO instructeur (instructeur, nom, telephone, division, om_utilisateur, om_validite_debut, om_validite_fin, instructeur_qualite) VALUES (3, 'Roland Richard', NULL, 23, 5, NULL, NULL, 1);
INSERT INTO instructeur (instructeur, nom, telephone, division, om_utilisateur, om_validite_debut, om_validite_fin, instructeur_qualite) VALUES (4, 'Pierre Martin', NULL, 22, 15, NULL, NULL, 1);
INSERT INTO instructeur (instructeur, nom, telephone, division, om_utilisateur, om_validite_debut, om_validite_fin, instructeur_qualite) VALUES (5, 'ldap_instructeur', NULL, 22, 17, NULL, NULL, 1);
INSERT INTO instructeur (instructeur, nom, telephone, division, om_utilisateur, om_validite_debut, om_validite_fin, instructeur_qualite) VALUES (6, 'Poly', NULL, 22, 21, NULL, NULL, 1);
INSERT INTO instructeur (instructeur, nom, telephone, division, om_utilisateur, om_validite_debut, om_validite_fin, instructeur_qualite) VALUES (7, 'Poly Com', NULL, 23, 22, NULL, NULL, 1);
INSERT INTO instructeur (instructeur, nom, telephone, division, om_utilisateur, om_validite_debut, om_validite_fin, instructeur_qualite) VALUES (8, 'Poly Com Marseille', NULL, 23, 24, NULL, NULL, 1);
INSERT INTO instructeur (instructeur, nom, telephone, division, om_utilisateur, om_validite_debut, om_validite_fin, instructeur_qualite) VALUES (9, 'Poly Com Allauch', NULL, 24, 25, NULL, NULL, 1);
INSERT INTO instructeur (instructeur, nom, telephone, division, om_utilisateur, om_validite_debut, om_validite_fin, instructeur_qualite) VALUES (10, 'Instr. Service Marseille', NULL, 22, 26, NULL, NULL, 1);
INSERT INTO instructeur (instructeur, nom, telephone, division, om_utilisateur, om_validite_debut, om_validite_fin, instructeur_qualite) VALUES (11, 'Chef de service contentieux', NULL, 22, 29, NULL, NULL, 2);
INSERT INTO instructeur (instructeur, nom, telephone, division, om_utilisateur, om_validite_debut, om_validite_fin, instructeur_qualite) VALUES (12, 'Juriste', NULL, 22, 30, NULL, NULL, 2);
INSERT INTO instructeur (instructeur, nom, telephone, division, om_utilisateur, om_validite_debut, om_validite_fin, instructeur_qualite) VALUES (13, 'Technicien', NULL, 22, 31, NULL, NULL, 3);
INSERT INTO instructeur (instructeur, nom, telephone, division, om_utilisateur, om_validite_debut, om_validite_fin, instructeur_qualite) VALUES (14, 'Responsable div. infraction', NULL, 22, 32, NULL, NULL, 2);


--
--

