--------------------------------------------------------------------------------
-- Paramétrage - Initialisation de base
--
-- Génération de ce fichier : voir le fichier make_init.sh et faire un meld
--
-- @package opencimetiere
-- @version SVN : $Id$
--------------------------------------------------------------------------------

--
--

--
-- Data for Name: om_collectivite; Type: TABLE DATA; Schema: opencimetiere; Owner: -
--

INSERT INTO om_collectivite (om_collectivite, libelle, niveau) VALUES (1, 'LIBREVILLE', '1');
INSERT INTO om_collectivite (om_collectivite, libelle, niveau) VALUES (2, 'MULTI', '2');


--
-- Data for Name: om_profil; Type: TABLE DATA; Schema: opencimetiere; Owner: -
--

INSERT INTO om_profil (om_profil, libelle, hierarchie) VALUES (1, 'ADMINISTRATEUR', 5);
INSERT INTO om_profil (om_profil, libelle, hierarchie) VALUES (2, 'SUPER UTILISATEUR', 4);
INSERT INTO om_profil (om_profil, libelle, hierarchie) VALUES (3, 'UTILISATEUR', 3);
INSERT INTO om_profil (om_profil, libelle, hierarchie) VALUES (4, 'UTILISATEUR LIMITE', 2);
INSERT INTO om_profil (om_profil, libelle, hierarchie) VALUES (5, 'CONSULTATION', 1);


--
-- Data for Name: om_widget; Type: TABLE DATA; Schema: opencimetiere; Owner: -
--

INSERT INTO om_widget (om_widget, libelle, lien, texte, type) VALUES (1, 'Localisation', 'localisation', '', 'file');
INSERT INTO om_widget (om_widget, libelle, lien, texte, type) VALUES (2, 'Recherche globale', 'search', '', 'file');
INSERT INTO om_widget (om_widget, libelle, lien, texte, type) VALUES (3, 'Supervision', 'supervision', '', 'file');
INSERT INTO om_widget (om_widget, libelle, lien, texte, type) VALUES (4, 'Concessions à terme', 'concession_a_terme', '', 'file');


--
-- Data for Name: om_dashboard; Type: TABLE DATA; Schema: opencimetiere; Owner: -
--

INSERT INTO om_dashboard (om_dashboard, om_profil, bloc, "position", om_widget) VALUES (4, 3, 'C3', 1, 4);
INSERT INTO om_dashboard (om_dashboard, om_profil, bloc, "position", om_widget) VALUES (2, 5, 'C1', 1, 2);
INSERT INTO om_dashboard (om_dashboard, om_profil, bloc, "position", om_widget) VALUES (1, 5, 'C2', 1, 1);
INSERT INTO om_dashboard (om_dashboard, om_profil, bloc, "position", om_widget) VALUES (3, 5, 'C2', 2, 3);
INSERT INTO om_dashboard (om_dashboard, om_profil, bloc, "position", om_widget) VALUES (5, 4, 'C1', 1, 2);
INSERT INTO om_dashboard (om_dashboard, om_profil, bloc, "position", om_widget) VALUES (6, 4, 'C2', 1, 1);
INSERT INTO om_dashboard (om_dashboard, om_profil, bloc, "position", om_widget) VALUES (7, 4, 'C2', 2, 3);
INSERT INTO om_dashboard (om_dashboard, om_profil, bloc, "position", om_widget) VALUES (8, 3, 'C1', 1, 2);
INSERT INTO om_dashboard (om_dashboard, om_profil, bloc, "position", om_widget) VALUES (9, 3, 'C2', 1, 1);
INSERT INTO om_dashboard (om_dashboard, om_profil, bloc, "position", om_widget) VALUES (10, 3, 'C2', 2, 3);
INSERT INTO om_dashboard (om_dashboard, om_profil, bloc, "position", om_widget) VALUES (11, 2, 'C1', 1, 2);
INSERT INTO om_dashboard (om_dashboard, om_profil, bloc, "position", om_widget) VALUES (12, 2, 'C2', 1, 1);
INSERT INTO om_dashboard (om_dashboard, om_profil, bloc, "position", om_widget) VALUES (13, 2, 'C2', 2, 3);
INSERT INTO om_dashboard (om_dashboard, om_profil, bloc, "position", om_widget) VALUES (14, 2, 'C3', 1, 4);
INSERT INTO om_dashboard (om_dashboard, om_profil, bloc, "position", om_widget) VALUES (15, 1, 'C1', 1, 2);
INSERT INTO om_dashboard (om_dashboard, om_profil, bloc, "position", om_widget) VALUES (16, 1, 'C2', 1, 1);
INSERT INTO om_dashboard (om_dashboard, om_profil, bloc, "position", om_widget) VALUES (17, 1, 'C2', 2, 3);
INSERT INTO om_dashboard (om_dashboard, om_profil, bloc, "position", om_widget) VALUES (18, 1, 'C3', 1, 4);

--
-- Specific - END
--
