

--
-- Specific - END
--

--
--

--
-- Data for Name: cimetiere; Type: TABLE DATA; Schema: opencimetiere; Owner: -
--

INSERT INTO cimetiere (cimetiere, cimetierelib, adresse1, adresse2, cp, ville, observations, geom) VALUES (1, 'NEUF COLLINES', 'RUE VICTOR GELU', NULL, '13000', 'LIBREVILLE', '', NULL);
INSERT INTO cimetiere (cimetiere, cimetierelib, adresse1, adresse2, cp, ville, observations, geom) VALUES (2, 'SAINT-PIERRE', 'AVENUE MARIUS REQUIER', NULL, '13000', 'LIBREVILLE', '', NULL);


--
-- Data for Name: zone; Type: TABLE DATA; Schema: opencimetiere; Owner: -
--

INSERT INTO zone (zone, cimetiere, zonetype, zonelib, geom) VALUES (1, 1, 2, 'A', NULL);
INSERT INTO zone (zone, cimetiere, zonetype, zonelib, geom) VALUES (2, 1, 2, 'B', NULL);
INSERT INTO zone (zone, cimetiere, zonetype, zonelib, geom) VALUES (3, 2, 5, '1', NULL);
INSERT INTO zone (zone, cimetiere, zonetype, zonelib, geom) VALUES (4, 2, 5, '2', NULL);


--
-- Data for Name: voie; Type: TABLE DATA; Schema: opencimetiere; Owner: -
--

INSERT INTO voie (voie, zone, voietype, voielib, geom) VALUES (1, 1, 1, 'ABRICOTIERS', NULL);
INSERT INTO voie (voie, zone, voietype, voielib, geom) VALUES (2, 1, 1, 'ACACCIAS', NULL);
INSERT INTO voie (voie, zone, voietype, voielib, geom) VALUES (3, 1, 1, 'ACANTHES', NULL);
INSERT INTO voie (voie, zone, voietype, voielib, geom) VALUES (4, 1, 1, 'ACTEES', NULL);
INSERT INTO voie (voie, zone, voietype, voielib, geom) VALUES (5, 2, 1, '31 - TOURNESOL', NULL);
INSERT INTO voie (voie, zone, voietype, voielib, geom) VALUES (6, 2, 1, '32 - TULIPE', NULL);
INSERT INTO voie (voie, zone, voietype, voielib, geom) VALUES (7, 2, 1, '33 - VERVEINE', NULL);
INSERT INTO voie (voie, zone, voietype, voielib, geom) VALUES (8, 2, 1, '34 - VIOLETTE', NULL);
INSERT INTO voie (voie, zone, voietype, voielib, geom) VALUES (9, 3, 2, 'PIVOINE', NULL);
INSERT INTO voie (voie, zone, voietype, voielib, geom) VALUES (10, 3, 1, 'PRIMEVÈRE', NULL);
INSERT INTO voie (voie, zone, voietype, voielib, geom) VALUES (11, 3, 1, 'TAMARIS', NULL);
INSERT INTO voie (voie, zone, voietype, voielib, geom) VALUES (12, 3, 1, 'RHODODENDRON', NULL);
INSERT INTO voie (voie, zone, voietype, voielib, geom) VALUES (16, 4, 6, 'D', NULL);
INSERT INTO voie (voie, zone, voietype, voielib, geom) VALUES (13, 4, 6, 'A', NULL);
INSERT INTO voie (voie, zone, voietype, voielib, geom) VALUES (14, 4, 6, 'B', NULL);
INSERT INTO voie (voie, zone, voietype, voielib, geom) VALUES (15, 4, 6, 'C', NULL);


--
--

