--------------------------------------------------------------------------------
-- Jeu de données
--
-- Ce fichier contient l'initialisation d'un jeu de données à destination de
-- trois environnements distincts :
--   * l'environnement de développement,
--   * l'environnement de démonstration,
--   * l'environnement de tests.
--
-- Génération de ce fichier : voir le fichier make_init.sh et faire un meld
--
-- @package opencimetiere
-- @version SVN : $Id$
--------------------------------------------------------------------------------

--
-- Specific - START
--

INSERT INTO om_utilisateur (om_utilisateur, nom, login, pwd, om_profil, email, om_collectivite) VALUES
(2, 'Démonstration', 'demo', 'fe01ce2a7fbac8fafaed7c982a04e229', 1, 'contact@openmairie.org', 1);

--
-- Specific - END
--

--
--

--
-- Data for Name: cimetiere; Type: TABLE DATA; Schema: opencimetiere; Owner: -
--

INSERT INTO cimetiere (cimetiere, cimetierelib, adresse1, adresse2, cp, ville, observations, geom) VALUES (1, 'NEUF COLLINES', 'RUE VICTOR GELU', NULL, '13000', 'LIBREVILLE', '', NULL);
INSERT INTO cimetiere (cimetiere, cimetierelib, adresse1, adresse2, cp, ville, observations, geom) VALUES (2, 'SAINT-PIERRE', 'AVENUE MARIUS REQUIER', NULL, '13000', 'LIBREVILLE', '', NULL);


--
-- Name: cimetiere_seq; Type: SEQUENCE SET; Schema: opencimetiere; Owner: -
--

SELECT pg_catalog.setval('cimetiere_seq', 3, false);


--
-- Data for Name: zone; Type: TABLE DATA; Schema: opencimetiere; Owner: -
--

INSERT INTO zone (zone, cimetiere, zonetype, zonelib, geom) VALUES (1, 1, 2, 'A', NULL);
INSERT INTO zone (zone, cimetiere, zonetype, zonelib, geom) VALUES (2, 1, 2, 'B', NULL);
INSERT INTO zone (zone, cimetiere, zonetype, zonelib, geom) VALUES (3, 2, 5, '1', NULL);
INSERT INTO zone (zone, cimetiere, zonetype, zonelib, geom) VALUES (4, 2, 5, '2', NULL);


--
-- Data for Name: voie; Type: TABLE DATA; Schema: opencimetiere; Owner: -
--

INSERT INTO voie (voie, zone, voietype, voielib, geom) VALUES (1, 1, 1, 'ABRICOTIERS', NULL);
INSERT INTO voie (voie, zone, voietype, voielib, geom) VALUES (2, 1, 1, 'ACACCIAS', NULL);
INSERT INTO voie (voie, zone, voietype, voielib, geom) VALUES (3, 1, 1, 'ACANTHES', NULL);
INSERT INTO voie (voie, zone, voietype, voielib, geom) VALUES (4, 1, 1, 'ACTEES', NULL);
INSERT INTO voie (voie, zone, voietype, voielib, geom) VALUES (5, 2, 1, '31 - TOURNESOL', NULL);
INSERT INTO voie (voie, zone, voietype, voielib, geom) VALUES (6, 2, 1, '32 - TULIPE', NULL);
INSERT INTO voie (voie, zone, voietype, voielib, geom) VALUES (7, 2, 1, '33 - VERVEINE', NULL);
INSERT INTO voie (voie, zone, voietype, voielib, geom) VALUES (8, 2, 1, '34 - VIOLETTE', NULL);
INSERT INTO voie (voie, zone, voietype, voielib, geom) VALUES (9, 3, 2, 'PIVOINE', NULL);
INSERT INTO voie (voie, zone, voietype, voielib, geom) VALUES (10, 3, 1, 'PRIMEVÈRE', NULL);
INSERT INTO voie (voie, zone, voietype, voielib, geom) VALUES (11, 3, 1, 'TAMARIS', NULL);
INSERT INTO voie (voie, zone, voietype, voielib, geom) VALUES (12, 3, 1, 'RHODODENDRON', NULL);
INSERT INTO voie (voie, zone, voietype, voielib, geom) VALUES (16, 4, 6, 'D', NULL);
INSERT INTO voie (voie, zone, voietype, voielib, geom) VALUES (13, 4, 6, 'A', NULL);
INSERT INTO voie (voie, zone, voietype, voielib, geom) VALUES (14, 4, 6, 'B', NULL);
INSERT INTO voie (voie, zone, voietype, voielib, geom) VALUES (15, 4, 6, 'C', NULL);


--
-- Name: voie_seq; Type: SEQUENCE SET; Schema: opencimetiere; Owner: -
--

SELECT pg_catalog.setval('voie_seq', 17, false);


--
-- Name: zone_seq; Type: SEQUENCE SET; Schema: opencimetiere; Owner: -
--

SELECT pg_catalog.setval('zone_seq', 5, false);


--
--

