--
-- Host: localhost    Database: lportal_ent
-- ------------------------------------------------------


--
-- Table structure for table `account_`
--

CREATE TABLE `account_` (
  `accountId` bigint(20) NOT NULL,
  `companyId` bigint(20) DEFAULT NULL,
  `userId` bigint(20) DEFAULT NULL,
  `userName` varchar(75) DEFAULT NULL,
  `createDate` datetime DEFAULT NULL,
  `modifiedDate` datetime DEFAULT NULL,
  `parentAccountId` bigint(20) DEFAULT NULL,
  `name` varchar(75) DEFAULT NULL,
  `legalName` varchar(75) DEFAULT NULL,
  `legalId` varchar(75) DEFAULT NULL,
  `legalType` varchar(75) DEFAULT NULL,
  `sicCode` varchar(75) DEFAULT NULL,
  `tickerSymbol` varchar(75) DEFAULT NULL,
  `industry` varchar(75) DEFAULT NULL,
  `type_` varchar(75) DEFAULT NULL,
  `size_` varchar(75) DEFAULT NULL,
  PRIMARY KEY (`accountId`)
) ENGINE=InnoDB DEFAULT CHARSET=utf8;

--
-- Dumping data for table `account_`
--

INSERT INTO `account_` VALUES (10204,10202,0,'','2011-06-14 14:48:06','2017-11-03 11:00:03',0,'ENT Néro','ENT Néro','','','','','','','');

--
-- Table structure for table `actualites_blogentrydelegate`
--

CREATE TABLE `actualites_blogentrydelegate` (
  `blogEntryDelegateId` bigint(20) NOT NULL,
  `userId` bigint(20) DEFAULT NULL,
  `headMasterDelegate` tinyint(4) DEFAULT NULL,
  `etabId` bigint(20) DEFAULT NULL,
  PRIMARY KEY (`blogEntryDelegateId`),
  KEY `IX_8445A362` (`etabId`),
  KEY `IX_D527109D` (`userId`)
) ENGINE=InnoDB DEFAULT CHARSET=latin1;

--
-- Dumping data for table `actualites_blogentrydelegate`
--


--
-- Table structure for table `actualites_blogentryinfos`
--

CREATE TABLE `actualites_blogentryinfos` (
  `blogEntryInfosId` bigint(20) NOT NULL,
  `blogEntryId` bigint(20) DEFAULT NULL,
  `headMaster` tinyint(4) DEFAULT NULL,
  `highPriority` tinyint(4) DEFAULT NULL,
  `groupId` bigint(20) DEFAULT NULL,
  `expirationDate` datetime DEFAULT NULL,
  `parutionDate` datetime DEFAULT NULL,
  `categorie` int(11) DEFAULT NULL,
  `imageId` bigint(20) DEFAULT NULL,
  `blogEntryGroup` bigint(20) DEFAULT NULL,
  `flashFileState` varchar(75) DEFAULT NULL,
  `intranetNews` tinyint(4) DEFAULT NULL,
  `lastEditorId` bigint(20) DEFAULT NULL,
  `priority` tinyint(4) DEFAULT NULL,
  PRIMARY KEY (`blogEntryInfosId`),
  KEY `IX_9BA729D6` (`blogEntryGroup`),
  KEY `IX_488237C8` (`blogEntryId`),
  KEY `IX_72F2A994` (`categorie`),
  KEY `IX_7AC11EE4` (`expirationDate`),
  KEY `IX_98F5BE57` (`groupId`),
  KEY `IX_71C15CE7` (`highPriority`,`headMaster`,`groupId`),
  KEY `IX_1C6263BF` (`highPriority`,`headMaster`,`groupId`,`priority`)
) ENGINE=InnoDB DEFAULT CHARSET=latin1;

--
-- Dumping data for table `actualites_blogentryinfos`
--

INSERT INTO `actualites_blogentryinfos` VALUES (313329,313320,0,0,18202,'2018-11-02 00:00:00','2017-11-02 00:00:00',0,0,313320,'',0,0,0);

--
-- Table structure for table `actualites_confirmreadblogentry`
--

CREATE TABLE `actualites_confirmreadblogentry` (
  `confirmReadPK` bigint(20) NOT NULL,
  `blogEntryInfosId` bigint(20) DEFAULT NULL,
  `userId` bigint(20) DEFAULT NULL,
  PRIMARY KEY (`confirmReadPK`),
  KEY `IX_FA71457C` (`blogEntryInfosId`),
  KEY `IX_2A0E2B36` (`userId`,`blogEntryInfosId`)
) ENGINE=InnoDB DEFAULT CHARSET=latin1;

--
-- Dumping data for table `actualites_confirmreadblogentry`
--


--
-- Table structure for table `address`
--

CREATE TABLE `address` (
  `addressId` bigint(20) NOT NULL,
  `companyId` bigint(20) DEFAULT NULL,
  `userId` bigint(20) DEFAULT NULL,
  `userName` varchar(75) DEFAULT NULL,
  `createDate` datetime DEFAULT NULL,
  `modifiedDate` datetime DEFAULT NULL,
  `classNameId` bigint(20) DEFAULT NULL,
  `classPK` bigint(20) DEFAULT NULL,
  `street1` varchar(75) DEFAULT NULL,
  `street2` varchar(75) DEFAULT NULL,
  `street3` varchar(75) DEFAULT NULL,
  `city` varchar(75) DEFAULT NULL,
  `zip` varchar(75) DEFAULT NULL,
  `regionId` bigint(20) DEFAULT NULL,
  `countryId` bigint(20) DEFAULT NULL,
  `typeId` int(11) DEFAULT NULL,
  `mailing` tinyint(4) DEFAULT NULL,
  `primary_` tinyint(4) DEFAULT NULL,
  PRIMARY KEY (`addressId`),
  KEY `IX_93D5AD4E` (`companyId`),
  KEY `IX_ABD7DAC0` (`companyId`,`classNameId`),
  KEY `IX_71CB1123` (`companyId`,`classNameId`,`classPK`),
  KEY `IX_923BD178` (`companyId`,`classNameId`,`classPK`,`mailing`),
  KEY `IX_9226DBB4` (`companyId`,`classNameId`,`classPK`,`primary_`),
  KEY `IX_5BC8B0D4` (`userId`)
) ENGINE=InnoDB DEFAULT CHARSET=utf8;

--
-- Dumping data for table `address`
--


--
-- Table structure for table `administrationtools_communicationprefs`
--

CREATE TABLE `administrationtools_communicationprefs` (
  `commPrefsId` bigint(20) NOT NULL,
  `schoolId` bigint(20) DEFAULT NULL,
  `roleType` int(11) DEFAULT NULL,
  `classStudents` tinyint(4) DEFAULT NULL,
  `allStudents` tinyint(4) DEFAULT NULL,
  `classParents` tinyint(4) DEFAULT NULL,
  `allParents` tinyint(4) DEFAULT NULL,
  `classTeachers` tinyint(4) DEFAULT NULL,
  `allTeachers` tinyint(4) DEFAULT NULL,
  `allPersonals` tinyint(4) DEFAULT NULL,
  `allOthers` tinyint(4) DEFAULT NULL,
  `myChildren` tinyint(4) DEFAULT NULL,
  `myParents` tinyint(4) DEFAULT NULL,
  `externalMail` tinyint(4) DEFAULT NULL,
  PRIMARY KEY (`commPrefsId`),
  KEY `IX_E32502A9` (`schoolId`,`roleType`)
) ENGINE=InnoDB DEFAULT CHARSET=latin1;

--
-- Dumping data for table `administrationtools_communicationprefs`
--


--
-- Table structure for table `agenda_eventagenda`
--

CREATE TABLE `agenda_eventagenda` (
  `evtId` bigint(20) NOT NULL,
  `companyId` bigint(20) DEFAULT NULL,
  `startEvt` datetime DEFAULT NULL,
  `endEvt` datetime DEFAULT NULL,
  `calId` bigint(20) DEFAULT NULL,
  `title` varchar(100) DEFAULT NULL,
  `location` varchar(150) DEFAULT NULL,
  `notes` varchar(400) DEFAULT NULL,
  `url` varchar(2048) DEFAULT NULL,
  `isAllDay` tinyint(4) DEFAULT NULL,
  `isVisible` tinyint(4) DEFAULT NULL,
  `remind` varchar(75) DEFAULT NULL,
  `creatorId` bigint(20) DEFAULT NULL,
  `repeatEvtId` bigint(20) DEFAULT NULL,
  `repeatEvtRRule` varchar(75) DEFAULT NULL,
  `modifiedDate` datetime DEFAULT NULL,
  `uid` varchar(150) DEFAULT NULL,
  PRIMARY KEY (`evtId`),
  KEY `IX_BADD0140` (`calId`),
  KEY `IX_B428E3EF` (`companyId`),
  KEY `IX_F2E26E44` (`endEvt`,`calId`),
  KEY `IX_380086FA` (`repeatEvtId`),
  KEY `IX_58AC074F` (`repeatEvtId`,`startEvt`),
  KEY `IX_1B2CBA0B` (`startEvt`,`calId`),
  KEY `IX_563E2C0F` (`startEvt`,`endEvt`,`calId`),
  KEY `IX_182F2092` (`uid`,`calId`)
) ENGINE=InnoDB DEFAULT CHARSET=latin1;

--
-- Dumping data for table `agenda_eventagenda`
--


--
-- Table structure for table `agenda_ressource`
--

CREATE TABLE `agenda_ressource` (
  `idRessource` bigint(20) NOT NULL,
  `idcreator` bigint(20) DEFAULT NULL,
  `name` varchar(75) DEFAULT NULL,
  `description` varchar(1000) DEFAULT NULL,
  `ressourceType` int(11) DEFAULT NULL,
  `scope` int(11) DEFAULT NULL,
  `color` varchar(75) DEFAULT NULL,
  `etabId` bigint(20) DEFAULT NULL,
  `kind` int(11) DEFAULT NULL,
  `forcePubli` tinyint(4) DEFAULT NULL,
  `cdtUserId` bigint(20) DEFAULT NULL,
  `ressource` tinyint(4) DEFAULT NULL,
  `ecriture` tinyint(4) DEFAULT NULL,
  `filtreCours` int(11) DEFAULT NULL,
  `classe` bigint(20) DEFAULT NULL,
  `matiere` varchar(75) DEFAULT NULL,
  `onlyMyClass` tinyint(4) DEFAULT NULL,
  PRIMARY KEY (`idRessource`),
  KEY `IX_E510250C` (`etabId`,`name`),
  KEY `IX_733F2B6F` (`etabId`,`ressourceType`,`scope`,`forcePubli`),
  KEY `IX_8020F7` (`etabId`,`ressourceType`,`scope`,`kind`,`forcePubli`),
  KEY `IX_50B09896` (`idcreator`,`cdtUserId`),
  KEY `IX_832F6B9B` (`idcreator`,`kind`),
  KEY `IX_D66E3B15` (`kind`,`etabId`),
  KEY `IX_97132714` (`kind`,`etabId`,`name`),
  KEY `IX_D18DAD55` (`kind`,`name`),
  KEY `IX_2332E30` (`ressourceType`,`scope`,`forcePubli`),
  KEY `IX_367D4EF8` (`ressourceType`,`scope`,`kind`,`forcePubli`)
) ENGINE=InnoDB DEFAULT CHARSET=latin1;

--
-- Dumping data for table `agenda_ressource`
--

INSERT INTO `agenda_ressource` VALUES (312013,11105,'Agenda de L\'equipe Technique','Mon agenda personel.',2,1,'22',18210,0,0,11105,0,0,1,-1,'[]',1),(312015,11105,'Mon EDT','',2,1,'23',18210,2,0,11105,0,0,1,-1,'[]',1);

--
-- Table structure for table `agenda_ressourcerole`
--

CREATE TABLE `agenda_ressourcerole` (
  `idRessourceRole` bigint(20) NOT NULL,
  `idRessource` bigint(20) DEFAULT NULL,
  `idRole` bigint(20) DEFAULT NULL,
  PRIMARY KEY (`idRessourceRole`),
  KEY `IX_8023F36C` (`idRessource`),
  KEY `IX_408B1ED1` (`idRessource`,`idRole`),
  KEY `IX_39B6CC89` (`idRole`)
) ENGINE=InnoDB DEFAULT CHARSET=latin1;

--
-- Dumping data for table `agenda_ressourcerole`
--


--
-- Table structure for table `agenda_ressourceuser`
--

CREATE TABLE `agenda_ressourceuser` (
  `idRessourceUser` bigint(20) NOT NULL,
  `idRessource` bigint(20) DEFAULT NULL,
  `idUser` bigint(20) DEFAULT NULL,
  `redacteur` tinyint(4) DEFAULT NULL,
  `visible` tinyint(4) DEFAULT NULL,
  `shared` tinyint(4) DEFAULT NULL,
  PRIMARY KEY (`idRessourceUser`),
  KEY `IX_3B2DD377` (`idRessource`),
  KEY `IX_27F9ADF1` (`idRessource`,`idUser`),
  KEY `IX_1ECA3710` (`idRessource`,`shared`),
  KEY `IX_F871BBB3` (`idUser`)
) ENGINE=InnoDB DEFAULT CHARSET=latin1;

--
-- Dumping data for table `agenda_ressourceuser`
--

INSERT INTO `agenda_ressourceuser` VALUES (312014,312013,11105,1,1,0),(312016,312015,11105,0,1,0);

--
-- Table structure for table `amis_friendfolder`
--

CREATE TABLE `amis_friendfolder` (
  `friendFolderId` bigint(20) NOT NULL,
  `userId` bigint(20) DEFAULT NULL,
  `parentFolderId` bigint(20) DEFAULT NULL,
  `name` varchar(75) DEFAULT NULL,
  PRIMARY KEY (`friendFolderId`),
  KEY `IX_4D5F1242` (`parentFolderId`),
  KEY `IX_833BEB7C` (`userId`,`parentFolderId`)
) ENGINE=InnoDB DEFAULT CHARSET=utf8;

--
-- Dumping data for table `amis_friendfolder`
--


--
-- Table structure for table `amis_relationship`
--

CREATE TABLE `amis_relationship` (
  `relationId` bigint(20) NOT NULL,
  `userId` bigint(20) DEFAULT NULL,
  `friendId` bigint(20) DEFAULT NULL,
  `stateId` int(11) DEFAULT NULL,
  `friendFolderId` bigint(20) DEFAULT NULL,
  `message` varchar(600) DEFAULT NULL,
  PRIMARY KEY (`relationId`),
  KEY `IX_F2245974` (`friendId`),
  KEY `IX_EE8CF2C8` (`friendId`,`stateId`),
  KEY `IX_93B5261` (`userId`),
  KEY `IX_A0D6BE40` (`userId`,`friendFolderId`,`stateId`),
  KEY `IX_A1A0DA2E` (`userId`,`friendId`),
  KEY `IX_207CA34E` (`userId`,`friendId`,`stateId`),
  KEY `IX_BDCAB47B` (`userId`,`stateId`)
) ENGINE=InnoDB DEFAULT CHARSET=utf8;

--
-- Dumping data for table `amis_relationship`
--


--
-- Table structure for table `announcementsdelivery`
--

CREATE TABLE `announcementsdelivery` (
  `deliveryId` bigint(20) NOT NULL,
  `companyId` bigint(20) DEFAULT NULL,
  `userId` bigint(20) DEFAULT NULL,
  `type_` varchar(75) DEFAULT NULL,
  `email` tinyint(4) DEFAULT NULL,
  `sms` tinyint(4) DEFAULT NULL,
  `website` tinyint(4) DEFAULT NULL,
  PRIMARY KEY (`deliveryId`),
  UNIQUE KEY `IX_BA4413D5` (`userId`,`type_`),
  KEY `IX_6EDB9600` (`userId`)
) ENGINE=InnoDB DEFAULT CHARSET=utf8;

--
-- Dumping data for table `announcementsdelivery`
--

INSERT INTO `announcementsdelivery` VALUES (11201,10202,11105,'general',0,0,1),(11202,10202,11105,'news',0,0,1),(11203,10202,11105,'test',0,0,1),(269524,10202,269502,'general',0,0,1),(269525,10202,269502,'news',0,0,1),(269526,10202,269502,'test',0,0,1);

--
-- Table structure for table `announcementsentry`
--

CREATE TABLE `announcementsentry` (
  `uuid_` varchar(75) DEFAULT NULL,
  `entryId` bigint(20) NOT NULL,
  `companyId` bigint(20) DEFAULT NULL,
  `userId` bigint(20) DEFAULT NULL,
  `userName` varchar(75) DEFAULT NULL,
  `createDate` datetime DEFAULT NULL,
  `modifiedDate` datetime DEFAULT NULL,
  `classNameId` bigint(20) DEFAULT NULL,
  `classPK` bigint(20) DEFAULT NULL,
  `title` varchar(75) DEFAULT NULL,
  `content` longtext,
  `url` longtext,
  `type_` varchar(75) DEFAULT NULL,
  `displayDate` datetime DEFAULT NULL,
  `expirationDate` datetime DEFAULT NULL,
  `priority` int(11) DEFAULT NULL,
  `alert` tinyint(4) DEFAULT NULL,
  PRIMARY KEY (`entryId`),
  KEY `IX_A6EF0B81` (`classNameId`,`classPK`),
  KEY `IX_14F06A6B` (`classNameId`,`classPK`,`alert`),
  KEY `IX_D49C2E66` (`userId`),
  KEY `IX_1AFBDE08` (`uuid_`)
) ENGINE=InnoDB DEFAULT CHARSET=utf8;

--
-- Dumping data for table `announcementsentry`
--


--
-- Table structure for table `announcementsflag`
--

CREATE TABLE `announcementsflag` (
  `flagId` bigint(20) NOT NULL,
  `userId` bigint(20) DEFAULT NULL,
  `createDate` datetime DEFAULT NULL,
  `entryId` bigint(20) DEFAULT NULL,
  `value` int(11) DEFAULT NULL,
  PRIMARY KEY (`flagId`),
  UNIQUE KEY `IX_4539A99C` (`userId`,`entryId`,`value`),
  KEY `IX_9C7EB9F` (`entryId`)
) ENGINE=InnoDB DEFAULT CHARSET=utf8;

--
-- Dumping data for table `announcementsflag`
--


--
-- Table structure for table `applicationmanager_amfilter`
--

CREATE TABLE `applicationmanager_amfilter` (
  `filterId` bigint(20) NOT NULL,
  `parentId` bigint(20) DEFAULT NULL,
  `criteria` varchar(75) DEFAULT NULL,
  `operator` varchar(75) DEFAULT NULL,
  `value` bigint(20) DEFAULT NULL,
  `populationId` bigint(20) DEFAULT NULL,
  PRIMARY KEY (`filterId`),
  KEY `IX_5EE55CE5` (`parentId`),
  KEY `IX_D793C708` (`populationId`)
) ENGINE=InnoDB DEFAULT CHARSET=utf8;

--
-- Dumping data for table `applicationmanager_amfilter`
--

INSERT INTO `applicationmanager_amfilter` VALUES (314470,314469,'userRoleNat','except',165743,314465),(314478,314477,'userRoleNat','except',165743,314473),(314486,314485,'userRoleNat','except',165743,314481),(314494,314493,'userRoleNat','equal',11120,314489),(314495,314493,'userRoleNat','equal',11121,314489),(314496,314493,'userRoleNat','equal',11211,314489),(314497,314493,'userRoleNat','equal',11212,314489),(314498,314493,'userRoleNat','equal',11214,314489),(314499,314493,'userRoleNat','equal',11215,314489),(314500,314493,'userRoleNat','equal',11217,314489),(314501,314493,'userRoleNat','equal',11218,314489),(314502,314493,'userRoleNat','equal',11219,314489),(314503,314493,'userRoleNat','equal',11220,314489),(314504,314493,'userRoleNat','equal',11221,314489),(314505,314493,'userRoleNat','equal',11222,314489),(314506,314493,'userRoleNat','equal',11223,314489),(314507,314493,'userRoleNat','equal',19558,314489),(314508,314493,'userRoleNat','equal',19559,314489),(314509,314493,'userRoleNat','equal',19560,314489),(314510,314493,'userRoleNat','equal',19561,314489),(314511,314493,'userRoleNat','equal',36723,314489),(314512,314493,'userRoleNat','equal',165743,314489),(314520,314519,'userRoleNat','equal',11120,314515),(314521,314519,'userRoleNat','equal',11121,314515),(314529,314528,'userRoleNat','except',165743,314524),(314537,314536,'userRoleNat','except',165743,314532),(314545,314544,'userRoleNat','equal',11120,314540),(314546,314544,'userRoleNat','equal',11121,314540),(314554,314553,'userRoleNat','equal',11120,314549),(314555,314553,'userRoleNat','equal',11121,314549),(314563,314562,'userRoleNat','except',165743,314558),(314571,314570,'userRoleNat','except',165743,314566),(314579,314578,'userRoleNat','equal',11120,314574),(314580,314578,'userRoleNat','equal',11121,314574),(314588,314587,'userRoleNat','equal',11120,314583),(314589,314587,'userRoleNat','equal',11121,314583),(314597,314596,'userRoleNat','except',165743,314592),(314605,314604,'userRoleNat','except',165743,314600),(314613,314612,'userRoleNat','except',165743,314608),(314621,314620,'userRoleNat','equal',11120,314616),(314622,314620,'userRoleNat','equal',11121,314616),(314630,314629,'userRoleNat','except',165743,314625),(314637,314636,'etab','equal',18210,314633),(314639,314638,'userRoleNat','equal',11214,314633),(314640,314638,'userRoleNat','equal',11220,314633),(314641,314638,'userRoleNat','equal',36723,314633),(314690,314689,'userRoleNat','equal',11120,314685),(314691,314689,'userRoleNat','equal',11121,314685),(314698,314697,'etab','equal',18210,314694),(314700,314699,'userRoleNat','equal',11120,314694),(314701,314699,'userRoleNat','equal',11208,314694),(314702,314699,'userRoleNat','equal',11209,314694),(314703,314699,'userRoleNat','equal',11215,314694),(314704,314699,'userRoleNat','equal',11220,314694),(314705,314699,'userRoleNat','equal',11222,314694);

--
-- Table structure for table `applicationmanager_amfiltercontainer`
--

CREATE TABLE `applicationmanager_amfiltercontainer` (
  `filterContainerId` bigint(20) NOT NULL,
  `parentId` bigint(20) DEFAULT NULL,
  `populationId` bigint(20) DEFAULT NULL,
  `operator` varchar(75) DEFAULT NULL,
  PRIMARY KEY (`filterContainerId`),
  KEY `IX_95BFEF7A` (`parentId`),
  KEY `IX_5BE4E736` (`parentId`,`populationId`),
  KEY `IX_2309071D` (`populationId`)
) ENGINE=InnoDB DEFAULT CHARSET=utf8;

--
-- Dumping data for table `applicationmanager_amfiltercontainer`
--

INSERT INTO `applicationmanager_amfiltercontainer` VALUES (311404,0,311403,'and'),(314467,0,314465,'or'),(314468,314467,314465,'and'),(314469,314468,314465,'or'),(314475,0,314473,'or'),(314476,314475,314473,'and'),(314477,314476,314473,'or'),(314483,0,314481,'or'),(314484,314483,314481,'and'),(314485,314484,314481,'or'),(314491,0,314489,'or'),(314492,314491,314489,'and'),(314493,314492,314489,'or'),(314517,0,314515,'or'),(314518,314517,314515,'and'),(314519,314518,314515,'or'),(314526,0,314524,'or'),(314527,314526,314524,'and'),(314528,314527,314524,'or'),(314534,0,314532,'or'),(314535,314534,314532,'and'),(314536,314535,314532,'or'),(314542,0,314540,'or'),(314543,314542,314540,'and'),(314544,314543,314540,'or'),(314551,0,314549,'or'),(314552,314551,314549,'and'),(314553,314552,314549,'or'),(314560,0,314558,'or'),(314561,314560,314558,'and'),(314562,314561,314558,'or'),(314568,0,314566,'or'),(314569,314568,314566,'and'),(314570,314569,314566,'or'),(314576,0,314574,'or'),(314577,314576,314574,'and'),(314578,314577,314574,'or'),(314585,0,314583,'or'),(314586,314585,314583,'and'),(314587,314586,314583,'or'),(314594,0,314592,'or'),(314595,314594,314592,'and'),(314596,314595,314592,'or'),(314602,0,314600,'or'),(314603,314602,314600,'and'),(314604,314603,314600,'or'),(314610,0,314608,'or'),(314611,314610,314608,'and'),(314612,314611,314608,'or'),(314618,0,314616,'or'),(314619,314618,314616,'and'),(314620,314619,314616,'or'),(314627,0,314625,'or'),(314628,314627,314625,'and'),(314629,314628,314625,'or'),(314635,0,314633,'or'),(314636,314635,314633,'and'),(314638,314636,314633,'or'),(314687,0,314685,'or'),(314688,314687,314685,'and'),(314689,314688,314685,'or'),(314696,0,314694,'or'),(314697,314696,314694,'and'),(314699,314697,314694,'or');

--
-- Table structure for table `applicationmanager_amsingleusers`
--

CREATE TABLE `applicationmanager_amsingleusers` (
  `singleUserId` bigint(20) NOT NULL,
  `userId` bigint(20) DEFAULT NULL,
  `populationId` bigint(20) DEFAULT NULL,
  PRIMARY KEY (`singleUserId`),
  KEY `IX_5F1E60D4` (`populationId`),
  KEY `IX_807FB5D2` (`userId`)
) ENGINE=InnoDB DEFAULT CHARSET=utf8;

--
-- Dumping data for table `applicationmanager_amsingleusers`
--

INSERT INTO `applicationmanager_amsingleusers` VALUES (1,11105,311403);

--
-- Table structure for table `applicationmanager_applicationmanagerpopulation`
--

CREATE TABLE `applicationmanager_applicationmanagerpopulation` (
  `populationId` bigint(20) NOT NULL,
  `nom` varchar(75) DEFAULT NULL,
  `companyId` bigint(20) DEFAULT NULL,
  PRIMARY KEY (`populationId`),
  KEY `IX_4A7F37D6` (`companyId`)
) ENGINE=InnoDB DEFAULT CHARSET=utf8;

--
-- Dumping data for table `applicationmanager_applicationmanagerpopulation`
--

INSERT INTO `applicationmanager_applicationmanagerpopulation` VALUES (311403,'Pentila',10202),(314465,'0-Agenda',10202),(314473,'0-Espace de travail',10202),(314481,'0-Amis',10202),(314489,'0-Annuaire',10202),(314515,'0-Gestion de la vie scolaire',10202),(314524,'0-Forums',10202),(314532,'0-Messagerie',10202),(314540,'0-Site internet',10202),(314549,'0-Gestion des utilisateurs',10202),(314558,'0-Carnet d\'adresses',10202),(314566,'0-Casier',10202),(314574,'0-Gestion des applications',10202),(314583,'0-Droits de communication',10202),(314592,'0-Groupes',10202),(314600,'0-Tableau de bord',10202),(314608,'0-Moteur de recherche',10202),(314616,'0-Statistiques',10202),(314625,'0-Néro',10202),(314633,'18210-Blog personnel',10202),(314685,'0-Gestion CDT',10202),(314694,'18210-Cahier de texte',10202);

--
-- Table structure for table `applicationmanager_applicationmanagerroles`
--

CREATE TABLE `applicationmanager_applicationmanagerroles` (
  `managerAppliRoleId` bigint(20) NOT NULL,
  `populationId` bigint(20) DEFAULT NULL,
  `roleApplicatifId` bigint(20) DEFAULT NULL,
  PRIMARY KEY (`managerAppliRoleId`),
  KEY `IX_3E307CE0` (`populationId`),
  KEY `IX_32A4A03A` (`roleApplicatifId`,`populationId`),
  KEY `IX_F6EDFF7E` (`roleApplicatifId`)
) ENGINE=InnoDB DEFAULT CHARSET=utf8;

--
-- Dumping data for table `applicationmanager_applicationmanagerroles`
--

INSERT INTO `applicationmanager_applicationmanagerroles` VALUES (314598,314592,11227),(314487,314481,11235),(314513,314489,11239),(19563,311403,11243),(314564,314558,11251),(314479,314473,11255),(314572,314566,11259),(311422,311403,11279),(311423,311403,11283),(314556,314549,11283),(314530,314524,11295),(314538,314532,11299),(314614,314608,11303),(314471,314465,19574),(311421,311403,36760),(314547,314540,45916),(313212,311403,118003),(314642,314633,118003),(314623,314616,142501),(314631,314625,311378),(314606,314600,311503),(314590,314583,313091),(314581,314574,313701),(314522,314515,313705),(314706,314694,314141),(314692,314685,314155);

--
-- Table structure for table `assetcategory`
--

CREATE TABLE `assetcategory` (
  `uuid_` varchar(75) DEFAULT NULL,
  `categoryId` bigint(20) NOT NULL,
  `groupId` bigint(20) DEFAULT NULL,
  `companyId` bigint(20) DEFAULT NULL,
  `userId` bigint(20) DEFAULT NULL,
  `userName` varchar(75) DEFAULT NULL,
  `createDate` datetime DEFAULT NULL,
  `modifiedDate` datetime DEFAULT NULL,
  `parentCategoryId` bigint(20) DEFAULT NULL,
  `leftCategoryId` bigint(20) DEFAULT NULL,
  `rightCategoryId` bigint(20) DEFAULT NULL,
  `name` varchar(75) DEFAULT NULL,
  `title` longtext,
  `vocabularyId` bigint(20) DEFAULT NULL,
  `description` longtext,
  PRIMARY KEY (`categoryId`),
  UNIQUE KEY `IX_BE4DF2BF` (`parentCategoryId`,`name`,`vocabularyId`),
  UNIQUE KEY `IX_E8D019AA` (`uuid_`,`groupId`),
  KEY `IX_E639E2F6` (`groupId`),
  KEY `IX_D61ABE08` (`name`,`vocabularyId`),
  KEY `IX_7BB1826B` (`parentCategoryId`),
  KEY `IX_9DDD15EA` (`parentCategoryId`,`name`),
  KEY `IX_B185E980` (`parentCategoryId`,`vocabularyId`),
  KEY `IX_4D37BB00` (`uuid_`),
  KEY `IX_287B1F89` (`vocabularyId`),
  KEY `IX_510B46AC` (`groupId`,`parentCategoryId`,`name`),
  KEY `IX_2008FACB` (`groupId`,`vocabularyId`)
) ENGINE=InnoDB DEFAULT CHARSET=utf8;

--
-- Dumping data for table `assetcategory`
--


--
-- Table structure for table `assetcategoryproperty`
--

CREATE TABLE `assetcategoryproperty` (
  `categoryPropertyId` bigint(20) NOT NULL,
  `companyId` bigint(20) DEFAULT NULL,
  `userId` bigint(20) DEFAULT NULL,
  `userName` varchar(75) DEFAULT NULL,
  `createDate` datetime DEFAULT NULL,
  `modifiedDate` datetime DEFAULT NULL,
  `categoryId` bigint(20) DEFAULT NULL,
  `key_` varchar(75) DEFAULT NULL,
  `value` varchar(75) DEFAULT NULL,
  PRIMARY KEY (`categoryPropertyId`),
  UNIQUE KEY `IX_DBD111AA` (`categoryId`,`key_`),
  KEY `IX_99DA856` (`categoryId`),
  KEY `IX_8654719F` (`companyId`),
  KEY `IX_52340033` (`companyId`,`key_`)
) ENGINE=InnoDB DEFAULT CHARSET=utf8;

--
-- Dumping data for table `assetcategoryproperty`
--


--
-- Table structure for table `assetentries_assetcategories`
--

CREATE TABLE `assetentries_assetcategories` (
  `entryId` bigint(20) NOT NULL,
  `categoryId` bigint(20) NOT NULL,
  PRIMARY KEY (`entryId`,`categoryId`),
  KEY `IX_A188F560` (`categoryId`),
  KEY `IX_E119938A` (`entryId`)
) ENGINE=InnoDB DEFAULT CHARSET=utf8;

--
-- Dumping data for table `assetentries_assetcategories`
--


--
-- Table structure for table `assetentries_assettags`
--

CREATE TABLE `assetentries_assettags` (
  `entryId` bigint(20) NOT NULL,
  `tagId` bigint(20) NOT NULL,
  PRIMARY KEY (`entryId`,`tagId`),
  KEY `IX_2ED82CAD` (`entryId`),
  KEY `IX_B2A61B55` (`tagId`)
) ENGINE=InnoDB DEFAULT CHARSET=utf8;

--
-- Dumping data for table `assetentries_assettags`
--


--
-- Table structure for table `assetentry`
--

CREATE TABLE `assetentry` (
  `entryId` bigint(20) NOT NULL,
  `groupId` bigint(20) DEFAULT NULL,
  `companyId` bigint(20) DEFAULT NULL,
  `userId` bigint(20) DEFAULT NULL,
  `userName` varchar(75) DEFAULT NULL,
  `createDate` datetime DEFAULT NULL,
  `modifiedDate` datetime DEFAULT NULL,
  `classNameId` bigint(20) DEFAULT NULL,
  `classPK` bigint(20) DEFAULT NULL,
  `visible` tinyint(4) DEFAULT NULL,
  `startDate` datetime DEFAULT NULL,
  `endDate` datetime DEFAULT NULL,
  `publishDate` datetime DEFAULT NULL,
  `expirationDate` datetime DEFAULT NULL,
  `mimeType` varchar(75) DEFAULT NULL,
  `title` longtext,
  `description` longtext,
  `summary` longtext,
  `url` longtext,
  `height` int(11) DEFAULT NULL,
  `width` int(11) DEFAULT NULL,
  `priority` double DEFAULT NULL,
  `viewCount` int(11) DEFAULT NULL,
  `socialInformationEquity` double DEFAULT NULL,
  `classUuid` varchar(75) DEFAULT NULL,
  `classTypeId` bigint(20) DEFAULT NULL,
  `layoutUuid` varchar(75) DEFAULT NULL,
  PRIMARY KEY (`entryId`),
  UNIQUE KEY `IX_1E9D371D` (`classNameId`,`classPK`),
  KEY `IX_FC1F9C7B` (`classUuid`),
  KEY `IX_7306C60` (`companyId`),
  KEY `IX_1EBA6821` (`groupId`,`classUuid`),
  KEY `IX_75D42FF9` (`expirationDate`),
  KEY `IX_2E4E3885` (`publishDate`),
  KEY `IX_9029E15A` (`visible`)
) ENGINE=InnoDB DEFAULT CHARSET=utf8;

--
-- Dumping data for table `assetentry`
--

INSERT INTO `assetentry` VALUES (11110,59503,10202,11105,'L&#039;equipe Technique','2011-06-14 17:39:43','2014-07-31 09:17:00',10043,11105,0,NULL,NULL,NULL,NULL,'','L\'equipe Technique','','','',0,0,0,0,NULL,'e25bc93c-3e42-41e1-8acc-9e04042cca54',0,''),(14044,14041,10202,11105,'L&#039;equipe Technique','2011-07-19 14:25:48','2011-07-19 14:25:48',10014,14041,1,NULL,NULL,NULL,NULL,'','ALPYMAC','Groupe de travail du projet ALPYMAC','','',0,0,0,0,NULL,NULL,NULL,NULL),(35973,35966,10202,11105,'L&#039;equipe Technique','2012-10-25 10:34:58','2012-10-25 10:34:58',10014,35966,1,NULL,NULL,NULL,NULL,'','TEST','SALUT','','',0,0,0,0,NULL,NULL,NULL,NULL),(40685,11107,10202,11105,'L&#039;equipe Technique','2012-12-03 17:11:46','2012-12-03 17:11:46',10059,40681,1,NULL,NULL,NULL,NULL,'application/octet-stream','pentila_EUROPE_Complet_20121203_Eleve_0000','pentila_EUROPE_Complet_20121203_Eleve_0000.xml','','',0,0,0,2,NULL,'40359e8b-e6c1-4da6-b1ca-1fde60f661bb',NULL,NULL),(40690,11107,10202,11105,'L&#039;equipe Technique','2012-12-03 17:11:47','2012-12-03 17:11:47',10059,40686,1,NULL,NULL,NULL,NULL,'application/octet-stream','pentila_EUROPE_Complet_20121203_PersEducNat_0000','pentila_EUROPE_Complet_20121203_PersEducNat_0000.xml','','',0,0,0,2,NULL,'fe0374e6-9807-407e-9bb3-126b091552aa',NULL,NULL),(40695,11107,10202,11105,'L&#039;equipe Technique','2012-12-03 17:11:47','2012-12-03 17:11:47',10059,40691,1,NULL,NULL,NULL,NULL,'application/octet-stream','pentila_EUROPE_Complet_20121203_PersRelEleve_0000','pentila_EUROPE_Complet_20121203_PersRelEleve_0000.xml','','',0,0,0,2,NULL,'4cc3a668-9ac4-46bf-9916-8edcd79d26c1',NULL,NULL),(40700,11107,10202,11105,'L&#039;equipe Technique','2012-12-03 17:11:47','2012-12-03 17:11:47',10059,40696,1,NULL,NULL,NULL,NULL,'application/octet-stream','pentila_EUROPE_Complet_20121203_EtabEducNat_0000','pentila_EUROPE_Complet_20121203_EtabEducNat_0000.xml','','',0,0,0,1,NULL,'2724a5b8-01e0-4974-a7b2-4fc2f6a5deaf',NULL,NULL),(41615,11107,10202,11105,'L&#039;equipe Technique','2013-01-07 16:52:05','2013-01-07 16:52:05',10059,41611,1,NULL,NULL,NULL,NULL,'application/octet-stream','BUG','','','',0,0,0,4,NULL,'2e6e43f1-4de9-4592-96e7-528f25dfb2e9',NULL,NULL),(45137,11107,10202,11105,'L&#039;equipe Technique','2013-01-09 15:04:38','2013-01-09 15:04:38',10059,45133,1,NULL,NULL,NULL,NULL,'application/octet-stream','pentila_EUROPE_Complet_20121203_Eleve_0000 (1)','pentila_EUROPE_Complet_20121203_Eleve_0000.xml','','',0,0,0,8,NULL,'9a494a6d-ea09-4d1a-b72c-53d1e3efec26',NULL,NULL),(58612,58604,10202,11105,'L&#039;equipe Technique','2013-06-12 17:57:53','2013-06-12 17:57:53',10014,58604,1,NULL,NULL,NULL,NULL,'','Public','','','',0,0,0,0,NULL,NULL,NULL,NULL),(310911,59503,10202,10205,'','2017-10-16 09:12:33','2017-10-16 09:12:33',10023,310901,0,NULL,NULL,NULL,NULL,'','Preprod-Nero_HN','','','',0,0,0,0,NULL,'',0,''),(313005,11107,10202,11105,'L\'equipe Technique','2017-11-02 13:44:22','2017-11-02 13:44:22',10059,313003,1,NULL,NULL,NULL,NULL,'application/x-7z-compressed','test3.7z','','','',0,0,0,1,NULL,'d47efbda-68d8-429d-8b46-c658a9b863b7',0,''),(313008,11107,10202,11105,'L\'equipe Technique','2017-11-02 13:44:22','2017-11-02 13:44:22',10079,313006,0,NULL,NULL,NULL,NULL,'text/html','313003','','','',0,0,0,0,NULL,'14bebf27-0a79-4d11-96d8-6e71ff90b3f6',0,''),(313011,11107,10202,11105,'L\'equipe Technique','2017-11-02 13:44:23','2017-11-02 13:44:23',10098,6901,1,NULL,NULL,NULL,NULL,'','','','','',0,0,0,0,NULL,'',0,''),(313022,11107,10202,11105,'L\'equipe Technique','2017-11-02 13:45:37','2017-11-02 13:45:37',10059,313020,1,NULL,NULL,NULL,NULL,'application/x-7z-compressed','test3 (1).7z','','','',0,0,0,0,NULL,'10990cbc-cc5b-4e4b-8dda-4f026bdcc466',0,''),(313025,11107,10202,11105,'L\'equipe Technique','2017-11-02 13:45:37','2017-11-02 13:45:37',10079,313023,0,NULL,NULL,NULL,NULL,'text/html','313020','','','',0,0,0,0,NULL,'ae72423a-9534-46ee-ae17-92e947d2d1bf',0,''),(313028,11107,10202,11105,'L\'equipe Technique','2017-11-02 13:45:37','2017-11-02 13:45:37',10098,6902,1,NULL,NULL,NULL,NULL,'','','','','',0,0,0,0,NULL,'',0,''),(313038,11107,10202,11105,'L\'equipe Technique','2017-11-02 13:45:44','2017-11-02 13:45:44',10059,313036,1,NULL,NULL,NULL,NULL,'image/png','Capture_d’écran_2017-07-06_à_15.54.51.png','','','',0,0,0,1,NULL,'80ce827c-66af-4ec1-b9a5-cec811f41f2d',0,''),(313041,11107,10202,11105,'L\'equipe Technique','2017-11-02 13:45:44','2017-11-02 13:45:44',10079,313039,0,NULL,NULL,NULL,NULL,'text/html','313036','','','',0,0,0,0,NULL,'58568911-a8c3-4563-8045-e2a856ec0953',0,''),(313044,11107,10202,11105,'L\'equipe Technique','2017-11-02 13:45:44','2017-11-02 13:45:44',10098,6903,1,NULL,NULL,NULL,NULL,'','','','','',0,0,0,0,NULL,'',0,''),(313051,11107,10202,11105,'L\'equipe Technique','2017-11-02 13:45:44','2017-11-02 13:45:44',10059,313049,1,NULL,NULL,NULL,NULL,'text/html','exportedPaé____éçèd (1).html','','','',0,0,0,2,NULL,'b01e1725-ef62-4085-8d3b-cc561554f34b',0,''),(313054,11107,10202,11105,'L\'equipe Technique','2017-11-02 13:45:45','2017-11-02 13:45:45',10079,313052,0,NULL,NULL,NULL,NULL,'text/html','313049','','','',0,0,0,0,NULL,'62940dc6-117d-43ac-a178-95f1d47a2fc1',0,''),(313057,11107,10202,11105,'L\'equipe Technique','2017-11-02 13:45:45','2017-11-02 13:45:45',10098,6904,1,NULL,NULL,NULL,NULL,'','','','','',0,0,0,0,NULL,'',0,''),(313060,11107,10202,11105,'L\'equipe Technique','2017-11-02 13:45:45','2017-11-02 13:46:09',10059,313058,1,NULL,NULL,NULL,NULL,'text/html','g.aFrILXXSqyZzV6Vg$testExportë ê --.zfrezf.html','','','',0,0,0,3,NULL,'921a6e1b-32be-4caa-9c3c-f5f2231304bc',0,''),(313063,11107,10202,11105,'L\'equipe Technique','2017-11-02 13:45:45','2017-11-02 13:45:45',10079,313061,0,NULL,NULL,NULL,NULL,'text/html','313058','','','',0,0,0,0,NULL,'84fe113e-0bfd-47da-9f49-de34156e1d5b',0,''),(313066,11107,10202,11105,'L\'equipe Technique','2017-11-02 13:45:45','2017-11-02 13:45:45',10098,6905,1,NULL,NULL,NULL,NULL,'','','','','',0,0,0,0,NULL,'',0,''),(313088,11107,10202,11105,'L\'equipe Technique','2017-11-02 13:46:09','2017-11-02 13:46:09',10098,6906,1,NULL,NULL,NULL,NULL,'','','','','',0,0,0,0,NULL,'',0,''),(313099,313092,10202,11105,'L\'equipe Technique','2017-11-02 14:07:01','2017-11-02 14:07:01',10079,313097,0,NULL,NULL,NULL,NULL,'text/html','313096','','','',0,0,0,0,NULL,'76e3ce56-b6c9-45db-b9e7-b2bd54c4b75f',0,''),(313206,11107,10202,11105,'L\'equipe Technique','2017-11-02 14:14:29','2017-11-02 14:14:29',10079,313204,0,NULL,NULL,NULL,NULL,'text/html','313201','','','',0,0,0,0,NULL,'8dbba198-95fc-4190-8762-e4f175d5c0d9',0,''),(313255,11107,10202,11105,'L\'equipe Technique','2017-11-02 14:35:44','2017-11-02 14:35:44',10059,313253,1,NULL,NULL,NULL,NULL,'image/png','butterfly.png','','','',0,0,0,1,NULL,'5a0a0965-f0c5-4711-9045-31d3a705ce12',0,''),(313258,11107,10202,11105,'L\'equipe Technique','2017-11-02 14:35:44','2017-11-02 14:35:44',10079,313256,0,NULL,NULL,NULL,NULL,'text/html','313253','','','',0,0,0,0,NULL,'0e27948d-d732-4bf1-bf25-39d5eeb69363',0,''),(313261,11107,10202,11105,'L\'equipe Technique','2017-11-02 14:35:44','2017-11-02 14:35:44',10098,7002,1,NULL,NULL,NULL,NULL,'','','','','',0,0,0,0,NULL,'',0,''),(313269,11107,10202,11105,'L\'equipe Technique','2017-11-02 14:35:47','2017-11-02 14:35:47',10059,313267,1,NULL,NULL,NULL,NULL,'image/png','butterfly_2.png','','','',0,0,0,1,NULL,'ea364656-9a06-4b8d-83ac-cf9db35f6d46',0,''),(313272,11107,10202,11105,'L\'equipe Technique','2017-11-02 14:35:47','2017-11-02 14:35:47',10079,313270,0,NULL,NULL,NULL,NULL,'text/html','313267','','','',0,0,0,0,NULL,'9c1ba1f3-d072-45ff-a8d5-8ead12c9f4c0',0,''),(313275,11107,10202,11105,'L\'equipe Technique','2017-11-02 14:35:47','2017-11-02 14:35:47',10098,7003,1,NULL,NULL,NULL,NULL,'','','','','',0,0,0,0,NULL,'',0,''),(313283,11107,10202,11105,'L\'equipe Technique','2017-11-02 14:38:06','2017-11-02 14:38:06',10059,313281,1,NULL,NULL,NULL,NULL,'image/png','unnamed.png','','','',0,0,0,1,NULL,'ff6444eb-c233-4f60-8681-459428b827e0',0,''),(313286,11107,10202,11105,'L\'equipe Technique','2017-11-02 14:38:06','2017-11-02 14:38:06',10079,313284,0,NULL,NULL,NULL,NULL,'text/html','313281','','','',0,0,0,0,NULL,'128d463d-2c2c-4351-82e6-3ae9383fc4f1',0,''),(313289,11107,10202,11105,'L\'equipe Technique','2017-11-02 14:38:06','2017-11-02 14:38:06',10098,7004,1,NULL,NULL,NULL,NULL,'','','','','',0,0,0,0,NULL,'',0,''),(313297,11107,10202,11105,'L\'equipe Technique','2017-11-02 14:38:06','2017-11-02 14:38:06',10059,313295,1,NULL,NULL,NULL,NULL,'image/png','unnamed_2.png','','','',0,0,0,2,NULL,'5226cce7-d0f4-4b8b-88f4-8a43edf1fe72',0,''),(313300,11107,10202,11105,'L\'equipe Technique','2017-11-02 14:38:06','2017-11-02 14:38:06',10079,313298,0,NULL,NULL,NULL,NULL,'text/html','313295','','','',0,0,0,0,NULL,'82959d45-8917-46b7-925e-7ad9cc35a5b2',0,''),(313303,11107,10202,11105,'L\'equipe Technique','2017-11-02 14:38:06','2017-11-02 14:38:06',10098,7005,1,NULL,NULL,NULL,NULL,'','','','','',0,0,0,0,NULL,'',0,''),(313313,18202,10202,11105,'L\'equipe Technique','2017-11-02 14:38:42','2017-11-02 14:38:42',10059,313311,1,NULL,NULL,NULL,NULL,'image/png','unnamed_2.png','','','',0,0,0,1,NULL,'1e670622-9bc1-43be-9e4c-2c890028727f',0,''),(313316,18202,10202,11105,'L\'equipe Technique','2017-11-02 14:38:42','2017-11-02 14:38:42',10079,313314,0,NULL,NULL,NULL,NULL,'text/html','313311','','','',0,0,0,0,NULL,'19e138dd-ee63-46e0-80c1-c66fd9950cab',0,''),(313319,18202,10202,11105,'L\'equipe Technique','2017-11-02 14:38:42','2017-11-02 14:38:42',10098,7006,1,NULL,NULL,NULL,NULL,'','','','','',0,0,0,0,NULL,'',0,''),(313322,18202,10202,11105,'L\'equipe Technique','2017-11-02 14:38:43','2017-11-02 14:38:43',10054,313320,1,NULL,NULL,'2017-11-02 14:38:00',NULL,'text/html','Bienvenue sur l\'ENT Néro','','Prenez en main votre environnement numérique de travail.','',0,0,0,0,NULL,'49c5d4d8-4b03-4710-b7c7-df98ccd19adb',0,''),(313325,11107,10202,11105,'L\'equipe Technique','2017-11-02 14:38:43','2017-11-02 14:38:43',10079,313323,0,NULL,NULL,NULL,NULL,'text/html','313320','','','',0,0,0,0,NULL,'bf7ebe4f-dffc-4bd2-af95-3df1a8db8b0b',0,''),(313328,18202,10202,11105,'L\'equipe Technique','2017-11-02 14:38:43','2017-11-02 14:38:43',10098,7007,1,NULL,NULL,NULL,NULL,'','','','','',0,0,0,0,NULL,'',0,''),(313635,313628,10202,10205,'','2017-11-15 15:43:44','2017-11-15 15:43:44',10079,313633,0,NULL,NULL,NULL,NULL,'text/html','313632','','','',0,0,0,0,NULL,'840fdf22-e6b6-4ede-b1c1-d55f802f79e0',0,''),(313712,313702,10202,11105,'L\'equipe Technique','2017-11-16 07:05:24','2017-11-16 07:05:24',10079,313710,0,NULL,NULL,NULL,NULL,'text/html','313709','','','',0,0,0,0,NULL,'a4c6ef48-a7e4-4c86-8920-79e32beafa3d',0,''),(313717,313706,10202,11105,'L\'equipe Technique','2017-11-16 07:05:34','2017-11-16 07:05:34',10079,313715,0,NULL,NULL,NULL,NULL,'text/html','313714','','','',0,0,0,0,NULL,'688a4ed6-8531-4ef6-b374-46830e660191',0,''),(313978,313972,10202,11105,'L\'equipe Technique','2017-11-16 08:28:28','2017-11-16 08:28:28',10079,313976,0,NULL,NULL,NULL,NULL,'text/html','313975','','','',0,0,0,0,NULL,'e8d92efe-02f9-45fb-92d9-f79b91efaffd',0,''),(313992,313986,10202,11105,'L\'equipe Technique','2017-11-16 08:31:33','2017-11-16 08:31:33',10079,313990,0,NULL,NULL,NULL,NULL,'text/html','313989','','','',0,0,0,0,NULL,'6c45e58e-6083-4b8e-8838-8d246b9ed9dd',0,''),(314006,314000,10202,11105,'L\'equipe Technique','2017-11-16 08:34:25','2017-11-16 08:34:25',10079,314004,0,NULL,NULL,NULL,NULL,'text/html','314003','','','',0,0,0,0,NULL,'a0316699-9ea5-4b63-b167-2961a754a984',0,''),(314021,314015,10202,11105,'L\'equipe Technique','2017-11-16 08:38:04','2017-11-16 08:38:04',10079,314019,0,NULL,NULL,NULL,NULL,'text/html','314018','','','',0,0,0,0,NULL,'ede976aa-7501-4ca8-9a75-0cd8df92584c',0,''),(314035,314029,10202,11105,'L\'equipe Technique','2017-11-16 08:41:50','2017-11-16 08:41:50',10079,314033,0,NULL,NULL,NULL,NULL,'text/html','314032','','','',0,0,0,0,NULL,'4c51cb31-564b-4435-bc99-74765054c34d',0,''),(314049,314043,10202,11105,'L\'equipe Technique','2017-11-16 08:45:03','2017-11-16 08:45:03',10079,314047,0,NULL,NULL,NULL,NULL,'text/html','314046','','','',0,0,0,0,NULL,'aa8426b1-7bdf-4f8b-aa04-83929d172840',0,''),(314063,314057,10202,11105,'L\'equipe Technique','2017-11-16 08:48:01','2017-11-16 08:48:01',10079,314061,0,NULL,NULL,NULL,NULL,'text/html','314060','','','',0,0,0,0,NULL,'9b82c58b-470a-4929-98ac-2b52a03de7fa',0,''),(314077,314071,10202,11105,'L\'equipe Technique','2017-11-16 08:53:17','2017-11-16 08:53:17',10079,314075,0,NULL,NULL,NULL,NULL,'text/html','314074','','','',0,0,0,0,NULL,'79e17439-8bc2-4ead-92fd-887e944e30f3',0,''),(314091,314085,10202,11105,'L\'equipe Technique','2017-11-16 08:56:29','2017-11-16 08:56:29',10079,314089,0,NULL,NULL,NULL,NULL,'text/html','314088','','','',0,0,0,0,NULL,'591925a2-09d2-499e-83e4-630017abf5ac',0,''),(314105,314099,10202,11105,'L\'equipe Technique','2017-11-16 08:59:07','2017-11-16 08:59:07',10079,314103,0,NULL,NULL,NULL,NULL,'text/html','314102','','','',0,0,0,0,NULL,'24a25762-dccd-4911-a289-2daa9e872fad',0,''),(314119,314113,10202,11105,'L\'equipe Technique','2017-11-16 09:01:57','2017-11-16 09:01:57',10079,314117,0,NULL,NULL,NULL,NULL,'text/html','314116','','','',0,0,0,0,NULL,'9c5d85f6-4206-4bbe-8cf6-3dfc7f1b7f78',0,''),(314133,314127,10202,11105,'L\'equipe Technique','2017-11-16 09:04:42','2017-11-16 09:04:42',10079,314131,0,NULL,NULL,NULL,NULL,'text/html','314130','','','',0,0,0,0,NULL,'b2c3f647-94de-4bc7-a049-de95253987ef',0,''),(314148,314142,10202,11105,'L\'equipe Technique','2017-11-16 09:07:52','2017-11-16 09:07:52',10079,314146,0,NULL,NULL,NULL,NULL,'text/html','314145','','','',0,0,0,0,NULL,'81e448c7-2346-4744-929d-4ceca77dcd2e',0,''),(314162,314156,10202,11105,'L\'equipe Technique','2017-11-16 09:10:52','2017-11-16 09:10:52',10079,314160,0,NULL,NULL,NULL,NULL,'text/html','314159','','','',0,0,0,0,NULL,'6b86b98b-a5ba-4d68-9689-735a07ffe2ed',0,''),(314171,314165,10202,11105,'L\'equipe Technique','2017-11-16 09:17:02','2017-11-16 09:17:02',10079,314169,0,NULL,NULL,NULL,NULL,'text/html','314168','','','',0,0,0,0,NULL,'941b90af-a363-4d4e-b44b-94c3b96d836f',0,''),(314185,314179,10202,11105,'L\'equipe Technique','2017-11-16 09:19:25','2017-11-16 09:19:25',10079,314183,0,NULL,NULL,NULL,NULL,'text/html','314182','','','',0,0,0,0,NULL,'b134392a-4d98-43f7-b529-1d819201806d',0,''),(314199,314191,10202,11105,'L\'equipe Technique','2017-11-16 09:22:00','2017-11-16 09:22:00',10079,314197,0,NULL,NULL,NULL,NULL,'text/html','314196','','','',0,0,0,0,NULL,'9f1db43e-aeee-40ec-b161-404fed4fe05e',0,''),(314217,314202,10202,11105,'L\'equipe Technique','2017-11-16 09:24:25','2017-11-16 09:24:25',10079,314215,0,NULL,NULL,NULL,NULL,'text/html','314214','','','',0,0,0,0,NULL,'1f20b136-d443-4379-8d8a-6ea66d91936c',0,''),(314227,314211,10202,11105,'L\'equipe Technique','2017-11-16 09:28:44','2017-11-16 09:28:44',10079,314225,0,NULL,NULL,NULL,NULL,'text/html','314224','','','',0,0,0,0,NULL,'09f196d6-ae65-4e8d-811d-088942ec1aa5',0,''),(314655,314645,10202,11105,'L\'equipe Technique','2017-11-16 11:20:24','2017-11-16 11:20:24',10079,314653,0,NULL,NULL,NULL,NULL,'text/html','314652','','','',0,0,0,0,NULL,'05ddeaa7-d4d9-4795-b311-4f87cb0891a2',0,''),(314665,314649,10202,11105,'L\'equipe Technique','2017-11-16 11:23:34','2017-11-16 11:23:34',10079,314663,0,NULL,NULL,NULL,NULL,'text/html','314662','','','',0,0,0,0,NULL,'49318b0d-e1a8-4102-84a2-8fff3af859cf',0,'');

--
-- Table structure for table `assetlink`
--

CREATE TABLE `assetlink` (
  `linkId` bigint(20) NOT NULL,
  `companyId` bigint(20) DEFAULT NULL,
  `userId` bigint(20) DEFAULT NULL,
  `userName` varchar(75) DEFAULT NULL,
  `createDate` datetime DEFAULT NULL,
  `entryId1` bigint(20) DEFAULT NULL,
  `entryId2` bigint(20) DEFAULT NULL,
  `type_` int(11) DEFAULT NULL,
  `weight` int(11) DEFAULT NULL,
  PRIMARY KEY (`linkId`),
  KEY `IX_128516C8` (`entryId1`),
  KEY `IX_56E0AB21` (`entryId1`,`entryId2`),
  KEY `IX_8F542794` (`entryId1`,`entryId2`,`type_`),
  KEY `IX_14D5A20D` (`entryId1`,`type_`),
  KEY `IX_12851A89` (`entryId2`),
  KEY `IX_91F132C` (`entryId2`,`type_`)
) ENGINE=InnoDB DEFAULT CHARSET=utf8;

--
-- Dumping data for table `assetlink`
--

INSERT INTO `assetlink` VALUES (152904,10202,11105,'L\'equipe Technique','2013-09-25 12:28:01',152903,152553,0,0),(152905,10202,11105,'L\'equipe Technique','2013-09-25 12:28:01',152553,152903,0,0),(153213,10202,11105,'L\'equipe Technique','2013-09-25 13:53:10',153212,152903,0,0),(153214,10202,11105,'L\'equipe Technique','2013-09-25 13:53:10',152903,153212,0,0),(153217,10202,11105,'L\'equipe Technique','2013-09-25 13:54:52',153216,152903,0,0),(153218,10202,11105,'L\'equipe Technique','2013-09-25 13:54:52',152903,153216,0,0),(153305,10202,11105,'L\'equipe Technique','2013-09-25 14:14:17',153304,152903,0,0),(153306,10202,11105,'L\'equipe Technique','2013-09-25 14:14:17',152903,153304,0,0);

--
-- Table structure for table `assettag`
--

CREATE TABLE `assettag` (
  `tagId` bigint(20) NOT NULL,
  `groupId` bigint(20) DEFAULT NULL,
  `companyId` bigint(20) DEFAULT NULL,
  `userId` bigint(20) DEFAULT NULL,
  `userName` varchar(75) DEFAULT NULL,
  `createDate` datetime DEFAULT NULL,
  `modifiedDate` datetime DEFAULT NULL,
  `name` varchar(75) DEFAULT NULL,
  `assetCount` int(11) DEFAULT NULL,
  PRIMARY KEY (`tagId`),
  KEY `IX_7C9E46BA` (`groupId`),
  KEY `IX_D63322F9` (`groupId`,`name`)
) ENGINE=InnoDB DEFAULT CHARSET=utf8;

--
-- Dumping data for table `assettag`
--


--
-- Table structure for table `assettagproperty`
--

CREATE TABLE `assettagproperty` (
  `tagPropertyId` bigint(20) NOT NULL,
  `companyId` bigint(20) DEFAULT NULL,
  `userId` bigint(20) DEFAULT NULL,
  `userName` varchar(75) DEFAULT NULL,
  `createDate` datetime DEFAULT NULL,
  `modifiedDate` datetime DEFAULT NULL,
  `tagId` bigint(20) DEFAULT NULL,
  `key_` varchar(75) DEFAULT NULL,
  `value` varchar(255) DEFAULT NULL,
  PRIMARY KEY (`tagPropertyId`),
  UNIQUE KEY `IX_2C944354` (`tagId`,`key_`),
  KEY `IX_DFF1F063` (`companyId`),
  KEY `IX_13805BF7` (`companyId`,`key_`),
  KEY `IX_3269E180` (`tagId`)
) ENGINE=InnoDB DEFAULT CHARSET=utf8;

--
-- Dumping data for table `assettagproperty`
--


--
-- Table structure for table `assettagstats`
--

CREATE TABLE `assettagstats` (
  `tagStatsId` bigint(20) NOT NULL,
  `tagId` bigint(20) DEFAULT NULL,
  `classNameId` bigint(20) DEFAULT NULL,
  `assetCount` int(11) DEFAULT NULL,
  PRIMARY KEY (`tagStatsId`),
  UNIQUE KEY `IX_56682CC4` (`tagId`,`classNameId`),
  KEY `IX_50702693` (`classNameId`),
  KEY `IX_9464CA` (`tagId`)
) ENGINE=InnoDB DEFAULT CHARSET=utf8;

--
-- Dumping data for table `assettagstats`
--


--
-- Table structure for table `assetvocabulary`
--

CREATE TABLE `assetvocabulary` (
  `uuid_` varchar(75) DEFAULT NULL,
  `vocabularyId` bigint(20) NOT NULL,
  `groupId` bigint(20) DEFAULT NULL,
  `companyId` bigint(20) DEFAULT NULL,
  `userId` bigint(20) DEFAULT NULL,
  `userName` varchar(75) DEFAULT NULL,
  `createDate` datetime DEFAULT NULL,
  `modifiedDate` datetime DEFAULT NULL,
  `name` varchar(75) DEFAULT NULL,
  `title` longtext,
  `description` longtext,
  `settings_` longtext,
  PRIMARY KEY (`vocabularyId`),
  UNIQUE KEY `IX_C0AAD74D` (`groupId`,`name`),
  UNIQUE KEY `IX_1B2B8792` (`uuid_`,`groupId`),
  KEY `IX_B22D908C` (`companyId`),
  KEY `IX_B6B8CA0E` (`groupId`),
  KEY `IX_55F58818` (`uuid_`)
) ENGINE=InnoDB DEFAULT CHARSET=utf8;

--
-- Dumping data for table `assetvocabulary`
--

INSERT INTO `assetvocabulary` VALUES ('4136b05a-b9a9-4cf1-bcd6-3607170f4c05',62221,59503,10202,10205,'','2013-06-20 13:47:31','2013-06-20 13:47:31','Topic','<?xml version=\'1.0\' encoding=\'UTF-8\'?><root available-locales=\"fr_FR\" default-locale=\"fr_FR\"><Title language-id=\"fr_FR\">Topic</Title></root>','',''),('95ba9df4-461e-41de-bfdc-cfcc54e17d46',112018,11107,10202,10205,'','2013-07-17 15:11:54','2014-02-24 10:08:33','Topic','<?xml version=\'1.0\' encoding=\'UTF-8\'?><root available-locales=\"fr_FR\" default-locale=\"fr_FR\"><Title language-id=\"fr_FR\">Topic</Title></root>','',''),('a7f77931-9e97-48c4-b18e-cdaf84afd075',112044,11107,10202,10205,'','2013-07-17 15:11:56','2014-02-24 10:08:45','Topic (2)','<?xml version=\'1.0\' encoding=\'UTF-8\'?><root available-locales=\"fr_FR\" default-locale=\"fr_FR\"><Title language-id=\"fr_FR\">Topic (2)</Title></root>','',''),('be9592fe-1d29-4651-9251-fd369506e666',118034,118004,10202,10205,'','2013-07-19 06:30:37','2013-07-19 06:30:37','Topic','<?xml version=\'1.0\' encoding=\'UTF-8\'?><root available-locales=\"fr_FR\" default-locale=\"fr_FR\"><Title language-id=\"fr_FR\">Topic</Title></root>','',''),('be9592fe-1d29-4651-9251-fd369506e666',118035,11107,10202,10205,'','2013-07-19 06:30:37','2017-11-16 07:28:02','Topic (3)','<?xml version=\'1.0\' encoding=\'UTF-8\'?><root available-locales=\"fr_FR\" default-locale=\"fr_FR\"><Title language-id=\"fr_FR\">Topic (3)</Title></root>','',''),('dc71203b-4a26-48ed-a1d3-2b74e6f5e2cb',126126,11107,10202,10205,'','2013-07-23 13:51:06','2013-07-23 13:51:06','Topic (4)','<?xml version=\'1.0\' encoding=\'UTF-8\'?><root available-locales=\"fr_FR\" default-locale=\"fr_FR\"><Title language-id=\"fr_FR\">Topic (4)</Title></root>','',''),('391adaf2-f16b-4b00-bcad-80c303ff9668',126149,11107,10202,10205,'','2013-07-23 13:51:08','2013-07-23 13:51:08','Topic (5)','<?xml version=\'1.0\' encoding=\'UTF-8\'?><root available-locales=\"fr_FR\" default-locale=\"fr_FR\"><Title language-id=\"fr_FR\">Topic (5)</Title></root>','',''),('5a1a3f4b-322d-4f01-93f1-f1ae5b7664bf',126172,11107,10202,10205,'','2013-07-23 13:51:10','2013-07-23 13:51:10','Topic (6)','<?xml version=\'1.0\' encoding=\'UTF-8\'?><root available-locales=\"fr_FR\" default-locale=\"fr_FR\"><Title language-id=\"fr_FR\">Topic (6)</Title></root>','',''),('e5d66c16-af31-4b20-a132-b2621bd10ba5',126195,11107,10202,10205,'','2013-07-23 13:51:11','2013-07-23 13:51:11','Topic (7)','<?xml version=\'1.0\' encoding=\'UTF-8\'?><root available-locales=\"fr_FR\" default-locale=\"fr_FR\"><Title language-id=\"fr_FR\">Topic (7)</Title></root>','',''),('9bd41c65-8d69-4c0a-ae7d-c1d05412bf76',126218,11107,10202,10205,'','2013-07-23 13:51:12','2013-07-23 13:51:12','Topic (8)','<?xml version=\'1.0\' encoding=\'UTF-8\'?><root available-locales=\"fr_FR\" default-locale=\"fr_FR\"><Title language-id=\"fr_FR\">Topic (8)</Title></root>','',''),('1ea7f661-45f5-4bff-a62c-724c10288cf3',128642,11107,10202,10205,'','2013-08-01 06:45:55','2014-02-24 10:08:26','Topic (9)','<?xml version=\'1.0\' encoding=\'UTF-8\'?><root available-locales=\"fr_FR\" default-locale=\"fr_FR\"><Title language-id=\"fr_FR\">Topic (9)</Title></root>','',''),('c442fe14-c0f7-4800-b64a-49f621ac84c2',129264,11228,10202,10205,'','2013-08-01 06:50:20','2013-08-01 06:50:20','Topic','<?xml version=\'1.0\' encoding=\'UTF-8\'?><root available-locales=\"fr_FR\" default-locale=\"fr_FR\"><Title language-id=\"fr_FR\">Topic</Title></root>','',''),('c442fe14-c0f7-4800-b64a-49f621ac84c2',129265,11107,10202,10205,'','2013-08-01 06:50:20','2014-02-24 10:07:54','Topic (10)','<?xml version=\'1.0\' encoding=\'UTF-8\'?><root available-locales=\"fr_FR\" default-locale=\"fr_FR\"><Title language-id=\"fr_FR\">Topic (10)</Title></root>','',''),('09b46cf6-d338-48c0-9ff5-bd80940e7c45',129285,11232,10202,10205,'','2013-08-01 06:50:21','2013-08-01 06:50:21','Topic','<?xml version=\'1.0\' encoding=\'UTF-8\'?><root available-locales=\"fr_FR\" default-locale=\"fr_FR\"><Title language-id=\"fr_FR\">Topic</Title></root>','',''),('09b46cf6-d338-48c0-9ff5-bd80940e7c45',129286,11107,10202,10205,'','2013-08-01 06:50:21','2014-02-24 10:07:56','Topic (11)','<?xml version=\'1.0\' encoding=\'UTF-8\'?><root available-locales=\"fr_FR\" default-locale=\"fr_FR\"><Title language-id=\"fr_FR\">Topic (11)</Title></root>','',''),('017bf1a6-fcb2-438e-b93d-79ee80df7e82',129306,19575,10202,10205,'','2013-08-01 06:50:21','2013-08-01 06:50:21','Topic','<?xml version=\'1.0\' encoding=\'UTF-8\'?><root available-locales=\"fr_FR\" default-locale=\"fr_FR\"><Title language-id=\"fr_FR\">Topic</Title></root>','',''),('017bf1a6-fcb2-438e-b93d-79ee80df7e82',129307,11107,10202,10205,'','2013-08-01 06:50:21','2014-02-24 10:07:59','Topic (12)','<?xml version=\'1.0\' encoding=\'UTF-8\'?><root available-locales=\"fr_FR\" default-locale=\"fr_FR\"><Title language-id=\"fr_FR\">Topic (12)</Title></root>','',''),('836e801d-2c9b-4e22-abb2-1db21a547325',129327,11236,10202,10205,'','2013-08-01 06:50:22','2013-08-01 06:50:22','Topic','<?xml version=\'1.0\' encoding=\'UTF-8\'?><root available-locales=\"fr_FR\" default-locale=\"fr_FR\"><Title language-id=\"fr_FR\">Topic</Title></root>','',''),('836e801d-2c9b-4e22-abb2-1db21a547325',129328,11107,10202,10205,'','2013-08-01 06:50:22','2014-02-24 10:08:01','Topic (13)','<?xml version=\'1.0\' encoding=\'UTF-8\'?><root available-locales=\"fr_FR\" default-locale=\"fr_FR\"><Title language-id=\"fr_FR\">Topic (13)</Title></root>','',''),('02b646c0-be89-4f22-b56f-c89647b861a1',129348,11240,10202,10205,'','2013-08-01 06:50:23','2013-08-01 06:50:23','Topic','<?xml version=\'1.0\' encoding=\'UTF-8\'?><root available-locales=\"fr_FR\" default-locale=\"fr_FR\"><Title language-id=\"fr_FR\">Topic</Title></root>','',''),('02b646c0-be89-4f22-b56f-c89647b861a1',129349,11107,10202,10205,'','2013-08-01 06:50:23','2017-11-02 12:26:41','Topic (14)','<?xml version=\'1.0\' encoding=\'UTF-8\'?><root available-locales=\"fr_FR\" default-locale=\"fr_FR\"><Title language-id=\"fr_FR\">Topic (14)</Title></root>','',''),('c2cf7db0-ad8a-4ec6-a96a-07af47860e17',129369,11244,10202,10205,'','2013-08-01 06:50:24','2013-08-01 06:50:24','Topic','<?xml version=\'1.0\' encoding=\'UTF-8\'?><root available-locales=\"fr_FR\" default-locale=\"fr_FR\"><Title language-id=\"fr_FR\">Topic</Title></root>','',''),('c2cf7db0-ad8a-4ec6-a96a-07af47860e17',129370,11107,10202,10205,'','2013-08-01 06:50:24','2017-10-17 07:47:52','Topic (15)','<?xml version=\'1.0\' encoding=\'UTF-8\'?><root available-locales=\"fr_FR\" default-locale=\"fr_FR\"><Title language-id=\"fr_FR\">Topic (15)</Title></root>','',''),('225651d4-4071-4e6f-bece-3c85583ca39b',129391,11107,10202,10205,'','2013-08-01 06:50:24','2014-02-24 10:08:09','Topic (16)','<?xml version=\'1.0\' encoding=\'UTF-8\'?><root available-locales=\"fr_FR\" default-locale=\"fr_FR\"><Title language-id=\"fr_FR\">Topic (16)</Title></root>','',''),('8f71ba3f-6cae-40fb-8957-e6d10fab7c82',129411,26448,10202,10205,'','2013-08-01 06:50:25','2013-08-01 06:50:25','Topic','<?xml version=\'1.0\' encoding=\'UTF-8\'?><root available-locales=\"fr_FR\" default-locale=\"fr_FR\"><Title language-id=\"fr_FR\">Topic</Title></root>','',''),('8f71ba3f-6cae-40fb-8957-e6d10fab7c82',129412,11107,10202,10205,'','2013-08-01 06:50:25','2014-02-24 10:08:11','Topic (17)','<?xml version=\'1.0\' encoding=\'UTF-8\'?><root available-locales=\"fr_FR\" default-locale=\"fr_FR\"><Title language-id=\"fr_FR\">Topic (17)</Title></root>','',''),('050d75b3-6768-46e8-a0c9-9e9044c4bc28',129432,26452,10202,10205,'','2013-08-01 06:50:26','2013-08-01 06:50:26','Topic','<?xml version=\'1.0\' encoding=\'UTF-8\'?><root available-locales=\"fr_FR\" default-locale=\"fr_FR\"><Title language-id=\"fr_FR\">Topic</Title></root>','',''),('050d75b3-6768-46e8-a0c9-9e9044c4bc28',129433,11107,10202,10205,'','2013-08-01 06:50:26','2014-02-24 10:08:12','Topic (18)','<?xml version=\'1.0\' encoding=\'UTF-8\'?><root available-locales=\"fr_FR\" default-locale=\"fr_FR\"><Title language-id=\"fr_FR\">Topic (18)</Title></root>','',''),('41274bfe-6f17-4a98-8042-9177c624b055',129453,11252,10202,10205,'','2013-08-01 06:50:26','2013-08-01 06:50:26','Topic','<?xml version=\'1.0\' encoding=\'UTF-8\'?><root available-locales=\"fr_FR\" default-locale=\"fr_FR\"><Title language-id=\"fr_FR\">Topic</Title></root>','',''),('41274bfe-6f17-4a98-8042-9177c624b055',129454,11107,10202,10205,'','2013-08-01 06:50:26','2014-02-24 10:08:14','Topic (19)','<?xml version=\'1.0\' encoding=\'UTF-8\'?><root available-locales=\"fr_FR\" default-locale=\"fr_FR\"><Title language-id=\"fr_FR\">Topic (19)</Title></root>','',''),('a09ba221-62a3-48e3-bc56-b40483b26a3a',129474,11256,10202,10205,'','2013-08-01 06:50:27','2013-08-01 06:50:27','Topic','<?xml version=\'1.0\' encoding=\'UTF-8\'?><root available-locales=\"fr_FR\" default-locale=\"fr_FR\"><Title language-id=\"fr_FR\">Topic</Title></root>','',''),('a09ba221-62a3-48e3-bc56-b40483b26a3a',129475,11107,10202,10205,'','2013-08-01 06:50:27','2017-10-16 13:28:05','Topic (20)','<?xml version=\'1.0\' encoding=\'UTF-8\'?><root available-locales=\"fr_FR\" default-locale=\"fr_FR\"><Title language-id=\"fr_FR\">Topic (20)</Title></root>','',''),('ce1a4a8a-573d-4d78-bcff-c8af469ced5d',129495,11260,10202,10205,'','2013-08-01 06:50:28','2013-08-01 06:50:28','Topic','<?xml version=\'1.0\' encoding=\'UTF-8\'?><root available-locales=\"fr_FR\" default-locale=\"fr_FR\"><Title language-id=\"fr_FR\">Topic</Title></root>','',''),('ce1a4a8a-573d-4d78-bcff-c8af469ced5d',129496,11107,10202,10205,'','2013-08-01 06:50:28','2014-02-24 10:08:17','Topic (21)','<?xml version=\'1.0\' encoding=\'UTF-8\'?><root available-locales=\"fr_FR\" default-locale=\"fr_FR\"><Title language-id=\"fr_FR\">Topic (21)</Title></root>','',''),('12e2d3bd-a1ce-4590-a2d0-6555e15bb4a6',129516,36761,10202,10205,'','2013-08-01 06:50:28','2013-08-01 06:50:28','Topic','<?xml version=\'1.0\' encoding=\'UTF-8\'?><root available-locales=\"fr_FR\" default-locale=\"fr_FR\"><Title language-id=\"fr_FR\">Topic</Title></root>','',''),('12e2d3bd-a1ce-4590-a2d0-6555e15bb4a6',129517,11107,10202,10205,'','2013-08-01 06:50:28','2017-11-16 07:28:03','Topic (22)','<?xml version=\'1.0\' encoding=\'UTF-8\'?><root available-locales=\"fr_FR\" default-locale=\"fr_FR\"><Title language-id=\"fr_FR\">Topic (22)</Title></root>','',''),('90cfa7ae-9456-41ce-a428-246b79d64eb3',129538,11107,10202,10205,'','2013-08-01 06:50:29','2014-02-24 10:08:21','Topic (23)','<?xml version=\'1.0\' encoding=\'UTF-8\'?><root available-locales=\"fr_FR\" default-locale=\"fr_FR\"><Title language-id=\"fr_FR\">Topic (23)</Title></root>','',''),('25ff28bd-10e5-4e0d-b242-840446190898',130068,11107,10202,10205,'','2013-08-01 09:01:52','2017-10-17 09:05:10','Topic (24)','<?xml version=\'1.0\' encoding=\'UTF-8\'?><root available-locales=\"fr_FR\" default-locale=\"fr_FR\"><Title language-id=\"fr_FR\">Topic (24)</Title></root>','',''),('3dd0fff7-6764-40ec-8266-5b3a15b056b7',130089,11107,10202,10205,'','2013-08-01 09:01:53','2014-02-24 10:08:27','Topic (25)','<?xml version=\'1.0\' encoding=\'UTF-8\'?><root available-locales=\"fr_FR\" default-locale=\"fr_FR\"><Title language-id=\"fr_FR\">Topic (25)</Title></root>','',''),('e5bfc6a5-09e5-438b-b32d-56235fd44942',130109,11280,10202,10205,'','2013-08-01 09:01:54','2013-08-01 09:01:54','Topic','<?xml version=\'1.0\' encoding=\'UTF-8\'?><root available-locales=\"fr_FR\" default-locale=\"fr_FR\"><Title language-id=\"fr_FR\">Topic</Title></root>','',''),('e5bfc6a5-09e5-438b-b32d-56235fd44942',130110,11107,10202,10205,'','2013-08-01 09:01:54','2017-11-16 07:28:05','Topic (26)','<?xml version=\'1.0\' encoding=\'UTF-8\'?><root available-locales=\"fr_FR\" default-locale=\"fr_FR\"><Title language-id=\"fr_FR\">Topic (26)</Title></root>','',''),('3a41f847-6089-4827-8470-d3e86ef4de18',130130,11284,10202,10205,'','2013-08-01 09:01:55','2013-08-01 09:01:55','Topic','<?xml version=\'1.0\' encoding=\'UTF-8\'?><root available-locales=\"fr_FR\" default-locale=\"fr_FR\"><Title language-id=\"fr_FR\">Topic</Title></root>','',''),('3a41f847-6089-4827-8470-d3e86ef4de18',130131,11107,10202,10205,'','2013-08-01 09:01:55','2017-10-17 07:41:42','Topic (27)','<?xml version=\'1.0\' encoding=\'UTF-8\'?><root available-locales=\"fr_FR\" default-locale=\"fr_FR\"><Title language-id=\"fr_FR\">Topic (27)</Title></root>','',''),('14758604-c3d9-4049-a1a5-51d0dc5a12bb',130152,11107,10202,10205,'','2013-08-01 09:01:56','2014-02-24 10:08:32','Topic (28)','<?xml version=\'1.0\' encoding=\'UTF-8\'?><root available-locales=\"fr_FR\" default-locale=\"fr_FR\"><Title language-id=\"fr_FR\">Topic (28)</Title></root>','',''),('739af699-33f7-450b-a453-b6e594cc5d3e',130172,45917,10202,10205,'','2013-08-01 09:01:57','2013-08-01 09:01:57','Topic','<?xml version=\'1.0\' encoding=\'UTF-8\'?><root available-locales=\"fr_FR\" default-locale=\"fr_FR\"><Title language-id=\"fr_FR\">Topic</Title></root>','',''),('739af699-33f7-450b-a453-b6e594cc5d3e',130173,11107,10202,10205,'','2013-08-01 09:01:57','2017-11-02 12:26:43','Topic (29)','<?xml version=\'1.0\' encoding=\'UTF-8\'?><root available-locales=\"fr_FR\" default-locale=\"fr_FR\"><Title language-id=\"fr_FR\">Topic (29)</Title></root>','',''),('76ed8186-48a6-42f5-824d-f0891493db7d',130193,11296,10202,10205,'','2013-08-01 09:01:58','2013-08-01 09:01:58','Topic','<?xml version=\'1.0\' encoding=\'UTF-8\'?><root available-locales=\"fr_FR\" default-locale=\"fr_FR\"><Title language-id=\"fr_FR\">Topic</Title></root>','',''),('76ed8186-48a6-42f5-824d-f0891493db7d',130194,11107,10202,10205,'','2013-08-01 09:01:58','2014-02-24 10:08:39','Topic (30)','<?xml version=\'1.0\' encoding=\'UTF-8\'?><root available-locales=\"fr_FR\" default-locale=\"fr_FR\"><Title language-id=\"fr_FR\">Topic (30)</Title></root>','',''),('53edb246-5bf4-4b62-a3da-bd8e68f0397b',130214,11300,10202,10205,'','2013-08-01 09:01:59','2013-08-01 09:01:59','Topic','<?xml version=\'1.0\' encoding=\'UTF-8\'?><root available-locales=\"fr_FR\" default-locale=\"fr_FR\"><Title language-id=\"fr_FR\">Topic</Title></root>','',''),('53edb246-5bf4-4b62-a3da-bd8e68f0397b',130215,11107,10202,10205,'','2013-08-01 09:01:59','2014-02-24 10:08:40','Topic (31)','<?xml version=\'1.0\' encoding=\'UTF-8\'?><root available-locales=\"fr_FR\" default-locale=\"fr_FR\"><Title language-id=\"fr_FR\">Topic (31)</Title></root>','',''),('8e0cd20c-06e4-4165-a41f-0a39a333c4ff',130235,11304,10202,10205,'','2013-08-01 09:02:00','2013-08-01 09:02:00','Topic','<?xml version=\'1.0\' encoding=\'UTF-8\'?><root available-locales=\"fr_FR\" default-locale=\"fr_FR\"><Title language-id=\"fr_FR\">Topic</Title></root>','',''),('8e0cd20c-06e4-4165-a41f-0a39a333c4ff',130236,11107,10202,10205,'','2013-08-01 09:02:00','2017-10-16 13:28:08','Topic (32)','<?xml version=\'1.0\' encoding=\'UTF-8\'?><root available-locales=\"fr_FR\" default-locale=\"fr_FR\"><Title language-id=\"fr_FR\">Topic (32)</Title></root>','',''),('86cd9a00-596b-4f55-abb3-00a68b7b3d4b',130257,11107,10202,10205,'','2013-08-01 09:02:01','2014-02-24 10:08:43','Topic (33)','<?xml version=\'1.0\' encoding=\'UTF-8\'?><root available-locales=\"fr_FR\" default-locale=\"fr_FR\"><Title language-id=\"fr_FR\">Topic (33)</Title></root>','',''),('03c88599-be02-422d-8af2-40d79dac8962',130358,11107,10202,10205,'','2013-08-01 09:05:29','2014-02-24 10:08:51','Topic (34)','<?xml version=\'1.0\' encoding=\'UTF-8\'?><root available-locales=\"fr_FR\" default-locale=\"fr_FR\"><Title language-id=\"fr_FR\">Topic (34)</Title></root>','',''),('7acf14e3-d616-4dba-9684-d645f9e362ca',130378,11324,10202,10205,'','2013-08-01 09:05:30','2013-08-01 09:05:30','Topic','<?xml version=\'1.0\' encoding=\'UTF-8\'?><root available-locales=\"fr_FR\" default-locale=\"fr_FR\"><Title language-id=\"fr_FR\">Topic</Title></root>','',''),('7acf14e3-d616-4dba-9684-d645f9e362ca',130379,11107,10202,10205,'','2013-08-01 09:05:30','2014-02-24 10:08:55','Topic (35)','<?xml version=\'1.0\' encoding=\'UTF-8\'?><root available-locales=\"fr_FR\" default-locale=\"fr_FR\"><Title language-id=\"fr_FR\">Topic (35)</Title></root>','',''),('790d1371-186d-421c-b7b2-e8ee4b794046',135520,11107,10202,10205,'','2013-08-21 08:41:35','2014-02-24 10:08:23','Topic (36)','<?xml version=\'1.0\' encoding=\'UTF-8\'?><root available-locales=\"fr_FR\" default-locale=\"fr_FR\"><Title language-id=\"fr_FR\">Topic (36)</Title></root>','',''),('78504f3a-74eb-47b2-bfff-308e30424001',142531,142502,10202,10205,'','2013-08-27 14:49:50','2013-08-27 14:49:50','Topic','<?xml version=\'1.0\' encoding=\'UTF-8\'?><root available-locales=\"fr_FR\" default-locale=\"fr_FR\"><Title language-id=\"fr_FR\">Topic</Title></root>','',''),('78504f3a-74eb-47b2-bfff-308e30424001',142532,11107,10202,10205,'','2013-08-27 14:49:50','2017-11-16 12:12:06','Topic (37)','<?xml version=\'1.0\' encoding=\'UTF-8\'?><root available-locales=\"fr_FR\" default-locale=\"fr_FR\"><Title language-id=\"fr_FR\">Topic (37)</Title></root>','',''),('3f52bd8c-5190-40b1-a828-709d2e07e498',152523,152502,10202,10205,'','2013-09-25 09:54:37','2013-09-25 09:54:37','Topic','<?xml version=\'1.0\' encoding=\'UTF-8\'?><root available-locales=\"fr_FR\" default-locale=\"fr_FR\"><Title language-id=\"fr_FR\">Topic</Title></root>','',''),('b0f4a721-91a6-47f1-9883-6a85e6784a9d',152558,18202,10202,10205,'','2013-09-25 11:51:59','2013-09-25 11:51:59','Topic','<?xml version=\'1.0\' encoding=\'UTF-8\'?><root available-locales=\"fr_FR\" default-locale=\"fr_FR\"><Title language-id=\"fr_FR\">Topic</Title></root>','',''),('efccef04-367a-4e4b-8e8f-7a295386f418',157764,11107,10202,10205,'','2013-10-11 08:44:28','2014-02-24 10:08:50','Topic (38)','<?xml version=\'1.0\' encoding=\'UTF-8\'?><root available-locales=\"fr_FR\" default-locale=\"fr_FR\"><Title language-id=\"fr_FR\">Topic (38)</Title></root>','',''),('9f6345e6-4ca3-4bbe-ae07-4a860d8e8730',166737,166707,10202,10205,'','2013-11-19 15:00:30','2013-11-19 15:00:30','Topic','<?xml version=\'1.0\' encoding=\'UTF-8\'?><root available-locales=\"fr_FR\" default-locale=\"fr_FR\"><Title language-id=\"fr_FR\">Topic</Title></root>','',''),('9f6345e6-4ca3-4bbe-ae07-4a860d8e8730',166738,11107,10202,10205,'','2013-11-19 15:00:31','2013-11-19 15:00:31','Topic (39)','<?xml version=\'1.0\' encoding=\'UTF-8\'?><root available-locales=\"fr_FR\" default-locale=\"fr_FR\"><Title language-id=\"fr_FR\">Topic (39)</Title></root>','',''),('e4d181f6-2367-44db-9f66-3a3e72cb6036',167125,11107,10202,10205,'','2013-11-22 13:38:58','2013-11-22 14:18:12','Topic (40)','<?xml version=\'1.0\' encoding=\'UTF-8\'?><root available-locales=\"fr_FR\" default-locale=\"fr_FR\"><Title language-id=\"fr_FR\">Topic (40)</Title></root>','',''),('94831489-5ffe-47e2-ac0d-d28f7cd4a28e',168797,168683,10202,10205,'','2014-01-21 16:45:34','2014-01-21 16:45:34','Topic','<?xml version=\'1.0\' encoding=\'UTF-8\'?><root available-locales=\"fr_FR\" default-locale=\"fr_FR\"><Title language-id=\"fr_FR\">Topic</Title></root>','',''),('94831489-5ffe-47e2-ac0d-d28f7cd4a28e',168832,11107,10202,10205,'','2014-01-21 16:46:36','2014-02-24 09:48:32','Topic (41)','<?xml version=\'1.0\' encoding=\'UTF-8\'?><root available-locales=\"fr_FR\" default-locale=\"fr_FR\"><Title language-id=\"fr_FR\">Topic (41)</Title></root>','',''),('968ca2ad-3c65-4101-9818-884faa5dbd6b',169638,11107,10202,10205,'','2014-01-22 09:46:02','2014-02-24 10:08:37','Topic (42)','<?xml version=\'1.0\' encoding=\'UTF-8\'?><root available-locales=\"fr_FR\" default-locale=\"fr_FR\"><Title language-id=\"fr_FR\">Topic (42)</Title></root>','',''),('bd9f9ca7-a789-4916-a1c3-2e0ad3dabf5a',170117,11107,10202,10205,'','2014-01-22 17:07:09','2014-02-24 10:08:46','Topic (43)','<?xml version=\'1.0\' encoding=\'UTF-8\'?><root available-locales=\"fr_FR\" default-locale=\"fr_FR\"><Title language-id=\"fr_FR\">Topic (43)</Title></root>','',''),('e653de70-db63-4e1e-9921-fc36cb83e3da',170218,168731,10202,10205,'','2014-01-23 14:45:02','2014-01-23 14:45:02','Topic','<?xml version=\'1.0\' encoding=\'UTF-8\'?><root available-locales=\"fr_FR\" default-locale=\"fr_FR\"><Title language-id=\"fr_FR\">Topic</Title></root>','',''),('e653de70-db63-4e1e-9921-fc36cb83e3da',170219,11107,10202,10205,'','2014-01-23 14:45:02','2014-01-23 14:45:02','Topic (44)','<?xml version=\'1.0\' encoding=\'UTF-8\'?><root available-locales=\"fr_FR\" default-locale=\"fr_FR\"><Title language-id=\"fr_FR\">Topic (44)</Title></root>','',''),('cd63b1fe-4b66-4d98-b6c0-3f9064f0d250',171845,11107,10202,10205,'','2014-02-11 15:38:25','2014-02-11 15:38:25','Topic (45)','<?xml version=\'1.0\' encoding=\'UTF-8\'?><root available-locales=\"fr_FR\" default-locale=\"fr_FR\"><Title language-id=\"fr_FR\">Topic (45)</Title></root>','',''),('d5e0a61c-64f4-466b-9c26-49f1c91326f2',171867,11107,10202,10205,'','2014-02-11 15:38:27','2014-02-11 15:38:27','Topic (46)','<?xml version=\'1.0\' encoding=\'UTF-8\'?><root available-locales=\"fr_FR\" default-locale=\"fr_FR\"><Title language-id=\"fr_FR\">Topic (46)</Title></root>','',''),('156e3b0f-4110-4100-9bed-bed9b7fed965',173334,11107,10202,10205,'','2014-02-24 09:14:47','2017-10-16 13:28:06','Topic (47)','<?xml version=\'1.0\' encoding=\'UTF-8\'?><root available-locales=\"fr_FR\" default-locale=\"fr_FR\"><Title language-id=\"fr_FR\">Topic (47)</Title></root>','',''),('c29da9f3-d863-42ca-8738-0065f5cffd95',175094,11107,10202,10205,'','2014-03-20 09:27:20','2014-03-20 09:27:20','Topic (48)','<?xml version=\'1.0\' encoding=\'UTF-8\'?><root available-locales=\"fr_FR\" default-locale=\"fr_FR\"><Title language-id=\"fr_FR\">Topic (48)</Title></root>','',''),('23f2dfd3-d39c-4c3c-9dc6-89380c685067',175540,168620,10202,10205,'','2014-04-01 15:29:55','2014-04-01 15:29:55','Topic','<?xml version=\'1.0\' encoding=\'UTF-8\'?><root available-locales=\"fr_FR\" default-locale=\"fr_FR\"><Title language-id=\"fr_FR\">Topic</Title></root>','',''),('23f2dfd3-d39c-4c3c-9dc6-89380c685067',175541,175510,10202,10205,'','2014-04-01 15:29:56','2014-04-01 15:29:56','Topic','<?xml version=\'1.0\' encoding=\'UTF-8\'?><root available-locales=\"fr_FR\" default-locale=\"fr_FR\"><Title language-id=\"fr_FR\">Topic</Title></root>','',''),('057ecaba-fd10-4c4b-ad01-32383428784c',177469,11107,10202,10205,'','2014-04-17 16:16:07','2014-04-17 16:16:07','Topic (49)','<?xml version=\'1.0\' encoding=\'UTF-8\'?><root available-locales=\"fr_FR\" default-locale=\"fr_FR\"><Title language-id=\"fr_FR\">Topic (49)</Title></root>','',''),('497361e8-447e-49b1-abef-11ee34292fcf',226111,18211,10202,10205,'','2014-05-30 08:49:15','2014-05-30 08:49:15','Topic','<?xml version=\'1.0\' encoding=\'UTF-8\'?><root available-locales=\"fr_FR\" default-locale=\"fr_FR\"><Title language-id=\"fr_FR\">Topic</Title></root>','',''),('d7b3252b-e197-4cca-89a8-d3e01385e9b8',311471,311379,10202,10205,'','2017-10-16 13:28:08','2017-10-16 13:28:08','Topic','<?xml version=\'1.0\' encoding=\'UTF-8\'?><root available-locales=\"fr_FR\" default-locale=\"fr_FR\"><Title language-id=\"fr_FR\">Topic</Title></root>','',''),('d7b3252b-e197-4cca-89a8-d3e01385e9b8',311472,11107,10202,10205,'','2017-10-16 13:28:08','2017-10-16 13:28:08','Topic (50)','<?xml version=\'1.0\' encoding=\'UTF-8\'?><root available-locales=\"fr_FR\" default-locale=\"fr_FR\"><Title language-id=\"fr_FR\">Topic (50)</Title></root>','',''),('7bc08e94-0912-4780-9eca-2d0336811d40',312615,311504,10202,10205,'','2017-11-02 10:54:29','2017-11-02 10:54:29','Topic','<?xml version=\'1.0\' encoding=\'UTF-8\'?><root available-locales=\"fr_FR\" default-locale=\"fr_FR\"><Title language-id=\"fr_FR\">Topic</Title></root>','',''),('7bc08e94-0912-4780-9eca-2d0336811d40',312616,11107,10202,10205,'','2017-11-02 10:54:30','2017-11-02 10:54:30','Topic (51)','<?xml version=\'1.0\' encoding=\'UTF-8\'?><root available-locales=\"fr_FR\" default-locale=\"fr_FR\"><Title language-id=\"fr_FR\">Topic (51)</Title></root>','',''),('b27a8496-24ab-45c9-a06c-4d35f9bdf3dd',313228,313092,10202,10205,'','2017-11-02 14:31:48','2017-11-02 14:31:48','Topic','<?xml version=\'1.0\' encoding=\'UTF-8\'?><root available-locales=\"fr_FR\" default-locale=\"fr_FR\"><Title language-id=\"fr_FR\">Topic</Title></root>','',''),('b27a8496-24ab-45c9-a06c-4d35f9bdf3dd',313229,11107,10202,10205,'','2017-11-02 14:31:49','2017-11-02 14:31:49','Topic (52)','<?xml version=\'1.0\' encoding=\'UTF-8\'?><root available-locales=\"fr_FR\" default-locale=\"fr_FR\"><Title language-id=\"fr_FR\">Topic (52)</Title></root>','',''),('06fbd615-bf09-4c0b-8c10-bb71b77fabdf',313745,313702,10202,10205,'','2017-11-16 07:23:00','2017-11-16 07:23:00','Topic','<?xml version=\'1.0\' encoding=\'UTF-8\'?><root available-locales=\"fr_FR\" default-locale=\"fr_FR\"><Title language-id=\"fr_FR\">Topic</Title></root>','',''),('06fbd615-bf09-4c0b-8c10-bb71b77fabdf',313746,11107,10202,10205,'','2017-11-16 07:23:01','2017-11-16 07:23:01','Topic (53)','<?xml version=\'1.0\' encoding=\'UTF-8\'?><root available-locales=\"fr_FR\" default-locale=\"fr_FR\"><Title language-id=\"fr_FR\">Topic (53)</Title></root>','',''),('c4a6e410-1543-4719-8af2-780fb53cba44',313767,313706,10202,10205,'','2017-11-16 07:23:04','2017-11-16 07:23:04','Topic','<?xml version=\'1.0\' encoding=\'UTF-8\'?><root available-locales=\"fr_FR\" default-locale=\"fr_FR\"><Title language-id=\"fr_FR\">Topic</Title></root>','',''),('c4a6e410-1543-4719-8af2-780fb53cba44',313768,11107,10202,10205,'','2017-11-16 07:23:04','2017-11-16 07:23:04','Topic (54)','<?xml version=\'1.0\' encoding=\'UTF-8\'?><root available-locales=\"fr_FR\" default-locale=\"fr_FR\"><Title language-id=\"fr_FR\">Topic (54)</Title></root>','',''),('6c609c1c-400e-4aa1-b0da-e5ae33779236',314815,314142,10202,10205,'','2017-11-16 12:12:02','2017-11-16 12:12:02','Topic','<?xml version=\'1.0\' encoding=\'UTF-8\'?><root available-locales=\"fr_FR\" default-locale=\"fr_FR\"><Title language-id=\"fr_FR\">Topic</Title></root>','',''),('6c609c1c-400e-4aa1-b0da-e5ae33779236',314816,11107,10202,10205,'','2017-11-16 12:12:02','2017-11-16 12:12:02','Topic (55)','<?xml version=\'1.0\' encoding=\'UTF-8\'?><root available-locales=\"fr_FR\" default-locale=\"fr_FR\"><Title language-id=\"fr_FR\">Topic (55)</Title></root>','',''),('0fe4e527-4959-4470-a1ee-ee10eb49f700',314837,314156,10202,10205,'','2017-11-16 12:12:05','2017-11-16 12:12:05','Topic','<?xml version=\'1.0\' encoding=\'UTF-8\'?><root available-locales=\"fr_FR\" default-locale=\"fr_FR\"><Title language-id=\"fr_FR\">Topic</Title></root>','',''),('0fe4e527-4959-4470-a1ee-ee10eb49f700',314838,11107,10202,10205,'','2017-11-16 12:12:05','2017-11-16 12:12:05','Topic (56)','<?xml version=\'1.0\' encoding=\'UTF-8\'?><root available-locales=\"fr_FR\" default-locale=\"fr_FR\"><Title language-id=\"fr_FR\">Topic (56)</Title></root>','','');

--
-- Table structure for table `blogpodcast_blogcategory`
--

CREATE TABLE `blogpodcast_blogcategory` (
  `categoryId` bigint(20) NOT NULL,
  `parentCategoryId` bigint(20) DEFAULT NULL,
  `channelId` bigint(20) DEFAULT NULL,
  `groupId` bigint(20) DEFAULT NULL,
  `userId` bigint(20) DEFAULT NULL,
  `title` varchar(250) DEFAULT NULL,
  PRIMARY KEY (`categoryId`),
  KEY `channelId` (`channelId`),
  KEY `userId` (`userId`),
  KEY `groupId` (`groupId`),
  KEY `parentCategoryId` (`parentCategoryId`),
  KEY `IX_336A1A2B` (`channelId`),
  KEY `IX_7B22F867` (`groupId`),
  KEY `IX_379AFC1A` (`parentCategoryId`),
  KEY `IX_FB1E8DD` (`userId`)
) ENGINE=InnoDB DEFAULT CHARSET=utf8;

--
-- Dumping data for table `blogpodcast_blogcategory`
--


--
-- Table structure for table `blogpodcast_blogchannel`
--

CREATE TABLE `blogpodcast_blogchannel` (
  `channelId` bigint(20) NOT NULL,
  `groupId` bigint(20) DEFAULT NULL,
  `userId` bigint(20) DEFAULT NULL,
  `title` varchar(250) DEFAULT NULL,
  `description` longtext,
  `pubDate` date DEFAULT NULL,
  `lastBuildDate` date DEFAULT NULL,
  `configuration` text,
  `topBand` varchar(250) DEFAULT NULL,
  `active_` tinyint(1) DEFAULT '1',
  PRIMARY KEY (`channelId`),
  KEY `groupId` (`groupId`),
  KEY `userId` (`userId`),
  KEY `IX_C8983E20` (`groupId`),
  KEY `IX_8E108804` (`userId`)
) ENGINE=InnoDB DEFAULT CHARSET=utf8;

--
-- Dumping data for table `blogpodcast_blogchannel`
--

INSERT INTO `blogpodcast_blogchannel` VALUES (118403,11107,11105,'Blog de L\'equipe Technique','News Basket-Ball','2013-07-19','2014-07-01','{\"showCategoryTag\":true,\"showCategoryTree\":true,\"color\":\"#00bfbf\",\"showArchiveList\":true}','{\"height\":0,\"width\":800,\"imageInternetName\":\"nba_header (2).jpg\",\"imageInternet\":\"119460\",\"repeat\":false,\"defaultImageInternet\":\"\"}',1),(270501,11107,11105,'Blog de L\'equipe Technique','','2014-07-25','2014-07-25','','',1),(270805,11107,11105,'Blog de L\'equipe Technique','','2014-07-25','2014-07-25','','',1),(271110,11107,11105,'Blog de L\'equipe Technique','','2014-07-25','2014-07-25','','',1);

--
-- Table structure for table `blogpodcast_blogitem`
--

CREATE TABLE `blogpodcast_blogitem` (
  `itemId` bigint(20) NOT NULL,
  `companyId` bigint(20) DEFAULT NULL,
  `channelId` bigint(20) DEFAULT NULL,
  `groupId` bigint(20) DEFAULT NULL,
  `userId` bigint(20) DEFAULT NULL,
  `categoryId` bigint(20) DEFAULT NULL,
  `title` varchar(300) DEFAULT NULL,
  `description` longtext,
  `pubDate` date DEFAULT NULL,
  PRIMARY KEY (`itemId`),
  KEY `companyId` (`companyId`),
  KEY `channelId` (`channelId`),
  KEY `userId` (`userId`),
  KEY `groupId` (`groupId`),
  KEY `categoryId` (`categoryId`),
  KEY `pubDate` (`pubDate`),
  KEY `categoryId_2` (`categoryId`,`pubDate`),
  KEY `groupId_2` (`groupId`,`pubDate`),
  KEY `userId_2` (`userId`,`pubDate`),
  KEY `channelId_2` (`channelId`,`pubDate`),
  KEY `IX_1C64AAE5` (`categoryId`),
  KEY `IX_EB6F5F76` (`categoryId`,`pubDate`),
  KEY `IX_A50FEEB6` (`channelId`),
  KEY `IX_9BB4D6C5` (`channelId`,`pubDate`),
  KEY `IX_766B6130` (`companyId`),
  KEY `IX_F4BA73B2` (`groupId`),
  KEY `IX_A1EA2D49` (`groupId`,`pubDate`),
  KEY `IX_5EB797C3` (`pubDate`),
  KEY `IX_3CE85832` (`userId`),
  KEY `IX_C9D558C9` (`userId`,`pubDate`)
) ENGINE=InnoDB DEFAULT CHARSET=utf8;

--
-- Dumping data for table `blogpodcast_blogitem`
--


--
-- Table structure for table `blogsentry`
--

CREATE TABLE `blogsentry` (
  `uuid_` varchar(75) DEFAULT NULL,
  `entryId` bigint(20) NOT NULL,
  `groupId` bigint(20) DEFAULT NULL,
  `companyId` bigint(20) DEFAULT NULL,
  `userId` bigint(20) DEFAULT NULL,
  `userName` varchar(75) DEFAULT NULL,
  `createDate` datetime DEFAULT NULL,
  `modifiedDate` datetime DEFAULT NULL,
  `title` varchar(150) DEFAULT NULL,
  `urlTitle` varchar(150) DEFAULT NULL,
  `content` longtext,
  `displayDate` datetime DEFAULT NULL,
  `allowTrackbacks` tinyint(4) DEFAULT NULL,
  `trackbacks` longtext,
  `allowPingbacks` tinyint(4) DEFAULT NULL,
  `status` int(11) DEFAULT NULL,
  `statusByUserId` bigint(20) DEFAULT NULL,
  `statusByUserName` varchar(75) DEFAULT NULL,
  `statusDate` datetime DEFAULT NULL,
  `description` longtext,
  `smallImage` tinyint(4) DEFAULT NULL,
  `smallImageId` varchar(75) DEFAULT NULL,
  `smallImageURL` longtext,
  PRIMARY KEY (`entryId`),
  UNIQUE KEY `IX_DB780A20` (`groupId`,`urlTitle`),
  UNIQUE KEY `IX_1B1040FD` (`uuid_`,`groupId`),
  KEY `IX_72EF6041` (`companyId`),
  KEY `IX_81A50303` (`groupId`),
  KEY `IX_C07CA83D` (`groupId`,`userId`),
  KEY `IX_69157A4D` (`uuid_`),
  KEY `IX_430D791F` (`companyId`,`displayDate`),
  KEY `IX_BB0C2905` (`companyId`,`displayDate`,`status`),
  KEY `IX_EB2DCE27` (`companyId`,`status`),
  KEY `IX_8CACE77B` (`companyId`,`userId`),
  KEY `IX_A5F57B61` (`companyId`,`userId`,`status`),
  KEY `IX_621E19D` (`groupId`,`displayDate`),
  KEY `IX_F0E73383` (`groupId`,`displayDate`,`status`),
  KEY `IX_1EFD8EE9` (`groupId`,`status`),
  KEY `IX_FBDE0AA3` (`groupId`,`userId`,`displayDate`),
  KEY `IX_DA04F689` (`groupId`,`userId`,`displayDate`,`status`),
  KEY `IX_49E15A23` (`groupId`,`userId`,`status`),
  KEY `IX_2672F77F` (`displayDate`,`status`)
) ENGINE=InnoDB DEFAULT CHARSET=utf8;

--
-- Dumping data for table `blogsentry`
--

INSERT INTO `blogsentry` VALUES ('49c5d4d8-4b03-4710-b7c7-df98ccd19adb',313320,18202,10202,11105,'L\'equipe Technique','2017-11-02 14:38:43','2017-11-02 14:38:43','Bienvenue sur l\'ENT Néro','bienvenue-sur-l-ent-nero','<p>Prenez en main votre environnement num&eacute;rique de travail.</p>','2017-11-02 14:38:00',0,'',0,0,11105,'L\'equipe Technique','2017-11-02 14:38:43','<p>Prenez en main votre environnement num&eacute;rique de travail.</p>',0,'0','');

--
-- Table structure for table `blogsstatsuser`
--

CREATE TABLE `blogsstatsuser` (
  `statsUserId` bigint(20) NOT NULL,
  `groupId` bigint(20) DEFAULT NULL,
  `companyId` bigint(20) DEFAULT NULL,
  `userId` bigint(20) DEFAULT NULL,
  `entryCount` int(11) DEFAULT NULL,
  `lastPostDate` datetime DEFAULT NULL,
  `ratingsTotalEntries` int(11) DEFAULT NULL,
  `ratingsTotalScore` double DEFAULT NULL,
  `ratingsAverageScore` double DEFAULT NULL,
  PRIMARY KEY (`statsUserId`),
  UNIQUE KEY `IX_82254C25` (`groupId`,`userId`),
  KEY `IX_90CDA39A` (`companyId`,`entryCount`),
  KEY `IX_43840EEB` (`groupId`),
  KEY `IX_28C78D5C` (`groupId`,`entryCount`),
  KEY `IX_BB51F1D9` (`userId`),
  KEY `IX_507BA031` (`userId`,`lastPostDate`)
) ENGINE=InnoDB DEFAULT CHARSET=utf8;

--
-- Dumping data for table `blogsstatsuser`
--

INSERT INTO `blogsstatsuser` VALUES (313327,18202,10202,11105,1,'2017-11-02 14:38:00',0,0,0);

--
-- Table structure for table `bookmarksentry`
--

CREATE TABLE `bookmarksentry` (
  `uuid_` varchar(75) DEFAULT NULL,
  `entryId` bigint(20) NOT NULL,
  `groupId` bigint(20) DEFAULT NULL,
  `companyId` bigint(20) DEFAULT NULL,
  `userId` bigint(20) DEFAULT NULL,
  `createDate` datetime DEFAULT NULL,
  `modifiedDate` datetime DEFAULT NULL,
  `folderId` bigint(20) DEFAULT NULL,
  `name` varchar(255) DEFAULT NULL,
  `url` longtext,
  `visits` int(11) DEFAULT NULL,
  `priority` int(11) DEFAULT NULL,
  `userName` varchar(75) DEFAULT NULL,
  `resourceBlockId` bigint(20) DEFAULT NULL,
  `description` longtext,
  PRIMARY KEY (`entryId`),
  UNIQUE KEY `IX_EAA02A91` (`uuid_`,`groupId`),
  KEY `IX_443BDC38` (`folderId`),
  KEY `IX_E52FF7EF` (`groupId`),
  KEY `IX_E2E9F129` (`groupId`,`userId`),
  KEY `IX_B670BA39` (`uuid_`),
  KEY `IX_5200100C` (`groupId`,`folderId`),
  KEY `IX_E848278F` (`resourceBlockId`)
) ENGINE=InnoDB DEFAULT CHARSET=utf8;

--
-- Dumping data for table `bookmarksentry`
--


--
-- Table structure for table `bookmarksfolder`
--

CREATE TABLE `bookmarksfolder` (
  `uuid_` varchar(75) DEFAULT NULL,
  `folderId` bigint(20) NOT NULL,
  `groupId` bigint(20) DEFAULT NULL,
  `companyId` bigint(20) DEFAULT NULL,
  `userId` bigint(20) DEFAULT NULL,
  `createDate` datetime DEFAULT NULL,
  `modifiedDate` datetime DEFAULT NULL,
  `parentFolderId` bigint(20) DEFAULT NULL,
  `name` varchar(75) DEFAULT NULL,
  `description` longtext,
  `userName` varchar(75) DEFAULT NULL,
  `resourceBlockId` bigint(20) DEFAULT NULL,
  PRIMARY KEY (`folderId`),
  UNIQUE KEY `IX_DC2F8927` (`uuid_`,`groupId`),
  KEY `IX_2ABA25D7` (`companyId`),
  KEY `IX_7F703619` (`groupId`),
  KEY `IX_967799C0` (`groupId`,`parentFolderId`),
  KEY `IX_451E7AE3` (`uuid_`),
  KEY `IX_28A49BB9` (`resourceBlockId`)
) ENGINE=InnoDB DEFAULT CHARSET=utf8;

--
-- Dumping data for table `bookmarksfolder`
--


--
-- Table structure for table `browsertracker`
--

CREATE TABLE `browsertracker` (
  `browserTrackerId` bigint(20) NOT NULL,
  `userId` bigint(20) DEFAULT NULL,
  `browserKey` bigint(20) DEFAULT NULL,
  PRIMARY KEY (`browserTrackerId`),
  UNIQUE KEY `IX_E7B95510` (`userId`)
) ENGINE=InnoDB DEFAULT CHARSET=utf8;

--
-- Dumping data for table `browsertracker`
--

INSERT INTO `browsertracker` VALUES (168540,11105,1221683236569);

--
-- Table structure for table `calevent`
--

CREATE TABLE `calevent` (
  `uuid_` varchar(75) DEFAULT NULL,
  `eventId` bigint(20) NOT NULL,
  `groupId` bigint(20) DEFAULT NULL,
  `companyId` bigint(20) DEFAULT NULL,
  `userId` bigint(20) DEFAULT NULL,
  `userName` varchar(75) DEFAULT NULL,
  `createDate` datetime DEFAULT NULL,
  `modifiedDate` datetime DEFAULT NULL,
  `title` varchar(75) DEFAULT NULL,
  `description` longtext,
  `startDate` datetime DEFAULT NULL,
  `endDate` datetime DEFAULT NULL,
  `durationHour` int(11) DEFAULT NULL,
  `durationMinute` int(11) DEFAULT NULL,
  `allDay` tinyint(4) DEFAULT NULL,
  `timeZoneSensitive` tinyint(4) DEFAULT NULL,
  `type_` varchar(75) DEFAULT NULL,
  `repeating` tinyint(4) DEFAULT NULL,
  `recurrence` longtext,
  `remindBy` int(11) DEFAULT NULL,
  `firstReminder` int(11) DEFAULT NULL,
  `secondReminder` int(11) DEFAULT NULL,
  `location` longtext,
  PRIMARY KEY (`eventId`),
  UNIQUE KEY `IX_5CCE79C8` (`uuid_`,`groupId`),
  KEY `IX_D6FD9496` (`companyId`),
  KEY `IX_12EE4898` (`groupId`),
  KEY `IX_4FDDD2BF` (`groupId`,`repeating`),
  KEY `IX_FCD7C63D` (`groupId`,`type_`),
  KEY `IX_F6006202` (`remindBy`),
  KEY `IX_C1AD2122` (`uuid_`),
  KEY `IX_FD93CBFA` (`groupId`,`type_`,`repeating`)
) ENGINE=InnoDB DEFAULT CHARSET=utf8;

--
-- Dumping data for table `calevent`
--

INSERT INTO `calevent` VALUES ('2cee326c-bbce-4086-9100-73d7948e5502',175582,175510,10202,11105,'L\'equipe Technique','2014-04-01 15:30:39','2014-04-01 15:30:39','popo','<p>\n	popop</p>','2014-04-01 15:30:00','2015-04-01 21:59:59',1,0,0,1,'anniversary',0,'null',1,900000,300000,''),('ea54cca1-c4d8-4291-9cce-0fa0793dd3a3',178606,175510,10202,11105,'L\'equipe Technique','2014-04-28 15:24:18','2014-04-28 15:24:18','polo','<p>\n	o</p>','2014-04-28 15:30:00','2015-04-28 21:59:59',1,0,0,1,'anniversary',0,'null',1,900000,300000,'');

--
-- Table structure for table `cantine_cantinealiment`
--

CREATE TABLE `cantine_cantinealiment` (
  `alimentId` bigint(20) NOT NULL,
  `familleAlimentId` bigint(20) DEFAULT NULL,
  `nomAliment` varchar(75) DEFAULT NULL,
  `protide` double DEFAULT NULL,
  `lipide` double DEFAULT NULL,
  `glucide` double DEFAULT NULL,
  `calcium` double DEFAULT NULL,
  PRIMARY KEY (`alimentId`),
  KEY `IX_BEE6A906` (`familleAlimentId`),
  KEY `IX_C952688A` (`nomAliment`,`familleAlimentId`)
) ENGINE=InnoDB DEFAULT CHARSET=utf8;

--
-- Dumping data for table `cantine_cantinealiment`
--

INSERT INTO `cantine_cantinealiment` VALUES (116345,116344,'spaghetti',1,2,32,4),(3848488,3848463,'POIRE',1,4,5,6.2),(3848507,3848463,'FRAISE',1.1,2.2,2.2,0.1),(3848509,3848460,'Brocoli',1,3,0,0),(3848510,3848460,'Navet',2,3,4,0),(3850972,3848463,'Abricot',1.3,0,2.1,0),(3850973,3848463,'Pêche',1,2,6,1),(3850974,3848463,'Pomme',1.4,4.3,2.1,0),(3850975,3848463,'Melon',3.2,1.2,0.3,0.9),(3850977,3848463,'Pasteque',3,1,3,3),(3850979,3848463,'Framboise',2,3,1,3),(3850981,3848463,'Prune',1,2,3,4),(3858406,3858405,'Abricot frais',1.4,0.39,9.2,13.4),(3858408,3858405,'Abricot sirop',0.5,0.05,15.2,13.7),(3858410,3858409,'Agneau côte',22.6,15.5,0,19.7),(3858411,3858409,'Agneau épaule',22,24,0,10),(3858412,3858409,'Agneau gigot',25,14,0,21.8),(3858414,3858413,'Ail frais',7.1,0.5,14.9,98.7),(3858415,3858405,'Amande',23.6,52.9,5.6,248),(3858416,3858405,'Ananas frais',0.54,0.24,10.2,20.9),(3858417,3858405,'Ananas sirop',0.39,0.28,16.7,14.5),(3858419,3858418,'Anchois semi-conserve',26.4,8.45,0.2,291),(3858420,3858409,'Andouillette',19.4,17,0.2,29.2),(3858422,3858421,'Artichaut cru',2.9,0.15,2.8,47),(3858423,3858421,'Artichaut cuit',3.1,0.18,1,49.5),(3858424,3858421,'Asperges appertisée',2.65,0.38,1.17,17.6),(3858425,3858421,'Asperges cuite',2.4,0.22,1.3,20.9),(3858426,3858421,'Aubergine cuite',0.83,0.2,3.4,20.1),(3858427,3858421,'Avocat frais',1.9,13.9,0.8,10.7),(3858429,3858428,'Baba rhum',3.2,13.4,28.8,44.3),(3858431,3858430,'Bacon cuit filet',23,3.18,0.4,10),(3858432,3858405,'Banane fraiche',0.9,0.22,20.2,4.8),(3858433,3858418,'Bar / loup cru',19.1,3.05,0,70),(3858434,3858413,'Basilic frais',2.8,0.7,5.1,202),(3858436,3858435,'Beaufort',26.6,32.7,0,995),(3858437,3858428,'Beignet aux fruits',5.3,16.1,31.5,25.7),(3858438,3858428,'Beignet nature',6.6,15.8,46.8,22),(3858439,3858421,'Betterave rouge cuite',2,0.14,8.1,17),(3858441,3858440,'Beurre doux',0.7,82.6,0.5,14.5),(3858443,3858442,'Bierre s/ alcool',0.25,0.03,4.88,4.6),(3858444,3858409,'Bifteck grillé',28,4,0,8.2),(3858446,3858445,'Blanc d\'œuf',10.3,0.17,0.71,6.67),(3858447,3858409,'Blanquette de veau',8.5,5.4,1.6,26),(3858448,3858421,'Blé sec',11.3,1.7,71.9,55),(3858449,3858421,'Blette cuite',1.88,0.08,2,66.9),(3858450,3858435,'Bleu d\'Auvergne',19.9,29.7,0,563),(3858451,3858435,'Bleu de Bresse',17.9,31,1.3,450),(3858452,3858409,'Bœuf à bourguignon',30,8.5,0,11),(3858453,3858409,'Boudin noir',14.8,21.6,1.8,27.2),(3858455,3858454,'Bouillon bœuf déshydraté',14.5,13.3,15.1,42.5),(3858456,3858409,'Boulettes cuites',15.2,11.7,5.7,29),(3858457,3858409,'Bourguignon cuit',6.7,3,6.4,15.6),(3858458,3858435,'Brie',18.4,28.4,0.1,313),(3858459,3858428,'Brioche artisanale',9.3,12.8,49.2,41.9),(3858460,3858409,'Brochette de bœuf',18,14.6,0.9,7.6),(3858461,3858421,'Brocoli cuit',3.1,0.6,1.4,7.6),(3858462,3858428,'Brownie chocolat',6.3,25.3,47.9,51),(3858463,3858418,'Cabillaud cru',18.3,0.4,0,18.2),(3858464,3858428,'Cake aux fruits',4.8,16.1,61.2,52),(3858465,3858428,'Cake salé',12.7,15.9,17.8,107),(3858466,3858435,'Camembert',24.6,12.1,0.2,484),(3858468,3858467,'Canard',25,10,0,13),(3858470,3858469,'Cannelloni à la viande',9.4,6.4,9.7,82.5),(3858471,3858435,'Cantal, Salers',23.9,29.9,0,798),(3858472,3858413,'Câpres',2.36,0.48,2.1,29.5),(3858473,3858421,'Cardon cru',0.65,0.1,1.7,52),(3858474,3858421,'Carotte appertisée',0.6,0.19,3,22),(3858475,3858421,'Carotte crue',0.84,0.27,6.6,31.9),(3858476,3858421,'Carotte cuite',0.76,0.18,4.3,48.4),(3858477,3858421,'Carotte surgelée',0.84,0.12,4.8,34),(3858478,3858435,'Carré de l\'est',21,25.5,0,284),(3858479,3858421,'Céléri branche appertisé',0.83,0.1,1.3,29.2),(3858480,3858421,'Céleri cru',0.69,0.18,1.9,48),(3858481,3858421,'Céleri rave',1.76,0.3,2.2,41.7),(3858482,3858421,'Celeri rémoulade',0.98,13.6,1.6,28.9),(3858483,3858405,'Cerise au sirop',0.79,0.15,25.5,12),(3858484,3858405,'Cerise fraiche',1.2,0.27,14.1,11),(3858485,3858409,'Cervelas',11.3,28,1.07,28),(3858486,3858435,'Chabichou',20.5,22.8,2,103),(3858487,3858442,'Champagne',0.1,0,1.4,5.1),(3858488,3858421,'Champignon appertisé',1.87,0.29,2.56,17.2),(3858489,3858421,'Champignons à la grèque',2,6.6,2.8,18.1),(3858490,3858421,'Champignons tout types',3.09,0.34,1.7,7.5),(3858491,3858430,'Charcuterie',18,16.8,2.1,15.1),(3858492,3858428,'Charlotte aux fruits',5.2,6.6,28.2,38),(3858493,3858435,'Charource',17.4,22,0,81),(3858494,3858421,'Chataigne cuite à l\'eau',2,1.38,27.8,17.4),(3858495,3858428,'Chausson aux pommes',3.3,22.3,33.6,51.1),(3858496,3858435,'Cheddar',26,33.4,1.3,757),(3858498,3858497,'Cheeseburguer',13.3,11,27.2,118),(3858499,3858409,'Cheval',28,6.9,0.2,4.8),(3858500,3858435,'Chevre (buche)',19.3,24.2,2,113),(3858501,3858409,'Chevreuil rôti',32.6,4.8,0,15.5),(3858502,3858421,'Chicorrée frisée',1.5,0.25,2.3,63),(3858503,3858409,'Chili con carné',7.51,2.8,8.5,32.8),(3858504,3858409,'Chipolata cuite',19,25.4,1,0),(3858506,3858505,'Chips',6.1,34.4,42.4,31),(3858507,3858505,'Chocolat liegeois',3.6,6.3,20,95),(3858508,3858430,'Chorizo sec',23.8,41.7,1.15,35.8),(3858509,3858421,'Choucroute garnie appert',5,9.2,3.7,43.2),(3858510,3858428,'Chouquette',9.8,23.4,36.3,204),(3858511,3858428,'Choux à la crème',4.45,16.8,28.9,71.6),(3858512,3858421,'Choux blanc cru',1.25,0.2,3.8,50),(3858513,3858421,'Choux de bruxelle appert',2.6,1,2.7,26.3),(3858514,3858421,'Choux de bruxelle cuit',1.9,0.3,3.2,38),(3858515,3858421,'Choux de bruxelle surgelé',3.47,0.28,5.3,22),(3858516,3858421,'Choux rouge cru',1.44,0.18,3.6,44.5),(3858517,3858421,'Choux vert cuit',1.27,0.41,2.2,58.9),(3858518,3858421,'Choux-fleur cru',2.4,0.3,2.2,34.2),(3858519,3858421,'Choux-fleur cuit',1.84,0.45,1.61,26.2),(3858520,3858421,'Choux-fleur surgelé',1.64,0.14,2.1,22),(3858522,3858521,'Ciboulette fraiche',2.8,0.66,1.8,78),(3858523,3858442,'Cidre',0,0,3.7,7.3),(3858524,3858405,'Citron',0.8,0.3,2.9,0),(3858526,3858405,'Citron frais',0.8,0.45,2.9,16.5),(3858527,3858405,'Citron vert frais',0.42,0.07,1.7,14),(3858528,3858428,'Clafoutis aux fruits',5,7.26,31.8,50),(3858529,3858421,'Cœur de bœuf cuit',27.9,5.7,0,6),(3858530,3858421,'Cœur de palmier',2.7,0.6,5.04,48.8),(3858531,3858405,'Coing frais',0.4,0.1,6.3,11),(3858533,3858532,'Compote de pomme apper',0.26,0.1,22,11),(3858534,3858435,'Comté',28.4,32.6,0,909),(3858535,3858421,'Concombre',0.59,0.16,1.5,14),(3858536,3858409,'Confit de canard',30.7,10.8,0,9.6),(3858537,3858532,'Confiture',0.46,0.27,54.4,19.5),(3858538,3858428,'Cookie',6.8,25.9,62.6,42),(3858539,3858409,'Coppa',25.7,15.1,0.61,11),(3858540,3858418,'Coquille st jacques cuite',23.4,1.4,0,120),(3858541,3858409,'Cordon bleu',11.4,9.3,13.8,0),(3858543,3858542,'Coriande',12.4,17.8,19.5,709),(3858544,3858542,'Cornichons',0.9,0.4,1,16.5),(3858545,3858421,'Cote de porc grillée',28,15.3,0,26.7),(3858546,3858409,'Cote de veau',26.3,15.1,0.2,29),(3858547,3858421,'Coucous graine',6.7,0.77,34.7,15.2),(3858548,3858454,'Coulis de fruits rouges',0.98,0.55,18.1,24.1),(3858549,3858435,'Coulomier',19.4,24.6,0.1,320),(3858550,3858421,'Courgette cuite',0.64,0.05,1.8,30.4),(3858552,3858551,'Crabe appertisé',22.9,4.77,1,120),(3858553,3858440,'Crème anglaise',3.2,3.6,11,112),(3858554,3858440,'Crème brûlée',4.5,24.5,14.5,67),(3858555,3858440,'Crème caramel',5.4,2.8,21.3,103),(3858556,3858440,'Crème chantilly s/ pression',2.19,28.6,10.8,101),(3858557,3858442,'Crème de cassis',0,0,40.9,16.6),(3858558,3858532,'Crème de marron appert',1.95,1.22,61.2,15.3),(3858560,3858559,'Crème dessert aux œufs',4.5,8.5,19.9,100),(3858561,3858532,'Crème dessert chocolat app',4.4,4.5,20.2,130),(3858562,3858532,'Crème glacée',3.6,10,25,93),(3858563,3858532,'Crème patissière',2.8,1.6,19,108),(3858564,3858440,'Crème UHT 30%',2.11,34.3,3.9,70),(3858565,3858409,'Crêpe jambon/fromage',7,6.79,18.1,79.6),(3858566,3858421,'Cresson',2,0.15,0.5,55.1),(3858567,3858551,'Crevette cuite',21.3,1.1,0.3,83.2),(3858568,3858428,'Croissant beurre',7.13,26.9,42.1,49),(3858569,3858497,'Croque monsieur',13.6,15.3,22.7,236),(3858570,3858435,'Crotin de chèvre',20.8,28.8,3,144),(3858572,3858571,'Crudité s/assaisonement',1.2,0.95,3.1,21.1),(3858573,3858571,'Crudité vinaigrette',1.2,2.2,3.1,20.8),(3858574,3858428,'Crumble aux pommes',2.7,9,32.8,9),(3858575,3858409,'Cuisse de grenouille',16.4,0.25,0,18),(3858576,3858413,'Cumin graine',17.8,22.3,33.7,931),(3858577,3858413,'Curry poudre',12.7,13.8,25,478),(3858578,3858405,'Date',2.1,0.2,58.1,50.6),(3858579,3858418,'Daurade grise',18.7,0.18,0,38),(3858580,3858532,'Dessert (moyen)',4,3.4,19.2,71),(3858581,3858409,'Dinde (escalope)',28.5,2.25,0,8.8),(3858582,3858409,'Dinde (rôti)',29.4,2.9,0,17),(3858583,3858497,'Double cheeseburguer',14.9,13,19.4,112),(3858584,3858442,'Eau',1.9,0.15,3.2,31),(3858585,3858428,'Eclair',5.78,11.8,31.3,68.4),(3858586,3858551,'Ecrevisse crue',15.2,0.6,1.1,45.5),(3858587,3858435,'Edam',24.9,25.7,0,819),(3858588,3858418,'Eglefin cuit vapeur',20.9,0.6,0,26),(3858589,3858418,'Eglefin pané frit',14.7,10,2.8,120),(3858590,3858435,'Emmental',28.4,29.6,0.3,1055),(3858591,3858421,'Endive crue',1,0.1,1.6,26.1),(3858592,3858421,'Endive cuite',1.5,0.35,0.4,45.9),(3858593,3858413,'Epice (moyen)',10.5,5.1,23,325),(3858594,3858421,'Epinard cru',2.6,0.3,0.53,92.7),(3858595,3858421,'Epinard cuit',1.4,0.29,3.6,196),(3858596,3858421,'Epinard surgelé',2.6,0.16,1.5,156),(3858597,3858409,'Escalope de veau cuite',31,3,0,10.8),(3858598,3858409,'Escalope de veau panée',22.7,14.1,12.6,28.7),(3858599,3858409,'Escargot cru',16,1,2,170),(3858600,3858409,'Faisan roti',32.5,9.4,0,50),(3858601,3858409,'Farine',0,0,0,0),(3858602,3858421,'Fenouil cru',1.07,0.2,2.3,36.5),(3858603,3858421,'Fenouil cuit à l\'eau',1.13,0.1,0.8,43.7),(3858604,3858409,'Feuilleté jambon/fromage',8.8,20.5,27.3,115),(3858605,3858421,'Feve cuite',5.8,0.57,8.5,24),(3858606,3858405,'Figue fraiche',1.02,0.3,12.3,38.7),(3858607,3858405,'Figue séchée',2.8,1.4,52.5,165),(3858608,3858421,'Flageolet appert',4.1,0.5,9.4,45.7),(3858609,3858428,'Flammenbuche',2.87,13.9,29.1,52),(3858610,3858428,'Flan patissier',4.2,8.1,27.9,86.5),(3858611,3858418,'Flétan cru',21.3,2.8,0,15),(3858613,3858612,'Foie de veau cuit',22.3,6,4,7.67),(3858614,3858430,'Foie gras appertisé',6.9,54,1.8,1.7),(3858615,3858430,'Foie gras entier canard app',7.4,52.9,1.6,10),(3858616,3858454,'Fond brun lié',15.2,14,35.6,0),(3858617,3858435,'Fondue savoyarde',15.2,16.6,3.8,517),(3858618,3858435,'Fourme d\'Ambert',19.8,28.5,0,490),(3858619,3858405,'Fraise fraiche',0.7,0.3,5.3,13.2),(3858620,3858405,'Framboise fraiche',1.3,1,5.5,20),(3858621,3858409,'Friand fromage',7.6,21.8,29.6,119),(3858622,3858409,'Friand viande',12.7,21.3,17,15.6),(3858623,3858421,'Frites fraiches',2.7,11.4,33,23.8),(3858624,3858421,'Frites surgelées',2.66,10.8,29.5,12.3),(3858625,3858435,'Fromage (moyen)',22.3,27,0.4,661),(3858626,3858435,'Fromage blanc aux fruits',7.3,3,6.1,109),(3858627,3858435,'Fromage blanc nature',9.2,6.1,3.3,107),(3858628,3858405,'Fruit (moyen)',0.6,0.24,10.9,10.6),(3858629,3858551,'Fruits de mer (moyen)',16.8,1.81,2.4,89.2),(3858630,3858428,'Galette des rois',6.6,29.9,47.2,67.9),(3858631,3858428,'Gateau (moyen)',6.1,20.4,49.9,50.5),(3858632,3858428,'Gateau breton',5.76,21.4,49,43.4),(3858633,3858428,'Gateau chocolat',6.1,22.5,47.3,47),(3858634,3858428,'Gateau de riz',3.2,3.3,26.1,72),(3858635,3858428,'Gateau de savoie',10.3,6.5,50.7,38),(3858636,3858428,'Gateau de semoule',3,3.1,18.4,68.4),(3858637,3858428,'Gateau fromage blanc',8.4,5.3,34,98),(3858638,3858428,'Glace sorbet',2.08,6.4,26.6,85.9),(3858639,3858421,'Gnochhi  pomme de terre',5,20.5,33.6,5.1),(3858640,3858435,'Gorgonzola',19,31.2,0.1,612),(3858641,3858435,'Gouda',25.3,26.7,0,796),(3858642,3858405,'Goyave',0.4,0,15.7,8),(3858643,3858454,'Graisse de canard',0,99.8,0,0),(3858644,3858454,'Graisse d\'oie',0,99.6,0,0),(3858645,3858421,'Gratin dauphinois',3.14,5.49,12.2,45.3),(3858646,3858421,'Gratin de légumes',3.2,8.5,3.6,83.1),(3858647,3858421,'Gratin de pâtes',7.3,6.4,16.3,170),(3858648,3858469,'Gratin d\'endive / jambon',7.5,4.9,3.5,101),(3858649,3858405,'Grenade fraiche',0.95,0.3,16.2,3),(3858650,3858405,'Groseille fraiche',1.3,0.6,5,33),(3858651,3858435,'Gruyère',29.8,34.5,0.2,1036),(3858652,3858405,'Guacamole',2.3,19.1,5.1,18),(3858653,3858469,'Hachis parmentier',5.5,9.6,10.7,34.9),(3858654,3858418,'Haddock fumé',25.2,0.48,0,49),(3858655,3858409,'Hamburguer',13.6,11,21.3,85.7),(3858656,3858418,'Hareng fumé',16.5,8.49,1,62.4),(3858657,3858418,'Hareng mariné',14.7,15.3,10.1,40),(3858658,3858421,'Haricot beurre appert',1.5,0.2,3.2,38),(3858659,3858421,'Haricot blanc appert',7.9,0.5,15.7,71),(3858660,3858421,'Haricot blanc cuit',8.41,0.32,16.5,39.3),(3858661,3858421,'Haricot rouge cuit',8.4,0.4,13.8,44),(3858662,3858421,'Haricot vert appert',1.34,0.17,3.6,51.2),(3858663,3858421,'Haricot vert frais cuit',1.34,0.28,4.4,47.6),(3858664,3858421,'Haricot vert surgelé cru',2.2,0.1,4.2,53),(3858665,3858421,'Haricot vert surgelé cuit',1.6,0.14,6.1,52.5),(3858666,3858421,'Haricots rouges',8.4,0.4,13,44),(3858667,3858413,'Herbes aromatiques fraiches',4.3,1.1,4.2,318),(3858668,3858418,'Homard cuit à l\'eau',18.7,1.5,0.3,74.2),(3858669,3858454,'Huile arachide',0,89.9,0,0),(3858670,3858454,'Huile colza',0,100,0,0),(3858671,3858454,'Huile noix',0,99.9,0,0),(3858672,3858454,'Huile olive',0,99.5,0,1.85),(3858673,3858454,'Huile pépins de raisins',0,100,0,0),(3858674,3858454,'Huile soja',0,99.9,0,0),(3858675,3858454,'Huile tournesol',0,100,0,0),(3858676,3858430,'Jambon cru',28.4,19,0.5,16.8),(3858677,3858430,'Jambon cuit supérieur',21.4,3.6,0.5,20),(3858678,3858454,'Jus  de citron',0.2,0,8.5,0),(3858679,3858405,'Jus de fruits',0.59,0.17,8.8,12.8),(3858680,3858454,'Ketchup',1.7,0.29,24.4,21),(3858681,3858440,'Lait entier UHT',3.69,3.55,4.6,117),(3858682,3858440,'Lait UHT 1/2 écrémé',3.96,1.58,4.6,115),(3858683,3858418,'Langouste cuite',26.4,1.94,0,63),(3858684,3858409,'Langue de bœuf cuite',24.2,17.8,0,14.5),(3858685,3858428,'Langue de chat',5.8,11.7,78.7,22),(3858686,3858409,'Lapin',20.4,11.6,0.5,22.3),(3858687,3858409,'Lardon fumé cuit',23,4.3,0.3,10),(3858688,3858409,'Lardon nature cuit',23.8,25.7,2,7.5),(3858689,3858469,'Lasagnes bolognaise',6.61,6.6,11.6,91.8),(3858690,3858421,'Légume cuit vapeur',2,0.29,4.9,50.9),(3858691,3858421,'Légume sec cuit',7,0.58,16.5,36),(3858692,3858421,'Légumes mélange surgelé',5,6.27,7,25.5),(3858693,3858421,'Lentilles cuisinées apper',5.9,1.28,11.1,20),(3858694,3858421,'Lentilles cuites',8.2,0.5,17.5,27.2),(3858695,3858421,'Lentilles vertes',7,0.58,16.5,27.2),(3858696,3858418,'Lieu noir cuit',23.1,1.02,0.2,23.9),(3858697,3858418,'Limande- sole',20.6,0.9,0,21),(3858698,3858405,'Litchi appertisés',1.5,1.1,27.4,4),(3858699,3858405,'Litchi frais',0.83,0.44,15.3,5),(3858700,3858435,'Livarot',22.5,20.7,0,620),(3858701,3858418,'Lotte',20.6,1.27,0,11),(3858702,3858405,'Macédoine fruits apper',0.5,0.7,16.9,12.9),(3858703,3858421,'Macédoine légumes apper',2.53,0.4,7.5,35.5),(3858704,3858428,'Madeleine',6.9,22.2,54.3,26),(3858705,3858571,'Maïs doux apper',2.8,0.95,21,4.3),(3858706,3858405,'Mangue fraiche',0.6,0.32,12.5,12),(3858707,3858418,'Maquereau frit',14.5,19.5,0,15),(3858708,3858418,'Maquereau vin blanc apper',22.4,14.5,1,24.4),(3858709,3858435,'Maroilles',27.9,29,0.2,350),(3858710,3858454,'Mayonnaise',1.36,78.8,1.5,10.3),(3858711,3858454,'Mayonnaise tournesol',1.5,79.3,1.5,10.3),(3858712,3858571,'Melon',0.83,0.14,7.3,6.24),(3858713,3858413,'Menthe fraiche',3.54,0.79,5.3,217),(3858714,3858409,'Merguez',19.8,23.4,1.6,22.9),(3858715,3858428,'Meringue',5.4,0.7,91.6,4),(3858716,3858418,'Merlu cuit',14.9,0.86,0,25.7),(3858717,3858428,'Miel',0.4,0,78.8,7.98),(3858718,3858428,'Mille feuilles',3.9,11.3,43.7,68),(3858719,3858435,'Mimolette',24.2,26.7,0,860),(3858720,3858405,'Mirabelle fraiche',0.72,0.2,12,12),(3858721,3858435,'Mont d\'or',17.6,27.8,0,700),(3858722,3858435,'Morbier',23.6,28.1,0,760),(3858723,3858430,'Mortadelle',14.4,27.4,1.4,14),(3858724,3858418,'Morue salée',21.2,0.68,0,64.9),(3858725,3858551,'Moule cuite',19,2.99,3.1,78.6),(3858726,3858469,'Moussaka',6.5,10.1,6.7,137),(3858727,3858428,'Mousse aux fruits',2.59,7.85,20.3,105),(3858728,3858428,'Mousse chocolat',5.6,7.8,21.3,103),(3858729,3858430,'Mousse de foie',11.8,29,3.62,21),(3858730,3858418,'Mousse de poisson',13,13.5,2.8,40.1),(3858731,3858454,'Moutarde',6,14.8,4.5,95.1),(3858732,3858435,'Mozzarella',18.4,17.5,2.5,403),(3858733,3858418,'Mullet',24.8,4.9,0,30),(3858734,3858435,'Munster',19.8,27.8,0,370),(3858735,3858405,'Mure fraiche',1.39,0.56,5.5,32.3),(3858736,3858405,'Myrtille',0.74,0.33,10,6),(3858737,3858421,'Navet cuit',0.71,0.08,3.2,47.9),(3858738,3858469,'Nem',8.49,13.2,18.3,30.7),(3858739,3858435,'Neuchatel',17,26.8,0,300),(3858740,3858405,'Noisette',11,59.7,5.7,136),(3858741,3858405,'Noix cerneaux',12.8,65,3.5,62.6),(3858742,3858405,'Noix de cajoux',18.9,48.9,20.5,46),(3858743,3858469,'Nugget de volaille',24.9,9.7,7.2,16.4),(3858744,3858469,'Œuf',12.6,9.86,0.8,72.4),(3858746,3858745,'Œuf dur',12.3,10.6,0.8,69.9),(3858747,3858421,'Oignons crus',1.35,0.2,5.7,32.8),(3858748,3858421,'Oignons cuits',1.18,0.19,4.5,24),(3858749,3858454,'Olive noire',0.92,14,0,58.4),(3858750,3858454,'Olive verte',0.27,13.2,0.54,61),(3858751,3858454,'Olives noires',0.92,14,0,58.4),(3858752,3858454,'Olives vertes',0.27,13.2,0.54,61),(3858753,3858745,'Omelette nature',10.6,13,0.65,80.2),(3858754,3858405,'Orange fraiche',1,0.16,8.7,33.5),(3858755,3858421,'P,terre avec peau cuite',1.87,0.1,18.3,5),(3858756,3858421,'P,terre dauphine',3.35,19.4,30,28.9),(3858757,3858421,'P,terre flocons au lait',9.4,2.94,70.6,79.2),(3858758,3858421,'P,terre flocons au lait 1/2',2.6,0.92,12.1,36.5),(3858759,3858421,'P,terre flocons lait beurre',1.9,2.98,14.5,32.9),(3858760,3858421,'P,terre noisette surg',3.6,8.1,23.6,25.2),(3858761,3858421,'P,terre rissollée surg',2.7,4.25,20.5,12.3),(3858762,3858421,'P,terre vapeur',1.86,0.1,17.9,7.67),(3858763,3858469,'Paëlla surgelée',7.5,5.3,15.3,15.6),(3858764,3858428,'Pain au chocolat',7.4,19.7,48.6,45.9),(3858765,3858428,'Pain aux raisins',3,1.8,74,4),(3858766,3858428,'Pain complet',8.4,1.3,49.4,53),(3858767,3858428,'Pain de mie',7.8,4.5,49.6,99),(3858768,3858405,'Palmier cœur',2.5,0.6,5,0),(3858769,3858405,'Pamplemousse',0.4,0.1,7.55,11),(3858770,3858405,'Papaye fraiche',0.66,0.22,6.7,24.5),(3858771,3858435,'Parmesan',34.4,27.4,0.05,1228),(3858772,3858405,'Pastèque fraiche',0.61,0.12,6.7,4),(3858773,3858428,'Pâte à tartiner',5.28,28.9,57.1,94.8),(3858774,3858428,'Pâte brisée cuite',6.9,21.2,50.8,19),(3858775,3858430,'Pâté croûte',11.7,17.6,11,19.7),(3858776,3858428,'Pâte d\'amande',8,18,51,105),(3858777,3858430,'Pâté de campagne',15.8,29.6,1.62,28),(3858778,3858430,'Pâté de foie de porc',10.6,33.3,2.5,28.2),(3858779,3858430,'Pâté de foie de volaille',11.9,22.9,6,10),(3858780,3858428,'Pâte feuilleté cuite',5.8,40.5,43.1,90),(3858781,3858421,'Pâtes alimentaires',3.95,0.58,23.5,7),(3858782,3858409,'Paupiette de veau',15.2,11,8.5,30.2),(3858783,3858409,'Paupiette de volaille',14.2,8.3,8.3,30.1),(3858784,3858405,'Pêche au sirop apper',0.3,0.05,17.4,5),(3858785,3858405,'Pêche fraiche',0.7,0.09,11.3,6.1),(3858786,3858405,'Pêche melba',2,4,19.2,38.5),(3858787,3858405,'Pêche nectarine',1.8,0.32,8.1,3.1),(3858788,3858454,'Persil frais',3.3,0.94,1.22,186),(3858789,3858440,'Petit suisse aux fruits',5.75,3.3,13,100),(3858790,3858421,'Petits pois appertisé',4,0.5,10.4,24.4),(3858791,3858421,'Petits pois surgelés',6.1,0.24,11.5,25.6),(3858792,3858571,'Pissenlit cru',2.7,0.7,3.9,104),(3858793,3858405,'Poire au sirop',0.27,0.1,13.7,6),(3858794,3858405,'Poire fraiche',0.38,0.21,10.6,7.64),(3858795,3858421,'Poireau cuit',0.8,0.2,3.8,40.2),(3858796,3858421,'Pois cassé cuit',8.32,0.35,20.5,18.6),(3858797,3858421,'Pois chiche apper',6.5,2,17.2,41),(3858798,3858421,'Pois chiche cuit',8.86,2.6,19,43.8),(3858799,3858418,'Poisson cuit',19.7,6.5,4,26.3),(3858800,3858418,'Poisson pané frit',11.9,10.3,15.3,22),(3858801,3858454,'Poitrine fumée',17,20,0,6.68),(3858802,3858413,'Poivre noir',11,3.25,0.6,434),(3858803,3858421,'Poivrons crus',0.86,0.25,2.14,11.5),(3858804,3858421,'Poivrons cuits',0.92,0.2,4.8,9),(3858805,3858421,'Polenta',4.4,1.4,40.8,3),(3858806,3858421,'Pont l\'éveque',21.1,23.2,0.2,485),(3858807,3858409,'Pot au feu',12.9,7.3,5.6,16.5),(3858808,3858409,'Potée auvergnate',7.6,7.4,6,28),(3858809,3858421,'Potiron appper',0.75,0.19,3.9,23),(3858810,3858421,'Potiron cuit',0.6,0.1,2.6,25.9),(3858811,3858409,'Poule',25.8,22.4,0,13),(3858812,3858409,'Poulet cuisse',25.9,14.2,0,14.6),(3858813,3858409,'Poulet cuit',22.2,3.93,0,13.7),(3858814,3858421,'Pousse de soja appert',1.94,0.43,1.3,55.6),(3858815,3858421,'Pousse de soja frais',3.04,0.18,4.13,19.5),(3858816,3858428,'Profitérole',4.6,10.5,32.4,82.7),(3858817,3858405,'Prune reine claude',0.8,0.1,9.6,5.3),(3858818,3858405,'Pruneau',1.5,0.3,43.2,41),(3858819,3858428,'Purée de marron',2.85,1.75,21.8,19.5),(3858820,3858428,'Quatre-quart',6.3,24.2,48.5,85),(3858821,3858418,'Quenelle poisson',9.2,16,20.4,27.7),(3858822,3858435,'Raclette',25.1,29.6,0,664),(3858823,3858571,'Radis',0.7,0.1,1.7,37.8),(3858824,3858405,'Raisin blanc',0.6,0.5,18.1,10.1),(3858825,3858405,'Raisin noir',0.58,0.36,15,6.2),(3858826,3858405,'Raisin sec',2.6,0.58,65.8,56),(3858827,3858405,'Raisins secs',2,0.3,65,0),(3858828,3858421,'Ratatouille niçoise',0.96,4.3,4.3,19.4),(3858829,3858469,'Ravioli au fromage',8.6,6.5,18.7,141),(3858830,3858469,'Ravioli viande',4.5,3.6,24.5,22.6),(3858831,3858435,'Reblochon',20.8,27,0.09,514),(3858832,3858442,'Rhum',0,0,0,0),(3858833,3858435,'Ricotta',11.7,10.5,3.5,300),(3858834,3858430,'Rillettes',14.8,41.4,0.15,8.4),(3858835,3858430,'Rillettes pur porc',15.3,40.8,0.1,20),(3858836,3858409,'Ris de veau',31.6,4.3,0,4),(3858837,3858505,'Riz au lait',3.2,3.18,21.7,80.1),(3858838,3858421,'Riz cuit',2.3,0.21,27.2,9.3),(3858839,3858435,'Rocamadour',23.2,23.2,1,95.2),(3858840,3858409,'Rognon cuit',25.9,6.7,0.1,22.6),(3858841,3858435,'Roquefort',18.7,32,0,608),(3858842,3858409,'Rosbif',28,2.4,0,10.1),(3858843,3858430,'Rosette',25.4,30.9,0.85,10),(3858844,3858409,'Rôti de porc',19.9,4.3,1.1,9.86),(3858845,3858409,'Rôti de porc échine',27,15,0,12),(3858846,3858409,'Rôti de porc filet',28.8,4.8,0,9),(3858847,3858409,'Rôti de veau épaule',29.5,12.5,0,12),(3858848,3858405,'Rubarbe cuite',0.39,0.05,28.7,145),(3858849,3858571,'Salade',1,0.1,1.5,0),(3858850,3858405,'Salade de fruits frais',0.76,0.38,18.5,14.5),(3858851,3858571,'Salade laitue crue',1.36,0.21,2.2,48.5),(3858852,3858571,'Salade laitue cuite',1.2,0.3,1,30),(3858853,3858571,'Salade mache crue',2,0.38,0.4,96.6),(3858854,3858571,'Salade scarole',1.4,0.25,0.9,65.5),(3858855,3858571,'Salade verte',0.98,0.18,1.8,16),(3858856,3858430,'Salami',16,43.2,1.7,17),(3858857,3858421,'Salsifis appertisés',1.5,0.2,5.5,34),(3858858,3858421,'Salsifis cuits',2.73,0.14,6.2,47),(3858859,3858409,'Sanglier',28.3,4.38,0,16),(3858860,3858418,'Sardine à l\'huile',26.9,13.3,0,471),(3858861,3858454,'Sauce à la crème',1.3,5.5,5.3,22.1),(3858862,3858454,'Sauce au vin rouge',0.92,2.1,3.2,12.3),(3858863,3858454,'Sauce au yaourt',3.7,6.9,4.8,157),(3858864,3858454,'Sauce vinaigrette',0.4,26.8,4.4,14.2),(3858865,3858409,'Saucisse de Strasbourg',12.4,27.7,1,20),(3858866,3858409,'Saucisse de Toulouse',18.8,24,1,11.5),(3858867,3858430,'Saucisson à l\'ail',14.6,24.2,0.7,11),(3858868,3858430,'Saucisson sec',26.6,34.7,0.9,39.3),(3858869,3858418,'Saumon cuit',23.6,11.8,0,9.23),(3858870,3858454,'Sel',0,0,0,27),(3858871,3858418,'Sole',15.2,1,0,96),(3858872,3858428,'Sorbet',0.49,0.66,27.9,15.3),(3858873,3858421,'Soupe légumes',0.86,0.47,4.9,21),(3858874,3858435,'St Marcelin',12.7,26.8,0,138),(3858875,3858435,'St Maure',20,28,1.5,151),(3858876,3858435,'St Paulin',23.3,22.7,0.1,741),(3858877,3858409,'Steak haché',22.3,18,0,15),(3858878,3858454,'Sucre blanc',0,0,99.9,2.1),(3858879,3858454,'Sucre roux',0,0,95.1,135),(3858880,3858418,'Surimi batonnet',8.4,2.4,11.8,18.2),(3858881,3858428,'Tarte à la crème',5.9,16.9,27.2,110),(3858882,3858469,'Tartiflette',4.67,80.6,13,63.7),(3858883,3858418,'Terrine de poisson',9.19,11.4,5.5,30.5),(3858884,3858418,'Thon',24,1.2,0,0),(3858885,3858418,'Thon à l\'huile apper',25.5,14.7,0,4.96),(3858886,3858454,'Thym',9.1,7.43,26.9,814),(3858887,3858421,'Tofu',12.6,7.4,0.8,215),(3858888,3858421,'Tomate cerise crue',0.8,0.4,3,11),(3858889,3858454,'Tomate concassée',1.15,0.2,2.7,14.8),(3858890,3858454,'Tomate concentrée',4.3,0.4,10.5,47),(3858891,3858421,'Tomate concentrée',4.32,0.49,10.5,47),(3858892,3858421,'Tomate crue',0.91,0.33,3.07,891),(3858893,3858435,'Tomme',24.5,25.8,0,702),(3858894,3858435,'Tomme de savoie',22.6,30.3,0.23,626),(3858895,3858418,'Truite',19,3.3,0,10),(3858896,3858442,'Vin blanc 11°',0.1,0,0.5,0),(3858897,3858442,'Vin rouge',0.2,0,0.2,6.4),(3858898,3858542,'Vinaigre',0.3,0.2,0.3,12),(3858899,3858542,'Vinaigrette',0.4,25,4,0),(3858900,3858542,'Vinaigrette allégée',0.1,25,4,0),(3858901,3858542,'Vinaigrette huile olive',0.1,50,1,0),(3858902,3858440,'Yaourt',4,1.6,8.6,131),(3858903,3858409,'Palette à la diable',0,0,0,0),(3858904,3858409,'Nugget\'s de volaille',12.5,11.8,14.2,0),(3858905,3858409,'Wing\'s de poulet',19,12.3,3.1,0),(3858906,3858409,'Escalope viennoise',18.1,8.7,13,0),(3858907,3858409,'Cervelas obernois',0,0,0,0),(3858908,3858409,'Boulette de bœuf',0,0,0,0);

--
-- Table structure for table `cantine_cantinecategorierecette`
--

CREATE TABLE `cantine_cantinecategorierecette` (
  `cantineCategorieRecetteId` bigint(20) NOT NULL,
  `typeRecette` varchar(150) DEFAULT NULL,
  `parentCategorieId` bigint(20) DEFAULT NULL,
  `nomCategorie` varchar(150) DEFAULT NULL,
  `codeCategorie` varchar(25) DEFAULT NULL,
  `couleurCategorie` varchar(75) DEFAULT NULL,
  PRIMARY KEY (`cantineCategorieRecetteId`),
  KEY `IX_33745E20` (`parentCategorieId`),
  KEY `IX_509E9CCE` (`typeRecette`),
  KEY `IX_36C6CDCA` (`typeRecette`,`parentCategorieId`)
) ENGINE=InnoDB DEFAULT CHARSET=utf8;

--
-- Dumping data for table `cantine_cantinecategorierecette`
--

INSERT INTO `cantine_cantinecategorierecette` VALUES (116322,'plat',0,'Pâtes','Pa','660000'),(3872415,'garniture',0,'Féculents','Féculents','660000'),(3872417,'dessert',0,'Fruit Cru','FCr',''),(3872418,'entree',0,'Crudité','Cr',''),(3872419,'entree',0,'Protidique','Pr',''),(3872420,'entree',0,'Féculent','Fe',''),(3872421,'entree',0,'Pâtissière','Pa',''),(3872422,'plat',0,'Viande','Vi','FF3300'),(3872423,'plat',0,'Poisson','Po','339966'),(3872424,'plat',0,'Abats','Ab','660000'),(3872425,'plat',0,'Ovo Produits','OP','007BB8'),(3872426,'garniture',0,'Légume','Le',''),(3872427,'garniture',0,'Féculent','Fe',''),(3872428,'dessert',0,'Fruit Cuit','FCu',''),(3872429,'dessert',0,'Dessert Lacté','DLa',''),(3872430,'dessert',0,'Glace','Gl',''),(3873269,'garniture',0,'Légumes','Légumes','339966'),(3873270,'lait',0,'Laitage','La','007BB8'),(3873421,'lait',0,'Fromage','Fr',''),(3905116,'entree',0,'Catégorie1','Code1',''),(3910526,'dessert',0,'Catégorie','Code','66CC00'),(3910528,'dessert',0,'Catégorie','Code','FF3300'),(3910541,'dessert',0,'Catégorie','Code','339966'),(4273944,'lait',0,'Gateau','Ga',''),(843019735,'entree',0,'Cuidité','Cuidité','339966'),(843019738,'garniture',0,'Mélange','Mélange',''),(843019796,'plat',0,'Agneau Mouton','Agneau Mouton','FF3300'),(843019797,'plat',0,'Veau','Veau','FF3300'),(843019810,'plat',0,'Porc','Porc','FF3300'),(843019812,'plat',0,'Volaille','Volaille','FF3300'),(843019813,'plat',0,'Plats complets','Plats complets',''),(919398285,'dessert',0,'Dessert > 20 gr sucre','> 20 gr sucre',''),(919398416,'dessert',0,'Dessert > 15% lipides','Des > 15% L',''),(919398439,'dessert',0,'Dessert > 100 mg cal < 5 gr mg','D >100 mg cal <5 gr mg',''),(920925104,'garniture',0,'Fréculents frits','Frits','660000'),(922088190,'lait',0,'Fromage','Fromage','007BB8'),(922088198,'lait',0,'Fromage > 150 MG cal','Fr > 150 mg cal','007BB8'),(922088204,'lait',0,'Fromage > 100 mg cal','Fro > 100 mg cal','007BB8'),(922088272,'lait',0,'Laitier < 5 gr mg > 100 mg  cal','<5 gr mg > 100 mg cal','007BB8'),(983177341,'dessert',0,'Dessert féculent','Des Féculent','660000'),(998642375,'garniture',0,'Crudités','Crudités','66CC00');

--
-- Table structure for table `cantine_cantinecollegeconfiguration`
--

CREATE TABLE `cantine_cantinecollegeconfiguration` (
  `cantineCollegeConfigurationId` bigint(20) NOT NULL,
  `etabId` bigint(20) DEFAULT NULL,
  `hasMercredi` tinyint(4) DEFAULT NULL,
  `hasSamedi` tinyint(4) DEFAULT NULL,
  `hasDimanche` tinyint(4) DEFAULT NULL,
  `hasInternat` tinyint(4) DEFAULT NULL,
  PRIMARY KEY (`cantineCollegeConfigurationId`),
  KEY `IX_C6E3511D` (`etabId`)
) ENGINE=InnoDB DEFAULT CHARSET=utf8;

--
-- Dumping data for table `cantine_cantinecollegeconfiguration`
--

INSERT INTO `cantine_cantinecollegeconfiguration` VALUES (269564,269508,0,0,0,0),(270602,18210,0,0,0,0),(270702,18210,0,0,0,0),(270802,18210,0,0,0,0),(270903,18210,0,0,0,0),(271003,18210,0,0,0,0),(271203,18210,0,0,0,0),(274707,18210,0,0,0,0),(278409,18210,0,0,0,0),(278538,18210,0,0,0,0),(278638,18210,0,0,0,0),(282005,18210,0,0,0,0),(307306,18210,0,0,0,0),(3857706,18210,0,0,0,1),(3879185,342554,0,0,0,0),(3903339,348000,0,0,0,0),(3903355,84553,0,0,0,0),(3922456,2617115,0,0,0,0);

--
-- Table structure for table `cantine_cantinedateplanalimentaire`
--

CREATE TABLE `cantine_cantinedateplanalimentaire` (
  `cantineDatePlanAlimentaireId` bigint(20) NOT NULL,
  `etabId` bigint(20) DEFAULT NULL,
  `userId` bigint(20) DEFAULT NULL,
  `planAlimentaireId` bigint(20) DEFAULT NULL,
  `date_` date DEFAULT NULL,
  `titreMenu` varchar(150) DEFAULT NULL,
  PRIMARY KEY (`cantineDatePlanAlimentaireId`),
  KEY `IX_DDED6255` (`etabId`,`date_`),
  KEY `IX_208B586C` (`planAlimentaireId`),
  KEY `IX_95955AF5` (`planAlimentaireId`,`date_`),
  KEY `IX_CEECACBA` (`userId`,`date_`)
) ENGINE=InnoDB DEFAULT CHARSET=utf8;

--
-- Dumping data for table `cantine_cantinedateplanalimentaire`
--

INSERT INTO `cantine_cantinedateplanalimentaire` VALUES (28322,18210,18424,28321,'2012-05-14',''),(28323,18210,18424,28321,'2012-05-16',''),(28324,18210,18424,28321,'2012-05-15',''),(28325,18210,18424,28321,'2012-05-17',''),(28326,18210,18424,28321,'2012-05-18',''),(28327,18210,18424,28321,'2012-05-25',''),(28328,18210,18424,28321,'2012-05-24',''),(28329,18210,18424,28321,'2012-05-23',''),(28330,18210,18424,28321,'2012-05-22',''),(28331,18210,18424,28321,'2012-05-21',''),(28332,18210,18424,28321,'2012-05-28',''),(28333,18210,18424,28321,'2012-05-29',''),(28334,18210,18424,28321,'2012-05-30',''),(28335,18210,18424,28321,'2012-05-31',''),(28336,18210,18424,28321,'2012-06-01',''),(28337,18210,18424,28321,'2012-06-08',''),(28338,18210,18424,28321,'2012-06-07',''),(28339,18210,18424,28321,'2012-06-06',''),(28340,18210,18424,28321,'2012-06-05',''),(28341,18210,18424,28321,'2012-06-04',''),(42209,18210,11105,42208,'2013-01-07',''),(42210,18210,11105,42208,'2013-01-08',''),(42211,18210,11105,42208,'2013-01-09',''),(42212,18210,11105,42208,'2013-01-10',''),(42213,18210,11105,42208,'2013-01-11',''),(42214,18210,11105,42208,'2013-01-14',''),(42215,18210,11105,42208,'2013-01-15',''),(42216,18210,11105,42208,'2013-01-16',''),(42217,18210,11105,42208,'2013-01-17',''),(42218,18210,11105,42208,'2013-01-18',''),(42219,18210,11105,42208,'2013-01-21',''),(42220,18210,11105,42208,'2013-01-22',''),(42221,18210,11105,42208,'2013-01-23',''),(42222,18210,11105,42208,'2013-01-24',''),(42223,18210,11105,42208,'2013-01-25',''),(42224,18210,11105,42208,'2013-02-01',''),(42225,18210,11105,42208,'2013-01-31',''),(42226,18210,11105,42208,'2013-01-30',''),(42227,18210,11105,42208,'2013-01-29',''),(42228,18210,11105,42208,'2013-01-28',''),(51980,18210,11105,51979,'2013-03-28',''),(51981,18210,11105,51979,'2013-03-25',''),(51982,18210,11105,51979,'2013-03-26',''),(51983,18210,11105,51979,'2013-03-27',''),(51984,18210,11105,51979,'2013-03-29',''),(51985,18210,11105,51979,'2013-04-01',''),(51986,18210,11105,51979,'2013-04-02',''),(51987,18210,11105,51979,'2013-04-03',''),(51988,18210,11105,51979,'2013-04-04',''),(51989,18210,11105,51979,'2013-04-05',''),(51990,18210,11105,51979,'2013-04-08',''),(51991,18210,11105,51979,'2013-04-09',''),(51992,18210,11105,51979,'2013-04-10',''),(51993,18210,11105,51979,'2013-04-11',''),(51994,18210,11105,51979,'2013-04-12',''),(51995,18210,11105,51979,'2013-04-15',''),(51996,18210,11105,51979,'2013-04-16',''),(51997,18210,11105,51979,'2013-04-17',''),(51998,18210,11105,51979,'2013-04-18',''),(51999,18210,11105,51979,'2013-04-19',''),(52001,18210,11105,52000,'2013-04-22',''),(52002,18210,11105,52000,'2013-04-23',''),(52003,18210,11105,52000,'2013-04-24',''),(52004,18210,11105,52000,'2013-04-25',''),(52005,18210,11105,52000,'2013-04-26',''),(52006,18210,11105,52000,'2013-04-29',''),(52007,18210,11105,52000,'2013-04-30',''),(52008,18210,11105,52000,'2013-05-01',''),(52009,18210,11105,52000,'2013-05-02',''),(52010,18210,11105,52000,'2013-05-03',''),(52011,18210,11105,52000,'2013-05-06',''),(52012,18210,11105,52000,'2013-05-07',''),(52013,18210,11105,52000,'2013-05-08',''),(52014,18210,11105,52000,'2013-05-09',''),(52015,18210,11105,52000,'2013-05-10',''),(52016,18210,11105,52000,'2013-05-13',''),(52017,18210,11105,52000,'2013-05-14',''),(52018,18210,11105,52000,'2013-05-15',''),(52019,18210,11105,52000,'2013-05-16',''),(52020,18210,11105,52000,'2013-05-17',''),(52022,18210,11105,52021,'2013-05-20',''),(52023,18210,11105,52021,'2013-05-21',''),(52024,18210,11105,52021,'2013-05-22',''),(52025,18210,11105,52021,'2013-05-23',''),(52026,18210,11105,52021,'2013-05-24',''),(52027,18210,11105,52021,'2013-05-31',''),(52028,18210,11105,52021,'2013-06-07',''),(52029,18210,11105,52021,'2013-06-06',''),(52030,18210,11105,52021,'2013-05-30',''),(52031,18210,11105,52021,'2013-05-29',''),(52032,18210,11105,52021,'2013-06-05',''),(52033,18210,11105,52021,'2013-06-04',''),(52034,18210,11105,52021,'2013-05-28',''),(52035,18210,11105,52021,'2013-05-27',''),(52036,18210,11105,52021,'2013-06-03',''),(52037,18210,11105,52021,'2013-06-10',''),(52038,18210,11105,52021,'2013-06-11',''),(52039,18210,11105,52021,'2013-06-12',''),(52040,18210,11105,52021,'2013-06-13',''),(52041,18210,11105,52021,'2013-06-14',''),(52043,18210,11105,52042,'2013-06-17',''),(52044,18210,11105,52042,'2013-06-18',''),(52045,18210,11105,52042,'2013-06-19',''),(52046,18210,11105,52042,'2013-06-20',''),(52047,18210,11105,52042,'2013-06-21',''),(52048,18210,11105,52042,'2013-06-28',''),(52049,18210,11105,52042,'2013-07-05',''),(52050,18210,11105,52042,'2013-07-04',''),(52051,18210,11105,52042,'2013-06-27',''),(52052,18210,11105,52042,'2013-06-26',''),(52053,18210,11105,52042,'2013-07-03',''),(52054,18210,11105,52042,'2013-07-01',''),(52055,18210,11105,52042,'2013-06-24',''),(52056,18210,11105,52042,'2013-06-25',''),(52057,18210,11105,52042,'2013-07-02',''),(52058,18210,11105,52042,'2013-07-08',''),(52059,18210,11105,52042,'2013-07-09',''),(52060,18210,11105,52042,'2013-07-11',''),(52061,18210,11105,52042,'2013-07-12',''),(52062,18210,11105,52042,'2013-07-10',''),(53501,18210,11105,53500,'2013-07-22',''),(53502,18210,11105,53500,'2013-07-23',''),(53503,18210,11105,53500,'2013-07-24',''),(53504,18210,11105,53500,'2013-07-25',''),(53505,18210,11105,53500,'2013-07-26',''),(53506,18210,11105,53500,'2013-07-27',''),(53507,18210,11105,53500,'2013-07-28',''),(53508,18210,11105,53500,'2013-07-13',''),(53509,18210,11105,53500,'2013-07-31',''),(53510,18210,11105,53500,'2013-07-30',''),(53511,18210,11105,53500,'2013-07-29',''),(53512,18210,11105,53500,'2013-07-15',''),(53513,18210,11105,53500,'2013-07-17',''),(53514,18210,11105,53500,'2013-07-16',''),(53515,18210,11105,53500,'2013-07-18',''),(53516,18210,11105,53500,'2013-07-19',''),(53517,18210,11105,53500,'2013-07-20',''),(53518,18210,11105,53500,'2013-07-21',''),(53519,18210,11105,53500,'2013-07-14',''),(53520,18210,11105,53500,'2013-07-07',''),(57144,18210,11105,57143,'2013-02-04',''),(57145,18210,11105,57143,'2013-02-05',''),(57146,18210,11105,57143,'2013-02-06',''),(57147,18210,11105,57143,'2013-02-07',''),(57148,18210,11105,57143,'2013-02-08',''),(57149,18210,11105,57143,'2013-02-09',''),(57150,18210,11105,57143,'2013-02-11',''),(57151,18210,11105,57143,'2013-02-12',''),(57152,18210,11105,57143,'2013-02-13',''),(57153,18210,11105,57143,'2013-02-14',''),(57154,18210,11105,57143,'2013-02-15',''),(57155,18210,11105,57143,'2013-02-16',''),(57156,18210,11105,57143,'2013-02-18',''),(57157,18210,11105,57143,'2013-02-19',''),(57158,18210,11105,57143,'2013-02-20',''),(57159,18210,11105,57143,'2013-02-21',''),(57160,18210,11105,57143,'2013-02-22',''),(57161,18210,11105,57143,'2013-02-23',''),(57162,18210,11105,57143,'2013-02-25',''),(57163,18210,11105,57143,'2013-02-26',''),(116302,18210,11105,116301,'2012-12-03',''),(116303,18210,11105,116301,'2012-12-04',''),(116304,18210,11105,116301,'2012-12-06',''),(116305,18210,11105,116301,'2012-12-05',''),(116306,18210,11105,116301,'2012-12-07',''),(116307,18210,11105,116301,'2012-12-14',''),(116308,18210,11105,116301,'2012-12-28',''),(116309,18210,11105,116301,'2012-12-20',''),(116310,18210,11105,116301,'2012-12-21',''),(116311,18210,11105,116301,'2012-12-13',''),(116312,18210,11105,116301,'2012-12-27',''),(116313,18210,11105,116301,'2012-12-26',''),(116314,18210,11105,116301,'2012-12-19',''),(116315,18210,11105,116301,'2012-12-12',''),(116316,18210,11105,116301,'2012-12-11',''),(116317,18210,11105,116301,'2012-12-18',''),(116318,18210,11105,116301,'2012-12-25',''),(116319,18210,11105,116301,'2012-12-24',''),(116320,18210,11105,116301,'2012-12-10',''),(116321,18210,11105,116301,'2012-12-17',''),(4302727,18210,11105,4302726,'2012-04-23',''),(4302728,18210,11105,4302726,'2012-04-24',''),(4302729,18210,11105,4302726,'2012-04-25',''),(4302730,18210,11105,4302726,'2012-04-26',''),(4302731,18210,11105,4302726,'2012-04-27',''),(4302732,18210,11105,4302726,'2012-04-30',''),(4302733,18210,11105,4302726,'2012-05-08',''),(4302734,18210,11105,4302726,'2012-05-07',''),(4302735,18210,11105,4302726,'2012-05-04',''),(4302736,18210,11105,4302726,'2012-05-03',''),(4302737,18210,11105,4302726,'2012-05-02',''),(4302738,18210,11105,4302726,'2012-05-01',''),(4302739,18210,11105,4302726,'2012-05-10',''),(4302740,18210,11105,4302726,'2012-05-09',''),(4302741,18210,11105,4302726,'2012-05-11',''),(4302742,18210,11105,4302726,'2012-05-14',''),(4302743,18210,11105,4302726,'2012-05-15',''),(4302744,18210,11105,4302726,'2012-05-16',''),(4302745,18210,11105,4302726,'2012-05-17',''),(4302746,18210,11105,4302726,'2012-05-18',''),(4302763,18210,11105,4302762,'2012-03-26',''),(4302764,18210,11105,4302762,'2012-03-27',''),(4302765,18210,11105,4302762,'2012-03-28',''),(4302766,18210,11105,4302762,'2012-03-29',''),(4302767,18210,11105,4302762,'2012-03-30',''),(4302768,18210,11105,4302762,'2012-03-31',''),(4302769,18210,11105,4302762,'2012-04-01',''),(4302770,18210,11105,4302762,'2012-04-02',''),(4302771,18210,11105,4302762,'2012-04-03',''),(4302772,18210,11105,4302762,'2012-04-04',''),(4302773,18210,11105,4302762,'2012-04-05',''),(4302774,18210,11105,4302762,'2012-04-06',''),(4302775,18210,11105,4302762,'2012-04-07',''),(4302776,18210,11105,4302762,'2012-04-08',''),(4302777,18210,11105,4302762,'2012-04-09',''),(4302778,18210,11105,4302762,'2012-04-10',''),(4302779,18210,11105,4302762,'2012-04-11',''),(4302780,18210,11105,4302762,'2012-04-12',''),(4302781,18210,11105,4302762,'2012-04-13',''),(4302782,18210,11105,4302762,'2012-04-14','');

--
-- Table structure for table `cantine_cantinefamillealiment`
--

CREATE TABLE `cantine_cantinefamillealiment` (
  `familleAlimentId` bigint(20) NOT NULL,
  `nomFamille` varchar(75) DEFAULT NULL,
  PRIMARY KEY (`familleAlimentId`),
  KEY `IX_C33FE8A3` (`nomFamille`)
) ENGINE=InnoDB DEFAULT CHARSET=utf8;

--
-- Dumping data for table `cantine_cantinefamillealiment`
--

INSERT INTO `cantine_cantinefamillealiment` VALUES (3858612,'abats'),(3858454,'aide culinaire'),(3858442,'boisson'),(3858430,'charcuterie'),(3858542,'condiment'),(3858571,'crudité'),(3858551,'crustacé'),(3858559,'desert'),(3858532,'dessert'),(3858505,'dessert lacté'),(3858413,'épice'),(3858435,'fromage'),(3858405,'fruit'),(3848463,'Fruits'),(3858521,'herbes'),(3858440,'laitage'),(3858421,'légume'),(3848460,'Légumes'),(3858745,'ovoproduit'),(116344,'pâtes'),(3858428,'patisserie'),(3858469,'plat complet'),(3858418,'poisson'),(3858497,'sandwich'),(3858409,'viande'),(3858467,'volaille'),(3858445,'œuf');

--
-- Table structure for table `cantine_cantinegemrcn`
--

CREATE TABLE `cantine_cantinegemrcn` (
  `gemrcnId` bigint(20) NOT NULL,
  `libelleGemrcn` text,
  `frequence` int(11) DEFAULT NULL,
  `typeFrequence` int(11) DEFAULT NULL,
  PRIMARY KEY (`gemrcnId`)
) ENGINE=InnoDB DEFAULT CHARSET=utf8;

--
-- Dumping data for table `cantine_cantinegemrcn`
--

INSERT INTO `cantine_cantinegemrcn` VALUES (1,'Entrées contenant plus de 15% de lipides',4,1),(2,'Crudités légumes ou fruits',10,-1),(3,'Produits frits ou pré-frits contenant plus de 15% de lipides',4,1),(4,'Plats protidiques ayant un rapport P/L < ou = à 1 (le critère P/L ne s\'applique pas aux plats aux oeufs)',2,1),(5,'Poissons ou préparations à base de poisson contenant au moins 70% de poisson, et ayant un P/L > ou = 2 ',4,-1),(6,'Viandes non hachées de boeuf, de veau, ou d\'agneau et abats de boucherie',4,-1),(7,'Préparations ou plats prêts à consommer à base de viande, de poisson, d\'oeuf et/ou fromage, contenant moins de 70% de viande , de poisson ou d\'oeuf',4,1),(8,'Légumes cuits, autres que secs, seuls ou en mélange, contenant moins 50% de légumes',10,0),(9,'Légumes secs, féculents ou céréales, seuls ou en mélange',10,0),(10,'Fromages contenant au moins 150mg de calcium par portion',8,-1),(11,'Fromage contenant au plus de 100mg et moins de 150mg de calcium par portion',4,-1),(12,'Produits laitiers ou desserts lactés contenant au moins 100mg de calcium, et moins de 5g de lipides par portion',6,-1),(13,'Desserts contenant plus de 15% de lipides, et plus de 20g de glucides simples totaux par portion',3,1),(14,'Desserts contenant moins de 15% de lipides, et plus de 20g de glucides simples totaux',4,1),(15,'Desserts de fruits crus',8,-1),(16,'Fréquence Libre',0,0);

--
-- Table structure for table `cantine_cantinegemrcntyperecette`
--

CREATE TABLE `cantine_cantinegemrcntyperecette` (
  `cantineGEMRCNTypeRecetteId` bigint(20) NOT NULL,
  `gemrcnId` bigint(20) DEFAULT NULL,
  `typeRecette` varchar(150) DEFAULT NULL,
  PRIMARY KEY (`cantineGEMRCNTypeRecetteId`),
  KEY `IX_63B947B2` (`gemrcnId`),
  KEY `IX_E9971351` (`typeRecette`)
) ENGINE=InnoDB DEFAULT CHARSET=utf8;

--
-- Dumping data for table `cantine_cantinegemrcntyperecette`
--

INSERT INTO `cantine_cantinegemrcntyperecette` VALUES (1,1,'entree'),(2,2,'entree'),(3,2,'garniture'),(4,3,'plat'),(5,3,'garniture'),(6,4,'plat'),(7,5,'plat'),(8,6,'plat'),(9,7,'plat'),(10,8,'garniture'),(11,9,'garniture'),(12,10,'entree'),(13,10,'lait'),(14,11,'entree'),(15,11,'lait'),(16,12,'lait'),(17,12,'dessert'),(18,13,'dessert'),(19,14,'lait'),(20,14,'dessert'),(21,15,'dessert'),(22,16,'entree'),(23,16,'plat'),(24,16,'garniture'),(25,16,'dessert'),(26,16,'lait');

--
-- Table structure for table `cantine_cantineingredient`
--

CREATE TABLE `cantine_cantineingredient` (
  `ingredientId` bigint(20) NOT NULL,
  `recetteId` bigint(20) DEFAULT NULL,
  `alimentId` bigint(20) DEFAULT NULL,
  `grammage` int(11) DEFAULT NULL,
  PRIMARY KEY (`ingredientId`),
  KEY `IX_D4C88217` (`alimentId`),
  KEY `IX_7439740B` (`recetteId`)
) ENGINE=InnoDB DEFAULT CHARSET=utf8;

--
-- Dumping data for table `cantine_cantineingredient`
--

INSERT INTO `cantine_cantineingredient` VALUES (3857733,3857714,3850974,23),(3857734,3857714,3848488,34),(3857813,3849104,3848509,12),(3857814,3849104,3848510,32),(3857815,3849104,3848488,23),(3859012,3858909,3858615,0),(3859013,3858909,3858498,0),(3859014,3858909,3858411,0),(3859019,3859016,3858411,0),(3859020,3859016,3858498,0),(3859021,3859016,3858615,0),(3859026,3859023,3858411,0),(3859027,3859023,3858498,0),(3859028,3859023,3858615,0);

--
-- Table structure for table `cantine_cantinemenu`
--

CREATE TABLE `cantine_cantinemenu` (
  `cantineMenuId` bigint(20) NOT NULL,
  `cantineDatePlanAlimentaireId` bigint(20) DEFAULT NULL,
  `recetteId` bigint(20) DEFAULT NULL,
  `typeRecette` varchar(150) DEFAULT NULL,
  PRIMARY KEY (`cantineMenuId`),
  KEY `IX_F72A7A51` (`cantineDatePlanAlimentaireId`),
  KEY `IX_BEA20355` (`cantineDatePlanAlimentaireId`,`typeRecette`),
  KEY `IX_2C1D107D` (`recetteId`)
) ENGINE=InnoDB DEFAULT CHARSET=utf8;

--
-- Dumping data for table `cantine_cantinemenu`
--

INSERT INTO `cantine_cantinemenu` VALUES (27518,4302727,3864961,'garniture'),(27519,4302728,3864965,'garniture'),(27520,4302729,3864963,'garniture'),(27522,4302731,3864961,'garniture'),(27523,4302727,3864934,'entree'),(27524,4302728,3867375,'entree'),(27525,4302729,3864942,'entree'),(27527,4302731,3879923,'entree'),(27528,4302727,3864982,'dessert'),(27529,4302728,3864981,'dessert'),(27530,4302729,3879925,'dessert'),(27531,4302730,3863210,'dessert'),(27532,4302731,3864984,'dessert'),(27533,4302727,3864971,'lait'),(27534,4302728,3864971,'lait'),(27535,4302729,3864971,'lait'),(27536,4302730,3864971,'lait'),(27537,4302731,3864971,'lait'),(28382,28322,3879913,'dessert'),(28383,28324,3879910,'dessert'),(28384,28323,3879913,'dessert'),(28385,28325,3879910,'dessert'),(28386,28326,3879910,'dessert'),(28387,28331,3879913,'dessert'),(28388,28330,3879907,'dessert'),(28389,28329,3879913,'dessert'),(28390,28328,3879907,'dessert'),(28391,28327,3879913,'dessert'),(28392,28332,3879910,'dessert'),(28393,28333,3879913,'dessert'),(28394,28334,3879907,'dessert'),(28395,28335,3879910,'dessert'),(28396,28336,3879913,'dessert'),(28397,28341,3879907,'dessert'),(28398,28340,3879910,'dessert'),(28399,28339,3879907,'dessert'),(28400,28338,3879910,'dessert'),(28401,28337,3879913,'dessert'),(33348,28322,3879940,'plat'),(33349,28324,3879940,'plat'),(33350,28323,3879940,'plat'),(33351,28325,3879940,'plat'),(33352,28326,3879940,'plat'),(33353,28331,3879940,'plat'),(33354,28330,3879940,'plat'),(33355,28329,3879940,'plat'),(33356,28328,3879940,'plat'),(33357,28327,3879940,'plat'),(33358,28332,3879940,'plat'),(33359,28333,3879940,'plat'),(33360,28334,3879940,'plat'),(33361,28335,3879940,'plat'),(33362,28336,3879940,'plat'),(33363,28341,3879940,'plat'),(33364,28340,3879940,'plat'),(33365,28339,3879940,'plat'),(33366,28338,3879940,'plat'),(33367,28337,3879940,'plat'),(33368,28322,3879937,'garniture'),(33369,28324,3879937,'garniture'),(33370,28323,3879937,'garniture'),(33371,28325,3879937,'garniture'),(33372,28326,3879937,'garniture'),(33373,28331,3879937,'garniture'),(33374,28330,3879937,'garniture'),(33375,28329,3879937,'garniture'),(33376,28328,3879937,'garniture'),(33377,28327,3879937,'garniture'),(33378,28332,3879937,'garniture'),(33379,28333,3879937,'garniture'),(33380,28334,3879937,'garniture'),(33381,28335,3879937,'garniture'),(33382,28336,3879937,'garniture'),(33383,28341,3879937,'garniture'),(33384,28340,3879937,'garniture'),(33385,28339,3879937,'garniture'),(33386,28338,3879937,'garniture'),(33387,28337,3879937,'garniture'),(33520,4302727,3861814,'plat'),(33521,4302728,3864960,'plat'),(33522,4302729,3861808,'plat'),(33523,4302730,3864948,'plat'),(33524,4302731,3861817,'plat'),(33525,4302732,843084745,'plat'),(33526,4302738,843084745,'plat'),(41773,41754,3861814,'plat'),(41774,41754,3864961,'garniture'),(41775,41754,3864934,'entree'),(41776,41754,3864982,'dessert'),(41777,41754,3864971,'lait'),(41783,41753,3864960,'plat'),(41784,41753,3864965,'garniture'),(41785,41753,3867375,'entree'),(41786,41753,3864981,'dessert'),(41787,41753,3864971,'lait'),(41793,41755,3861808,'plat'),(41794,41755,3864963,'garniture'),(41795,41755,3864942,'entree'),(41796,41755,3879925,'dessert'),(41797,41755,3864971,'lait'),(41803,41756,3864948,'plat'),(41966,41756,3863210,'dessert'),(41967,41756,3864971,'lait'),(41973,41757,3864961,'garniture'),(41974,41757,3879923,'entree'),(41975,41757,3864984,'dessert'),(41976,41757,3864971,'lait'),(41977,41757,3861817,'plat'),(41983,41758,843084745,'plat'),(41989,41759,843084745,'plat'),(45319,42209,3864982,'dessert'),(45320,42210,3864981,'dessert'),(45321,42211,3879925,'dessert'),(45322,42212,3863210,'dessert'),(45323,42213,3864984,'dessert'),(45324,42214,3879913,'dessert'),(45325,42215,922100635,'dessert'),(45326,42216,843036142,'dessert'),(45327,42218,3879910,'dessert'),(45328,42219,843036148,'dessert'),(45329,42220,843144392,'dessert'),(45330,42221,3879913,'dessert'),(45331,42223,843036142,'dessert'),(45332,42228,843036148,'dessert'),(45333,42227,922100635,'dessert'),(45334,42226,843036142,'dessert'),(45335,42224,3879910,'dessert'),(45336,42209,3864971,'lait'),(45337,42210,3864971,'lait'),(45338,42211,3864971,'lait'),(45339,42212,3864971,'lait'),(45340,42213,3864971,'lait'),(45341,42214,922101209,'lait'),(45342,42215,922101235,'lait'),(45343,42216,922101209,'lait'),(45344,42217,922101235,'lait'),(45345,42218,922100944,'lait'),(45346,42219,922100944,'lait'),(45347,42220,922101235,'lait'),(45348,42221,922101180,'lait'),(45349,42222,922101150,'lait'),(45350,42223,922101180,'lait'),(45351,42228,922101180,'lait'),(45352,42227,922101161,'lait'),(45353,42226,922100944,'lait'),(45354,42225,922101150,'lait'),(45355,42224,922100944,'lait'),(45742,42209,922098390,'garniture'),(45743,42210,922097551,'garniture'),(45744,42211,843036058,'garniture'),(45745,42212,843119502,'garniture'),(45746,42213,843036056,'garniture'),(45747,42214,922097556,'garniture'),(45748,42215,843036062,'garniture'),(45749,42216,922098078,'garniture'),(45750,42217,843036034,'garniture'),(45751,42218,922097556,'garniture'),(45752,42219,843036052,'garniture'),(45753,42220,843036066,'garniture'),(45754,42221,843118794,'garniture'),(45755,42222,843036028,'garniture'),(45756,42223,843036054,'garniture'),(45757,42228,915010390,'garniture'),(45758,42227,843036068,'garniture'),(45759,42226,843036058,'garniture'),(45760,42225,843036050,'garniture'),(45761,42224,922097551,'garniture'),(45762,42209,3864934,'entree'),(45763,42210,3867375,'entree'),(45764,42211,3864942,'entree'),(45765,42212,915008738,'entree'),(45766,42213,3879923,'entree'),(45767,42214,843035964,'entree'),(45768,42215,942430154,'entree'),(45769,42216,915008724,'entree'),(45770,42217,843036011,'entree'),(45771,42218,843035964,'entree'),(45772,42219,843035964,'entree'),(45773,42220,843035980,'entree'),(45774,42221,843036024,'entree'),(45775,42222,843036011,'entree'),(45776,42223,843035976,'entree'),(45777,42228,843035976,'entree'),(45778,42227,942430154,'entree'),(45779,42226,915008795,'entree'),(45780,42225,915008738,'entree'),(45781,42224,915008776,'entree'),(52066,51981,3864982,'dessert'),(52067,51981,3864971,'lait'),(52069,51981,3864934,'entree'),(52077,51982,3864981,'dessert'),(52078,51982,3864971,'lait'),(52080,51982,3867375,'entree'),(52087,51983,3864971,'lait'),(52091,51983,3879925,'dessert'),(52092,51983,3864942,'entree'),(52099,51980,3864971,'lait'),(52102,51980,3863210,'dessert'),(52103,51980,915008738,'entree'),(52110,51984,3864971,'lait'),(52113,51984,3864984,'dessert'),(52114,51984,3879923,'entree'),(52121,51985,922101209,'lait'),(52124,51985,843035964,'entree'),(52125,51985,3879913,'dessert'),(52131,51986,922101235,'lait'),(52133,51986,942430154,'entree'),(52134,51986,922100635,'dessert'),(52144,51987,915008724,'entree'),(52145,51987,843036142,'dessert'),(52146,51987,922101209,'lait'),(52155,51988,843036011,'entree'),(52156,51988,922101235,'lait'),(52164,51989,843035964,'entree'),(52165,51989,3879910,'dessert'),(52166,51989,922100944,'lait'),(52174,51990,843035964,'entree'),(52175,51990,843036148,'dessert'),(52176,51990,922100944,'lait'),(52184,51991,843035980,'entree'),(52185,51991,843144392,'dessert'),(52186,51991,922101235,'lait'),(52194,51992,843036024,'entree'),(52195,51992,3879913,'dessert'),(52196,51992,922101180,'lait'),(52206,51993,843036011,'entree'),(52207,51993,922101150,'lait'),(52214,51994,843036142,'dessert'),(52217,51994,843035976,'entree'),(52218,51994,922101180,'lait'),(52224,51995,843036148,'dessert'),(52226,51995,843035976,'entree'),(52227,51995,922101180,'lait'),(52234,51996,942430154,'entree'),(52236,51996,922100635,'dessert'),(52237,51996,922101161,'lait'),(52244,51997,915008795,'entree'),(52245,51997,843036142,'dessert'),(52247,51997,922100944,'lait'),(52254,51998,915008738,'entree'),(52256,51998,922101150,'lait'),(52263,51999,915008776,'entree'),(52264,51999,3879910,'dessert'),(52267,51999,922100944,'lait'),(52273,52001,915009739,'plat'),(52274,52001,3861814,'plat'),(52275,52001,843033480,'plat'),(52276,52001,3864982,'dessert'),(52277,52001,3864971,'lait'),(52278,52001,922098390,'garniture'),(52279,52001,3864934,'entree'),(52286,52002,3864960,'plat'),(52287,52002,3864981,'dessert'),(52288,52002,3864971,'lait'),(52289,52002,922097551,'garniture'),(52290,52002,3867375,'entree'),(52297,52003,3864971,'lait'),(52298,52003,915009739,'plat'),(52299,52003,3861808,'plat'),(52300,52003,843036058,'garniture'),(52301,52003,3879925,'dessert'),(52302,52003,3864942,'entree'),(52309,52004,3864971,'lait'),(52310,52004,843033488,'plat'),(52311,52004,843119502,'garniture'),(52312,52004,3863210,'dessert'),(52313,52004,915008738,'entree'),(52320,52005,3864971,'lait'),(52321,52005,3861817,'plat'),(52322,52005,843036056,'garniture'),(52323,52005,3864984,'dessert'),(52324,52005,3879923,'entree'),(52331,52006,922101209,'lait'),(52332,52006,843084745,'plat'),(52333,52006,922097556,'garniture'),(52334,52006,843035964,'entree'),(52335,52006,3879913,'dessert'),(52341,52007,922101235,'lait'),(52342,52007,843036062,'garniture'),(52343,52007,942430154,'entree'),(52344,52007,922100635,'dessert'),(52351,52008,915009739,'plat'),(52352,52008,3861811,'plat'),(52353,52008,922098078,'garniture'),(52354,52008,915008724,'entree'),(52355,52008,843036142,'dessert'),(52356,52008,922101209,'lait'),(52363,52009,3864950,'plat'),(52364,52009,843036034,'garniture'),(52365,52009,843036011,'entree'),(52366,52009,922101235,'lait'),(52372,52010,3861808,'plat'),(52373,52010,922097556,'garniture'),(52374,52010,843035964,'entree'),(52375,52010,3879910,'dessert'),(52376,52010,922100944,'lait'),(52382,52011,3861808,'plat'),(52383,52011,843036052,'garniture'),(52384,52011,843035964,'entree'),(52385,52011,843036148,'dessert'),(52386,52011,922100944,'lait'),(52392,52012,3864948,'plat'),(52393,52012,843036066,'garniture'),(52394,52012,843035980,'entree'),(52395,52012,843144392,'dessert'),(52396,52012,922101235,'lait'),(52402,52013,843118794,'garniture'),(52403,52013,3861814,'plat'),(52404,52013,843036024,'entree'),(52405,52013,3879913,'dessert'),(52406,52013,922101180,'lait'),(52414,52014,843036028,'garniture'),(52415,52014,915009334,'plat'),(52416,52014,843036011,'entree'),(52417,52014,922101150,'lait'),(52424,52015,843036142,'dessert'),(52425,52015,843036054,'garniture'),(52426,52015,3864954,'plat'),(52427,52015,843035976,'entree'),(52428,52015,922101180,'lait'),(52434,52016,843036148,'dessert'),(52435,52016,915010390,'garniture'),(52436,52016,843035976,'entree'),(52437,52016,922101180,'lait'),(52438,52016,3861817,'plat'),(52444,52017,942430154,'entree'),(52445,52017,843036068,'garniture'),(52446,52017,922100635,'dessert'),(52447,52017,922101161,'lait'),(52448,52017,915009334,'plat'),(52454,52018,915008795,'entree'),(52455,52018,843036142,'dessert'),(52456,52018,843036058,'garniture'),(52457,52018,922100944,'lait'),(52458,52018,3861814,'plat'),(52464,52019,915008738,'entree'),(52465,52019,843036050,'garniture'),(52466,52019,922101150,'lait'),(52467,52019,3864948,'plat'),(52473,52020,915008776,'entree'),(52474,52020,3879910,'dessert'),(52475,52020,922097551,'garniture'),(52476,52020,3864954,'plat'),(52477,52020,922100944,'lait'),(52483,52022,915009739,'plat'),(52484,52022,3861814,'plat'),(52485,52022,843033480,'plat'),(52486,52022,3864982,'dessert'),(52487,52022,3864971,'lait'),(52488,52022,922098390,'garniture'),(52489,52022,3864934,'entree'),(52496,52023,3864960,'plat'),(52497,52023,3864981,'dessert'),(52498,52023,3864971,'lait'),(52499,52023,922097551,'garniture'),(52500,52023,3867375,'entree'),(52507,52024,3864971,'lait'),(52508,52024,915009739,'plat'),(52509,52024,3861808,'plat'),(52510,52024,843036058,'garniture'),(52511,52024,3879925,'dessert'),(52512,52024,3864942,'entree'),(52519,52025,3864971,'lait'),(52520,52025,843033488,'plat'),(52521,52025,843119502,'garniture'),(52522,52025,3863210,'dessert'),(52523,52025,915008738,'entree'),(52530,52026,3864971,'lait'),(52531,52026,3861817,'plat'),(52532,52026,843036056,'garniture'),(52533,52026,3864984,'dessert'),(52534,52026,3879923,'entree'),(52541,52035,922101209,'lait'),(52542,52035,843084745,'plat'),(52543,52035,922097556,'garniture'),(52544,52035,843035964,'entree'),(52545,52035,3879913,'dessert'),(52551,52034,922101235,'lait'),(52552,52034,843036062,'garniture'),(52553,52034,942430154,'entree'),(52554,52034,922100635,'dessert'),(52561,52031,915009739,'plat'),(52562,52031,3861811,'plat'),(52563,52031,922098078,'garniture'),(52564,52031,915008724,'entree'),(52565,52031,843036142,'dessert'),(52566,52031,922101209,'lait'),(52573,52030,3864950,'plat'),(52574,52030,843036034,'garniture'),(52575,52030,843036011,'entree'),(52576,52030,922101235,'lait'),(52582,52027,3861808,'plat'),(52583,52027,922097556,'garniture'),(52584,52027,843035964,'entree'),(52585,52027,3879910,'dessert'),(52586,52027,922100944,'lait'),(52592,52036,3861808,'plat'),(52593,52036,843036052,'garniture'),(52594,52036,843035964,'entree'),(52595,52036,843036148,'dessert'),(52596,52036,922100944,'lait'),(52602,52033,3864948,'plat'),(52603,52033,843036066,'garniture'),(52604,52033,843035980,'entree'),(52605,52033,843144392,'dessert'),(52606,52033,922101235,'lait'),(52612,52032,843118794,'garniture'),(52613,52032,3861814,'plat'),(52614,52032,843036024,'entree'),(52615,52032,3879913,'dessert'),(52616,52032,922101180,'lait'),(52624,52029,843036028,'garniture'),(52625,52029,915009334,'plat'),(52626,52029,843036011,'entree'),(52627,52029,922101150,'lait'),(52634,52028,843036142,'dessert'),(52635,52028,843036054,'garniture'),(52636,52028,3864954,'plat'),(52637,52028,843035976,'entree'),(52638,52028,922101180,'lait'),(52644,52037,843036148,'dessert'),(52645,52037,915010390,'garniture'),(52646,52037,843035976,'entree'),(52647,52037,922101180,'lait'),(52648,52037,3861817,'plat'),(52654,52038,942430154,'entree'),(52655,52038,843036068,'garniture'),(52656,52038,922100635,'dessert'),(52657,52038,922101161,'lait'),(52658,52038,915009334,'plat'),(52664,52039,915008795,'entree'),(52665,52039,843036142,'dessert'),(52666,52039,843036058,'garniture'),(52667,52039,922100944,'lait'),(52668,52039,3861814,'plat'),(52674,52040,915008738,'entree'),(52675,52040,843036050,'garniture'),(52676,52040,922101150,'lait'),(52677,52040,3864948,'plat'),(52683,52041,915008776,'entree'),(52684,52041,3879910,'dessert'),(52685,52041,922097551,'garniture'),(52686,52041,3864954,'plat'),(52687,52041,922100944,'lait'),(52693,52043,915009739,'plat'),(52694,52043,3861814,'plat'),(52695,52043,843033480,'plat'),(52696,52043,3864982,'dessert'),(52697,52043,3864971,'lait'),(52698,52043,922098390,'garniture'),(52699,52043,3864934,'entree'),(52706,52044,3864960,'plat'),(52707,52044,3864981,'dessert'),(52708,52044,3864971,'lait'),(52709,52044,922097551,'garniture'),(52710,52044,3867375,'entree'),(52717,52045,3864971,'lait'),(52718,52045,915009739,'plat'),(52719,52045,3861808,'plat'),(52720,52045,843036058,'garniture'),(52721,52045,3879925,'dessert'),(52722,52045,3864942,'entree'),(52729,52046,3864971,'lait'),(52730,52046,843033488,'plat'),(52731,52046,843119502,'garniture'),(52732,52046,3863210,'dessert'),(52733,52046,915008738,'entree'),(52740,52047,3864971,'lait'),(52741,52047,3861817,'plat'),(52742,52047,843036056,'garniture'),(52743,52047,3864984,'dessert'),(52744,52047,3879923,'entree'),(52751,52055,922101209,'lait'),(52752,52055,843084745,'plat'),(52753,52055,922097556,'garniture'),(52754,52055,843035964,'entree'),(52755,52055,3879913,'dessert'),(52761,52056,922101235,'lait'),(52762,52056,843036062,'garniture'),(52763,52056,942430154,'entree'),(52764,52056,922100635,'dessert'),(52771,52052,915009739,'plat'),(52772,52052,3861811,'plat'),(52773,52052,922098078,'garniture'),(52774,52052,915008724,'entree'),(52775,52052,843036142,'dessert'),(52776,52052,922101209,'lait'),(52783,52051,3864950,'plat'),(52784,52051,843036034,'garniture'),(52785,52051,843036011,'entree'),(52786,52051,922101235,'lait'),(52792,52048,3861808,'plat'),(52793,52048,922097556,'garniture'),(52794,52048,843035964,'entree'),(52795,52048,3879910,'dessert'),(52796,52048,922100944,'lait'),(52802,52054,3861808,'plat'),(52803,52054,843036052,'garniture'),(52804,52054,843035964,'entree'),(52805,52054,843036148,'dessert'),(52806,52054,922100944,'lait'),(52812,52057,3864948,'plat'),(52813,52057,843036066,'garniture'),(52814,52057,843035980,'entree'),(52815,52057,843144392,'dessert'),(52816,52057,922101235,'lait'),(52822,52053,843118794,'garniture'),(52823,52053,3861814,'plat'),(52824,52053,843036024,'entree'),(52825,52053,3879913,'dessert'),(52826,52053,922101180,'lait'),(52834,52050,843036028,'garniture'),(52835,52050,915009334,'plat'),(52836,52050,843036011,'entree'),(52837,52050,922101150,'lait'),(52844,52049,843036142,'dessert'),(52845,52049,843036054,'garniture'),(52846,52049,3864954,'plat'),(52847,52049,843035976,'entree'),(52848,52049,922101180,'lait'),(52854,52058,843036148,'dessert'),(52855,52058,915010390,'garniture'),(52856,52058,843035976,'entree'),(52857,52058,922101180,'lait'),(52858,52058,3861817,'plat'),(52864,52059,942430154,'entree'),(52865,52059,843036068,'garniture'),(52866,52059,922100635,'dessert'),(52867,52059,922101161,'lait'),(52868,52059,915009334,'plat'),(52874,52062,915008795,'entree'),(52875,52062,843036142,'dessert'),(52876,52062,843036058,'garniture'),(52877,52062,922100944,'lait'),(52878,52062,3861814,'plat'),(52884,52060,915008738,'entree'),(52885,52060,843036050,'garniture'),(52886,52060,922101150,'lait'),(52887,52060,3864948,'plat'),(52893,52061,915008776,'entree'),(52894,52061,3879910,'dessert'),(52895,52061,922097551,'garniture'),(52896,52061,3864954,'plat'),(52897,52061,922100944,'lait'),(53035,42209,843033480,'plat'),(53036,42210,3864960,'plat'),(53037,42211,915009739,'plat'),(53038,42211,3861808,'plat'),(53039,42212,843033488,'plat'),(53040,42213,3861817,'plat'),(53041,42214,843084745,'plat'),(53042,42215,843036722,'plat'),(53043,42216,915009739,'plat'),(53044,42217,3864950,'plat'),(53045,42218,3861808,'plat'),(53046,42219,3861808,'plat'),(53047,42220,3864948,'plat'),(53048,42221,3861814,'plat'),(53049,42222,915009334,'plat'),(53050,42223,3864954,'plat'),(53051,42228,3861817,'plat'),(53052,42227,915009334,'plat'),(53053,42226,3861814,'plat'),(53054,42225,3864948,'plat'),(53055,42224,3864954,'plat'),(53091,52007,843036722,'plat'),(53202,52056,843036722,'plat'),(53313,52034,843036722,'plat'),(53521,53520,843033480,'plat'),(53522,53520,3864982,'dessert'),(53523,53520,3864971,'lait'),(53524,53520,922098390,'garniture'),(53525,53520,3864934,'entree'),(53532,53508,3864981,'dessert'),(53533,53508,3864971,'lait'),(53534,53508,3864960,'plat'),(53535,53508,922097551,'garniture'),(53536,53508,3867375,'entree'),(53543,53519,3864971,'lait'),(53544,53519,3861808,'plat'),(53545,53519,915009739,'plat'),(53546,53519,843036058,'garniture'),(53547,53519,3879925,'dessert'),(53548,53519,3864942,'entree'),(53555,53512,3864971,'lait'),(53556,53512,843033488,'plat'),(53557,53512,843119502,'garniture'),(53558,53512,3863210,'dessert'),(53559,53512,915008738,'entree'),(53566,53514,3864971,'lait'),(53567,53514,3861817,'plat'),(53568,53514,843036056,'garniture'),(53569,53514,3864984,'dessert'),(53570,53514,3879923,'entree'),(53577,53513,922101209,'lait'),(53578,53513,843084745,'plat'),(53579,53513,922097556,'garniture'),(53580,53513,843035964,'entree'),(53581,53513,3879913,'dessert'),(53587,53515,922101235,'lait'),(53588,53515,843036722,'plat'),(53589,53515,843036062,'garniture'),(53590,53515,942430154,'entree'),(53591,53515,922100635,'dessert'),(53598,53516,915009739,'plat'),(53599,53516,922098078,'garniture'),(53600,53516,915008724,'entree'),(53601,53516,843036142,'dessert'),(53602,53516,922101209,'lait'),(53609,53517,3864950,'plat'),(53610,53517,843036034,'garniture'),(53611,53517,843036011,'entree'),(53612,53517,922101235,'lait'),(53618,53518,3861808,'plat'),(53619,53518,922097556,'garniture'),(53620,53518,843035964,'entree'),(53621,53518,3879910,'dessert'),(53622,53518,922100944,'lait'),(53628,53501,3861808,'plat'),(53629,53501,843036052,'garniture'),(53630,53501,843035964,'entree'),(53631,53501,843036148,'dessert'),(53632,53501,922100944,'lait'),(53638,53502,3864948,'plat'),(53639,53502,843036066,'garniture'),(53640,53502,843035980,'entree'),(53641,53502,843144392,'dessert'),(53642,53502,922101235,'lait'),(53648,53503,843118794,'garniture'),(53649,53503,3861814,'plat'),(53650,53503,843036024,'entree'),(53651,53503,3879913,'dessert'),(53652,53503,922101180,'lait'),(53660,53504,843036028,'garniture'),(53661,53504,915009334,'plat'),(53662,53504,843036011,'entree'),(53663,53504,922101150,'lait'),(53670,53505,843036142,'dessert'),(53671,53505,843036054,'garniture'),(53672,53505,3864954,'plat'),(53673,53505,843035976,'entree'),(53674,53505,922101180,'lait'),(53680,53506,843036148,'dessert'),(53681,53506,915010390,'garniture'),(53682,53506,3861817,'plat'),(53683,53506,843035976,'entree'),(53684,53506,922101180,'lait'),(53690,53507,942430154,'entree'),(53691,53507,843036068,'garniture'),(53692,53507,922100635,'dessert'),(53693,53507,915009334,'plat'),(53694,53507,922101161,'lait'),(53700,53511,915008795,'entree'),(53701,53511,843036142,'dessert'),(53702,53511,843036058,'garniture'),(53703,53511,3861814,'plat'),(53704,53511,922100944,'lait'),(53710,53510,915008738,'entree'),(53711,53510,843036050,'garniture'),(53712,53510,3864948,'plat'),(53713,53510,922101150,'lait'),(53719,53509,915008776,'entree'),(53720,53509,3879910,'dessert'),(53721,53509,922097551,'garniture'),(53722,53509,3864954,'plat'),(53723,53509,922100944,'lait'),(54610,51981,915009739,'plat'),(54611,51981,3861814,'plat'),(54612,51981,843033480,'plat'),(54613,51982,3864960,'plat'),(54614,51983,915009739,'plat'),(54615,51983,3861808,'plat'),(54616,51980,843033488,'plat'),(54617,51984,3861817,'plat'),(54618,51985,843084745,'plat'),(54619,51986,843036722,'plat'),(54620,51987,915009739,'plat'),(54621,51987,3861811,'plat'),(54622,51988,3864950,'plat'),(54623,51989,3861808,'plat'),(54624,51990,3861808,'plat'),(54625,51991,3864948,'plat'),(54626,51992,3861814,'plat'),(54627,51993,915009334,'plat'),(54628,51994,3864954,'plat'),(54629,51995,3861817,'plat'),(54630,51996,915009334,'plat'),(54631,51997,3861814,'plat'),(54632,51998,3864948,'plat'),(54633,51999,3864954,'plat'),(54634,51981,922098390,'garniture'),(54635,51982,922097551,'garniture'),(54636,51983,843036058,'garniture'),(54637,51980,843119502,'garniture'),(54638,51984,843036056,'garniture'),(54639,51985,922097556,'garniture'),(54640,51986,843036062,'garniture'),(54641,51987,922098078,'garniture'),(54642,51988,843036034,'garniture'),(54643,51989,922097556,'garniture'),(54644,51990,843036052,'garniture'),(54645,51991,843036066,'garniture'),(54646,51992,843118794,'garniture'),(54647,51993,843036028,'garniture'),(54648,51994,843036054,'garniture'),(54649,51995,915010390,'garniture'),(54650,51996,843036068,'garniture'),(54651,51997,843036058,'garniture'),(54652,51998,843036050,'garniture'),(54653,51999,922097551,'garniture'),(57254,57144,843144392,'dessert'),(57255,57145,843144392,'dessert'),(57256,57146,843144392,'dessert'),(57257,57147,843144392,'dessert'),(57258,57148,843144392,'dessert'),(57293,57144,3879937,'garniture'),(57294,57145,3879937,'garniture'),(57295,57146,3879937,'garniture'),(57296,57147,3879937,'garniture'),(57297,57148,3879937,'garniture'),(57298,57149,3879937,'garniture'),(57299,57150,3879937,'garniture'),(57300,57151,3879937,'garniture'),(57301,57152,3879937,'garniture'),(57302,57153,3879937,'garniture'),(57303,57154,3879937,'garniture'),(57304,57144,843036020,'entree'),(57305,57145,843036020,'entree'),(57306,57146,843036020,'entree'),(57307,57147,843036020,'entree'),(57308,57148,843036020,'entree'),(57317,57144,3864982,'dessert'),(57318,57144,3864971,'lait'),(57319,57144,922098390,'garniture'),(57320,57144,3864934,'entree'),(57327,57145,3864981,'dessert'),(57328,57145,3864971,'lait'),(57330,57145,922097551,'garniture'),(57331,57145,3867375,'entree'),(57338,57146,3864971,'lait'),(57341,57146,843036058,'garniture'),(57342,57146,3879925,'dessert'),(57343,57146,3864942,'entree'),(57350,57147,3864971,'lait'),(57352,57147,843119502,'garniture'),(57353,57147,3863210,'dessert'),(57354,57147,915008738,'entree'),(57361,57148,3864971,'lait'),(57363,57148,843036056,'garniture'),(57364,57148,3864984,'dessert'),(57365,57148,3879923,'entree'),(57372,57149,922101209,'lait'),(57374,57149,922097556,'garniture'),(57375,57149,843035964,'entree'),(57376,57149,3879913,'dessert'),(57382,57150,922101235,'lait'),(57384,57150,843036062,'garniture'),(57385,57150,942430154,'entree'),(57386,57150,922100635,'dessert'),(57394,57151,922098078,'garniture'),(57395,57151,915008724,'entree'),(57396,57151,843036142,'dessert'),(57397,57151,922101209,'lait'),(57405,57152,843036034,'garniture'),(57406,57152,843036011,'entree'),(57407,57152,922101235,'lait'),(57414,57153,922097556,'garniture'),(57415,57153,843035964,'entree'),(57416,57153,3879910,'dessert'),(57417,57153,922100944,'lait'),(57424,57154,843036052,'garniture'),(57425,57154,843035964,'entree'),(57426,57154,843036148,'dessert'),(57427,57154,922100944,'lait'),(57434,57155,843036066,'garniture'),(57435,57155,843035980,'entree'),(57436,57155,843144392,'dessert'),(57437,57155,922101235,'lait'),(57443,57156,843118794,'garniture'),(57445,57156,843036024,'entree'),(57446,57156,3879913,'dessert'),(57447,57156,922101180,'lait'),(57455,57157,843036028,'garniture'),(57457,57157,843036011,'entree'),(57458,57157,922101150,'lait'),(57465,57158,843036142,'dessert'),(57466,57158,843036054,'garniture'),(57468,57158,843035976,'entree'),(57469,57158,922101180,'lait'),(57475,57159,843036148,'dessert'),(57476,57159,915010390,'garniture'),(57478,57159,843035976,'entree'),(57479,57159,922101180,'lait'),(57485,57160,942430154,'entree'),(57486,57160,843036068,'garniture'),(57487,57160,922100635,'dessert'),(57489,57160,922101161,'lait'),(57495,57161,915008795,'entree'),(57496,57161,843036142,'dessert'),(57497,57161,843036058,'garniture'),(57499,57161,922100944,'lait'),(57505,57162,915008738,'entree'),(57506,57162,843036050,'garniture'),(57508,57162,922101150,'lait'),(57514,57163,915008776,'entree'),(57515,57163,3879910,'dessert'),(57516,57163,922097551,'garniture'),(57518,57163,922100944,'lait'),(83959,57144,843033502,'plat'),(83960,57144,843033480,'plat'),(83961,57145,843033506,'plat'),(83962,57145,3864960,'plat'),(83963,57146,843033502,'plat'),(83964,57146,843033506,'plat'),(83965,57146,3861808,'plat'),(83966,57146,915009739,'plat'),(83967,57147,843033502,'plat'),(83968,57147,843033488,'plat'),(83969,57148,843033502,'plat'),(83970,57148,3861817,'plat'),(83971,57149,843084745,'plat'),(83972,57149,3879940,'plat'),(83973,57150,843036722,'plat'),(83974,57151,915009739,'plat'),(83975,57152,3864950,'plat'),(83976,57153,3861808,'plat'),(83977,57154,3861808,'plat'),(83978,57155,3864948,'plat'),(83979,57156,3861814,'plat'),(83980,57157,915009334,'plat'),(83981,57158,3864954,'plat'),(83982,57159,3861817,'plat'),(83983,57160,915009334,'plat'),(83984,57161,3861814,'plat'),(83985,57162,3864948,'plat'),(83986,57163,3864954,'plat'),(116346,51981,843144392,'dessert'),(116347,51981,3879937,'garniture'),(116348,51981,843036020,'entree'),(116349,51981,843033502,'plat'),(116361,51982,843144392,'dessert'),(116362,51982,3879937,'garniture'),(116363,51982,843036020,'entree'),(116364,51982,843033506,'plat'),(116376,51983,843144392,'dessert'),(116377,51983,3879937,'garniture'),(116378,51983,843036020,'entree'),(116379,51983,843033502,'plat'),(116380,51983,843033506,'plat'),(116392,51980,843144392,'dessert'),(116393,51980,3879937,'garniture'),(116394,51980,843036020,'entree'),(116395,51980,843033502,'plat'),(116407,51984,843144392,'dessert'),(116408,51984,3879937,'garniture'),(116409,51984,843036020,'entree'),(116410,51984,843033502,'plat'),(116422,51985,3879937,'garniture'),(116423,51985,3879940,'plat'),(116429,51986,3879937,'garniture'),(116436,51987,3879937,'garniture'),(116443,51988,3879937,'garniture'),(116449,51989,3879937,'garniture'),(116455,51990,3879937,'garniture'),(117702,116302,843033488,'plat'),(117703,116303,915009732,'plat'),(117704,116305,915009722,'plat'),(117705,116304,116323,'plat'),(117706,116306,843033502,'plat'),(117707,116320,915009305,'plat'),(117708,116316,915009739,'plat'),(117709,116315,843066096,'plat'),(117710,116311,116325,'plat'),(117711,116307,843033506,'plat'),(117712,116321,843033468,'plat'),(117713,116317,843084745,'plat'),(117714,116314,915009722,'plat'),(117715,116309,116342,'plat'),(117716,116310,843036722,'plat'),(117717,116319,843033496,'plat'),(117718,116318,915009739,'plat'),(117719,116313,843066060,'plat'),(117720,116312,116323,'plat'),(117721,116308,915009767,'plat'),(117722,116302,843035964,'entree'),(117723,116303,843036014,'entree'),(117724,116305,843035984,'entree'),(117725,116304,915008795,'entree'),(117726,116306,843036011,'entree'),(117727,116320,843035974,'entree'),(117728,116316,843036016,'entree'),(117729,116315,843035982,'entree'),(117730,116311,843036026,'entree'),(117731,116307,843036011,'entree'),(117732,116321,843035962,'entree'),(117733,116317,915008726,'entree'),(117734,116314,843035978,'entree'),(117735,116309,915008795,'entree'),(117736,116310,843036011,'entree'),(117737,116319,843035966,'entree'),(117738,116318,915008799,'entree'),(117739,116313,942430154,'entree'),(117740,116312,843036026,'entree'),(117741,116308,843036011,'entree'),(117742,116302,922099686,'dessert'),(117743,116303,922099566,'dessert'),(117744,116305,922099254,'dessert'),(117745,116306,843036144,'dessert'),(117746,116320,922099686,'dessert'),(117747,116316,922099566,'dessert'),(117748,116315,922099254,'dessert'),(117749,116307,843036144,'dessert'),(117750,116321,922099686,'dessert'),(117751,116317,922099566,'dessert'),(117752,116314,922099254,'dessert'),(117753,116310,843036144,'dessert'),(117754,116319,922099686,'dessert'),(117755,116318,922099566,'dessert'),(117756,116313,922099254,'dessert'),(117757,116308,843036144,'dessert'),(117758,116302,922100999,'lait'),(117759,116303,922100999,'lait'),(117760,116305,922100999,'lait'),(117761,116304,922100999,'lait'),(117762,116306,922100999,'lait'),(117763,116320,922101201,'lait'),(117764,116316,922101201,'lait'),(117765,116315,922101201,'lait'),(117766,116311,922101201,'lait'),(117767,116307,922101201,'lait'),(117768,116321,922100999,'lait'),(117769,116317,922100999,'lait'),(117770,116314,922100999,'lait'),(117771,116309,922100999,'lait'),(117772,116310,922100999,'lait'),(117773,116319,922101201,'lait'),(117774,116318,922101201,'lait'),(117775,116313,922101201,'lait'),(117776,116312,922101201,'lait'),(117777,116308,922101201,'lait');

--
-- Table structure for table `cantine_cantineplanalimentaire`
--

CREATE TABLE `cantine_cantineplanalimentaire` (
  `planAlimentaireId` bigint(20) NOT NULL,
  `etabId` bigint(20) DEFAULT NULL,
  `userId` bigint(20) DEFAULT NULL,
  `nomPlan` varchar(150) DEFAULT NULL,
  `type_` int(11) DEFAULT NULL,
  `isDiffuse` tinyint(4) DEFAULT NULL,
  `isShare` tinyint(11) DEFAULT NULL,
  PRIMARY KEY (`planAlimentaireId`),
  KEY `IX_260A3BAE` (`etabId`,`isDiffuse`),
  KEY `IX_3BBD908A` (`isShare`),
  KEY `IX_28FEC5D5` (`userId`),
  KEY `IX_97E3CB93` (`userId`,`isDiffuse`)
) ENGINE=InnoDB DEFAULT CHARSET=utf8;

--
-- Dumping data for table `cantine_cantineplanalimentaire`
--

INSERT INTO `cantine_cantineplanalimentaire` VALUES (28321,18210,18424,'Plan',2,1,0),(42208,18210,11105,'Janvier 2013',2,1,0),(51979,18210,11105,'Mars 2013',2,1,0),(52000,18210,11105,'Avril 2013',2,1,0),(52021,18210,11105,'Mai 2013',2,1,0),(52042,18210,11105,'Juin 2013',2,1,0),(53500,18210,11105,'Juillet 2013',2,0,0),(57143,18210,11105,'Plantest',2,0,0),(116301,18210,11105,'Plan de Noel',2,0,0);

--
-- Table structure for table `cantine_cantineplanalimentaireconfiguration`
--

CREATE TABLE `cantine_cantineplanalimentaireconfiguration` (
  `cantinePlanAlimentaireConfigurationId` bigint(20) NOT NULL,
  `planAlimentaireId` bigint(20) DEFAULT NULL,
  `cantineDatePlanAlimentaireId` bigint(20) DEFAULT NULL,
  `typeRecette` varchar(150) DEFAULT NULL,
  `categorieRecetteId` bigint(20) DEFAULT NULL,
  PRIMARY KEY (`cantinePlanAlimentaireConfigurationId`),
  KEY `IX_B0321A` (`cantineDatePlanAlimentaireId`),
  KEY `IX_F780FA2C` (`cantineDatePlanAlimentaireId`,`typeRecette`),
  KEY `IX_37F68CD2` (`planAlimentaireId`)
) ENGINE=InnoDB DEFAULT CHARSET=utf8;

--
-- Dumping data for table `cantine_cantineplanalimentaireconfiguration`
--

INSERT INTO `cantine_cantineplanalimentaireconfiguration` VALUES (41849,4302726,4302727,'entree',3872418),(41850,4302726,4302728,'entree',3872420),(41851,4302726,4302729,'entree',3872419),(41852,4302726,4302730,'entree',3872421),(41853,4302726,4302731,'entree',3872418),(41854,4302726,4302727,'plat',3872422),(41855,4302726,4302728,'plat',3872423),(41856,4302726,4302729,'plat',3872422),(41857,4302726,4302730,'plat',3872423),(41858,4302726,4302731,'plat',3872422),(41859,4302726,4302727,'garniture',3872426),(41860,4302726,4302728,'garniture',3872426),(41861,4302726,4302729,'garniture',3872426),(41862,4302726,4302730,'garniture',3872427),(41863,4302726,4302731,'garniture',3872426),(41864,4302726,4302727,'lait',3873421),(41865,4302726,4302728,'lait',3873270),(41866,4302726,4302729,'lait',3873421),(41867,4302726,4302730,'lait',3873270),(41868,4302726,4302731,'lait',3873421),(41869,4302726,4302727,'dessert',3872417),(41870,4302726,4302728,'dessert',3872428),(41871,4302726,4302729,'dessert',3872417),(41872,4302726,4302730,'dessert',3872430),(41873,4302726,4302731,'dessert',3872417),(41874,4302726,4302732,'entree',3872418),(41875,4302726,4302738,'entree',3872420),(41876,4302726,4302737,'entree',3872419),(41877,4302726,4302736,'entree',3872421),(41878,4302726,4302735,'entree',3872418),(41879,4302726,4302732,'plat',3872422),(41880,4302726,4302738,'plat',3872423),(41881,4302726,4302737,'plat',3872422),(41882,4302726,4302736,'plat',3872423),(41883,4302726,4302735,'plat',3872422),(41884,4302726,4302732,'garniture',3872426),(41885,4302726,4302738,'garniture',3872426),(41886,4302726,4302737,'garniture',3872426),(41887,4302726,4302736,'garniture',3872427),(41888,4302726,4302735,'garniture',3872426),(41889,4302726,4302732,'lait',3873421),(41890,4302726,4302738,'lait',3873270),(41891,4302726,4302737,'lait',3873421),(41892,4302726,4302736,'lait',3873270),(41893,4302726,4302735,'lait',3873421),(41894,4302726,4302732,'dessert',3872417),(41895,4302726,4302738,'dessert',3872428),(41896,4302726,4302737,'dessert',3872417),(41897,4302726,4302736,'dessert',3872430),(41898,4302726,4302735,'dessert',3872417),(41899,4302726,4302734,'entree',3872418),(41900,4302726,4302733,'entree',3872420),(41901,4302726,4302740,'entree',3872419),(41902,4302726,4302739,'entree',3872421),(41903,4302726,4302741,'entree',3872418),(41904,4302726,4302734,'plat',3872422),(41905,4302726,4302733,'plat',3872423),(41906,4302726,4302740,'plat',3872422),(41907,4302726,4302739,'plat',3872423),(41908,4302726,4302741,'plat',3872422),(41909,4302726,4302734,'garniture',3872426),(41910,4302726,4302733,'garniture',3872426),(41911,4302726,4302740,'garniture',3872426),(41912,4302726,4302739,'garniture',3872427),(41913,4302726,4302741,'garniture',3872426),(41914,4302726,4302734,'lait',3873421),(41915,4302726,4302733,'lait',3873270),(41916,4302726,4302740,'lait',3873421),(41917,4302726,4302739,'lait',3873270),(41918,4302726,4302741,'lait',3873421),(41919,4302726,4302734,'dessert',3872417),(41920,4302726,4302733,'dessert',3872428),(41921,4302726,4302740,'dessert',3872417),(41922,4302726,4302739,'dessert',3872430),(41923,4302726,4302741,'dessert',3872417),(41924,4302726,4302742,'entree',3872418),(41925,4302726,4302743,'entree',3872420),(41926,4302726,4302744,'entree',3872419),(41927,4302726,4302745,'entree',3872421),(41928,4302726,4302746,'entree',3872418),(41929,4302726,4302742,'plat',3872422),(41930,4302726,4302743,'plat',3872423),(41931,4302726,4302744,'plat',3872422),(41932,4302726,4302745,'plat',3872423),(41933,4302726,4302746,'plat',3872422),(41934,4302726,4302742,'garniture',3872426),(41935,4302726,4302743,'garniture',3872426),(41936,4302726,4302744,'garniture',3872426),(41937,4302726,4302745,'garniture',3872427),(41938,4302726,4302746,'garniture',3872426),(41939,4302726,4302742,'lait',3873421),(41940,4302726,4302743,'lait',3873270),(41941,4302726,4302744,'lait',3873421),(41942,4302726,4302745,'lait',3873270),(41943,4302726,4302746,'lait',3873421),(41944,4302726,4302742,'dessert',3872417),(41945,4302726,4302743,'dessert',3872428),(41946,4302726,4302744,'dessert',3872417),(41947,4302726,4302745,'dessert',3872430),(41948,4302726,4302746,'dessert',3872417),(42060,41752,41754,'entree',3872418),(42061,41752,41753,'entree',3872420),(42062,41752,41755,'entree',3872419),(42063,41752,41756,'entree',3872421),(42064,41752,41757,'entree',3872418),(42065,41752,41754,'plat',3872422),(42066,41752,41754,'plat',3872422),(42067,41752,41754,'plat',3872422),(42068,41752,41754,'plat',3872422),(42069,41752,41754,'plat',3872422),(42070,41752,41753,'plat',3872423),(42071,41752,41753,'plat',3872423),(42072,41752,41753,'plat',3872423),(42073,41752,41753,'plat',3872423),(42074,41752,41753,'plat',3872423),(42075,41752,41755,'plat',3872422),(42076,41752,41755,'plat',3872422),(42077,41752,41755,'plat',3872422),(42078,41752,41755,'plat',3872422),(42079,41752,41755,'plat',3872422),(42080,41752,41756,'plat',3872423),(42081,41752,41757,'plat',3872422),(42082,41752,41754,'garniture',3872426),(42083,41752,41754,'garniture',3872426),(42084,41752,41754,'garniture',3872426),(42085,41752,41754,'garniture',3872426),(42086,41752,41754,'garniture',3872426),(42087,41752,41753,'garniture',3872426),(42088,41752,41753,'garniture',3872426),(42089,41752,41753,'garniture',3872426),(42090,41752,41753,'garniture',3872426),(42091,41752,41753,'garniture',3872426),(42092,41752,41755,'garniture',3872426),(42093,41752,41755,'garniture',3872426),(42094,41752,41755,'garniture',3872426),(42095,41752,41755,'garniture',3872426),(42096,41752,41755,'garniture',3872426),(42097,41752,41756,'garniture',3872427),(42098,41752,41757,'garniture',3872426),(42099,41752,41754,'lait',3873421),(42100,41752,41754,'lait',3873421),(42101,41752,41754,'lait',3873421),(42102,41752,41754,'lait',3873421),(42103,41752,41754,'lait',3873421),(42104,41752,41753,'lait',3873270),(42105,41752,41753,'lait',3873270),(42106,41752,41753,'lait',3873270),(42107,41752,41753,'lait',3873270),(42108,41752,41753,'lait',3873270),(42109,41752,41755,'lait',3873421),(42110,41752,41755,'lait',3873421),(42111,41752,41755,'lait',3873421),(42112,41752,41755,'lait',3873421),(42113,41752,41755,'lait',3873421),(42114,41752,41756,'lait',3873270),(42115,41752,41757,'lait',3873421),(42116,41752,41754,'dessert',3872417),(42117,41752,41754,'dessert',3872417),(42118,41752,41754,'dessert',3872417),(42119,41752,41754,'dessert',3872417),(42120,41752,41754,'dessert',3872417),(42121,41752,41753,'dessert',3872428),(42122,41752,41753,'dessert',3872428),(42123,41752,41753,'dessert',3872428),(42124,41752,41753,'dessert',3872428),(42125,41752,41753,'dessert',3872428),(42126,41752,41755,'dessert',3872417),(42127,41752,41755,'dessert',3872417),(42128,41752,41755,'dessert',3872417),(42129,41752,41755,'dessert',3872417),(42130,41752,41755,'dessert',3872417),(42131,41752,41756,'dessert',3872430),(42132,41752,41757,'dessert',3872417),(42133,41752,41758,'entree',3872418),(42134,41752,41759,'entree',3872420),(42135,41752,41760,'entree',3872419),(42136,41752,41761,'entree',3872421),(42137,41752,41762,'entree',3872418),(42138,41752,41758,'plat',3872422),(42139,41752,41759,'plat',3872423),(42140,41752,41760,'plat',3872422),(42141,41752,41761,'plat',3872423),(42142,41752,41762,'plat',3872422),(42143,41752,41758,'garniture',3872426),(42144,41752,41759,'garniture',3872426),(42145,41752,41760,'garniture',3872426),(42146,41752,41761,'garniture',3872427),(42147,41752,41762,'garniture',3872426),(42148,41752,41758,'lait',3873421),(42149,41752,41759,'lait',3873270),(42150,41752,41760,'lait',3873421),(42151,41752,41761,'lait',3873270),(42152,41752,41762,'lait',3873421),(42153,41752,41758,'dessert',3872417),(42154,41752,41759,'dessert',3872428),(42155,41752,41760,'dessert',3872417),(42156,41752,41761,'dessert',3872430),(42157,41752,41762,'dessert',3872417),(42158,41752,41763,'entree',3872418),(42159,41752,41764,'entree',3872420),(42160,41752,41765,'entree',3872419),(42161,41752,41766,'entree',3872421),(42162,41752,41767,'entree',3872418),(42163,41752,41763,'plat',3872422),(42164,41752,41764,'plat',3872423),(42165,41752,41765,'plat',3872422),(42166,41752,41766,'plat',3872423),(42167,41752,41767,'plat',3872422),(42168,41752,41763,'garniture',3872426),(42169,41752,41764,'garniture',3872426),(42170,41752,41765,'garniture',3872426),(42171,41752,41766,'garniture',3872427),(42172,41752,41767,'garniture',3872426),(42173,41752,41763,'lait',3873421),(42174,41752,41764,'lait',3873270),(42175,41752,41765,'lait',3873421),(42176,41752,41766,'lait',3873270),(42177,41752,41767,'lait',3873421),(42178,41752,41763,'dessert',3872417),(42179,41752,41764,'dessert',3872428),(42180,41752,41765,'dessert',3872417),(42181,41752,41766,'dessert',3872430),(42182,41752,41767,'dessert',3872417),(42183,41752,41772,'entree',3872418),(42184,41752,41771,'entree',3872420),(42185,41752,41770,'entree',3872419),(42186,41752,41769,'entree',3872421),(42187,41752,41768,'entree',3872418),(42188,41752,41772,'plat',3872422),(42189,41752,41771,'plat',3872423),(42190,41752,41770,'plat',3872422),(42191,41752,41769,'plat',3872423),(42192,41752,41768,'plat',3872422),(42193,41752,41772,'garniture',3872426),(42194,41752,41771,'garniture',3872426),(42195,41752,41770,'garniture',3872426),(42196,41752,41769,'garniture',3872427),(42197,41752,41768,'garniture',3872426),(42198,41752,41772,'lait',3873421),(42199,41752,41771,'lait',3873270),(42200,41752,41770,'lait',3873421),(42201,41752,41769,'lait',3873270),(42202,41752,41768,'lait',3873421),(42203,41752,41772,'dessert',3872417),(42204,41752,41771,'dessert',3872428),(42205,41752,41770,'dessert',3872417),(42206,41752,41769,'dessert',3872430),(42207,41752,41768,'dessert',3872417),(52280,52000,52001,'dessert',3872417),(52281,52000,52001,'lait',922088190),(52282,52000,52001,'garniture',3872426),(52283,52000,52001,'plat',3872422),(52284,52000,52001,'plat',3872423),(52285,52000,52001,'entree',3872418),(52291,52000,52002,'dessert',3872428),(52292,52000,52002,'lait',922088272),(52293,52000,52002,'garniture',3872426),(52294,52000,52002,'plat',843019796),(52295,52000,52002,'plat',3872423),(52296,52000,52002,'entree',3872420),(52303,52000,52003,'dessert',3872417),(52304,52000,52003,'lait',922088190),(52305,52000,52003,'garniture',3872426),(52306,52000,52003,'plat',3872422),(52307,52000,52003,'entree',3872419),(52308,52000,52003,'entree',3872420),(52314,52000,52004,'dessert',3872430),(52315,52000,52004,'lait',922088272),(52316,52000,52004,'garniture',3872427),(52317,52000,52004,'plat',843019812),(52318,52000,52004,'plat',3872423),(52319,52000,52004,'entree',3872421),(52325,52000,52005,'dessert',3872417),(52326,52000,52005,'lait',922088190),(52327,52000,52005,'garniture',3872426),(52328,52000,52005,'plat',843019812),(52329,52000,52005,'plat',3872422),(52330,52000,52005,'entree',3872418),(52336,52000,52006,'dessert',3872417),(52337,52000,52006,'lait',922088190),(52338,52000,52006,'garniture',3872426),(52339,52000,52006,'plat',3872422),(52340,52000,52006,'entree',3872418),(52345,52000,52007,'dessert',3872428),(52346,52000,52007,'lait',922088272),(52347,52000,52007,'garniture',3872426),(52348,52000,52007,'plat',843019810),(52349,52000,52007,'plat',3872423),(52350,52000,52007,'entree',3872420),(52357,52000,52008,'dessert',3872417),(52358,52000,52008,'lait',922088190),(52359,52000,52008,'garniture',3872426),(52360,52000,52008,'plat',3872422),(52361,52000,52008,'entree',3872420),(52362,52000,52008,'entree',3872419),(52367,52000,52009,'dessert',3872430),(52368,52000,52009,'lait',922088272),(52369,52000,52009,'garniture',3872427),(52370,52000,52009,'plat',3872423),(52371,52000,52009,'entree',3872421),(52377,52000,52010,'dessert',3872417),(52378,52000,52010,'lait',922088190),(52379,52000,52010,'garniture',3872426),(52380,52000,52010,'plat',3872422),(52381,52000,52010,'entree',3872418),(52387,52000,52011,'dessert',3872417),(52388,52000,52011,'lait',922088190),(52389,52000,52011,'garniture',3872426),(52390,52000,52011,'plat',3872422),(52391,52000,52011,'entree',3872418),(52397,52000,52012,'dessert',3872428),(52398,52000,52012,'lait',922088272),(52399,52000,52012,'garniture',3872426),(52400,52000,52012,'plat',3872423),(52401,52000,52012,'entree',3872420),(52407,52000,52013,'dessert',3872417),(52408,52000,52013,'lait',922088190),(52409,52000,52013,'garniture',3872426),(52410,52000,52013,'plat',843019810),(52411,52000,52013,'plat',3872422),(52412,52000,52013,'entree',3872419),(52413,52000,52013,'entree',3872420),(52418,52000,52014,'dessert',3872430),(52419,52000,52014,'lait',922088272),(52420,52000,52014,'garniture',3872427),(52421,52000,52014,'plat',3872423),(52422,52000,52014,'plat',843019810),(52423,52000,52014,'entree',3872421),(52429,52000,52015,'dessert',3872417),(52430,52000,52015,'lait',922088190),(52431,52000,52015,'garniture',3872426),(52432,52000,52015,'plat',3872422),(52433,52000,52015,'entree',3872418),(52439,52000,52016,'dessert',3872417),(52440,52000,52016,'lait',922088190),(52441,52000,52016,'garniture',3872426),(52442,52000,52016,'plat',3872422),(52443,52000,52016,'entree',3872418),(52449,52000,52017,'dessert',3872428),(52450,52000,52017,'lait',922088272),(52451,52000,52017,'garniture',3872426),(52452,52000,52017,'plat',3872423),(52453,52000,52017,'entree',3872420),(52459,52000,52018,'dessert',3872417),(52460,52000,52018,'lait',922088190),(52461,52000,52018,'garniture',3872426),(52462,52000,52018,'plat',3872422),(52463,52000,52018,'entree',3872419),(52468,52000,52019,'dessert',3872430),(52469,52000,52019,'lait',922088272),(52470,52000,52019,'garniture',3872427),(52471,52000,52019,'plat',3872423),(52472,52000,52019,'entree',3872421),(52478,52000,52020,'lait',922088190),(52479,52000,52020,'garniture',3872426),(52480,52000,52020,'plat',3872422),(52481,52000,52020,'entree',3872418),(52482,52000,52020,'dessert',3872417),(52490,52021,52022,'dessert',3872417),(52491,52021,52022,'lait',922088190),(52492,52021,52022,'garniture',3872426),(52493,52021,52022,'plat',3872422),(52494,52021,52022,'plat',3872423),(52495,52021,52022,'entree',3872418),(52501,52021,52023,'dessert',3872428),(52502,52021,52023,'lait',922088272),(52503,52021,52023,'garniture',3872426),(52504,52021,52023,'plat',843019796),(52505,52021,52023,'plat',3872423),(52506,52021,52023,'entree',3872420),(52513,52021,52024,'dessert',3872417),(52514,52021,52024,'lait',922088190),(52515,52021,52024,'garniture',3872426),(52516,52021,52024,'plat',3872422),(52517,52021,52024,'entree',3872419),(52518,52021,52024,'entree',3872420),(52524,52021,52025,'dessert',3872430),(52525,52021,52025,'lait',922088272),(52526,52021,52025,'garniture',3872427),(52527,52021,52025,'plat',843019812),(52528,52021,52025,'plat',3872423),(52529,52021,52025,'entree',3872421),(52535,52021,52026,'dessert',3872417),(52536,52021,52026,'lait',922088190),(52537,52021,52026,'garniture',3872426),(52538,52021,52026,'plat',843019812),(52539,52021,52026,'plat',3872422),(52540,52021,52026,'entree',3872418),(52546,52021,52035,'dessert',3872417),(52547,52021,52035,'lait',922088190),(52548,52021,52035,'garniture',3872426),(52549,52021,52035,'plat',3872422),(52550,52021,52035,'entree',3872418),(52555,52021,52034,'dessert',3872428),(52556,52021,52034,'lait',922088272),(52557,52021,52034,'garniture',3872426),(52558,52021,52034,'plat',843019810),(52559,52021,52034,'plat',3872423),(52560,52021,52034,'entree',3872420),(52567,52021,52031,'dessert',3872417),(52568,52021,52031,'lait',922088190),(52569,52021,52031,'garniture',3872426),(52570,52021,52031,'plat',3872422),(52571,52021,52031,'entree',3872420),(52572,52021,52031,'entree',3872419),(52577,52021,52030,'dessert',3872430),(52578,52021,52030,'lait',922088272),(52579,52021,52030,'garniture',3872427),(52580,52021,52030,'plat',3872423),(52581,52021,52030,'entree',3872421),(52587,52021,52027,'dessert',3872417),(52588,52021,52027,'lait',922088190),(52589,52021,52027,'garniture',3872426),(52590,52021,52027,'plat',3872422),(52591,52021,52027,'entree',3872418),(52597,52021,52036,'dessert',3872417),(52598,52021,52036,'lait',922088190),(52599,52021,52036,'garniture',3872426),(52600,52021,52036,'plat',3872422),(52601,52021,52036,'entree',3872418),(52607,52021,52033,'dessert',3872428),(52608,52021,52033,'lait',922088272),(52609,52021,52033,'garniture',3872426),(52610,52021,52033,'plat',3872423),(52611,52021,52033,'entree',3872420),(52617,52021,52032,'dessert',3872417),(52618,52021,52032,'lait',922088190),(52619,52021,52032,'garniture',3872426),(52620,52021,52032,'plat',843019810),(52621,52021,52032,'plat',3872422),(52622,52021,52032,'entree',3872419),(52623,52021,52032,'entree',3872420),(52628,52021,52029,'dessert',3872430),(52629,52021,52029,'lait',922088272),(52630,52021,52029,'garniture',3872427),(52631,52021,52029,'plat',3872423),(52632,52021,52029,'plat',843019810),(52633,52021,52029,'entree',3872421),(52639,52021,52028,'dessert',3872417),(52640,52021,52028,'lait',922088190),(52641,52021,52028,'garniture',3872426),(52642,52021,52028,'plat',3872422),(52643,52021,52028,'entree',3872418),(52649,52021,52037,'dessert',3872417),(52650,52021,52037,'lait',922088190),(52651,52021,52037,'garniture',3872426),(52652,52021,52037,'plat',3872422),(52653,52021,52037,'entree',3872418),(52659,52021,52038,'dessert',3872428),(52660,52021,52038,'lait',922088272),(52661,52021,52038,'garniture',3872426),(52662,52021,52038,'plat',3872423),(52663,52021,52038,'entree',3872420),(52669,52021,52039,'dessert',3872417),(52670,52021,52039,'lait',922088190),(52671,52021,52039,'garniture',3872426),(52672,52021,52039,'plat',3872422),(52673,52021,52039,'entree',3872419),(52678,52021,52040,'dessert',3872430),(52679,52021,52040,'lait',922088272),(52680,52021,52040,'garniture',3872427),(52681,52021,52040,'plat',3872423),(52682,52021,52040,'entree',3872421),(52688,52021,52041,'lait',922088190),(52689,52021,52041,'garniture',3872426),(52690,52021,52041,'plat',3872422),(52691,52021,52041,'entree',3872418),(52692,52021,52041,'dessert',3872417),(52700,52042,52043,'dessert',3872417),(52701,52042,52043,'lait',922088190),(52702,52042,52043,'garniture',3872426),(52703,52042,52043,'plat',3872422),(52704,52042,52043,'plat',3872423),(52705,52042,52043,'entree',3872418),(52711,52042,52044,'dessert',3872428),(52712,52042,52044,'lait',922088272),(52713,52042,52044,'garniture',3872426),(52714,52042,52044,'plat',843019796),(52715,52042,52044,'plat',3872423),(52716,52042,52044,'entree',3872420),(52723,52042,52045,'dessert',3872417),(52724,52042,52045,'lait',922088190),(52725,52042,52045,'garniture',3872426),(52726,52042,52045,'plat',3872422),(52727,52042,52045,'entree',3872419),(52728,52042,52045,'entree',3872420),(52734,52042,52046,'dessert',3872430),(52735,52042,52046,'lait',922088272),(52736,52042,52046,'garniture',3872427),(52737,52042,52046,'plat',843019812),(52738,52042,52046,'plat',3872423),(52739,52042,52046,'entree',3872421),(52745,52042,52047,'dessert',3872417),(52746,52042,52047,'lait',922088190),(52747,52042,52047,'garniture',3872426),(52748,52042,52047,'plat',843019812),(52749,52042,52047,'plat',3872422),(52750,52042,52047,'entree',3872418),(52756,52042,52055,'dessert',3872417),(52757,52042,52055,'lait',922088190),(52758,52042,52055,'garniture',3872426),(52759,52042,52055,'plat',3872422),(52760,52042,52055,'entree',3872418),(52765,52042,52056,'dessert',3872428),(52766,52042,52056,'lait',922088272),(52767,52042,52056,'garniture',3872426),(52768,52042,52056,'plat',843019810),(52769,52042,52056,'plat',3872423),(52770,52042,52056,'entree',3872420),(52777,52042,52052,'dessert',3872417),(52778,52042,52052,'lait',922088190),(52779,52042,52052,'garniture',3872426),(52780,52042,52052,'plat',3872422),(52781,52042,52052,'entree',3872420),(52782,52042,52052,'entree',3872419),(52787,52042,52051,'dessert',3872430),(52788,52042,52051,'lait',922088272),(52789,52042,52051,'garniture',3872427),(52790,52042,52051,'plat',3872423),(52791,52042,52051,'entree',3872421),(52797,52042,52048,'dessert',3872417),(52798,52042,52048,'lait',922088190),(52799,52042,52048,'garniture',3872426),(52800,52042,52048,'plat',3872422),(52801,52042,52048,'entree',3872418),(52807,52042,52054,'dessert',3872417),(52808,52042,52054,'lait',922088190),(52809,52042,52054,'garniture',3872426),(52810,52042,52054,'plat',3872422),(52811,52042,52054,'entree',3872418),(52817,52042,52057,'dessert',3872428),(52818,52042,52057,'lait',922088272),(52819,52042,52057,'garniture',3872426),(52820,52042,52057,'plat',3872423),(52821,52042,52057,'entree',3872420),(52827,52042,52053,'dessert',3872417),(52828,52042,52053,'lait',922088190),(52829,52042,52053,'garniture',3872426),(52830,52042,52053,'plat',843019810),(52831,52042,52053,'plat',3872422),(52832,52042,52053,'entree',3872419),(52833,52042,52053,'entree',3872420),(52838,52042,52050,'dessert',3872430),(52839,52042,52050,'lait',922088272),(52840,52042,52050,'garniture',3872427),(52841,52042,52050,'plat',3872423),(52842,52042,52050,'plat',843019810),(52843,52042,52050,'entree',3872421),(52849,52042,52049,'dessert',3872417),(52850,52042,52049,'lait',922088190),(52851,52042,52049,'garniture',3872426),(52852,52042,52049,'plat',3872422),(52853,52042,52049,'entree',3872418),(52859,52042,52058,'dessert',3872417),(52860,52042,52058,'lait',922088190),(52861,52042,52058,'garniture',3872426),(52862,52042,52058,'plat',3872422),(52863,52042,52058,'entree',3872418),(52869,52042,52059,'dessert',3872428),(52870,52042,52059,'lait',922088272),(52871,52042,52059,'garniture',3872426),(52872,52042,52059,'plat',3872423),(52873,52042,52059,'entree',3872420),(52879,52042,52062,'dessert',3872417),(52880,52042,52062,'lait',922088190),(52881,52042,52062,'garniture',3872426),(52882,52042,52062,'plat',3872422),(52883,52042,52062,'entree',3872419),(52888,52042,52060,'dessert',3872430),(52889,52042,52060,'lait',922088272),(52890,52042,52060,'garniture',3872427),(52891,52042,52060,'plat',3872423),(52892,52042,52060,'entree',3872421),(52898,52042,52061,'lait',922088190),(52899,52042,52061,'garniture',3872426),(52900,52042,52061,'plat',3872422),(52901,52042,52061,'entree',3872418),(52902,52042,52061,'dessert',3872417),(52904,42208,42209,'entree',3872418),(52905,42208,42210,'entree',3872420),(52906,42208,42211,'entree',3872419),(52907,42208,42211,'entree',3872420),(52908,42208,42212,'entree',3872421),(52909,42208,42213,'entree',3872418),(52910,42208,42209,'plat',3872422),(52911,42208,42209,'plat',3872423),(52912,42208,42210,'plat',843019796),(52913,42208,42210,'plat',3872423),(52914,42208,42211,'plat',3872422),(52915,42208,42212,'plat',843019812),(52916,42208,42212,'plat',3872423),(52917,42208,42213,'plat',843019812),(52918,42208,42213,'plat',3872422),(52919,42208,42209,'garniture',3872426),(52920,42208,42210,'garniture',3872426),(52921,42208,42211,'garniture',3872426),(52922,42208,42212,'garniture',3872427),(52923,42208,42213,'garniture',3872426),(52924,42208,42209,'lait',922088190),(52925,42208,42210,'lait',922088272),(52926,42208,42211,'lait',922088190),(52927,42208,42212,'lait',922088272),(52928,42208,42213,'lait',922088190),(52929,42208,42209,'dessert',3872417),(52930,42208,42210,'dessert',3872428),(52931,42208,42211,'dessert',3872417),(52932,42208,42212,'dessert',3872430),(52933,42208,42213,'dessert',3872417),(52934,42208,42214,'entree',3872418),(52935,42208,42215,'entree',3872420),(52936,42208,42216,'entree',3872420),(52937,42208,42216,'entree',3872419),(52938,42208,42217,'entree',3872421),(52939,42208,42218,'entree',3872418),(52940,42208,42214,'plat',3872422),(52941,42208,42215,'plat',843019810),(52942,42208,42215,'plat',3872423),(52943,42208,42216,'plat',3872422),(52944,42208,42217,'plat',3872423),(52945,42208,42218,'plat',3872422),(52946,42208,42214,'garniture',3872426),(52947,42208,42215,'garniture',3872426),(52948,42208,42216,'garniture',3872426),(52949,42208,42217,'garniture',3872427),(52950,42208,42218,'garniture',3872426),(52951,42208,42214,'lait',922088190),(52952,42208,42215,'lait',922088272),(52953,42208,42216,'lait',922088190),(52954,42208,42217,'lait',922088272),(52955,42208,42218,'lait',922088190),(52956,42208,42214,'dessert',3872417),(52957,42208,42215,'dessert',3872428),(52958,42208,42216,'dessert',3872417),(52959,42208,42217,'dessert',3872430),(52960,42208,42218,'dessert',3872417),(52961,42208,42219,'entree',3872418),(52962,42208,42220,'entree',3872420),(52963,42208,42221,'entree',3872419),(52964,42208,42221,'entree',3872420),(52965,42208,42222,'entree',3872421),(52966,42208,42223,'entree',3872418),(52967,42208,42219,'plat',3872422),(52968,42208,42220,'plat',3872423),(52969,42208,42221,'plat',843019810),(52970,42208,42221,'plat',3872422),(52971,42208,42222,'plat',3872423),(52972,42208,42222,'plat',843019810),(52973,42208,42223,'plat',3872422),(52974,42208,42219,'garniture',3872426),(52975,42208,42220,'garniture',3872426),(52976,42208,42221,'garniture',3872426),(52977,42208,42222,'garniture',3872427),(52978,42208,42223,'garniture',3872426),(52979,42208,42219,'lait',922088190),(52980,42208,42220,'lait',922088272),(52981,42208,42221,'lait',922088190),(52982,42208,42222,'lait',922088272),(52983,42208,42223,'lait',922088190),(52984,42208,42219,'dessert',3872417),(52985,42208,42220,'dessert',3872428),(52986,42208,42221,'dessert',3872417),(52987,42208,42222,'dessert',3872430),(52988,42208,42223,'dessert',3872417),(52989,42208,42228,'entree',3872418),(52990,42208,42227,'entree',3872420),(52991,42208,42226,'entree',3872419),(52992,42208,42225,'entree',3872421),(52993,42208,42224,'entree',3872418),(52994,42208,42228,'plat',3872422),(52995,42208,42227,'plat',3872423),(52996,42208,42226,'plat',3872422),(52997,42208,42225,'plat',3872423),(52998,42208,42224,'plat',3872422),(52999,42208,42228,'garniture',3872426),(53000,42208,42227,'garniture',3872426),(53001,42208,42226,'garniture',3872426),(53002,42208,42225,'garniture',3872427),(53003,42208,42224,'garniture',3872426),(53004,42208,42228,'lait',922088190),(53005,42208,42227,'lait',922088272),(53006,42208,42226,'lait',922088190),(53007,42208,42225,'lait',922088272),(53008,42208,42224,'lait',922088190),(53009,42208,42228,'dessert',3872417),(53010,42208,42227,'dessert',3872428),(53011,42208,42226,'dessert',3872417),(53012,42208,42225,'dessert',3872430),(53013,42208,42224,'dessert',3872417),(53056,52000,52001,'dessert',3872417),(53057,52000,52001,'lait',922088190),(53058,52000,52001,'garniture',3872426),(53059,52000,52001,'plat',3872423),(53060,52000,52001,'plat',3872422),(53061,52000,52001,'entree',3872418),(53062,52000,52002,'dessert',3872428),(53063,52000,52002,'lait',922088272),(53064,52000,52002,'garniture',3872426),(53065,52000,52002,'plat',3872423),(53066,52000,52002,'plat',843019796),(53067,52000,52002,'entree',3872420),(53068,52000,52003,'dessert',3872417),(53069,52000,52003,'lait',922088190),(53070,52000,52003,'garniture',3872426),(53071,52000,52003,'plat',3872422),(53072,52000,52003,'entree',3872420),(53073,52000,52003,'entree',3872419),(53074,52000,52004,'dessert',3872430),(53075,52000,52004,'lait',922088272),(53076,52000,52004,'garniture',3872427),(53077,52000,52004,'plat',3872423),(53078,52000,52004,'plat',843019812),(53079,52000,52004,'entree',3872421),(53080,52000,52005,'dessert',3872417),(53081,52000,52005,'lait',922088190),(53082,52000,52005,'garniture',3872426),(53083,52000,52005,'plat',3872422),(53084,52000,52005,'plat',843019812),(53085,52000,52005,'entree',3872418),(53086,52000,52006,'dessert',3872417),(53087,52000,52006,'lait',922088190),(53088,52000,52006,'garniture',3872426),(53089,52000,52006,'plat',3872422),(53090,52000,52006,'entree',3872418),(53092,52000,52007,'dessert',3872428),(53093,52000,52007,'lait',922088272),(53094,52000,52007,'garniture',3872426),(53095,52000,52007,'plat',3872423),(53096,52000,52007,'plat',843019810),(53097,52000,52007,'entree',3872420),(53098,52000,52008,'dessert',3872417),(53099,52000,52008,'lait',922088190),(53100,52000,52008,'garniture',3872426),(53101,52000,52008,'plat',3872422),(53102,52000,52008,'entree',3872419),(53103,52000,52008,'entree',3872420),(53104,52000,52009,'dessert',3872430),(53105,52000,52009,'lait',922088272),(53106,52000,52009,'garniture',3872427),(53107,52000,52009,'plat',3872423),(53108,52000,52009,'entree',3872421),(53109,52000,52010,'dessert',3872417),(53110,52000,52010,'lait',922088190),(53111,52000,52010,'garniture',3872426),(53112,52000,52010,'plat',3872422),(53113,52000,52010,'entree',3872418),(53114,52000,52011,'dessert',3872417),(53115,52000,52011,'lait',922088190),(53116,52000,52011,'garniture',3872426),(53117,52000,52011,'plat',3872422),(53118,52000,52011,'entree',3872418),(53119,52000,52012,'dessert',3872428),(53120,52000,52012,'lait',922088272),(53121,52000,52012,'garniture',3872426),(53122,52000,52012,'plat',3872423),(53123,52000,52012,'entree',3872420),(53124,52000,52013,'dessert',3872417),(53125,52000,52013,'lait',922088190),(53126,52000,52013,'garniture',3872426),(53127,52000,52013,'plat',3872422),(53128,52000,52013,'plat',843019810),(53129,52000,52013,'entree',3872420),(53130,52000,52013,'entree',3872419),(53131,52000,52014,'dessert',3872430),(53132,52000,52014,'lait',922088272),(53133,52000,52014,'garniture',3872427),(53134,52000,52014,'plat',843019810),(53135,52000,52014,'plat',3872423),(53136,52000,52014,'entree',3872421),(53137,52000,52015,'dessert',3872417),(53138,52000,52015,'lait',922088190),(53139,52000,52015,'garniture',3872426),(53140,52000,52015,'plat',3872422),(53141,52000,52015,'entree',3872418),(53142,52000,52016,'dessert',3872417),(53143,52000,52016,'lait',922088190),(53144,52000,52016,'garniture',3872426),(53145,52000,52016,'plat',3872422),(53146,52000,52016,'entree',3872418),(53147,52000,52017,'dessert',3872428),(53148,52000,52017,'lait',922088272),(53149,52000,52017,'garniture',3872426),(53150,52000,52017,'plat',3872423),(53151,52000,52017,'entree',3872420),(53152,52000,52018,'dessert',3872417),(53153,52000,52018,'lait',922088190),(53154,52000,52018,'garniture',3872426),(53155,52000,52018,'plat',3872422),(53156,52000,52018,'entree',3872419),(53157,52000,52019,'dessert',3872430),(53158,52000,52019,'lait',922088272),(53159,52000,52019,'garniture',3872427),(53160,52000,52019,'plat',3872423),(53161,52000,52019,'entree',3872421),(53162,52000,52020,'lait',922088190),(53163,52000,52020,'garniture',3872426),(53164,52000,52020,'plat',3872422),(53165,52000,52020,'entree',3872418),(53166,52000,52020,'dessert',3872417),(53167,52042,52043,'dessert',3872417),(53168,52042,52043,'lait',922088190),(53169,52042,52043,'garniture',3872426),(53170,52042,52043,'plat',3872423),(53171,52042,52043,'plat',3872422),(53172,52042,52043,'entree',3872418),(53173,52042,52044,'dessert',3872428),(53174,52042,52044,'lait',922088272),(53175,52042,52044,'garniture',3872426),(53176,52042,52044,'plat',3872423),(53177,52042,52044,'plat',843019796),(53178,52042,52044,'entree',3872420),(53179,52042,52045,'dessert',3872417),(53180,52042,52045,'lait',922088190),(53181,52042,52045,'garniture',3872426),(53182,52042,52045,'plat',3872422),(53183,52042,52045,'entree',3872420),(53184,52042,52045,'entree',3872419),(53185,52042,52046,'dessert',3872430),(53186,52042,52046,'lait',922088272),(53187,52042,52046,'garniture',3872427),(53188,52042,52046,'plat',3872423),(53189,52042,52046,'plat',843019812),(53190,52042,52046,'entree',3872421),(53191,52042,52047,'dessert',3872417),(53192,52042,52047,'lait',922088190),(53193,52042,52047,'garniture',3872426),(53194,52042,52047,'plat',3872422),(53195,52042,52047,'plat',843019812),(53196,52042,52047,'entree',3872418),(53197,52042,52055,'dessert',3872417),(53198,52042,52055,'lait',922088190),(53199,52042,52055,'garniture',3872426),(53200,52042,52055,'plat',3872422),(53201,52042,52055,'entree',3872418),(53203,52042,52056,'dessert',3872428),(53204,52042,52056,'lait',922088272),(53205,52042,52056,'garniture',3872426),(53206,52042,52056,'plat',3872423),(53207,52042,52056,'plat',843019810),(53208,52042,52056,'entree',3872420),(53209,52042,52052,'dessert',3872417),(53210,52042,52052,'lait',922088190),(53211,52042,52052,'garniture',3872426),(53212,52042,52052,'plat',3872422),(53213,52042,52052,'entree',3872419),(53214,52042,52052,'entree',3872420),(53215,52042,52051,'dessert',3872430),(53216,52042,52051,'lait',922088272),(53217,52042,52051,'garniture',3872427),(53218,52042,52051,'plat',3872423),(53219,52042,52051,'entree',3872421),(53220,52042,52048,'dessert',3872417),(53221,52042,52048,'lait',922088190),(53222,52042,52048,'garniture',3872426),(53223,52042,52048,'plat',3872422),(53224,52042,52048,'entree',3872418),(53225,52042,52054,'dessert',3872417),(53226,52042,52054,'lait',922088190),(53227,52042,52054,'garniture',3872426),(53228,52042,52054,'plat',3872422),(53229,52042,52054,'entree',3872418),(53230,52042,52057,'dessert',3872428),(53231,52042,52057,'lait',922088272),(53232,52042,52057,'garniture',3872426),(53233,52042,52057,'plat',3872423),(53234,52042,52057,'entree',3872420),(53235,52042,52053,'dessert',3872417),(53236,52042,52053,'lait',922088190),(53237,52042,52053,'garniture',3872426),(53238,52042,52053,'plat',3872422),(53239,52042,52053,'plat',843019810),(53240,52042,52053,'entree',3872420),(53241,52042,52053,'entree',3872419),(53242,52042,52050,'dessert',3872430),(53243,52042,52050,'lait',922088272),(53244,52042,52050,'garniture',3872427),(53245,52042,52050,'plat',843019810),(53246,52042,52050,'plat',3872423),(53247,52042,52050,'entree',3872421),(53248,52042,52049,'dessert',3872417),(53249,52042,52049,'lait',922088190),(53250,52042,52049,'garniture',3872426),(53251,52042,52049,'plat',3872422),(53252,52042,52049,'entree',3872418),(53253,52042,52058,'dessert',3872417),(53254,52042,52058,'lait',922088190),(53255,52042,52058,'garniture',3872426),(53256,52042,52058,'plat',3872422),(53257,52042,52058,'entree',3872418),(53258,52042,52059,'dessert',3872428),(53259,52042,52059,'lait',922088272),(53260,52042,52059,'garniture',3872426),(53261,52042,52059,'plat',3872423),(53262,52042,52059,'entree',3872420),(53263,52042,52062,'dessert',3872417),(53264,52042,52062,'lait',922088190),(53265,52042,52062,'garniture',3872426),(53266,52042,52062,'plat',3872422),(53267,52042,52062,'entree',3872419),(53268,52042,52060,'dessert',3872430),(53269,52042,52060,'lait',922088272),(53270,52042,52060,'garniture',3872427),(53271,52042,52060,'plat',3872423),(53272,52042,52060,'entree',3872421),(53273,52042,52061,'lait',922088190),(53274,52042,52061,'garniture',3872426),(53275,52042,52061,'plat',3872422),(53276,52042,52061,'entree',3872418),(53277,52042,52061,'dessert',3872417),(53278,52021,52022,'dessert',3872417),(53279,52021,52022,'lait',922088190),(53280,52021,52022,'garniture',3872426),(53281,52021,52022,'plat',3872423),(53282,52021,52022,'plat',3872422),(53283,52021,52022,'entree',3872418),(53284,52021,52023,'dessert',3872428),(53285,52021,52023,'lait',922088272),(53286,52021,52023,'garniture',3872426),(53287,52021,52023,'plat',3872423),(53288,52021,52023,'plat',843019796),(53289,52021,52023,'entree',3872420),(53290,52021,52024,'dessert',3872417),(53291,52021,52024,'lait',922088190),(53292,52021,52024,'garniture',3872426),(53293,52021,52024,'plat',3872422),(53294,52021,52024,'entree',3872420),(53295,52021,52024,'entree',3872419),(53296,52021,52025,'dessert',3872430),(53297,52021,52025,'lait',922088272),(53298,52021,52025,'garniture',3872427),(53299,52021,52025,'plat',3872423),(53300,52021,52025,'plat',843019812),(53301,52021,52025,'entree',3872421),(53302,52021,52026,'dessert',3872417),(53303,52021,52026,'lait',922088190),(53304,52021,52026,'garniture',3872426),(53305,52021,52026,'plat',3872422),(53306,52021,52026,'plat',843019812),(53307,52021,52026,'entree',3872418),(53308,52021,52035,'dessert',3872417),(53309,52021,52035,'lait',922088190),(53310,52021,52035,'garniture',3872426),(53311,52021,52035,'plat',3872422),(53312,52021,52035,'entree',3872418),(53314,52021,52034,'dessert',3872428),(53315,52021,52034,'lait',922088272),(53316,52021,52034,'garniture',3872426),(53317,52021,52034,'plat',3872423),(53318,52021,52034,'plat',843019810),(53319,52021,52034,'entree',3872420),(53320,52021,52031,'dessert',3872417),(53321,52021,52031,'lait',922088190),(53322,52021,52031,'garniture',3872426),(53323,52021,52031,'plat',3872422),(53324,52021,52031,'entree',3872419),(53325,52021,52031,'entree',3872420),(53326,52021,52030,'dessert',3872430),(53327,52021,52030,'lait',922088272),(53328,52021,52030,'garniture',3872427),(53329,52021,52030,'plat',3872423),(53330,52021,52030,'entree',3872421),(53331,52021,52027,'dessert',3872417),(53332,52021,52027,'lait',922088190),(53333,52021,52027,'garniture',3872426),(53334,52021,52027,'plat',3872422),(53335,52021,52027,'entree',3872418),(53336,52021,52036,'dessert',3872417),(53337,52021,52036,'lait',922088190),(53338,52021,52036,'garniture',3872426),(53339,52021,52036,'plat',3872422),(53340,52021,52036,'entree',3872418),(53341,52021,52033,'dessert',3872428),(53342,52021,52033,'lait',922088272),(53343,52021,52033,'garniture',3872426),(53344,52021,52033,'plat',3872423),(53345,52021,52033,'entree',3872420),(53346,52021,52032,'dessert',3872417),(53347,52021,52032,'lait',922088190),(53348,52021,52032,'garniture',3872426),(53349,52021,52032,'plat',3872422),(53350,52021,52032,'plat',843019810),(53351,52021,52032,'entree',3872420),(53352,52021,52032,'entree',3872419),(53353,52021,52029,'dessert',3872430),(53354,52021,52029,'lait',922088272),(53355,52021,52029,'garniture',3872427),(53356,52021,52029,'plat',843019810),(53357,52021,52029,'plat',3872423),(53358,52021,52029,'entree',3872421),(53359,52021,52028,'dessert',3872417),(53360,52021,52028,'lait',922088190),(53361,52021,52028,'garniture',3872426),(53362,52021,52028,'plat',3872422),(53363,52021,52028,'entree',3872418),(53364,52021,52037,'dessert',3872417),(53365,52021,52037,'lait',922088190),(53366,52021,52037,'garniture',3872426),(53367,52021,52037,'plat',3872422),(53368,52021,52037,'entree',3872418),(53369,52021,52038,'dessert',3872428),(53370,52021,52038,'lait',922088272),(53371,52021,52038,'garniture',3872426),(53372,52021,52038,'plat',3872423),(53373,52021,52038,'entree',3872420),(53374,52021,52039,'dessert',3872417),(53375,52021,52039,'lait',922088190),(53376,52021,52039,'garniture',3872426),(53377,52021,52039,'plat',3872422),(53378,52021,52039,'entree',3872419),(53379,52021,52040,'dessert',3872430),(53380,52021,52040,'lait',922088272),(53381,52021,52040,'garniture',3872427),(53382,52021,52040,'plat',3872423),(53383,52021,52040,'entree',3872421),(53384,52021,52041,'lait',922088190),(53385,52021,52041,'garniture',3872426),(53386,52021,52041,'plat',3872422),(53387,52021,52041,'entree',3872418),(53388,52021,52041,'dessert',3872417),(53526,53500,53520,'dessert',3872417),(53527,53500,53520,'lait',922088190),(53528,53500,53520,'garniture',3872426),(53529,53500,53520,'plat',3872423),(53530,53500,53520,'plat',3872422),(53531,53500,53520,'entree',3872418),(53537,53500,53508,'dessert',3872428),(53538,53500,53508,'lait',922088272),(53539,53500,53508,'garniture',3872426),(53540,53500,53508,'plat',3872423),(53541,53500,53508,'plat',843019796),(53542,53500,53508,'entree',3872420),(53549,53500,53519,'dessert',3872417),(53550,53500,53519,'lait',922088190),(53551,53500,53519,'garniture',3872426),(53552,53500,53519,'plat',3872422),(53553,53500,53519,'entree',3872420),(53554,53500,53519,'entree',3872419),(53560,53500,53512,'dessert',3872430),(53561,53500,53512,'lait',922088272),(53562,53500,53512,'garniture',3872427),(53563,53500,53512,'plat',3872423),(53564,53500,53512,'plat',843019812),(53565,53500,53512,'entree',3872421),(53571,53500,53514,'dessert',3872417),(53572,53500,53514,'lait',922088190),(53573,53500,53514,'garniture',3872426),(53574,53500,53514,'plat',3872422),(53575,53500,53514,'plat',843019812),(53576,53500,53514,'entree',3872418),(53582,53500,53513,'dessert',3872417),(53583,53500,53513,'lait',922088190),(53584,53500,53513,'garniture',3872426),(53585,53500,53513,'plat',3872422),(53586,53500,53513,'entree',3872418),(53592,53500,53515,'dessert',3872428),(53593,53500,53515,'lait',922088272),(53594,53500,53515,'garniture',3872426),(53595,53500,53515,'plat',3872423),(53596,53500,53515,'plat',843019810),(53597,53500,53515,'entree',3872420),(53603,53500,53516,'dessert',3872417),(53604,53500,53516,'lait',922088190),(53605,53500,53516,'garniture',3872426),(53606,53500,53516,'plat',3872422),(53607,53500,53516,'entree',3872419),(53608,53500,53516,'entree',3872420),(53613,53500,53517,'dessert',3872430),(53614,53500,53517,'lait',922088272),(53615,53500,53517,'garniture',3872427),(53616,53500,53517,'plat',3872423),(53617,53500,53517,'entree',3872421),(53623,53500,53518,'dessert',3872417),(53624,53500,53518,'lait',922088190),(53625,53500,53518,'garniture',3872426),(53626,53500,53518,'plat',3872422),(53627,53500,53518,'entree',3872418),(53633,53500,53501,'dessert',3872417),(53634,53500,53501,'lait',922088190),(53635,53500,53501,'garniture',3872426),(53636,53500,53501,'plat',3872422),(53637,53500,53501,'entree',3872418),(53643,53500,53502,'dessert',3872428),(53644,53500,53502,'lait',922088272),(53645,53500,53502,'garniture',3872426),(53646,53500,53502,'plat',3872423),(53647,53500,53502,'entree',3872420),(53653,53500,53503,'dessert',3872417),(53654,53500,53503,'lait',922088190),(53655,53500,53503,'garniture',3872426),(53656,53500,53503,'plat',3872422),(53657,53500,53503,'plat',843019810),(53658,53500,53503,'entree',3872420),(53659,53500,53503,'entree',3872419),(53664,53500,53504,'dessert',3872430),(53665,53500,53504,'lait',922088272),(53666,53500,53504,'garniture',3872427),(53667,53500,53504,'plat',843019810),(53668,53500,53504,'plat',3872423),(53669,53500,53504,'entree',3872421),(53675,53500,53505,'dessert',3872417),(53676,53500,53505,'lait',922088190),(53677,53500,53505,'garniture',3872426),(53678,53500,53505,'plat',3872422),(53679,53500,53505,'entree',3872418),(53685,53500,53506,'dessert',3872417),(53686,53500,53506,'lait',922088190),(53687,53500,53506,'garniture',3872426),(53688,53500,53506,'plat',3872422),(53689,53500,53506,'entree',3872418),(53695,53500,53507,'dessert',3872428),(53696,53500,53507,'lait',922088272),(53697,53500,53507,'garniture',3872426),(53698,53500,53507,'plat',3872423),(53699,53500,53507,'entree',3872420),(53705,53500,53511,'dessert',3872417),(53706,53500,53511,'lait',922088190),(53707,53500,53511,'garniture',3872426),(53708,53500,53511,'plat',3872422),(53709,53500,53511,'entree',3872419),(53714,53500,53510,'dessert',3872430),(53715,53500,53510,'lait',922088272),(53716,53500,53510,'garniture',3872427),(53717,53500,53510,'plat',3872423),(53718,53500,53510,'entree',3872421),(53724,53500,53509,'lait',922088190),(53725,53500,53509,'garniture',3872426),(53726,53500,53509,'plat',3872422),(53727,53500,53509,'entree',3872418),(53728,53500,53509,'dessert',3872417),(53803,52021,52022,'dessert',3872417),(53804,52021,52022,'lait',922088190),(53805,52021,52022,'garniture',3872426),(53806,52021,52022,'plat',3872423),(53807,52021,52022,'plat',3872422),(53808,52021,52022,'entree',3872418),(53809,52021,52023,'dessert',3872428),(53810,52021,52023,'lait',922088272),(53811,52021,52023,'garniture',3872426),(53812,52021,52023,'plat',3872423),(53813,52021,52023,'plat',843019796),(53814,52021,52023,'entree',3872420),(53815,52021,52024,'dessert',3872417),(53816,52021,52024,'lait',922088190),(53817,52021,52024,'garniture',3872426),(53818,52021,52024,'plat',3872422),(53819,52021,52024,'entree',3872420),(53820,52021,52024,'entree',3872419),(53821,52021,52025,'dessert',3872430),(53822,52021,52025,'lait',922088272),(53823,52021,52025,'garniture',3872427),(53824,52021,52025,'plat',3872423),(53825,52021,52025,'plat',843019812),(53826,52021,52025,'entree',3872421),(53827,52021,52026,'dessert',3872417),(53828,52021,52026,'lait',922088190),(53829,52021,52026,'garniture',3872426),(53830,52021,52026,'plat',3872422),(53831,52021,52026,'plat',843019812),(53832,52021,52026,'entree',3872418),(53833,52021,52035,'dessert',3872417),(53834,52021,52035,'lait',922088190),(53835,52021,52035,'garniture',3872426),(53836,52021,52035,'plat',3872422),(53837,52021,52035,'entree',3872418),(53838,52021,52034,'dessert',3872428),(53839,52021,52034,'lait',922088272),(53840,52021,52034,'garniture',3872426),(53841,52021,52034,'plat',3872423),(53842,52021,52034,'plat',843019810),(53843,52021,52034,'entree',3872420),(53844,52021,52031,'dessert',3872417),(53845,52021,52031,'lait',922088190),(53846,52021,52031,'garniture',3872426),(53847,52021,52031,'plat',3872422),(53848,52021,52031,'entree',3872419),(53849,52021,52031,'entree',3872420),(53850,52021,52030,'dessert',3872430),(53851,52021,52030,'lait',922088272),(53852,52021,52030,'garniture',3872427),(53853,52021,52030,'plat',3872423),(53854,52021,52030,'entree',3872421),(53855,52021,52027,'dessert',3872417),(53856,52021,52027,'lait',922088190),(53857,52021,52027,'garniture',3872426),(53858,52021,52027,'plat',3872422),(53859,52021,52027,'entree',3872418),(53860,52021,52036,'dessert',3872417),(53861,52021,52036,'lait',922088190),(53862,52021,52036,'garniture',3872426),(53863,52021,52036,'plat',3872422),(53864,52021,52036,'entree',3872418),(53865,52021,52033,'dessert',3872428),(53866,52021,52033,'lait',922088272),(53867,52021,52033,'garniture',3872426),(53868,52021,52033,'plat',3872423),(53869,52021,52033,'entree',3872420),(53870,52021,52032,'dessert',3872417),(53871,52021,52032,'lait',922088190),(53872,52021,52032,'garniture',3872426),(53873,52021,52032,'plat',3872422),(53874,52021,52032,'plat',843019810),(53875,52021,52032,'entree',3872420),(53876,52021,52032,'entree',3872419),(53877,52021,52029,'dessert',3872430),(53878,52021,52029,'lait',922088272),(53879,52021,52029,'garniture',3872427),(53880,52021,52029,'plat',843019810),(53881,52021,52029,'plat',3872423),(53882,52021,52029,'entree',3872421),(53883,52021,52028,'dessert',3872417),(53884,52021,52028,'lait',922088190),(53885,52021,52028,'garniture',3872426),(53886,52021,52028,'plat',3872422),(53887,52021,52028,'entree',3872418),(53888,52021,52037,'dessert',3872417),(53889,52021,52037,'lait',922088190),(53890,52021,52037,'garniture',3872426),(53891,52021,52037,'plat',3872422),(53892,52021,52037,'entree',3872418),(53893,52021,52038,'dessert',3872428),(53894,52021,52038,'lait',922088272),(53895,52021,52038,'garniture',3872426),(53896,52021,52038,'plat',3872423),(53897,52021,52038,'entree',3872420),(53898,52021,52039,'dessert',3872417),(53899,52021,52039,'lait',922088190),(53900,52021,52039,'garniture',3872426),(53901,52021,52039,'plat',3872422),(53902,52021,52039,'entree',3872419),(53903,52021,52040,'dessert',3872430),(53904,52021,52040,'lait',922088272),(53905,52021,52040,'garniture',3872427),(53906,52021,52040,'plat',3872423),(53907,52021,52040,'entree',3872421),(53908,52021,52041,'lait',922088190),(53909,52021,52041,'garniture',3872426),(53910,52021,52041,'plat',3872422),(53911,52021,52041,'entree',3872418),(53912,52021,52041,'dessert',3872417),(116865,57143,57144,'entree',843019735),(116866,57143,57144,'entree',3872418),(116867,57143,57145,'entree',843019735),(116868,57143,57145,'entree',3872420),(116869,57143,57146,'entree',843019735),(116870,57143,57146,'entree',3872420),(116871,57143,57146,'entree',3872419),(116872,57143,57147,'entree',843019735),(116873,57143,57147,'entree',3872421),(116874,57143,57148,'entree',843019735),(116875,57143,57148,'entree',3872418),(116876,57143,57144,'plat',843019810),(116877,57143,57144,'plat',3872423),(116878,57143,57144,'plat',3872422),(116879,57143,57145,'plat',843019810),(116880,57143,57145,'plat',3872423),(116881,57143,57145,'plat',843019796),(116882,57143,57146,'plat',843019810),(116883,57143,57146,'plat',3872422),(116884,57143,57147,'plat',843019810),(116885,57143,57147,'plat',3872423),(116886,57143,57147,'plat',843019812),(116887,57143,57148,'plat',843019810),(116888,57143,57148,'plat',3872422),(116889,57143,57148,'plat',843019812),(116890,57143,57144,'garniture',3872427),(116891,57143,57144,'garniture',3872426),(116892,57143,57145,'garniture',3872427),(116893,57143,57145,'garniture',3872426),(116894,57143,57146,'garniture',3872427),(116895,57143,57146,'garniture',3872426),(116896,57143,57147,'garniture',3872427),(116897,57143,57147,'garniture',3872427),(116898,57143,57148,'garniture',3872427),(116899,57143,57148,'garniture',3872426),(116900,57143,57144,'lait',922088272),(116901,57143,57144,'lait',922088190),(116902,57143,57145,'lait',922088272),(116903,57143,57145,'lait',922088272),(116904,57143,57146,'lait',922088272),(116905,57143,57146,'lait',922088190),(116906,57143,57147,'lait',922088272),(116907,57143,57147,'lait',922088272),(116908,57143,57148,'lait',922088272),(116909,57143,57148,'lait',922088190),(116910,57143,57144,'dessert',3872428),(116911,57143,57144,'dessert',3872417),(116912,57143,57145,'dessert',3872428),(116913,57143,57145,'dessert',3872428),(116914,57143,57146,'dessert',3872428),(116915,57143,57146,'dessert',3872417),(116916,57143,57147,'dessert',3872428),(116917,57143,57147,'dessert',3872430),(116918,57143,57148,'dessert',3872428),(116919,57143,57148,'dessert',3872417),(116920,57143,57149,'entree',3872418),(116921,57143,57150,'entree',3872420),(116922,57143,57151,'entree',3872419),(116923,57143,57151,'entree',3872420),(116924,57143,57152,'entree',3872421),(116925,57143,57153,'entree',3872418),(116926,57143,57149,'plat',3872422),(116927,57143,57150,'plat',3872423),(116928,57143,57150,'plat',843019810),(116929,57143,57151,'plat',3872422),(116930,57143,57152,'plat',3872423),(116931,57143,57153,'plat',3872422),(116932,57143,57149,'garniture',3872426),(116933,57143,57150,'garniture',3872426),(116934,57143,57151,'garniture',3872426),(116935,57143,57152,'garniture',3872427),(116936,57143,57153,'garniture',3872426),(116937,57143,57149,'lait',922088190),(116938,57143,57150,'lait',922088272),(116939,57143,57151,'lait',922088190),(116940,57143,57152,'lait',922088272),(116941,57143,57153,'lait',922088190),(116942,57143,57149,'dessert',3872417),(116943,57143,57150,'dessert',3872428),(116944,57143,57151,'dessert',3872417),(116945,57143,57152,'dessert',3872430),(116946,57143,57153,'dessert',3872417),(116947,57143,57154,'entree',3872418),(116948,57143,57155,'entree',3872420),(116949,57143,57156,'entree',3872420),(116950,57143,57156,'entree',3872419),(116951,57143,57157,'entree',3872421),(116952,57143,57158,'entree',3872418),(116953,57143,57154,'plat',3872422),(116954,57143,57155,'plat',3872423),(116955,57143,57156,'plat',3872422),(116956,57143,57156,'plat',843019810),(116957,57143,57157,'plat',843019810),(116958,57143,57157,'plat',3872423),(116959,57143,57158,'plat',3872422),(116960,57143,57154,'garniture',3872426),(116961,57143,57155,'garniture',3872426),(116962,57143,57156,'garniture',3872426),(116963,57143,57157,'garniture',3872427),(116964,57143,57158,'garniture',3872426),(116965,57143,57154,'lait',922088190),(116966,57143,57155,'lait',922088272),(116967,57143,57156,'lait',922088190),(116968,57143,57157,'lait',922088272),(116969,57143,57158,'lait',922088190),(116970,57143,57154,'dessert',3872417),(116971,57143,57155,'dessert',3872428),(116972,57143,57156,'dessert',3872417),(116973,57143,57157,'dessert',3872430),(116974,57143,57158,'dessert',3872417),(116975,57143,57159,'entree',3872418),(116976,57143,57160,'entree',3872420),(116977,57143,57161,'entree',3872419),(116978,57143,57162,'entree',3872421),(116979,57143,57163,'entree',3872418),(116980,57143,57159,'plat',3872422),(116981,57143,57160,'plat',3872423),(116982,57143,57161,'plat',3872422),(116983,57143,57162,'plat',3872423),(116984,57143,57163,'plat',3872422),(116985,57143,57159,'garniture',3872426),(116986,57143,57160,'garniture',3872426),(116987,57143,57161,'garniture',3872426),(116988,57143,57162,'garniture',3872427),(116989,57143,57163,'garniture',3872426),(116990,57143,57159,'lait',922088190),(116991,57143,57160,'lait',922088272),(116992,57143,57161,'lait',922088190),(116993,57143,57162,'lait',922088272),(116994,57143,57163,'lait',922088190),(116995,57143,57159,'dessert',3872417),(116996,57143,57160,'dessert',3872428),(116997,57143,57161,'dessert',3872417),(116998,57143,57162,'dessert',3872430),(116999,57143,57163,'dessert',3872417),(117000,51979,51981,'entree',3872418),(117001,51979,51981,'entree',3872418),(117002,51979,51981,'entree',843019735),(117003,51979,51981,'entree',3872418),(117004,51979,51982,'entree',3872420),(117005,51979,51982,'entree',3872420),(117006,51979,51982,'entree',843019735),(117007,51979,51982,'entree',3872420),(117008,51979,51983,'entree',3872419),(117009,51979,51983,'entree',3872420),(117010,51979,51983,'entree',3872420),(117011,51979,51983,'entree',3872419),(117012,51979,51983,'entree',843019735),(117013,51979,51983,'entree',3872420),(117014,51979,51983,'entree',3872419),(117015,51979,51980,'entree',3872421),(117016,51979,51980,'entree',3872421),(117017,51979,51980,'entree',843019735),(117018,51979,51980,'entree',3872421),(117019,51979,51984,'entree',3872418),(117020,51979,51984,'entree',3872418),(117021,51979,51984,'entree',843019735),(117022,51979,51984,'entree',3872418),(117023,51979,51981,'plat',3872422),(117024,51979,51981,'plat',3872423),(117025,51979,51981,'plat',3872423),(117026,51979,51981,'plat',3872422),(117027,51979,51981,'plat',843019810),(117028,51979,51981,'plat',3872423),(117029,51979,51981,'plat',3872422),(117030,51979,51982,'plat',843019796),(117031,51979,51982,'plat',3872423),(117032,51979,51982,'plat',3872423),(117033,51979,51982,'plat',843019796),(117034,51979,51982,'plat',843019810),(117035,51979,51982,'plat',3872423),(117036,51979,51982,'plat',843019796),(117037,51979,51983,'plat',3872422),(117038,51979,51983,'plat',3872422),(117039,51979,51983,'plat',843019810),(117040,51979,51983,'plat',3872422),(117041,51979,51980,'plat',843019812),(117042,51979,51980,'plat',3872423),(117043,51979,51980,'plat',3872423),(117044,51979,51980,'plat',843019812),(117045,51979,51980,'plat',843019810),(117046,51979,51980,'plat',3872423),(117047,51979,51980,'plat',843019812),(117048,51979,51984,'plat',843019812),(117049,51979,51984,'plat',3872422),(117050,51979,51984,'plat',3872422),(117051,51979,51984,'plat',843019812),(117052,51979,51984,'plat',843019810),(117053,51979,51984,'plat',3872422),(117054,51979,51984,'plat',843019812),(117055,51979,51981,'garniture',3872426),(117056,51979,51981,'garniture',3872426),(117057,51979,51981,'garniture',3872427),(117058,51979,51981,'garniture',3872426),(117059,51979,51982,'garniture',3872426),(117060,51979,51982,'garniture',3872426),(117061,51979,51982,'garniture',3872427),(117062,51979,51982,'garniture',3872426),(117063,51979,51983,'garniture',3872426),(117064,51979,51983,'garniture',3872426),(117065,51979,51983,'garniture',3872427),(117066,51979,51983,'garniture',3872426),(117067,51979,51980,'garniture',3872427),(117068,51979,51980,'garniture',3872427),(117069,51979,51980,'garniture',3872427),(117070,51979,51980,'garniture',3872427),(117071,51979,51984,'garniture',3872426),(117072,51979,51984,'garniture',3872426),(117073,51979,51984,'garniture',3872427),(117074,51979,51984,'garniture',3872426),(117075,51979,51981,'lait',922088190),(117076,51979,51981,'lait',922088190),(117077,51979,51981,'lait',922088272),(117078,51979,51981,'lait',922088190),(117079,51979,51982,'lait',922088272),(117080,51979,51982,'lait',922088272),(117081,51979,51982,'lait',922088272),(117082,51979,51982,'lait',922088272),(117083,51979,51983,'lait',922088190),(117084,51979,51983,'lait',922088190),(117085,51979,51983,'lait',922088272),(117086,51979,51983,'lait',922088190),(117087,51979,51980,'lait',922088272),(117088,51979,51980,'lait',922088272),(117089,51979,51980,'lait',922088272),(117090,51979,51980,'lait',922088272),(117091,51979,51984,'lait',922088190),(117092,51979,51984,'lait',922088190),(117093,51979,51984,'lait',922088272),(117094,51979,51984,'lait',922088190),(117095,51979,51981,'dessert',3872417),(117096,51979,51981,'dessert',3872417),(117097,51979,51981,'dessert',3872428),(117098,51979,51981,'dessert',3872417),(117099,51979,51982,'dessert',3872428),(117100,51979,51982,'dessert',3872428),(117101,51979,51982,'dessert',3872428),(117102,51979,51982,'dessert',3872428),(117103,51979,51983,'dessert',3872417),(117104,51979,51983,'dessert',3872417),(117105,51979,51983,'dessert',3872428),(117106,51979,51983,'dessert',3872417),(117107,51979,51980,'dessert',3872430),(117108,51979,51980,'dessert',3872430),(117109,51979,51980,'dessert',3872428),(117110,51979,51980,'dessert',3872430),(117111,51979,51984,'dessert',3872417),(117112,51979,51984,'dessert',3872417),(117113,51979,51984,'dessert',3872428),(117114,51979,51984,'dessert',3872417),(117115,51979,51985,'entree',3872418),(117116,51979,51985,'entree',3872418),(117117,51979,51985,'entree',3872420),(117118,51979,51985,'entree',3872418),(117119,51979,51986,'entree',3872420),(117120,51979,51986,'entree',3872420),(117121,51979,51986,'entree',3872420),(117122,51979,51987,'entree',3872420),(117123,51979,51987,'entree',3872419),(117124,51979,51987,'entree',3872419),(117125,51979,51987,'entree',3872420),(117126,51979,51987,'entree',3872419),(117127,51979,51987,'entree',3872420),(117128,51979,51988,'entree',3872421),(117129,51979,51988,'entree',3872421),(117130,51979,51988,'entree',3872421),(117131,51979,51989,'entree',3872418),(117132,51979,51989,'entree',3872418),(117133,51979,51989,'entree',3872418),(117134,51979,51985,'plat',3872422),(117135,51979,51985,'plat',3872422),(117136,51979,51985,'plat',3872422),(117137,51979,51986,'plat',843019810),(117138,51979,51986,'plat',3872423),(117139,51979,51986,'plat',3872423),(117140,51979,51986,'plat',843019810),(117141,51979,51986,'plat',3872423),(117142,51979,51986,'plat',843019810),(117143,51979,51987,'plat',3872422),(117144,51979,51987,'plat',3872422),(117145,51979,51987,'plat',3872422),(117146,51979,51988,'plat',3872423),(117147,51979,51988,'plat',3872423),(117148,51979,51988,'plat',3872423),(117149,51979,51989,'plat',3872422),(117150,51979,51989,'plat',3872422),(117151,51979,51989,'plat',3872422),(117152,51979,51985,'garniture',3872426),(117153,51979,51985,'garniture',3872426),(117154,51979,51985,'garniture',3872426),(117155,51979,51986,'garniture',3872426),(117156,51979,51986,'garniture',3872426),(117157,51979,51986,'garniture',3872426),(117158,51979,51987,'garniture',3872426),(117159,51979,51987,'garniture',3872426),(117160,51979,51987,'garniture',3872426),(117161,51979,51988,'garniture',3872427),(117162,51979,51988,'garniture',3872427),(117163,51979,51988,'garniture',3872427),(117164,51979,51989,'garniture',3872426),(117165,51979,51989,'garniture',3872426),(117166,51979,51989,'garniture',3872426),(117167,51979,51985,'lait',922088190),(117168,51979,51985,'lait',922088190),(117169,51979,51985,'lait',922088190),(117170,51979,51986,'lait',922088272),(117171,51979,51986,'lait',922088272),(117172,51979,51986,'lait',922088272),(117173,51979,51987,'lait',922088190),(117174,51979,51987,'lait',922088190),(117175,51979,51987,'lait',922088190),(117176,51979,51988,'lait',922088272),(117177,51979,51988,'lait',922088272),(117178,51979,51988,'lait',922088272),(117179,51979,51989,'lait',922088190),(117180,51979,51989,'lait',922088190),(117181,51979,51989,'lait',922088190),(117182,51979,51985,'dessert',3872417),(117183,51979,51985,'dessert',3872417),(117184,51979,51985,'dessert',3872417),(117185,51979,51986,'dessert',3872428),(117186,51979,51986,'dessert',3872428),(117187,51979,51986,'dessert',3872428),(117188,51979,51987,'dessert',3872417),(117189,51979,51987,'dessert',3872417),(117190,51979,51987,'dessert',3872417),(117191,51979,51988,'dessert',3872430),(117192,51979,51988,'dessert',3872430),(117193,51979,51988,'dessert',3872430),(117194,51979,51989,'dessert',3872417),(117195,51979,51989,'dessert',3872417),(117196,51979,51989,'dessert',3872417),(117197,51979,51990,'entree',3872418),(117198,51979,51990,'entree',3872418),(117199,51979,51990,'entree',3872418),(117200,51979,51991,'entree',3872420),(117201,51979,51991,'entree',3872420),(117202,51979,51991,'entree',3872420),(117203,51979,51992,'entree',3872419),(117204,51979,51992,'entree',3872420),(117205,51979,51992,'entree',3872420),(117206,51979,51992,'entree',3872419),(117207,51979,51992,'entree',3872420),(117208,51979,51992,'entree',3872419),(117209,51979,51993,'entree',3872421),(117210,51979,51993,'entree',3872421),(117211,51979,51993,'entree',3872421),(117212,51979,51994,'entree',3872418),(117213,51979,51994,'entree',3872418),(117214,51979,51994,'entree',3872418),(117215,51979,51990,'plat',3872422),(117216,51979,51990,'plat',3872422),(117217,51979,51990,'plat',3872422),(117218,51979,51991,'plat',3872423),(117219,51979,51991,'plat',3872423),(117220,51979,51991,'plat',3872423),(117221,51979,51992,'plat',843019810),(117222,51979,51992,'plat',3872422),(117223,51979,51992,'plat',3872422),(117224,51979,51992,'plat',843019810),(117225,51979,51992,'plat',3872422),(117226,51979,51992,'plat',843019810),(117227,51979,51993,'plat',3872423),(117228,51979,51993,'plat',843019810),(117229,51979,51993,'plat',843019810),(117230,51979,51993,'plat',3872423),(117231,51979,51993,'plat',843019810),(117232,51979,51993,'plat',3872423),(117233,51979,51994,'plat',3872422),(117234,51979,51994,'plat',3872422),(117235,51979,51994,'plat',3872422),(117236,51979,51990,'garniture',3872426),(117237,51979,51990,'garniture',3872426),(117238,51979,51990,'garniture',3872426),(117239,51979,51991,'garniture',3872426),(117240,51979,51991,'garniture',3872426),(117241,51979,51991,'garniture',3872426),(117242,51979,51992,'garniture',3872426),(117243,51979,51992,'garniture',3872426),(117244,51979,51992,'garniture',3872426),(117245,51979,51993,'garniture',3872427),(117246,51979,51993,'garniture',3872427),(117247,51979,51993,'garniture',3872427),(117248,51979,51994,'garniture',3872426),(117249,51979,51994,'garniture',3872426),(117250,51979,51994,'garniture',3872426),(117251,51979,51990,'lait',922088190),(117252,51979,51990,'lait',922088190),(117253,51979,51990,'lait',922088190),(117254,51979,51991,'lait',922088272),(117255,51979,51991,'lait',922088272),(117256,51979,51991,'lait',922088272),(117257,51979,51992,'lait',922088190),(117258,51979,51992,'lait',922088190),(117259,51979,51992,'lait',922088190),(117260,51979,51993,'lait',922088272),(117261,51979,51993,'lait',922088272),(117262,51979,51993,'lait',922088272),(117263,51979,51994,'lait',922088190),(117264,51979,51994,'lait',922088190),(117265,51979,51994,'lait',922088190),(117266,51979,51990,'dessert',3872417),(117267,51979,51990,'dessert',3872417),(117268,51979,51990,'dessert',3872417),(117269,51979,51991,'dessert',3872428),(117270,51979,51991,'dessert',3872428),(117271,51979,51991,'dessert',3872428),(117272,51979,51992,'dessert',3872417),(117273,51979,51992,'dessert',3872417),(117274,51979,51992,'dessert',3872417),(117275,51979,51993,'dessert',3872430),(117276,51979,51993,'dessert',3872430),(117277,51979,51993,'dessert',3872430),(117278,51979,51994,'dessert',3872417),(117279,51979,51994,'dessert',3872417),(117280,51979,51994,'dessert',3872417),(117281,51979,51995,'entree',3872418),(117282,51979,51995,'entree',3872418),(117283,51979,51995,'entree',3872418),(117284,51979,51996,'entree',3872420),(117285,51979,51996,'entree',3872420),(117286,51979,51996,'entree',3872420),(117287,51979,51997,'entree',3872419),(117288,51979,51997,'entree',3872419),(117289,51979,51997,'entree',3872419),(117290,51979,51998,'entree',3872421),(117291,51979,51998,'entree',3872421),(117292,51979,51998,'entree',3872421),(117293,51979,51999,'entree',3872418),(117294,51979,51999,'entree',3872418),(117295,51979,51999,'entree',3872418),(117296,51979,51995,'plat',3872422),(117297,51979,51995,'plat',3872422),(117298,51979,51995,'plat',3872422),(117299,51979,51996,'plat',3872423),(117300,51979,51996,'plat',3872423),(117301,51979,51996,'plat',3872423),(117302,51979,51997,'plat',3872422),(117303,51979,51997,'plat',3872422),(117304,51979,51997,'plat',3872422),(117305,51979,51998,'plat',3872423),(117306,51979,51998,'plat',3872423),(117307,51979,51998,'plat',3872423),(117308,51979,51999,'plat',3872422),(117309,51979,51999,'plat',3872422),(117310,51979,51999,'plat',3872422),(117311,51979,51995,'garniture',3872426),(117312,51979,51995,'garniture',3872426),(117313,51979,51995,'garniture',3872426),(117314,51979,51996,'garniture',3872426),(117315,51979,51996,'garniture',3872426),(117316,51979,51996,'garniture',3872426),(117317,51979,51997,'garniture',3872426),(117318,51979,51997,'garniture',3872426),(117319,51979,51997,'garniture',3872426),(117320,51979,51998,'garniture',3872427),(117321,51979,51998,'garniture',3872427),(117322,51979,51998,'garniture',3872427),(117323,51979,51999,'garniture',3872426),(117324,51979,51999,'garniture',3872426),(117325,51979,51999,'garniture',3872426),(117326,51979,51995,'lait',922088190),(117327,51979,51995,'lait',922088190),(117328,51979,51995,'lait',922088190),(117329,51979,51996,'lait',922088272),(117330,51979,51996,'lait',922088272),(117331,51979,51996,'lait',922088272),(117332,51979,51997,'lait',922088190),(117333,51979,51997,'lait',922088190),(117334,51979,51997,'lait',922088190),(117335,51979,51998,'lait',922088272),(117336,51979,51998,'lait',922088272),(117337,51979,51998,'lait',922088272),(117338,51979,51999,'lait',922088190),(117339,51979,51999,'lait',922088190),(117340,51979,51999,'lait',922088190),(117341,51979,51995,'dessert',3872417),(117342,51979,51995,'dessert',3872417),(117343,51979,51995,'dessert',3872417),(117344,51979,51996,'dessert',3872428),(117345,51979,51996,'dessert',3872428),(117346,51979,51996,'dessert',3872428),(117347,51979,51997,'dessert',3872417),(117348,51979,51997,'dessert',3872417),(117349,51979,51997,'dessert',3872417),(117350,51979,51998,'dessert',3872430),(117351,51979,51998,'dessert',3872430),(117352,51979,51998,'dessert',3872430),(117353,51979,51999,'dessert',3872417),(117354,51979,51999,'dessert',3872417),(117355,51979,51999,'dessert',3872417),(117601,116301,116302,'entree',3872418),(117602,116301,116303,'entree',843019735),(117603,116301,116305,'entree',3872420),(117604,116301,116304,'entree',3872419),(117605,116301,116306,'entree',3872421),(117606,116301,116302,'plat',843019812),(117607,116301,116303,'plat',3872422),(117608,116301,116305,'plat',843019797),(117609,116301,116304,'plat',116322),(117610,116301,116306,'plat',843019810),(117611,116301,116302,'garniture',998642375),(117612,116301,116303,'garniture',3872415),(117613,116301,116305,'garniture',3873269),(117614,116301,116304,'garniture',998642375),(117615,116301,116306,'garniture',3872415),(117616,116301,116302,'lait',922088204),(117617,116301,116303,'lait',922088204),(117618,116301,116305,'lait',922088204),(117619,116301,116304,'lait',922088204),(117620,116301,116306,'lait',922088204),(117621,116301,116302,'dessert',919398439),(117622,116301,116303,'dessert',919398416),(117623,116301,116305,'dessert',919398285),(117624,116301,116304,'dessert',3872429),(117625,116301,116306,'dessert',3872417),(117626,116301,116320,'entree',3872418),(117627,116301,116316,'entree',843019735),(117628,116301,116315,'entree',3872420),(117629,116301,116311,'entree',3872419),(117630,116301,116307,'entree',3872421),(117631,116301,116320,'plat',843019812),(117632,116301,116316,'plat',3872422),(117633,116301,116315,'plat',843019797),(117634,116301,116311,'plat',116322),(117635,116301,116307,'plat',843019810),(117636,116301,116320,'garniture',998642375),(117637,116301,116316,'garniture',3872415),(117638,116301,116315,'garniture',3873269),(117639,116301,116311,'garniture',998642375),(117640,116301,116307,'garniture',3872415),(117641,116301,116320,'lait',922088198),(117642,116301,116316,'lait',922088198),(117643,116301,116315,'lait',922088198),(117644,116301,116311,'lait',922088198),(117645,116301,116307,'lait',922088198),(117646,116301,116320,'dessert',919398439),(117647,116301,116316,'dessert',919398416),(117648,116301,116315,'dessert',919398285),(117649,116301,116311,'dessert',3872429),(117650,116301,116307,'dessert',3872417),(117651,116301,116321,'entree',3872418),(117652,116301,116317,'entree',843019735),(117653,116301,116314,'entree',3872420),(117654,116301,116309,'entree',3872419),(117655,116301,116310,'entree',3872421),(117656,116301,116321,'plat',843019812),(117657,116301,116317,'plat',3872422),(117658,116301,116314,'plat',843019797),(117659,116301,116309,'plat',116322),(117660,116301,116310,'plat',843019810),(117661,116301,116321,'garniture',998642375),(117662,116301,116317,'garniture',3872415),(117663,116301,116314,'garniture',3873269),(117664,116301,116309,'garniture',998642375),(117665,116301,116310,'garniture',3872415),(117666,116301,116321,'lait',922088204),(117667,116301,116317,'lait',922088204),(117668,116301,116314,'lait',922088204),(117669,116301,116309,'lait',922088204),(117670,116301,116310,'lait',922088204),(117671,116301,116321,'dessert',919398439),(117672,116301,116317,'dessert',919398416),(117673,116301,116314,'dessert',919398285),(117674,116301,116309,'dessert',3872429),(117675,116301,116310,'dessert',3872417),(117676,116301,116319,'entree',3872418),(117677,116301,116318,'entree',843019735),(117678,116301,116313,'entree',3872420),(117679,116301,116312,'entree',3872419),(117680,116301,116308,'entree',3872421),(117681,116301,116319,'plat',843019812),(117682,116301,116318,'plat',3872422),(117683,116301,116313,'plat',843019797),(117684,116301,116312,'plat',116322),(117685,116301,116308,'plat',843019810),(117686,116301,116319,'garniture',998642375),(117687,116301,116318,'garniture',3872415),(117688,116301,116313,'garniture',3873269),(117689,116301,116312,'garniture',998642375),(117690,116301,116308,'garniture',3872415),(117691,116301,116319,'lait',922088198),(117692,116301,116318,'lait',922088198),(117693,116301,116313,'lait',922088198),(117694,116301,116312,'lait',922088198),(117695,116301,116308,'lait',922088198),(117696,116301,116319,'dessert',919398439),(117697,116301,116318,'dessert',919398416),(117698,116301,116313,'dessert',919398285),(117699,116301,116312,'dessert',3872429),(117700,116301,116308,'dessert',3872417);

--
-- Table structure for table `cantine_cantinerecette`
--

CREATE TABLE `cantine_cantinerecette` (
  `recetteId` bigint(20) NOT NULL,
  `userId` bigint(20) DEFAULT NULL,
  `typeRecette` varchar(75) DEFAULT NULL,
  `categorieRecetteId` bigint(20) DEFAULT NULL,
  `titreRecette` varchar(150) DEFAULT NULL,
  `effectif` int(11) DEFAULT NULL,
  `methode` text,
  `haccp` text,
  `isSuggestToDepartement` tinyint(1) DEFAULT NULL,
  `imageId` bigint(20) DEFAULT NULL,
  PRIMARY KEY (`recetteId`),
  KEY `IX_B9F8D045` (`categorieRecetteId`),
  KEY `IX_8A34A289` (`imageId`),
  KEY `IX_D164F30B` (`isSuggestToDepartement`),
  KEY `IX_A062C36B` (`typeRecette`,`categorieRecetteId`,`userId`),
  KEY `IX_651540C3` (`typeRecette`,`userId`),
  KEY `IX_EDFC62D7` (`userId`)
) ENGINE=InnoDB DEFAULT CHARSET=utf8;

--
-- Dumping data for table `cantine_cantinerecette`
--

INSERT INTO `cantine_cantinerecette` VALUES (116323,0,'plat',116322,'Spaghetti Bolognaise',0,'','',0,0),(116325,0,'plat',116322,'Spaghetti Carbonara',0,'','',0,0),(116328,11105,'plat',116322,'Spaghetti Carbonara',0,'','',0,0),(116332,11105,'plat',116322,'Tagliatelles au saumon',0,'','',0,0),(116342,0,'plat',116322,'Tagliatelles au saumon',0,'','',0,0),(3861808,11105,'plat',3872422,'Dinde forestiere',0,'','',0,0),(3861811,11105,'plat',3872422,'Porc',0,'','',0,0),(3861814,11105,'plat',3872422,'Boeuf bourguignon',0,'','',0,0),(3861817,11105,'plat',3872422,'Veau',0,'','',0,0),(3861820,11105,'plat',3872425,'Frites',0,'','',0,0),(3861822,11105,'plat',3872425,'Beignets Frits',0,'','',0,0),(3861823,11105,'garniture',3872427,'Tomates Frits',0,'','',0,0),(3861825,11105,'garniture',3872427,'Radis Frits',0,'','',0,0),(3863210,11105,'dessert',3872429,'Magnum',0,'','',0,0),(3864292,11105,'dessert',3872429,'Mars',0,'','',0,0),(3864932,11105,'entree',3872419,'Salade de chevre',0,'','',0,0),(3864934,11105,'entree',3872418,'Carrotte Rapees',0,'','',0,0),(3864936,11105,'entree',3872418,'Carpaccio',0,'','',0,0),(3864937,11105,'entree',3872418,'Oeufs mimosa',0,'','',0,0),(3864939,11105,'entree',3872420,'Salade de patates',0,'','',0,0),(3864940,11105,'entree',3872420,'Salade de pates',0,'','',0,0),(3864941,11105,'entree',3872419,'Pizza',0,'','',0,0),(3864942,11105,'entree',3872419,'Quiche',0,'','',0,0),(3864946,11105,'plat',3872425,'Filet au fish',0,'','',0,0),(3864948,11105,'plat',3872423,'Saumon à l\'oseille',0,'','',0,0),(3864950,11105,'plat',3872423,'Papillote de cabillaud',0,'','',0,0),(3864952,11105,'plat',3872424,'Cervelle d\'agneau',0,'','',0,0),(3864954,11105,'plat',3872422,'Foie de veau',0,'','',0,0),(3864956,11105,'plat',3872424,'Rognon de veau',0,'','',0,0),(3864958,11105,'plat',3872425,'Cordon bleu',0,'','',0,0),(3864960,11105,'plat',3872423,'Poisson pané',0,'','',0,0),(3864961,11105,'garniture',3872426,'Haricots verts',0,'','',0,0),(3864963,11105,'garniture',3872426,'Petits pois/Carrotte',0,'','',0,0),(3864965,11105,'garniture',3872426,'Choux',0,'','',0,0),(3864971,11105,'lait',3873270,'Faissellle',0,'','',0,0),(3864979,11105,'dessert',3872417,'Poire',0,'','',0,0),(3864981,11105,'dessert',3872417,'Peche',0,'','',0,0),(3864982,11105,'dessert',3872417,'Banane',0,'','',0,0),(3864984,11105,'dessert',3872417,'Raisin',0,'','',0,0),(3864986,11105,'dessert',3872429,'Crumble',0,'','',0,0),(3864988,11105,'dessert',3872429,'Banana Split',0,'','',0,0),(3864990,11105,'dessert',3872429,'Creme vanille',0,'','',0,0),(3864992,11105,'dessert',3872429,'Creme chocolat',0,'','',0,0),(3864993,11105,'dessert',3872429,'Flan',0,'','',0,0),(3864998,11105,'dessert',3872429,'Buche glace',0,'','',0,0),(3867334,11105,'entree',3872418,'Petits fours',0,'','',0,0),(3867375,11105,'entree',3872420,'Sardine à l\'huile',0,'','',0,0),(3868911,11105,'plat',3872422,'Chipolatat',0,'','',0,0),(3879907,0,'dessert',3872417,'Pomme',0,'','',0,0),(3879910,0,'dessert',3872417,'Poire',0,'','',0,0),(3879913,0,'dessert',3872417,'Banane',0,'','',0,0),(3879923,11105,'entree',3872418,'Salade verte',0,'','',0,0),(3879925,11105,'dessert',3872417,'Pomme',0,'','',0,0),(3879937,0,'garniture',3872427,'Tomates Frits',0,'','',0,0),(3879940,0,'plat',3872422,'Veau',0,'','',0,0),(843033468,0,'plat',843019812,'Poulet rôti',0,'','',0,0),(843033470,0,'plat',3872425,'Omelette aux lardons',0,'','',0,0),(843033474,0,'plat',843019813,'Raviolis de dinde',0,'','',0,0),(843033478,0,'plat',3872422,'Steak haché',0,'','',0,0),(843033480,0,'plat',3872423,'Filet de hoki sauce Niçoise',0,'','',0,0),(843033486,0,'plat',843019813,'Pizza reine',0,'','',0,0),(843033488,0,'plat',843019812,'Cordon bleu',0,'','',0,0),(843033496,0,'plat',843019812,'Sauté de volaille sauce ananas',0,'','',0,0),(843033498,0,'plat',843019813,'Spaguettis bolognaise',0,'','',0,0),(843033502,0,'plat',843019810,'Chipolatas',0,'','',0,0),(843033506,0,'plat',843019810,'Sauté de porc sauce chasseur',0,'','',0,0),(843033508,0,'plat',843019813,'Hachis parmentier',0,'','',0,0),(843035962,0,'entree',3872418,'Salade de tomate',0,'','',0,0),(843035964,0,'entree',3872418,'Carottes râpées',0,'','',0,0),(843035966,0,'entree',3872418,'Pomolos',0,'','',0,0),(843035968,0,'entree',3872418,'Céleri rémoulade',0,'','',0,0),(843035970,0,'entree',3872418,'Endives vinaigrette',0,'','',0,0),(843035972,0,'entree',3872418,'Laitue emmental',0,'','',0,0),(843035974,0,'entree',3872418,'Concombre en salade',0,'','',0,0),(843035976,0,'entree',3872418,'Pamplemousse',0,'','',0,0),(843035978,0,'entree',3872420,'Salade de blé et crudités',0,'','',0,0),(843035980,0,'entree',3872420,'Salade de lentilles',0,'','',0,0),(843035982,0,'entree',3872420,'Mais et thon en salade',0,'','',0,0),(843035984,0,'entree',3872420,'Salade piémontaise',0,'','',0,0),(843036011,0,'entree',3872421,'Friand au fromage',0,'','',0,0),(843036014,0,'entree',843019735,'Betteraves mimosa',0,'','',0,0),(843036016,0,'entree',843019735,'Potage de légumes',0,'','',0,0),(843036020,0,'entree',843019735,'Haricots verts',0,'','',0,0),(843036022,0,'entree',843019735,'Salade de coeur de palmier soja',0,'','',0,0),(843036024,0,'entree',3872419,'Pâté cornichons',0,'','',0,0),(843036026,0,'entree',3872419,'Sardines beurre',0,'','',0,0),(843036028,0,'garniture',3872427,'Purée',0,'','',0,0),(843036032,0,'garniture',3872427,'Raviolis',0,'','',0,0),(843036034,0,'garniture',3872427,'Pommes duchesse',0,'','',0,0),(843036036,0,'garniture',3872427,'Semoule',0,'','',0,0),(843036038,0,'garniture',3872427,'Riz',0,'','',0,0),(843036040,0,'garniture',3872427,'Haricots blancs',0,'','',0,0),(843036042,0,'garniture',3872427,'Pizza',0,'','',0,0),(843036044,0,'garniture',3872427,'Brandade',0,'','',0,0),(843036046,0,'garniture',3872427,'Spaguetti',0,'','',0,0),(843036050,0,'garniture',3872427,'Parmentier',0,'','',0,0),(843036052,0,'garniture',3872426,'Petits pois',0,'','',0,0),(843036054,0,'garniture',3872426,'Jardinère',0,'','',0,0),(843036056,0,'garniture',3872426,'Courgettes',0,'','',0,0),(843036058,0,'garniture',3872426,'Carottes',0,'','',0,0),(843036060,0,'garniture',3872426,'Choux-fleur',0,'','',0,0),(843036062,0,'garniture',3872426,'Haricots beurre',0,'','',0,0),(843036064,0,'garniture',3872426,'Gratin de choux-fleur',0,'','',0,0),(843036066,0,'garniture',3872426,'Petits pois carottes',0,'','',0,0),(843036068,0,'garniture',3872426,'Choux-fleurs persillés',0,'','',0,0),(843036142,0,'dessert',3872417,'Pomme',0,'','',0,0),(843036144,0,'dessert',3872417,'Poire',0,'','',0,0),(843036146,0,'dessert',3872417,'Orange',0,'','',0,0),(843036148,0,'dessert',3872417,'Kiwi',0,'','',0,0),(843036150,0,'dessert',3872417,'Abricot',0,'','',0,0),(843036152,0,'dessert',3872417,'Salade fruits crus',0,'','',0,0),(843036722,0,'plat',843019810,'Roti de porc',0,'','',0,0),(843066060,0,'plat',843019797,'Paupiette de veau',0,'','',0,0),(843066096,0,'plat',843019797,'Normandin de veau',0,'','',0,0),(843066420,0,'plat',843019813,'Brandade de poisson',0,'','',0,0),(843069343,0,'plat',3872423,'Filet de hoki beurre blanc',0,'','',0,0),(843070252,0,'plat',3872423,'Dés de colin sauce blanche',0,'','',0,0),(843074871,0,'plat',3872423,'Poisson pané',0,'','',0,0),(843084745,0,'plat',3872422,'Sauté de boeuf bourguignon',0,'','',0,0),(843097225,0,'garniture',3872426,'Spaguetti',0,'','',0,0),(843118794,0,'garniture',3872426,'Salade verte',0,'','',0,0),(843119502,0,'garniture',3872427,'Brandade',0,'','',0,0),(843144392,0,'dessert',3872428,'Poire au sirop',0,'','',0,0),(891844521,2691727,'entree',3872418,'Bettraves crues mimosas',0,'','',0,0),(891844556,2691727,'entree',3872418,'salade verte pointes d\'asperges',0,'','',0,0),(891844722,2691727,'entree',3872419,'pâté croûte',0,'','',0,0),(891844837,2691727,'plat',843019813,'raviolis frais au basilic',0,'','',0,0),(891845801,2691727,'entree',3872418,'salade migas',0,'','',0,0),(891859848,2691727,'entree',3872418,'Carottes râpées',0,'','',0,0),(891859856,2691727,'entree',3872418,'Salade verte',0,'','',0,0),(891859880,2691727,'entree',3872418,'Concombre au yaourt',0,'','',0,0),(891859899,2691727,'entree',3872418,'Céleri aux pommes et noix',0,'','',0,0),(891859915,2691727,'entree',3872419,'Sardine beurre',0,'','',0,0),(891859927,2691727,'entree',3872418,'Salade Migas',0,'','',0,0),(891859929,2691727,'entree',843019735,'Avocat aux amandes grillées',0,'','',0,0),(891859933,2691727,'entree',843019735,'Potage maison',0,'','',0,0),(891871945,770143,'garniture',3872415,'Pommes rissolées',0,'','',0,0),(891890301,2691727,'garniture',3873269,'haricots verts à la tomates',0,'','',0,0),(892255756,2691727,'plat',843019810,'côtes de porc au jus',0,'','',0,0),(892255780,2691727,'plat',3872422,'boeuf bourguignons',0,'','',0,0),(892255784,2691727,'plat',3872423,'filet de julienne sc citron',0,'','',0,0),(892255792,2691727,'plat',3872425,'tortillas aux oignons',0,'','',0,0),(892255796,2691727,'plat',843019796,'navarin d\'agneau',0,'','',0,0),(892255803,2691727,'plat',843019797,'cote de veau',0,'','',0,0),(892255807,2691727,'plat',843019813,'paella',0,'','',0,0),(892255881,2691727,'garniture',3873269,'carottes vichy',0,'','',0,0),(892255888,2691727,'garniture',843019738,'pôelée maison',0,'','',0,0),(892255893,2691727,'garniture',3872415,'gratin dauphinois',0,'','',0,0),(892255902,2691727,'dessert',3872417,'salade de fruits',0,'','',0,0),(892255907,2691727,'dessert',3872428,'pommes au four',0,'','',0,0),(892255960,2691727,'plat',3872425,'omelette à la portugaise',0,'','',0,0),(892260182,2691727,'dessert',3872417,'fruits',0,'','',0,0),(892262070,2691727,'dessert',3872428,'fruits',0,'','',0,0),(892262123,2691727,'dessert',3872428,'abricots au sirop',0,'','',0,0),(892262133,2691727,'dessert',3872428,'coktail de fruits',0,'','',0,0),(892262141,2691727,'dessert',3872428,'compote de pommes',0,'','',0,0),(892262148,2691727,'dessert',3872428,'poires aux sirop',0,'','',0,0),(892262178,2691727,'dessert',3872428,'pêche à la nage',0,'','',0,0),(892262182,2691727,'dessert',3872428,'abricots au coulis',0,'','',0,0),(892262239,2691727,'plat',3872422,'steack haché',0,'','',0,0),(892262258,2691727,'plat',843019812,'paupiettes de volaille',0,'','',0,0),(892262264,2691727,'plat',3872423,'moules marinières',0,'','',0,0),(892262291,2691727,'plat',843019810,'saucisse de toulouse',0,'','',0,0),(892262296,2691727,'plat',3872422,'pot au feu',0,'','',0,0),(892262299,2691727,'plat',3872422,'carbonnade flamande',0,'','',0,0),(892262341,2691727,'plat',843019810,'diots au vin blanc',0,'','',0,0),(892262347,2691727,'plat',843019812,'quenelles de volaille',0,'','',0,0),(892262352,2691727,'plat',843019810,'palette de porc',0,'','',0,0),(892284086,2691727,'plat',843019812,'Poulet rôti',0,'','',0,0),(892284758,2691727,'plat',3872423,'Filet de hoki sauce citron',0,'','',0,0),(892298662,2691727,'plat',843019812,'Rôti de volaille',0,'','',0,0),(892298675,2691727,'garniture',3873269,'choux de bruxelles',0,'','',0,0),(892298688,2691727,'entree',3872419,'tartes salées',0,'','',0,0),(892298696,2691727,'entree',3872418,'pomelos aux crabes',0,'','',0,0),(892298700,2691727,'garniture',3873269,'lentilles',0,'','',0,0),(892298707,2691727,'garniture',3873269,'flageolets',0,'','',0,0),(892298734,2691727,'dessert',3872428,'poires au chocolat',0,'','',0,0),(892298749,2691727,'garniture',3873269,'julienne de légumes',0,'','',0,0),(892298772,2691727,'garniture',3872415,'pommes fondantes',0,'','',0,0),(892298782,2691727,'garniture',3873269,'quinoa aus petits légumes',0,'','',0,0),(892298793,2691727,'garniture',3872415,'brandade de poissons',0,'','',0,0),(892298800,2691727,'garniture',3872415,'polente à la savoyarde',0,'','',0,0),(892299326,2691727,'plat',843019813,'lasagne',0,'','',0,0),(892299345,2691727,'plat',3872423,'quenelle de poisson',0,'','',0,0),(892299359,2691727,'plat',843019797,'rôti de veau',0,'','',0,0),(892299413,2691727,'garniture',3873269,'cordiale de légumes',0,'','',0,0),(892299437,2691727,'plat',843019810,'sauté de porc',0,'','',0,0),(892299490,2691727,'garniture',3873269,'mélange du sud',0,'','',0,0),(892299500,2691727,'garniture',3872415,'semoule',0,'','',0,0),(892343834,2691727,'plat',3872422,'Goulash Hongroise',0,'','',0,0),(895981406,2691727,'plat',843019813,'Hachis parmentier',0,'','',0,0),(895981413,2691727,'plat',843019812,'Cordon bleu',0,'','',0,0),(915008721,0,'entree',3872418,'Salade verte concombre',0,'','',0,0),(915008724,0,'entree',3872419,'Maquereau / thon',0,'','',0,0),(915008726,0,'entree',843019735,'Betteraves / asperges',0,'','',0,0),(915008735,0,'entree',3872420,'Salade PT / Ebly',0,'','',0,0),(915008738,0,'entree',3872421,'Croque monsieur',0,'','',0,0),(915008751,0,'entree',843019735,'Poireaux  vinaigrette',0,'','',0,0),(915008763,0,'entree',3872418,'Radis / choux rouges',0,'','',0,0),(915008769,0,'entree',3872418,'Choux blanc / carottes',0,'','',0,0),(915008776,0,'entree',3872418,'Salade verte / tomate',0,'','',0,0),(915008784,0,'entree',3872418,'Salade Niçoise',0,'','',0,0),(915008789,0,'entree',3872418,'Mache / fenouil',0,'','',0,0),(915008795,0,'entree',3872419,'Mortadelle / pâté',0,'','',0,0),(915008799,0,'entree',843019735,'Salade de betteraves',0,'','',0,0),(915008903,0,'entree',3872418,'Salade verte',0,'','',0,0),(915008911,0,'entree',3872420,'Taboulé /salade de riz',0,'','',0,0),(915009305,0,'plat',843019812,'Escalope de dinde',0,'','',0,0),(915009317,0,'plat',843019810,'Saucisse de toulouse',0,'','',0,0),(915009319,0,'plat',3872423,'Saumonette',0,'','',0,0),(915009328,0,'plat',3872423,'Filet de hoki meunière',0,'','',0,0),(915009332,0,'plat',843019796,'Gigot d\'agneau',0,'','',0,0),(915009334,0,'plat',3872423,'Filet de colin',0,'','',0,0),(915009722,0,'plat',843019797,'Blanquette de veau',0,'','',0,0),(915009728,0,'plat',3872425,'Oeufs durs',0,'','',0,0),(915009732,0,'plat',3872422,'Boeuf braisé',0,'','',0,0),(915009739,0,'plat',3872422,'Rosbeef',0,'','',0,0),(915009758,0,'plat',843019810,'cote de porc',0,'','',0,0),(915009760,0,'plat',843019810,'cote de porc',0,'','',0,0),(915009767,0,'plat',843019810,'Cote de porc',0,'','',0,0),(915010390,0,'garniture',3872426,'Haricots plats / cardons',0,'','',0,0),(915010506,770143,'garniture',3872415,'Frites',0,'','',0,0),(915010508,770143,'garniture',3872415,'Frites',0,'','',0,0),(920926020,0,'garniture',3872427,'Lentilles',0,'','',0,0),(920926161,0,'garniture',920925104,'Frites',0,'','',0,0),(920926170,0,'garniture',920925104,'Pommes noisettes',0,'','',0,0),(920926509,0,'garniture',3872426,'Tomate procençale',0,'','',0,0),(920927667,0,'garniture',3872427,'Pâtes',0,'','',0,0),(920928466,0,'garniture',920925104,'Pommes sautées',0,'','',0,0),(922097551,0,'garniture',3872426,'Brocolis / carottes',0,'','',0,0),(922097556,0,'garniture',3872426,'Epinards à la crème',0,'','',0,0),(922097787,0,'garniture',3872427,'Pomme vapeur',0,'','',0,0),(922098024,0,'garniture',843019738,'Semoule aux légumes',0,'','',0,0),(922098051,0,'garniture',843019738,'Ratatouille / riz',0,'','',0,0),(922098069,770143,'garniture',3873269,'Ratatouille',0,'','',0,0),(922098078,0,'garniture',3872426,'Ratatouille',0,'','',0,0),(922098259,0,'garniture',3872427,'Gratin dauphinois',0,'','',0,0),(922098382,770143,'garniture',3873269,'Haricots plats / cardons',0,'','',0,0),(922098390,0,'garniture',3872426,'Aubergines provençales',0,'','',0,0),(922098401,770143,'garniture',3873269,'Tomate provençale',0,'','',0,0),(922099254,0,'dessert',919398285,'Flan chocolat',0,'','',0,0),(922099498,0,'dessert',3872428,'Pomme au four',0,'','',0,0),(922099566,0,'dessert',919398416,'Galette des rois',0,'','',0,0),(922099631,0,'dessert',3872417,'Banane',0,'','',0,0),(922099686,0,'dessert',919398439,'Fromage blanc aux fruits',0,'','',0,0),(922099783,0,'dessert',919398285,'Glace',0,'','',0,0),(922099946,0,'dessert',919398285,'Gâteau de semoule',0,'','',0,0),(922099970,0,'dessert',919398416,'Mousse au chocolat',0,'','',0,0),(922100042,0,'dessert',919398439,'Pâte lisse abricot',0,'','',0,0),(922100154,0,'dessert',919398285,'Ile flottante',0,'','',0,0),(922100635,0,'dessert',3872428,'Compote de fruits',0,'','',0,0),(922100944,0,'lait',922088190,'Cantadou',0,'','',0,0),(922100999,0,'lait',922088204,'Brie',0,'','',0,0),(922101106,0,'lait',922088198,'St Paulin',0,'','',0,0),(922101150,0,'lait',922088272,'Fromage blanc',0,'','',0,0),(922101161,0,'lait',922088272,'Yaourt aux fruits',0,'','',0,0),(922101180,0,'lait',922088190,'St Marcelin',0,'','',0,0),(922101201,0,'lait',922088198,'Reblochon',0,'','',0,0),(922101209,0,'lait',922088190,'Chevretine',0,'','',0,0),(922101220,0,'lait',922088204,'Camembert',0,'','',0,0),(922101228,0,'lait',922088198,'Edam',0,'','',0,0),(922101235,0,'lait',922088272,'Petits suisses',0,'','',0,0),(922101238,0,'lait',922088198,'Bleu d\'Auvergne',0,'','',0,0),(922101240,0,'lait',922088198,'Tomme de Savoie',0,'','',0,0),(922101253,0,'lait',922088198,'St Nectaire',0,'','',0,0),(922658508,770143,'plat',3872423,'Poisson pané',0,'','',0,0),(942419955,770143,'entree',3872421,'Quiche',0,'','',0,0),(942430154,0,'entree',3872420,'Salade de lentilles',0,'','',0,0),(942430267,0,'entree',843019735,'Macédoine légumes',0,'','',0,0),(953727074,770143,'entree',3872420,'Salade de lentilles',0,'','',0,0),(953727081,770143,'entree',3872419,'Pâté en croûte',0,'','',0,0),(955832949,837299883,'entree',3872418,'Recette',0,'','',0,0),(958896678,770143,'plat',3872422,'bourguignon',0,'','',0,0);

--
