-- Table structure for table `ddmstructurelink`
--

CREATE TABLE `ddmstructurelink` (
  `structureLinkId` bigint(20) NOT NULL,
  `classNameId` bigint(20) DEFAULT NULL,
  `classPK` bigint(20) DEFAULT NULL,
  `structureId` bigint(20) DEFAULT NULL,
  PRIMARY KEY (`structureLinkId`),
  UNIQUE KEY `IX_C803899D` (`classPK`),
  KEY `IX_D43E4208` (`classNameId`),
  KEY `IX_17692B58` (`structureId`)
) ENGINE=InnoDB DEFAULT CHARSET=latin1;

--
-- Dumping data for table `ddmstructurelink`
--

INSERT INTO `ddmstructurelink` VALUES (126592,62200,126589,125509),(126599,62200,126596,125509),(127744,62200,127736,125509),(127759,62200,127754,125509),(127777,62200,127768,125509),(127792,62200,127788,125509),(127811,62200,127803,125509),(127821,62200,127818,125509),(127837,62200,127831,125509),(127851,62200,127848,125509),(127855,62200,127852,125509),(127859,62200,127856,125509),(127863,62200,127860,125509),(127917,62200,127914,125509),(127925,62200,127922,125509),(127933,62200,127930,125509),(127941,62200,127938,125509),(127949,62200,127946,125509),(128091,62200,128082,125509),(128107,62200,128101,125509),(128117,62200,128114,125509),(128121,62200,128118,125509),(128125,62200,128122,125509),(128129,62200,128126,125509),(128142,62200,128139,125509),(128150,62200,128147,125509),(128158,62200,128155,125509),(128166,62200,128163,125509),(128182,62200,128179,125509),(128190,62200,128187,125509),(128198,62200,128195,125509),(129730,62200,129727,125509),(129736,62200,129733,125509),(131624,62200,131612,125509),(131628,62200,131625,125509),(131826,62200,131823,125509),(132313,62200,132310,125509),(132466,62200,132463,125509),(132513,62200,132510,125509),(132526,62200,132523,125509),(132613,62200,132610,125509),(132713,62200,132710,125509),(132813,62200,132810,125509),(133013,62200,133010,125509),(133114,62200,133111,125509),(137013,62200,137010,125509),(137026,62200,137023,125509),(137039,62200,137036,125509),(137413,62200,137410,125509),(137513,62200,137510,125509),(141434,62200,141425,125509),(141513,62200,141510,125509),(141613,62200,141610,125509),(141640,62200,141636,125509),(141713,62200,141710,125509),(142113,62200,142110,125509),(142213,62200,142210,125509),(142226,62200,142223,125509),(142239,62200,142236,125509),(147016,62200,147013,125509),(147029,62200,147026,125509),(147042,62200,147039,125509),(147055,62200,147052,125509),(147068,62200,147065,125509),(147081,62200,147078,125509),(147096,62200,147093,125509),(147518,62200,147515,125509),(147531,62200,147528,125509),(147614,62200,147611,125509),(151459,62200,151456,125509),(151472,62200,151469,125509),(152113,62200,152110,125509),(152212,62200,152209,125509),(153913,62200,153910,125509),(157013,62200,157010,125509),(157113,62200,157110,125509),(157537,62200,157534,125509),(159147,62200,159144,125509),(159161,62200,159158,125509),(159175,62200,159172,125509),(159189,62200,159186,125509),(159203,62200,159200,125509),(159217,62200,159214,125509),(159232,62200,159229,125509),(159246,62200,159243,125509),(159838,62200,159835,125509),(164399,62200,164396,125509),(165484,62200,165471,125509),(173382,62200,173379,125509),(174947,62200,174944,125509),(175309,62200,175306,125509),(175340,62200,175337,125509),(175353,62200,175350,125509),(175413,62200,175410,125509),(175427,62200,175424,125509),(175737,62200,175734,125509),(265414,62200,265411,125509),(313265,62200,313262,125509),(313279,62200,313276,125509),(313293,62200,313290,125509),(313333,62200,313330,125509);

--
-- Table structure for table `ddmtemplate`
--

CREATE TABLE `ddmtemplate` (
  `uuid_` varchar(75) DEFAULT NULL,
  `templateId` bigint(20) NOT NULL,
  `groupId` bigint(20) DEFAULT NULL,
  `companyId` bigint(20) DEFAULT NULL,
  `userId` bigint(20) DEFAULT NULL,
  `userName` varchar(75) DEFAULT NULL,
  `createDate` datetime DEFAULT NULL,
  `modifiedDate` datetime DEFAULT NULL,
  `structureId` bigint(20) DEFAULT NULL,
  `name` longtext,
  `description` longtext,
  `type_` varchar(75) DEFAULT NULL,
  `mode_` varchar(75) DEFAULT NULL,
  `language` varchar(75) DEFAULT NULL,
  `script` longtext,
  PRIMARY KEY (`templateId`),
  UNIQUE KEY `IX_1AA75CE3` (`uuid_`,`groupId`),
  KEY `IX_DB24DDDD` (`groupId`),
  KEY `IX_33BEF579` (`language`),
  KEY `IX_C9757A51` (`structureId`),
  KEY `IX_5BC0E264` (`structureId`,`type_`),
  KEY `IX_5B019FE8` (`structureId`,`type_`,`mode_`),
  KEY `IX_C4F283C8` (`type_`),
  KEY `IX_F2A243A7` (`uuid_`)
) ENGINE=InnoDB DEFAULT CHARSET=latin1;

--
-- Dumping data for table `ddmtemplate`
--


--
-- Table structure for table `dlcontent`
--

CREATE TABLE `dlcontent` (
  `contentId` bigint(20) NOT NULL,
  `groupId` bigint(20) DEFAULT NULL,
  `companyId` bigint(20) DEFAULT NULL,
  `repositoryId` bigint(20) DEFAULT NULL,
  `path_` varchar(255) DEFAULT NULL,
  `version` varchar(75) DEFAULT NULL,
  `data_` longblob,
  `size_` bigint(20) DEFAULT NULL,
  PRIMARY KEY (`contentId`),
  UNIQUE KEY `IX_FDD1AAA8` (`companyId`,`repositoryId`,`path_`,`version`),
  KEY `IX_6A83A66A` (`companyId`,`repositoryId`),
  KEY `IX_EB531760` (`companyId`,`repositoryId`,`path_`)
) ENGINE=InnoDB DEFAULT CHARSET=latin1;

--
-- Dumping data for table `dlcontent`
--


--
-- Table structure for table `dlfileentry`
--

CREATE TABLE `dlfileentry` (
  `uuid_` varchar(75) DEFAULT NULL,
  `fileEntryId` bigint(20) NOT NULL,
  `groupId` bigint(20) DEFAULT NULL,
  `companyId` bigint(20) DEFAULT NULL,
  `userId` bigint(20) DEFAULT NULL,
  `userName` varchar(75) DEFAULT NULL,
  `versionUserId` bigint(20) DEFAULT NULL,
  `versionUserName` varchar(75) DEFAULT NULL,
  `createDate` datetime DEFAULT NULL,
  `modifiedDate` datetime DEFAULT NULL,
  `folderId` bigint(20) DEFAULT NULL,
  `name` varchar(255) DEFAULT NULL,
  `title` varchar(255) DEFAULT NULL,
  `description` longtext,
  `version` varchar(75) DEFAULT NULL,
  `pendingVersion` varchar(75) DEFAULT NULL,
  `size_` bigint(20) DEFAULT NULL,
  `readCount` int(11) DEFAULT NULL,
  `extraSettings` longtext,
  `extension` varchar(75) DEFAULT NULL,
  `repositoryId` bigint(20) DEFAULT NULL,
  `mimeType` varchar(75) DEFAULT NULL,
  `fileEntryTypeId` bigint(20) DEFAULT NULL,
  `smallImageId` bigint(20) DEFAULT NULL,
  `largeImageId` bigint(20) DEFAULT NULL,
  `custom1ImageId` bigint(20) DEFAULT NULL,
  `custom2ImageId` bigint(20) DEFAULT NULL,
  PRIMARY KEY (`fileEntryId`),
  UNIQUE KEY `IX_5391712` (`groupId`,`folderId`,`name`),
  UNIQUE KEY `IX_BC2E7E6A` (`uuid_`,`groupId`),
  UNIQUE KEY `IX_ED5CA615` (`groupId`,`folderId`,`title`),
  KEY `IX_4CB1B2B4` (`companyId`),
  KEY `IX_F4AF5636` (`groupId`),
  KEY `IX_93CF8193` (`groupId`,`folderId`),
  KEY `IX_43261870` (`groupId`,`userId`),
  KEY `IX_D20C434D` (`groupId`,`userId`,`folderId`),
  KEY `IX_64F0FE40` (`uuid_`),
  KEY `IX_29D0AF28` (`groupId`,`folderId`,`fileEntryTypeId`)
) ENGINE=InnoDB DEFAULT CHARSET=utf8;

--
-- Dumping data for table `dlfileentry`
--


--
-- Table structure for table `dlfileentrymetadata`
--

CREATE TABLE `dlfileentrymetadata` (
  `uuid_` varchar(75) DEFAULT NULL,
  `fileEntryMetadataId` bigint(20) NOT NULL,
  `DDMStorageId` bigint(20) DEFAULT NULL,
  `DDMStructureId` bigint(20) DEFAULT NULL,
  `fileEntryTypeId` bigint(20) DEFAULT NULL,
  `fileEntryId` bigint(20) DEFAULT NULL,
  `fileVersionId` bigint(20) DEFAULT NULL,
  PRIMARY KEY (`fileEntryMetadataId`),
  UNIQUE KEY `IX_7332B44F` (`DDMStructureId`,`fileVersionId`),
  KEY `IX_4F40FE5E` (`fileEntryId`),
  KEY `IX_A44636C9` (`fileEntryId`,`fileVersionId`),
  KEY `IX_F8E90438` (`fileEntryTypeId`),
  KEY `IX_1FE9C04` (`fileVersionId`),
  KEY `IX_D49AB5D1` (`uuid_`)
) ENGINE=InnoDB DEFAULT CHARSET=latin1;

--
-- Dumping data for table `dlfileentrymetadata`
--


--
-- Table structure for table `dlfileentrytype`
--

CREATE TABLE `dlfileentrytype` (
  `uuid_` varchar(75) DEFAULT NULL,
  `fileEntryTypeId` bigint(20) NOT NULL,
  `groupId` bigint(20) DEFAULT NULL,
  `companyId` bigint(20) DEFAULT NULL,
  `userId` bigint(20) DEFAULT NULL,
  `userName` varchar(75) DEFAULT NULL,
  `createDate` datetime DEFAULT NULL,
  `modifiedDate` datetime DEFAULT NULL,
  `name` varchar(75) DEFAULT NULL,
  `description` longtext,
  PRIMARY KEY (`fileEntryTypeId`),
  UNIQUE KEY `IX_E9B6A85B` (`groupId`,`name`),
  UNIQUE KEY `IX_1399D844` (`uuid_`,`groupId`),
  KEY `IX_4501FD9C` (`groupId`),
  KEY `IX_90724726` (`uuid_`)
) ENGINE=InnoDB DEFAULT CHARSET=latin1;

--
-- Dumping data for table `dlfileentrytype`
--

INSERT INTO `dlfileentrytype` VALUES ('4080af4e-a2ab-4c6e-b539-736dfb8ac3b7',0,0,0,0,'','2013-06-20 13:47:30','2013-06-20 13:47:30','Basic Document',''),('00e5981e-4f75-486f-898c-6031cbfb3b5b',125501,59503,10202,10205,'','2013-07-23 08:38:21','2013-07-23 08:38:21','Contract','Legal Contracts'),('7045ef33-61f6-4b25-a634-0c0869334bfc',125503,59503,10202,10205,'','2013-07-23 08:38:21','2013-07-23 08:38:21','Marketing Banner','Marketing Banner'),('88cd12bc-c336-4079-abc2-cea088ec221f',125505,59503,10202,10205,'','2013-07-23 08:38:21','2013-07-23 08:38:21','Online Training','Online Training'),('6404e713-0528-47d4-af09-89db74245738',125507,59503,10202,10205,'','2013-07-23 08:38:21','2013-07-23 08:38:21','Sales Presentation','Sales Presentation');

--
-- Table structure for table `dlfileentrytypes_ddmstructures`
--

CREATE TABLE `dlfileentrytypes_ddmstructures` (
  `fileEntryTypeId` bigint(20) NOT NULL,
  `structureId` bigint(20) NOT NULL,
  PRIMARY KEY (`fileEntryTypeId`,`structureId`),
  KEY `IX_8373EC7C` (`fileEntryTypeId`),
  KEY `IX_F147CF3F` (`structureId`)
) ENGINE=InnoDB DEFAULT CHARSET=latin1;

--
-- Dumping data for table `dlfileentrytypes_ddmstructures`
--

INSERT INTO `dlfileentrytypes_ddmstructures` VALUES (125501,125502),(125503,63021),(125503,125504),(125505,63020),(125505,125506),(125507,63022),(125507,125508);

--
-- Table structure for table `dlfileentrytypes_dlfolders`
--

CREATE TABLE `dlfileentrytypes_dlfolders` (
  `fileEntryTypeId` bigint(20) NOT NULL,
  `folderId` bigint(20) NOT NULL,
  PRIMARY KEY (`fileEntryTypeId`,`folderId`),
  KEY `IX_5BB6AD6C` (`fileEntryTypeId`),
  KEY `IX_6E00A2EC` (`folderId`)
) ENGINE=InnoDB DEFAULT CHARSET=latin1;

--
-- Dumping data for table `dlfileentrytypes_dlfolders`
--


--
-- Table structure for table `dlfilerank`
--

CREATE TABLE `dlfilerank` (
  `fileRankId` bigint(20) NOT NULL,
  `groupId` bigint(20) DEFAULT NULL,
  `companyId` bigint(20) DEFAULT NULL,
  `userId` bigint(20) DEFAULT NULL,
  `createDate` datetime DEFAULT NULL,
  `fileEntryId` bigint(20) DEFAULT NULL,
  PRIMARY KEY (`fileRankId`),
  UNIQUE KEY `IX_38F0315` (`companyId`,`userId`,`fileEntryId`),
  KEY `IX_BAFB116E` (`groupId`,`userId`),
  KEY `IX_EED06670` (`userId`),
  KEY `IX_A65A1F8B` (`fileEntryId`)
) ENGINE=InnoDB DEFAULT CHARSET=utf8;

--
-- Dumping data for table `dlfilerank`
--


--
-- Table structure for table `dlfileshortcut`
--

CREATE TABLE `dlfileshortcut` (
  `uuid_` varchar(75) DEFAULT NULL,
  `fileShortcutId` bigint(20) NOT NULL,
  `groupId` bigint(20) DEFAULT NULL,
  `companyId` bigint(20) DEFAULT NULL,
  `userId` bigint(20) DEFAULT NULL,
  `userName` varchar(75) DEFAULT NULL,
  `createDate` datetime DEFAULT NULL,
  `modifiedDate` datetime DEFAULT NULL,
  `folderId` bigint(20) DEFAULT NULL,
  `status` int(11) DEFAULT NULL,
  `statusByUserId` bigint(20) DEFAULT NULL,
  `statusByUserName` varchar(75) DEFAULT NULL,
  `statusDate` datetime DEFAULT NULL,
  `repositoryId` bigint(20) DEFAULT NULL,
  `toFileEntryId` bigint(20) DEFAULT NULL,
  PRIMARY KEY (`fileShortcutId`),
  UNIQUE KEY `IX_FDB4A946` (`uuid_`,`groupId`),
  KEY `IX_B0051937` (`groupId`,`folderId`),
  KEY `IX_ECCE311D` (`groupId`,`folderId`,`status`),
  KEY `IX_4831EBE4` (`uuid_`),
  KEY `IX_4B7247F6` (`toFileEntryId`)
) ENGINE=InnoDB DEFAULT CHARSET=utf8;

--
-- Dumping data for table `dlfileshortcut`
--


--
-- Table structure for table `dlfileversion`
--

CREATE TABLE `dlfileversion` (
  `fileVersionId` bigint(20) NOT NULL,
  `groupId` bigint(20) DEFAULT NULL,
  `companyId` bigint(20) DEFAULT NULL,
  `userId` bigint(20) DEFAULT NULL,
  `userName` varchar(75) DEFAULT NULL,
  `createDate` datetime DEFAULT NULL,
  `folderId` bigint(20) DEFAULT NULL,
  `description` longtext,
  `version` varchar(75) DEFAULT NULL,
  `size_` bigint(20) DEFAULT NULL,
  `status` int(11) DEFAULT NULL,
  `statusByUserId` bigint(20) DEFAULT NULL,
  `statusByUserName` varchar(75) DEFAULT NULL,
  `statusDate` datetime DEFAULT NULL,
  `extension` varchar(75) DEFAULT NULL,
  `title` varchar(255) DEFAULT NULL,
  `changeLog` longtext,
  `extraSettings` longtext,
  `modifiedDate` datetime DEFAULT NULL,
  `repositoryId` bigint(20) DEFAULT NULL,
  `fileEntryId` bigint(20) DEFAULT NULL,
  `mimeType` varchar(75) DEFAULT NULL,
  `fileEntryTypeId` bigint(20) DEFAULT NULL,
  `uuid_` varchar(75) DEFAULT NULL,
  PRIMARY KEY (`fileVersionId`),
  UNIQUE KEY `IX_E2815081` (`fileEntryId`,`version`),
  UNIQUE KEY `IX_C99B2650` (`uuid_`,`groupId`),
  KEY `IX_C68DC967` (`fileEntryId`),
  KEY `IX_D47BB14D` (`fileEntryId`,`status`),
  KEY `IX_DFD809D3` (`groupId`,`folderId`,`status`),
  KEY `IX_9BE769ED` (`groupId`,`folderId`,`title`,`version`),
  KEY `IX_4BFABB9A` (`uuid_`)
) ENGINE=InnoDB DEFAULT CHARSET=utf8;

--
-- Dumping data for table `dlfileversion`
--


--
-- Table structure for table `dlfolder`
--

CREATE TABLE `dlfolder` (
  `uuid_` varchar(75) DEFAULT NULL,
  `folderId` bigint(20) NOT NULL,
  `groupId` bigint(20) DEFAULT NULL,
  `companyId` bigint(20) DEFAULT NULL,
  `userId` bigint(20) DEFAULT NULL,
  `userName` varchar(75) DEFAULT NULL,
  `createDate` datetime DEFAULT NULL,
  `modifiedDate` datetime DEFAULT NULL,
  `parentFolderId` bigint(20) DEFAULT NULL,
  `name` varchar(100) DEFAULT NULL,
  `description` longtext,
  `lastPostDate` datetime DEFAULT NULL,
  `repositoryId` bigint(20) DEFAULT NULL,
  `mountPoint` tinyint(4) DEFAULT NULL,
  `defaultFileEntryTypeId` bigint(20) DEFAULT NULL,
  `overrideFileEntryTypes` tinyint(4) DEFAULT NULL,
  PRIMARY KEY (`folderId`),
  UNIQUE KEY `IX_902FD874` (`groupId`,`parentFolderId`,`name`),
  UNIQUE KEY `IX_3CC1DED2` (`uuid_`,`groupId`),
  KEY `IX_A74DB14C` (`companyId`),
  KEY `IX_F2EA1ACE` (`groupId`),
  KEY `IX_49C37475` (`groupId`,`parentFolderId`),
  KEY `IX_51556082` (`parentFolderId`,`name`),
  KEY `IX_CBC408D8` (`uuid_`),
  KEY `IX_2A048EA0` (`groupId`,`parentFolderId`,`mountPoint`),
  KEY `IX_EE29C715` (`repositoryId`)
) ENGINE=InnoDB DEFAULT CHARSET=utf8;

--
-- Dumping data for table `dlfolder`
--

INSERT INTO `dlfolder` VALUES ('ad5fbb1d-d293-4676-b69b-da64806acf90',84504,13402,10202,10205,'','2013-07-04 15:41:53','2013-07-04 15:41:53',0,'Atelier du groupe','Espace de groupe.',NULL,13402,0,0,0),('d9002d8b-8ee4-400b-9bec-18e875eb1311',84506,18211,10202,10205,'','2013-07-04 15:41:54','2013-07-04 15:41:54',0,'Atelier du groupe','Espace de groupe.','2013-11-19 10:46:23',18211,0,0,0),('06345485-00ae-4a59-bdea-3a36e5d7d703',84508,18406,10202,10205,'','2013-07-04 15:41:54','2013-07-04 15:41:54',0,'Atelier du groupe','Espace de groupe.','2013-11-19 10:45:52',18406,0,0,0),('ed0d3ecd-6a6b-4808-b8b2-68ae08e1892f',84510,18224,10202,10205,'','2013-07-04 15:41:54','2013-07-04 15:41:54',0,'Atelier du groupe','Espace de groupe.',NULL,18224,0,0,0),('00d34b73-ce97-4429-a232-970e691b230c',84512,18242,10202,10205,'','2013-07-04 15:41:55','2013-07-04 15:41:55',0,'Atelier du groupe','Espace de groupe.',NULL,18242,0,0,0),('9e36f0bb-d2dd-4b1a-b450-f4a79ffdde10',84514,13003,10202,10205,'','2013-07-04 15:41:55','2013-07-04 15:41:55',0,'Atelier du groupe','Espace de groupe.',NULL,13003,0,0,0),('c0ea306b-bdab-4182-8d60-ff6186095eee',84516,18269,10202,10205,'','2013-07-04 15:41:56','2013-07-04 15:41:56',0,'Atelier du groupe','Espace de groupe.',NULL,18269,0,0,0),('863ebd3c-9ca6-4dca-a4ef-2b5ad65da324',84518,18260,10202,10205,'','2013-07-04 15:41:56','2013-07-04 15:41:56',0,'Atelier du groupe','Espace de groupe.',NULL,18260,0,0,0),('f61c4b8f-d310-49e2-92f9-510ba32ec1b6',84520,18202,10202,10205,'','2013-07-04 15:41:56','2013-07-22 13:07:53',0,'Atelier du groupe','Espace de groupe.','2013-09-23 09:43:43',18202,0,0,0),('b6c1617a-ccc5-41f6-bc23-1da8166a8f54',177401,176508,10202,10205,'','2014-04-17 15:50:17','2014-04-17 15:50:17',0,'Atelier du groupe','Espace de groupe.',NULL,176508,0,0,0),('94c5583f-6b68-4e27-a8b3-36914bc99fad',311834,11107,10202,11105,'','2017-10-17 09:05:23','2017-10-17 09:05:23',0,'Mon cartable','Cartable personnel.','2017-11-02 13:44:08',11107,0,0,0),('49f80d6b-4b0a-4f7b-838a-579f48f68bef',312202,11107,10202,11105,'','2017-10-17 10:07:53','2017-10-17 10:07:53',0,'._CASIER_','Casier',NULL,11107,0,0,0),('70e85aa7-c631-4c06-8aae-fd751c566563',313251,11107,10202,11105,'','2017-11-02 14:35:44','2017-11-02 14:35:44',0,'._TEMPORARY_IMG_','Fichier provenant du disk','2017-11-02 14:38:06',11107,0,0,0),('5128d7c5-85a0-44ef-a04b-5ada3d528b9a',313309,18202,10202,11105,'','2017-11-02 14:38:42','2017-11-02 14:38:42',0,'._ACTUALITES_IMG_','Dossier pour les images des actualites.','2017-11-02 14:38:42',18202,0,0,0),('8c36b79d-ac09-4a68-84eb-ddae53fdfb32',313663,18233,10202,11105,'','2017-11-15 15:45:49','2017-11-15 15:45:49',0,'Atelier du groupe','Espace de groupe.',NULL,18233,0,0,0);

--
-- Table structure for table `dlsync`
--

CREATE TABLE `dlsync` (
  `syncId` bigint(20) NOT NULL,
  `companyId` bigint(20) DEFAULT NULL,
  `createDate` datetime DEFAULT NULL,
  `modifiedDate` datetime DEFAULT NULL,
  `fileId` bigint(20) DEFAULT NULL,
  `fileUuid` varchar(75) DEFAULT NULL,
  `repositoryId` bigint(20) DEFAULT NULL,
  `parentFolderId` bigint(20) DEFAULT NULL,
  `name` varchar(255) DEFAULT NULL,
  `event` varchar(75) DEFAULT NULL,
  `type_` varchar(75) DEFAULT NULL,
  `version` varchar(75) DEFAULT NULL,
  `description` longtext,
  PRIMARY KEY (`syncId`),
  UNIQUE KEY `IX_F9821AB4` (`fileId`),
  KEY `IX_B53EC783` (`companyId`,`modifiedDate`,`repositoryId`)
) ENGINE=InnoDB DEFAULT CHARSET=latin1;

--
-- Dumping data for table `dlsync`
--

INSERT INTO `dlsync` VALUES (313664,10202,'2017-11-15 15:45:50','2017-11-15 15:45:50',313663,'8c36b79d-ac09-4a68-84eb-ddae53fdfb32',18233,0,'Atelier du groupe','add','folder','-1','Espace de groupe.');

--
-- Table structure for table `dropboxentry`
--

CREATE TABLE `dropboxentry` (
  `fileEntryId` bigint(20) NOT NULL,
  `opened` tinyint(4) DEFAULT NULL,
  `message` varchar(75) DEFAULT NULL,
  `senderId` bigint(20) DEFAULT NULL,
  `receiverId` bigint(20) DEFAULT NULL,
  PRIMARY KEY (`fileEntryId`),
  KEY `IX_7FAFC93A` (`receiverId`)
) ENGINE=InnoDB DEFAULT CHARSET=utf8;

--
-- Dumping data for table `dropboxentry`
--


--
-- Table structure for table `emailaddress`
--

CREATE TABLE `emailaddress` (
  `emailAddressId` bigint(20) NOT NULL,
  `companyId` bigint(20) DEFAULT NULL,
  `userId` bigint(20) DEFAULT NULL,
  `userName` varchar(75) DEFAULT NULL,
  `createDate` datetime DEFAULT NULL,
  `modifiedDate` datetime DEFAULT NULL,
  `classNameId` bigint(20) DEFAULT NULL,
  `classPK` bigint(20) DEFAULT NULL,
  `address` varchar(75) DEFAULT NULL,
  `typeId` int(11) DEFAULT NULL,
  `primary_` tinyint(4) DEFAULT NULL,
  PRIMARY KEY (`emailAddressId`),
  KEY `IX_1BB072CA` (`companyId`),
  KEY `IX_49D2DEC4` (`companyId`,`classNameId`),
  KEY `IX_551A519F` (`companyId`,`classNameId`,`classPK`),
  KEY `IX_2A2CB130` (`companyId`,`classNameId`,`classPK`,`primary_`),
  KEY `IX_7B43CD8` (`userId`)
) ENGINE=InnoDB DEFAULT CHARSET=utf8;

--
-- Dumping data for table `emailaddress`
--


--
-- Table structure for table `enseignement`
--

CREATE TABLE `enseignement` (
  `enseignementId` bigint(20) NOT NULL,
  `labelLdap` varchar(75) DEFAULT NULL,
  `i18nKey` varchar(75) DEFAULT NULL,
  PRIMARY KEY (`enseignementId`),
  KEY `IX_EBE45531` (`enseignementId`),
  KEY `IX_15D8A47D` (`i18nKey`),
  KEY `IX_E0FB38D7` (`labelLdap`)
) ENGINE=InnoDB DEFAULT CHARSET=utf8;

--
-- Dumping data for table `enseignement`
--


--
-- Table structure for table `enseignement_user`
--

CREATE TABLE `enseignement_user` (
  `enseignementId` bigint(20) NOT NULL,
  `userId` bigint(20) NOT NULL,
  PRIMARY KEY (`enseignementId`,`userId`),
  KEY `IX_89072F1F` (`enseignementId`),
  KEY `IX_DC46507C` (`userId`)
) ENGINE=InnoDB DEFAULT CHARSET=utf8;

--
-- Dumping data for table `enseignement_user`
--


--
-- Table structure for table `exemple_exemple`
--

CREATE TABLE `exemple_exemple` (
  `exempleId` bigint(20) NOT NULL,
  `name` varchar(75) DEFAULT NULL,
  PRIMARY KEY (`exempleId`)
) ENGINE=InnoDB DEFAULT CHARSET=latin1;

--
-- Dumping data for table `exemple_exemple`
--


--
-- Table structure for table `expandocolumn`
--

CREATE TABLE `expandocolumn` (
  `columnId` bigint(20) NOT NULL,
  `companyId` bigint(20) DEFAULT NULL,
  `tableId` bigint(20) DEFAULT NULL,
  `name` varchar(75) DEFAULT NULL,
  `type_` int(11) DEFAULT NULL,
  `defaultData` longtext,
  `typeSettings` longtext,
  PRIMARY KEY (`columnId`),
  UNIQUE KEY `IX_FEFC8DA7` (`tableId`,`name`),
  KEY `IX_A8C0CBE8` (`tableId`)
) ENGINE=InnoDB DEFAULT CHARSET=utf8;

--
-- Dumping data for table `expandocolumn`
--

INSERT INTO `expandocolumn` VALUES (63025,10202,63024,'client-id',15,'',''),(168532,10202,168531,'manualCheckInRequired',1,'','hidden=true\n'),(168616,10202,168615,'socialOfficeEnabled',1,'',''),(168618,10202,168617,'layoutSetPrototypeKey',15,'','');

--
-- Table structure for table `expandorow`
--

CREATE TABLE `expandorow` (
  `rowId_` bigint(20) NOT NULL,
  `companyId` bigint(20) DEFAULT NULL,
  `tableId` bigint(20) DEFAULT NULL,
  `classPK` bigint(20) DEFAULT NULL,
  PRIMARY KEY (`rowId_`),
  UNIQUE KEY `IX_81EFBFF5` (`tableId`,`classPK`),
  KEY `IX_D3F5D7AE` (`tableId`)
) ENGINE=InnoDB DEFAULT CHARSET=utf8;

--
-- Dumping data for table `expandorow`
--

INSERT INTO `expandorow` VALUES (168628,10202,168617,168619),(168691,10202,168617,168682),(168739,10202,168617,168730),(168764,10202,168615,11107),(169232,10202,168615,18451),(169234,10202,168615,18444),(169236,10202,168615,18432),(169238,10202,168615,18438),(169240,10202,168615,18426),(169242,10202,168615,18512),(169244,10202,168615,35428),(169246,10202,168615,86806),(169248,10202,168615,143521),(169250,10202,168615,143904),(169252,10202,168615,144504),(169254,10202,168615,144804),(169256,10202,168615,145306),(169258,10202,168615,159306),(169260,10202,168615,166007),(169262,10202,168615,165746),(169264,10202,168615,30161),(169266,10202,168615,30167),(169268,10202,168615,30173),(169270,10202,168615,30179),(169272,10202,168615,30185),(169274,10202,168615,30191),(169276,10202,168615,30197),(169278,10202,168615,30203),(169280,10202,168615,30209),(169282,10202,168615,30215),(169284,10202,168615,30221),(169286,10202,168615,30227),(169288,10202,168615,30233),(169290,10202,168615,30239),(169292,10202,168615,30245),(169294,10202,168615,30251),(169296,10202,168615,30257),(169298,10202,168615,30263),(169300,10202,168615,30269),(169302,10202,168615,30275),(169304,10202,168615,30281),(169306,10202,168615,30287),(169308,10202,168615,30293),(169310,10202,168615,30299),(169312,10202,168615,30305),(169314,10202,168615,29630),(169316,10202,168615,29636),(169318,10202,168615,29642),(169320,10202,168615,29648),(169322,10202,168615,29654),(169324,10202,168615,29660),(169326,10202,168615,29666),(169328,10202,168615,29672),(169330,10202,168615,29678),(169332,10202,168615,29684),(169334,10202,168615,29690),(169336,10202,168615,29696),(169338,10202,168615,29702),(169340,10202,168615,29708),(169342,10202,168615,29714),(169344,10202,168615,29720),(169346,10202,168615,29726),(169348,10202,168615,29732),(169350,10202,168615,29738),(169352,10202,168615,29744),(169354,10202,168615,29750),(169356,10202,168615,29756),(169358,10202,168615,29762),(169360,10202,168615,29768),(169362,10202,168615,29774),(169364,10202,168615,162659),(169366,10202,168615,29984),(169368,10202,168615,29990),(169370,10202,168615,29996),(169372,10202,168615,30002),(169374,10202,168615,30008),(169376,10202,168615,30014),(169378,10202,168615,30020),(169380,10202,168615,30026),(169382,10202,168615,30032),(169384,10202,168615,30038),(169386,10202,168615,30044),(169388,10202,168615,30050),(169390,10202,168615,30056),(169392,10202,168615,30062),(169394,10202,168615,30068),(169396,10202,168615,30074),(169398,10202,168615,30080),(169400,10202,168615,30086),(169402,10202,168615,30092),(169404,10202,168615,30098),(169406,10202,168615,30104),(169408,10202,168615,30110),(169410,10202,168615,30116),(169412,10202,168615,30122),(169414,10202,168615,30128),(169416,10202,168615,29807),(169418,10202,168615,29813),(169420,10202,168615,29819),(169422,10202,168615,29825),(169424,10202,168615,29831),(169426,10202,168615,29837),(169428,10202,168615,29843),(169430,10202,168615,29849),(169432,10202,168615,29855),(169434,10202,168615,29861),(169436,10202,168615,29867),(169438,10202,168615,29873),(169440,10202,168615,29879),(169442,10202,168615,29885),(169444,10202,168615,29891),(169446,10202,168615,29897),(169448,10202,168615,29903),(169450,10202,168615,29909),(169452,10202,168615,29915),(169454,10202,168615,29921),(169456,10202,168615,29927),(169458,10202,168615,29933),(169460,10202,168615,29939),(169462,10202,168615,29945),(169464,10202,168615,29951),(171523,10202,168615,106803),(175520,10202,168615,175510),(176512,10202,168615,176508),(268706,10202,168615,268702),(269513,10202,168615,269509),(269522,10202,168615,269504),(310702,10202,168615,18202);

--
-- Table structure for table `expandotable`
--

CREATE TABLE `expandotable` (
  `tableId` bigint(20) NOT NULL,
  `companyId` bigint(20) DEFAULT NULL,
  `classNameId` bigint(20) DEFAULT NULL,
  `name` varchar(75) DEFAULT NULL,
  PRIMARY KEY (`tableId`),
  UNIQUE KEY `IX_37562284` (`companyId`,`classNameId`,`name`),
  KEY `IX_B5AE8A85` (`companyId`,`classNameId`)
) ENGINE=InnoDB DEFAULT CHARSET=utf8;

--
-- Dumping data for table `expandotable`
--

INSERT INTO `expandotable` VALUES (62235,0,10043,'MP'),(168615,10202,10014,'CUSTOM_FIELDS'),(112019,10202,10016,'CUSTOM_FIELDS'),(63024,10202,10043,'MP'),(168531,10202,10059,'CUSTOM_FIELDS'),(168617,10202,59482,'CUSTOM_FIELDS');

--
-- Table structure for table `expandovalue`
--

CREATE TABLE `expandovalue` (
  `valueId` bigint(20) NOT NULL,
  `companyId` bigint(20) DEFAULT NULL,
  `tableId` bigint(20) DEFAULT NULL,
  `columnId` bigint(20) DEFAULT NULL,
  `rowId_` bigint(20) DEFAULT NULL,
  `classNameId` bigint(20) DEFAULT NULL,
  `classPK` bigint(20) DEFAULT NULL,
  `data_` longtext,
  PRIMARY KEY (`valueId`),
  UNIQUE KEY `IX_9DDD21E5` (`columnId`,`rowId_`),
  UNIQUE KEY `IX_D27B03E7` (`tableId`,`columnId`,`classPK`),
  KEY `IX_B29FEF17` (`classNameId`,`classPK`),
  KEY `IX_F7DD0987` (`columnId`),
  KEY `IX_9112A7A0` (`rowId_`),
  KEY `IX_F0566A77` (`tableId`),
  KEY `IX_1BD3F4C` (`tableId`,`classPK`),
  KEY `IX_CA9AFB7C` (`tableId`,`columnId`),
  KEY `IX_B71E92D5` (`tableId`,`rowId_`)
) ENGINE=InnoDB DEFAULT CHARSET=utf8;

--
-- Dumping data for table `expandovalue`
--

INSERT INTO `expandovalue` VALUES (168629,10202,168617,168618,168628,59482,168619,'layoutSetPrototypeKey_Site'),(168692,10202,168617,168618,168691,59482,168682,'layoutSetPrototypeKey_UserPrivate'),(168740,10202,168617,168618,168739,59482,168730,'layoutSetPrototypeKey_UserPublic'),(168765,10202,168615,168616,168764,10014,11107,'true'),(169233,10202,168615,168616,169232,10014,18451,'false'),(169235,10202,168615,168616,169234,10014,18444,'false'),(169237,10202,168615,168616,169236,10014,18432,'false'),(169239,10202,168615,168616,169238,10014,18438,'false'),(169241,10202,168615,168616,169240,10014,18426,'false'),(169243,10202,168615,168616,169242,10014,18512,'false'),(169245,10202,168615,168616,169244,10014,35428,'false'),(169247,10202,168615,168616,169246,10014,86806,'false'),(169249,10202,168615,168616,169248,10014,143521,'false'),(169251,10202,168615,168616,169250,10014,143904,'false'),(169253,10202,168615,168616,169252,10014,144504,'false'),(169255,10202,168615,168616,169254,10014,144804,'false'),(169257,10202,168615,168616,169256,10014,145306,'false'),(169259,10202,168615,168616,169258,10014,159306,'false'),(169261,10202,168615,168616,169260,10014,166007,'false'),(169263,10202,168615,168616,169262,10014,165746,'false'),(169265,10202,168615,168616,169264,10014,30161,'false'),(169267,10202,168615,168616,169266,10014,30167,'false'),(169269,10202,168615,168616,169268,10014,30173,'false'),(169271,10202,168615,168616,169270,10014,30179,'false'),(169273,10202,168615,168616,169272,10014,30185,'false'),(169275,10202,168615,168616,169274,10014,30191,'false'),(169277,10202,168615,168616,169276,10014,30197,'false'),(169279,10202,168615,168616,169278,10014,30203,'false'),(169281,10202,168615,168616,169280,10014,30209,'false'),(169283,10202,168615,168616,169282,10014,30215,'false'),(169285,10202,168615,168616,169284,10014,30221,'false'),(169287,10202,168615,168616,169286,10014,30227,'false'),(169289,10202,168615,168616,169288,10014,30233,'false'),(169291,10202,168615,168616,169290,10014,30239,'false'),(169293,10202,168615,168616,169292,10014,30245,'false'),(169295,10202,168615,168616,169294,10014,30251,'false'),(169297,10202,168615,168616,169296,10014,30257,'false'),(169299,10202,168615,168616,169298,10014,30263,'false'),(169301,10202,168615,168616,169300,10014,30269,'false'),(169303,10202,168615,168616,169302,10014,30275,'false'),(169305,10202,168615,168616,169304,10014,30281,'false'),(169307,10202,168615,168616,169306,10014,30287,'false'),(169309,10202,168615,168616,169308,10014,30293,'false'),(169311,10202,168615,168616,169310,10014,30299,'false'),(169313,10202,168615,168616,169312,10014,30305,'false'),(169315,10202,168615,168616,169314,10014,29630,'false'),(169317,10202,168615,168616,169316,10014,29636,'false'),(169319,10202,168615,168616,169318,10014,29642,'false'),(169321,10202,168615,168616,169320,10014,29648,'false'),(169323,10202,168615,168616,169322,10014,29654,'false'),(169325,10202,168615,168616,169324,10014,29660,'false'),(169327,10202,168615,168616,169326,10014,29666,'false'),(169329,10202,168615,168616,169328,10014,29672,'false'),(169331,10202,168615,168616,169330,10014,29678,'false'),(169333,10202,168615,168616,169332,10014,29684,'false'),(169335,10202,168615,168616,169334,10014,29690,'false'),(169337,10202,168615,168616,169336,10014,29696,'false'),(169339,10202,168615,168616,169338,10014,29702,'false'),(169341,10202,168615,168616,169340,10014,29708,'false'),(169343,10202,168615,168616,169342,10014,29714,'false'),(169345,10202,168615,168616,169344,10014,29720,'false'),(169347,10202,168615,168616,169346,10014,29726,'false'),(169349,10202,168615,168616,169348,10014,29732,'false'),(169351,10202,168615,168616,169350,10014,29738,'false'),(169353,10202,168615,168616,169352,10014,29744,'false'),(169355,10202,168615,168616,169354,10014,29750,'false'),(169357,10202,168615,168616,169356,10014,29756,'false'),(169359,10202,168615,168616,169358,10014,29762,'false'),(169361,10202,168615,168616,169360,10014,29768,'false'),(169363,10202,168615,168616,169362,10014,29774,'false'),(169365,10202,168615,168616,169364,10014,162659,'false'),(169367,10202,168615,168616,169366,10014,29984,'false'),(169369,10202,168615,168616,169368,10014,29990,'false'),(169371,10202,168615,168616,169370,10014,29996,'false'),(169373,10202,168615,168616,169372,10014,30002,'false'),(169375,10202,168615,168616,169374,10014,30008,'false'),(169377,10202,168615,168616,169376,10014,30014,'false'),(169379,10202,168615,168616,169378,10014,30020,'false'),(169381,10202,168615,168616,169380,10014,30026,'false'),(169383,10202,168615,168616,169382,10014,30032,'false'),(169385,10202,168615,168616,169384,10014,30038,'false'),(169387,10202,168615,168616,169386,10014,30044,'false'),(169389,10202,168615,168616,169388,10014,30050,'false'),(169391,10202,168615,168616,169390,10014,30056,'false'),(169393,10202,168615,168616,169392,10014,30062,'false'),(169395,10202,168615,168616,169394,10014,30068,'false'),(169397,10202,168615,168616,169396,10014,30074,'false'),(169399,10202,168615,168616,169398,10014,30080,'false'),(169401,10202,168615,168616,169400,10014,30086,'false'),(169403,10202,168615,168616,169402,10014,30092,'false'),(169405,10202,168615,168616,169404,10014,30098,'false'),(169407,10202,168615,168616,169406,10014,30104,'false'),(169409,10202,168615,168616,169408,10014,30110,'false'),(169411,10202,168615,168616,169410,10014,30116,'false'),(169413,10202,168615,168616,169412,10014,30122,'false'),(169415,10202,168615,168616,169414,10014,30128,'false'),(169417,10202,168615,168616,169416,10014,29807,'false'),(169419,10202,168615,168616,169418,10014,29813,'false'),(169421,10202,168615,168616,169420,10014,29819,'false'),(169423,10202,168615,168616,169422,10014,29825,'false'),(169425,10202,168615,168616,169424,10014,29831,'false'),(169427,10202,168615,168616,169426,10014,29837,'false'),(169429,10202,168615,168616,169428,10014,29843,'false'),(169431,10202,168615,168616,169430,10014,29849,'false'),(169433,10202,168615,168616,169432,10014,29855,'false'),(169435,10202,168615,168616,169434,10014,29861,'false'),(169437,10202,168615,168616,169436,10014,29867,'false'),(169439,10202,168615,168616,169438,10014,29873,'false'),(169441,10202,168615,168616,169440,10014,29879,'false'),(169443,10202,168615,168616,169442,10014,29885,'false'),(169445,10202,168615,168616,169444,10014,29891,'false'),(169447,10202,168615,168616,169446,10014,29897,'false'),(169449,10202,168615,168616,169448,10014,29903,'false'),(169451,10202,168615,168616,169450,10014,29909,'false'),(169453,10202,168615,168616,169452,10014,29915,'false'),(169455,10202,168615,168616,169454,10014,29921,'false'),(169457,10202,168615,168616,169456,10014,29927,'false'),(169459,10202,168615,168616,169458,10014,29933,'false'),(169461,10202,168615,168616,169460,10014,29939,'false'),(169463,10202,168615,168616,169462,10014,29945,'false'),(169465,10202,168615,168616,169464,10014,29951,'false'),(171524,10202,168615,168616,171523,10014,106803,'false'),(175521,10202,168615,168616,175520,10014,175510,'false'),(176513,10202,168615,168616,176512,10014,176508,'false'),(268707,10202,168615,168616,268706,10014,268702,'false'),(269514,10202,168615,168616,269513,10014,269509,'false'),(269523,10202,168615,168616,269522,10014,269504,'false'),(310703,10202,168615,168616,310702,10014,18202,'false');

--
-- Table structure for table `ficheproperties`
--

CREATE TABLE `ficheproperties` (
  `ficheId` int(11) NOT NULL,
  `propertyId` int(11) NOT NULL,
  PRIMARY KEY (`ficheId`,`propertyId`),
  KEY `IX_7A0F8B32` (`ficheId`),
  KEY `IX_8E030CFA` (`propertyId`)
) ENGINE=InnoDB DEFAULT CHARSET=utf8;

--
-- Dumping data for table `ficheproperties`
--


--
-- Table structure for table `gestionmenus_entitymenu`
--

CREATE TABLE `gestionmenus_entitymenu` (
  `entityId` bigint(20) NOT NULL,
  `etabId` bigint(20) DEFAULT NULL,
  `entityName` varchar(75) DEFAULT NULL,
  `appRoleId` bigint(20) DEFAULT NULL,
  `nodePath` varchar(75) DEFAULT NULL,
  `isLeaf` tinyint(4) DEFAULT NULL,
  `orderEntity` int(11) DEFAULT NULL,
  `styleEntity` longtext,
  `imageId` bigint(20) DEFAULT NULL,
  `category` varchar(250) DEFAULT NULL,
  `orderEntityFullScreen` int(11) DEFAULT NULL,
  `defaultIconClass` varchar(75) DEFAULT NULL,
  PRIMARY KEY (`entityId`),
  KEY `IX_B0969CE6` (`appRoleId`),
  KEY `IX_6A3C3D7B` (`etabId`),
  KEY `IX_87F3702D` (`etabId`,`category`),
  KEY `IX_7CC27A36` (`etabId`,`nodePath`),
  KEY `IX_613C568A` (`imageId`)
) ENGINE=InnoDB DEFAULT CHARSET=latin1;

--
-- Dumping data for table `gestionmenus_entitymenu`
--

INSERT INTO `gestionmenus_entitymenu` VALUES (312801,18210,'Groupes',11227,'91586869',1,1,'',0,'',0,'icon-users'),(312802,18210,'Actualites',11231,'91586873',1,0,'',0,'',0,'icon-actualites'),(312803,18210,'Agenda',19574,'91586869',1,2,'',0,'',0,'icon-calendar'),(312804,18210,'Amis',11235,'91586873',1,7,'',0,'',0,'icon-amis'),(312805,18210,'Annuaire',11239,'91586873',1,4,'',0,'',0,'icon-annuaire'),(312806,18210,'Application manager',11243,'91586903',1,10,'',0,'',0,'icon-laptop'),(312807,18210,'Blog',118003,'91586873',1,6,'',0,'',0,'icon-quote-left'),(312808,18210,'Cantine clg',26447,'91586903',1,6,'',0,'',0,'icon-spoon'),(312809,18210,'Cantine dpt',26451,'91586903',1,7,'',0,'',0,'icon-spoon'),(312810,18210,'Carnet d\'adresses',11251,'91586873',1,3,'',0,'',0,'icon-book'),(312811,18210,'Espace de travail',11255,'91586869',1,0,'',0,'',0,'icon-desktop'),(312812,18210,'Casier',11259,'91586873',1,2,'',0,'',0,'icon-casier'),(312813,18210,'Cas manager',36760,'91586903',1,8,'',0,'',0,'icon-asterisk'),(312814,18210,'Chat',11263,'91586873',1,9,'',0,'',0,'icon-asterisk'),(312816,18210,'Tableau de bord',311503,'menu',1,1,'',0,'',0,'icon-dashboard'),(312818,18210,'Gestion du menu',11279,'91586903',1,9,'',0,'',0,'icon-bars'),(312819,18210,'Utilisateurs',11283,'91586903',1,3,'',0,'',0,'icon-users'),(312825,18210,'Site internet',45916,'91586903',1,5,'',0,'',0,'icon-globe'),(312827,18210,'Forums',11295,'91586873',1,5,'',0,'',0,'icon-discussion'),(312828,18210,'Messagerie',11299,'91586873',1,1,'',0,'',0,'icon-letter'),(312829,18210,'Recherche avancée',11303,'menu',1,0,'',0,'',0,'icon-search'),(312830,18210,'Nero',311378,'menu',1,10,'',0,'',0,'icon-asterisk'),(312831,18210,'Statistiques',142501,'91586903',1,11,'',0,'',0,'icon-asterisk'),(312835,18210,'Visio',11323,'91586873',1,8,'',0,'',0,'icon-phone'),(312836,18210,'Wiki',152501,'91586873',1,10,'',0,'',0,'icon-asterisk'),(313213,18210,'Droits de communication',313091,'91586903',1,2,'',0,'',0,'icon-comments'),(313800,18210,'Applications',313701,'91586903',1,0,'',0,'',0,'icon-cogs'),(313801,18210,'Vie scolaire',313705,'91586903',1,1,'',0,'',0,'icon-bar-chart'),(314856,18210,'Arena',314126,'91586864',1,1,'',0,'',0,'icon-edit'),(314857,18210,'Cahier de texte',314141,'91586864',1,0,'',0,'',0,'icon-edit'),(314858,18210,'CNS',313971,'91586885',1,3,'',0,'',0,'icon-leanpub'),(314859,18210,'Edumedia',313999,'91586885',1,2,'',0,'',0,'icon-leanpub'),(314860,18210,'E-sidoc',313985,'91586885',1,1,'',0,'',0,'icon-leanpub'),(314861,18210,'Folios',314014,'91586885',1,5,'',0,'',0,'icon-leanpub'),(314862,18210,'Gépi',314164,'91586885',1,6,'',0,'',0,'icon-graduation-cap'),(314863,18210,'Cahier de texte',314155,'91586903',1,4,'',0,'',0,'icon-asterisk'),(314864,18210,'GRR',314112,'91586885',1,0,'',0,'',0,'icon-cog'),(314865,18210,'KNE',314644,'91586885',1,7,'',0,'',0,'icon-asterisk'),(314866,18210,'lesiteTV',314028,'91586885',1,4,'',0,'',0,'icon-leanpub'),(314867,18210,'Moodle',314042,'91586885',1,8,'',0,'',0,'icon-leanpub'),(314868,18210,'Paraschool',314056,'91586885',1,9,'',0,'',0,'icon-leanpub'),(314869,18210,'Pearltrees',314648,'91586885',1,10,'',0,'',0,'icon-asterisk'),(314870,18210,'Pronote',314190,'91586862',1,0,'',0,'',0,'icon-edit'),(314871,18210,'Sacoche',314178,'91586885',1,11,'',0,'',0,'icon-suitcase'),(314872,18210,'Notes et absences',314201,'91586864',1,2,'',0,'',0,'icon-edit'),(314873,18210,'TeacherEDU',314070,'91586885',1,12,'',0,'',0,'icon-leanpub'),(314874,18210,'Téléservices',314210,'91586864',1,3,'',0,'',0,'icon-asterisk'),(314875,18210,'Universalis',314084,'91586885',1,13,'',0,'',0,'icon-leanpub'),(314876,18210,'Universalis junior',314098,'91586885',1,14,'',0,'',0,'icon-leanpub'),(91586862,18210,'Pronote',0,'menu',0,2,'',0,'',0,''),(91586864,18210,'Vie scolaire',0,'menu',0,3,'',0,'',0,''),(91586869,18210,'Organisation',0,'menu',0,4,'',0,'',0,''),(91586873,18210,'Communication',0,'menu',0,5,'',0,'',0,''),(91586885,18210,'Ressources',0,'menu',0,6,'',0,'',0,''),(91586903,18210,'Administration',0,'menu',0,7,'',0,'',0,'');

--
-- Table structure for table `gestionmenus_internationalmenu`
--

CREATE TABLE `gestionmenus_internationalmenu` (
  `iternationalMenuId` bigint(20) NOT NULL,
  `entityMenuId` bigint(20) DEFAULT NULL,
  `locale` varchar(75) DEFAULT NULL,
  `menuName` varchar(75) DEFAULT NULL,
  PRIMARY KEY (`iternationalMenuId`),
  KEY `IX_39FCB0D0` (`entityMenuId`),
  KEY `IX_ACD7641E` (`entityMenuId`,`locale`)
) ENGINE=InnoDB DEFAULT CHARSET=latin1;

--
-- Dumping data for table `gestionmenus_internationalmenu`
--


--
-- Table structure for table `gestionmenus_linketab`
--

CREATE TABLE `gestionmenus_linketab` (
  `linkEtabId` bigint(20) NOT NULL,
  `etabId` bigint(20) DEFAULT NULL,
  `name` varchar(75) DEFAULT NULL,
  `url` varchar(255) DEFAULT NULL,
  `style` varchar(200) DEFAULT NULL,
  `orders` int(11) DEFAULT NULL,
  PRIMARY KEY (`linkEtabId`),
  KEY `IX_966BC4C3` (`etabId`)
) ENGINE=InnoDB DEFAULT CHARSET=latin1;

--
-- Dumping data for table `gestionmenus_linketab`
--

INSERT INTO `gestionmenus_linketab` VALUES (108744,18210,'Google','http://www.google.fr','font-size: 11px;color: #91a5be;margin-left:10px;',1);

--
-- Table structure for table `gestionmenus_menuiconmapping`
--

CREATE TABLE `gestionmenus_menuiconmapping` (
  `appRoleId` bigint(20) NOT NULL,
  `defaultIconClass` varchar(75) DEFAULT NULL,
  PRIMARY KEY (`appRoleId`),
  KEY `IX_50AD513A` (`appRoleId`)
) ENGINE=InnoDB DEFAULT CHARSET=latin1;

--
-- Dumping data for table `gestionmenus_menuiconmapping`
--

INSERT INTO `gestionmenus_menuiconmapping` VALUES (11227,'icon-users'),(11231,'icon-actualites'),(11235,'icon-amis'),(11239,'icon-annuaire'),(11243,'icon-laptop'),(11251,'icon-book'),(11255,'icon-desktop'),(11259,'icon-casier'),(11263,'icon-asterisk'),(11267,'icon-asterisk'),(11271,'icon-cogs'),(11279,'icon-bars'),(11283,'icon-users'),(11287,'icon-asterisk'),(11291,'icon-asterisk'),(11295,'icon-discussion'),(11299,'icon-letter'),(11303,'icon-search'),(11311,'icon-asterisk'),(11315,'icon-asterisk'),(11323,'icon-phone'),(19574,'icon-calendar'),(26447,'icon-asterisk'),(26451,'icon-asterisk'),(36760,'icon-asterisk'),(45916,'icon-globe'),(111405,'icon-asterisk'),(118003,'icon-quote-left'),(142501,'icon-asterisk'),(152501,'icon-asterisk'),(157700,'icon-asterisk'),(311378,'icon-asterisk'),(311503,'icon-dashboard'),(313091,'icon-asterisk'),(313701,'icon-cogs'),(313705,'icon-bar-chart'),(313971,'icon-leanpub'),(313985,'icon-leanpub'),(313999,'icon-leanpub'),(314014,'icon-leanpub'),(314028,'icon-leanpub'),(314042,'icon-leanpub'),(314056,'icon-leanpub'),(314070,'icon-leanpub'),(314084,'icon-leanpub'),(314098,'icon-leanpub'),(314112,'icon-cog'),(314126,'icon-edit'),(314141,'icon-edit'),(314155,'icon-asterisk'),(314164,'icon-graduation-cap'),(314178,'icon-suitcase'),(314190,'icon-edit'),(314201,'icon-edit'),(314210,'icon-asterisk'),(314644,'icon-asterisk'),(314648,'icon-asterisk');

--
-- Table structure for table `gestionmenus_pronotelink`
--

CREATE TABLE `gestionmenus_pronotelink` (
  `pronoteLinkId` bigint(20) NOT NULL,
  `userId` bigint(20) DEFAULT NULL,
  `name` varchar(75) DEFAULT NULL,
  `page` varchar(250) DEFAULT NULL,
  PRIMARY KEY (`pronoteLinkId`),
  KEY `IX_2D0B6AA5` (`userId`)
) ENGINE=InnoDB DEFAULT CHARSET=latin1;

--
-- Dumping data for table `gestionmenus_pronotelink`
--


--
-- Table structure for table `gestionserviceurl_serviceurl`
--

CREATE TABLE `gestionserviceurl_serviceurl` (
  `serviceURLId` bigint(20) NOT NULL,
  `etabId` bigint(20) DEFAULT NULL,
  `serviceURL` varchar(250) DEFAULT NULL,
  `serviceType` varchar(75) DEFAULT NULL,
  PRIMARY KEY (`serviceURLId`)
) ENGINE=InnoDB DEFAULT CHARSET=latin1;

--
-- Dumping data for table `gestionserviceurl_serviceurl`
--


--
-- Table structure for table `gestionviescolaire_absence`
--

CREATE TABLE `gestionviescolaire_absence` (
  `absenceId` bigint(20) NOT NULL,
  `etabId` bigint(20) DEFAULT NULL,
  `startDate` datetime DEFAULT NULL,
  `endDate` datetime DEFAULT NULL,
  `teacherId` bigint(20) DEFAULT NULL,
  `groupId` bigint(20) DEFAULT NULL,
  `subClassId` bigint(20) DEFAULT NULL,
  `cause` varchar(250) DEFAULT NULL,
  PRIMARY KEY (`absenceId`),
  KEY `IX_46790E94` (`etabId`),
  KEY `IX_3000971C` (`startDate`,`endDate`,`groupId`),
  KEY `IX_465E6055` (`startDate`,`endDate`,`subClassId`),
  KEY `IX_79F0A6FF` (`startDate`,`endDate`,`teacherId`),
  KEY `IX_40241158` (`teacherId`)
) ENGINE=InnoDB DEFAULT CHARSET=latin1;

--
-- Dumping data for table `gestionviescolaire_absence`
--


--
-- Table structure for table `gestionviescolaire_absencesblogentrymapping`
--

CREATE TABLE `gestionviescolaire_absencesblogentrymapping` (
  `absencesBlogEntryMappingId` bigint(20) NOT NULL,
  `absenceId` bigint(20) DEFAULT NULL,
  `blogEntryInfosId` bigint(20) DEFAULT NULL,
  PRIMARY KEY (`absencesBlogEntryMappingId`),
  KEY `IX_38F29F00` (`absenceId`),
  KEY `IX_A182964C` (`blogEntryInfosId`)
) ENGINE=InnoDB DEFAULT CHARSET=latin1;

--
-- Dumping data for table `gestionviescolaire_absencesblogentrymapping`
--


--
-- Table structure for table `gestionviescolaire_edtsynchroinstance`
--

CREATE TABLE `gestionviescolaire_edtsynchroinstance` (
  `synchroInstanceId` bigint(20) NOT NULL,
  `etabId` bigint(20) DEFAULT NULL,
  `version` bigint(20) DEFAULT NULL,
  `uploadDate` datetime DEFAULT NULL,
  `synchroStartDate` datetime DEFAULT NULL,
  `synchroEndDate` datetime DEFAULT NULL,
  `content` varchar(75) DEFAULT NULL,
  `status` bigint(20) DEFAULT NULL,
  PRIMARY KEY (`synchroInstanceId`),
  KEY `IX_63C3FB9D` (`etabId`),
  KEY `IX_13264F84` (`status`)
) ENGINE=InnoDB DEFAULT CHARSET=latin1;

--
-- Dumping data for table `gestionviescolaire_edtsynchroinstance`
--


--
-- Table structure for table `gestionviescolaire_importer`
--

CREATE TABLE `gestionviescolaire_importer` (
  `importerId` bigint(20) NOT NULL,
  `etabId` bigint(20) DEFAULT NULL,
  `version` bigint(20) DEFAULT NULL,
  `saveDate` datetime DEFAULT NULL,
  `validImportDate` datetime DEFAULT NULL,
  `importStartDate` datetime DEFAULT NULL,
  `importEndDate` datetime DEFAULT NULL,
  `importMembership` tinyint(4) DEFAULT NULL,
  `importSessions` tinyint(4) DEFAULT NULL,
  `importRoomsInAgenda` tinyint(4) DEFAULT NULL,
  `startFilterDate` datetime DEFAULT NULL,
  `endFilterDate` datetime DEFAULT NULL,
  `teacherFilter` bigint(20) DEFAULT NULL,
  `groupFilter` bigint(20) DEFAULT NULL,
  `content` varchar(75) DEFAULT NULL,
  `status` bigint(20) DEFAULT NULL,
  PRIMARY KEY (`importerId`),
  KEY `IX_F1B793C5` (`etabId`)
) ENGINE=InnoDB DEFAULT CHARSET=latin1;

--
-- Dumping data for table `gestionviescolaire_importer`
--


--
-- Table structure for table `gestionviescolaire_reportinfos`
--

CREATE TABLE `gestionviescolaire_reportinfos` (
  `reportInfosId` bigint(20) NOT NULL,
  `schoolId` bigint(20) DEFAULT NULL,
  `synchroDate` datetime DEFAULT NULL,
  `newMemberships` bigint(20) DEFAULT NULL,
  `unchangedMemberships` bigint(20) DEFAULT NULL,
  `newSessions` bigint(20) DEFAULT NULL,
  `unchangedSessions` bigint(20) DEFAULT NULL,
  `homonymStudents` longtext,
  `notFoundStudents` longtext,
  `homonymTeachers` longtext,
  `notFoundTeachers` longtext,
  PRIMARY KEY (`reportInfosId`),
  KEY `IX_117F58AC` (`schoolId`)
) ENGINE=InnoDB DEFAULT CHARSET=latin1;

--
-- Dumping data for table `gestionviescolaire_reportinfos`
--


--
-- Table structure for table `gestionviescolaire_synchroconfig`
--

CREATE TABLE `gestionviescolaire_synchroconfig` (
  `etabId` bigint(20) NOT NULL,
  `etabName` varchar(75) DEFAULT NULL,
  `dataSource` varchar(75) DEFAULT NULL,
  `configDone` tinyint(4) DEFAULT NULL,
  `syncMembership` tinyint(4) DEFAULT NULL,
  `syncCDT` tinyint(4) DEFAULT NULL,
  `syncAgenda` tinyint(4) DEFAULT NULL,
  PRIMARY KEY (`etabId`)
) ENGINE=InnoDB DEFAULT CHARSET=latin1;

--
-- Dumping data for table `gestionviescolaire_synchroconfig`
--


--
-- Table structure for table `gestionviescolaire_synchroinstance`
--

CREATE TABLE `gestionviescolaire_synchroinstance` (
  `synchroInstanceId` bigint(20) NOT NULL,
  `etabId` bigint(20) DEFAULT NULL,
  `UAI` varchar(75) DEFAULT NULL,
  `version` varchar(75) DEFAULT NULL,
  `dataSource` varchar(75) DEFAULT NULL,
  `isEDTAdmin` tinyint(4) DEFAULT NULL,
  `uploadDate` datetime DEFAULT NULL,
  `synchroStartDate` datetime DEFAULT NULL,
  `synchroEndDate` datetime DEFAULT NULL,
  `syncMembership` tinyint(4) DEFAULT NULL,
  `syncCDT` tinyint(4) DEFAULT NULL,
  `syncAgenda` tinyint(4) DEFAULT NULL,
  `startFilterDate` datetime DEFAULT NULL,
  `endFilterDate` datetime DEFAULT NULL,
  `teacherFilter` bigint(20) DEFAULT NULL,
  `groupFilter` bigint(20) DEFAULT NULL,
  `EDTContent` longtext,
  `UDTFileName` varchar(75) DEFAULT NULL,
  `status` bigint(20) DEFAULT NULL,
  PRIMARY KEY (`synchroInstanceId`),
  KEY `IX_649A96B6` (`etabId`),
  KEY `IX_13FCEA9D` (`status`)
) ENGINE=InnoDB DEFAULT CHARSET=latin1;

--
-- Dumping data for table `gestionviescolaire_synchroinstance`
--


--
-- Table structure for table `gestionviescolaire_udtsynchroinstance`
--

CREATE TABLE `gestionviescolaire_udtsynchroinstance` (
  `synchroInstanceId` bigint(20) NOT NULL,
  `etabId` bigint(20) DEFAULT NULL,
  `version` bigint(20) DEFAULT NULL,
  `synchroStartDate` datetime DEFAULT NULL,
  `synchroEndDate` datetime DEFAULT NULL,
  `syncMembership` tinyint(4) DEFAULT NULL,
  `syncCDT` tinyint(4) DEFAULT NULL,
  `syncAgenda` tinyint(4) DEFAULT NULL,
  `startFilterDate` datetime DEFAULT NULL,
  `endFilterDate` datetime DEFAULT NULL,
  `teacherFilter` bigint(20) DEFAULT NULL,
  `groupFilter` bigint(20) DEFAULT NULL,
  `UDTFileName` varchar(75) DEFAULT NULL,
  `status` bigint(20) DEFAULT NULL,
  PRIMARY KEY (`synchroInstanceId`),
  KEY `IX_70D4718D` (`etabId`),
  KEY `IX_2036C574` (`status`)
) ENGINE=InnoDB DEFAULT CHARSET=latin1;

--
-- Dumping data for table `gestionviescolaire_udtsynchroinstance`
--


--
-- Table structure for table `gestionviescolaire_usermapping`
--

CREATE TABLE `gestionviescolaire_usermapping` (
  `userId` bigint(20) NOT NULL,
  `etabId` bigint(20) NOT NULL,
  `nationalNumber` varchar(75) DEFAULT NULL,
  `pronoteId` varchar(75) DEFAULT NULL,
  `userEtabId` varchar(75) DEFAULT NULL,
  `sconetId` varchar(75) DEFAULT NULL,
  `stsId` varchar(75) DEFAULT NULL,
  `casId` varchar(75) DEFAULT NULL,
  `partnerId` varchar(75) DEFAULT NULL,
  PRIMARY KEY (`userId`,`etabId`),
  KEY `IX_CF6285C4` (`casId`,`etabId`),
  KEY `IX_17455EAA` (`nationalNumber`),
  KEY `IX_7154FFA9` (`nationalNumber`,`etabId`),
  KEY `IX_FD1574B7` (`partnerId`,`etabId`),
  KEY `IX_4FEEA58F` (`pronoteId`),
  KEY `IX_488F918E` (`pronoteId`,`etabId`),
  KEY `IX_56A7A327` (`sconetId`,`etabId`),
  KEY `IX_F84BF7A2` (`stsId`),
  KEY `IX_308F20A1` (`stsId`,`etabId`),
  KEY `IX_895FC2C4` (`userEtabId`,`etabId`)
) ENGINE=InnoDB DEFAULT CHARSET=latin1;

--
-- Dumping data for table `gestionviescolaire_usermapping`
--


--
-- Table structure for table `group_`
--

CREATE TABLE `group_` (
  `groupId` bigint(20) NOT NULL,
  `companyId` bigint(20) DEFAULT NULL,
  `creatorUserId` bigint(20) DEFAULT NULL,
  `classNameId` bigint(20) DEFAULT NULL,
  `classPK` bigint(20) DEFAULT NULL,
  `parentGroupId` bigint(20) DEFAULT NULL,
  `liveGroupId` bigint(20) DEFAULT NULL,
  `name` varchar(150) DEFAULT NULL,
  `description` longtext,
  `type_` int(11) DEFAULT NULL,
  `typeSettings` longtext,
  `friendlyURL` varchar(100) DEFAULT NULL,
  `active_` tinyint(4) DEFAULT NULL,
  `site` tinyint(4) DEFAULT NULL,
  PRIMARY KEY (`groupId`),
  UNIQUE KEY `IX_D0D5E397` (`companyId`,`classNameId`,`classPK`),
  UNIQUE KEY `IX_5DE0BE11` (`companyId`,`classNameId`,`liveGroupId`,`name`),
  UNIQUE KEY `IX_5BDDB872` (`companyId`,`friendlyURL`),
  UNIQUE KEY `IX_BBCA55B` (`companyId`,`liveGroupId`,`name`),
  UNIQUE KEY `IX_5AA68501` (`companyId`,`name`),
  KEY `IX_16218A38` (`liveGroupId`),
  KEY `IX_7B590A7A` (`type_`,`active_`),
  KEY `IX_ABA5CEC2` (`companyId`)
) ENGINE=InnoDB DEFAULT CHARSET=utf8;

--
-- Dumping data for table `group_`
--

INSERT INTO `group_` VALUES (10219,10202,10205,10014,10219,0,0,'Control Panel','',3,'','/control_panel',1,1),(10226,10202,10205,10014,10226,0,0,'Guest','',1,'','/guest',1,1),(10236,10202,10234,10043,10234,0,0,'10234','',0,'','/test',1,NULL),(11102,10202,10205,10044,11101,0,0,'11101','',0,'','/11101',1,NULL),(11107,10202,11105,10043,11105,0,0,'11105','',0,'mergeGuestPublicPages=false\ncustomJspServletContextName=so-hook\n','/pentila',1,0),(11123,10202,10205,10044,11122,0,0,'11122','',0,'','/11122',1,NULL),(11127,10202,10205,10044,11126,0,0,'11126','',0,'','/11126',1,NULL),(11131,10202,10205,10044,11130,0,0,'11130','',0,'','/11130',1,NULL),(11228,10202,11105,10044,11227,0,0,'11227','',0,'','/11227',1,NULL),(11232,10202,11105,10044,11231,0,0,'11231','',0,'','/11231',1,NULL),(11236,10202,11105,10044,11235,0,0,'11235','',0,'','/11235',1,NULL),(11240,10202,11105,10044,11239,0,0,'11239','',0,'','/11239',1,NULL),(11244,10202,11105,10044,11243,0,0,'11243','',0,'','/11243',1,NULL),(11252,10202,11105,10044,11251,0,0,'11251','',0,'','/11251',1,NULL),(11256,10202,11105,10044,11255,0,0,'11255','',0,'','/11255',1,NULL),(11260,10202,11105,10044,11259,0,0,'11259','',0,'','/11259',1,NULL),(11264,10202,11105,10044,11263,0,0,'11263','',0,'','/11263',1,NULL),(11280,10202,11105,10044,11279,0,0,'11279','',0,'','/11279',1,NULL),(11284,10202,11105,10044,11283,0,0,'11283','',0,'','/11283',1,NULL),(11296,10202,11105,10044,11295,0,0,'11295','',0,'','/11295',1,NULL),(11300,10202,11105,10044,11299,0,0,'11299','',0,'','/11299',1,NULL),(11304,10202,11105,10044,11303,0,0,'11303','',0,'','/11303',1,NULL),(11324,10202,11105,10044,11323,0,0,'11323','',0,'','/11323',1,NULL),(12602,10202,10205,10044,12601,0,0,'12601','',0,'','/12601',1,NULL),(18202,10202,10205,10023,18201,0,0,'ENT_Nero LFR_ORGANIZATION','',3,'','/ent-nero',1,1),(18211,10202,10205,10023,18210,0,0,'Etablissement démo LFR_ORGANIZATION','',3,'','/etablissement-de-demonstration',1,1),(18220,10202,10205,10044,18219,0,0,'18219','',0,'','/18219',1,NULL),(18224,10202,10205,10023,18223,0,0,'Etablissement démo - Parent LFR_ORGANIZATION','',3,'','/etablissement-de-demonstration-parent',1,1),(18233,10202,10205,10023,18232,0,0,'Etablissement démo - Enseignants LFR_ORGANIZATION','',3,'','/etablissement-de-demonstration-enseignants',1,1),(18242,10202,10205,10023,18241,0,0,'Etablissement démo - Personnels LFR_ORGANIZATION','',3,'','/etablissement-de-demonstration-personnels',1,1),(18402,10202,10205,10044,18401,0,0,'18401','',0,'','/18401',1,NULL),(19575,10202,11105,10044,19574,0,0,'19574','',0,'','/19574',1,NULL),(26448,10202,11105,10044,26447,0,0,'26447','',0,'','/26447',1,NULL),(26452,10202,11105,10044,26451,0,0,'26451','',0,'','/26451',1,NULL),(29602,10202,10205,10044,29601,0,0,'29601','',0,'','/29601',1,NULL),(29606,10202,10205,10044,29605,0,0,'29605','',0,'','/29605',1,NULL),(29779,10202,10205,10044,29778,0,0,'29778','',0,'','/29778',1,NULL),(29783,10202,10205,10044,29782,0,0,'29782','',0,'','/29782',1,NULL),(29956,10202,10205,10044,29955,0,0,'29955','',0,'','/29955',1,NULL),(29960,10202,10205,10044,29959,0,0,'29959','',0,'','/29959',1,NULL),(30133,10202,10205,10044,30132,0,0,'30132','',0,'','/30132',1,NULL),(30137,10202,10205,10044,30136,0,0,'30136','',0,'','/30136',1,NULL),(30310,10202,10205,10044,30309,0,0,'30309','',0,'','/30309',1,NULL),(30333,10202,10205,10044,30332,0,0,'30332','',0,'','/30332',1,NULL),(30337,10202,10205,10044,30336,0,0,'30336','',0,'','/30336',1,NULL),(30341,10202,10205,10044,30340,0,0,'30340','',0,'','/30340',1,NULL),(30364,10202,10205,10044,30363,0,0,'30363','',0,'','/30363',1,NULL),(30387,10202,10205,10044,30386,0,0,'30386','',0,'','/30386',1,NULL),(36761,10202,11105,10044,36760,0,0,'36760','',0,'','/36760',1,NULL),(45917,10202,11105,10044,45916,0,0,'45916','',0,'','/45916',1,NULL),(59503,10202,10205,10010,10202,0,0,'10202','',0,'social-office-initialized=true\n','/null',1,0),(60587,10202,10205,59481,60586,0,0,'60586','',0,'','/template-60586',1,NULL),(60596,10202,10205,59481,60595,0,0,'60595','',0,'','/template-60595',1,NULL),(60605,10202,10205,59481,60604,0,0,'60604','',0,'','/template-60604',1,NULL),(60614,10202,10205,59482,60613,0,0,'60613','',0,'','/template-60613',1,NULL),(60643,10202,10205,59482,60642,0,0,'60642','',0,'','/template-60642',1,NULL),(63002,10202,10205,63001,10205,0,0,'User Personal Site','',3,'','/personal_site',1,0),(118004,10202,11105,10044,118003,0,0,'118003','',0,'','/118003',1,0),(125511,10202,10205,59481,125510,0,0,'125510','',0,'','/template-125510',1,0),(125520,10202,10205,59481,125519,0,0,'125519','',0,'','/template-125519',1,0),(125529,10202,10205,59481,125528,0,0,'125528','',0,'','/template-125528',1,0),(125538,10202,10205,59482,125537,0,0,'125537','',0,'','/template-125537',1,0),(125564,10202,10205,59482,125563,0,0,'125563','',0,'','/template-125563',1,0),(142502,10202,11105,10044,142501,0,0,'142501','',0,'','/142501',1,0),(152502,10202,11105,10044,152501,0,0,'152501','',0,'mergeGuestPublicPages=false\n','/152501',1,0),(160133,10202,10205,10044,160132,0,0,'160132','',0,'','/160132',1,0),(160275,10202,10205,10044,160274,0,0,'160274','',0,'','/160274',1,0),(160319,10202,10205,10044,160318,0,0,'160318','',0,'','/160318',1,0),(160524,10202,10205,10044,160523,0,0,'160523','',0,'','/160523',1,0),(160624,10202,10205,10044,160623,0,0,'160623','',0,'','/160623',1,0),(160661,10202,10205,10044,160660,0,0,'160660','',0,'','/160660',1,0),(160712,10202,10205,10044,160711,0,0,'160711','',0,'','/160711',1,0),(160749,10202,10205,10044,160748,0,0,'160748','',0,'','/160748',1,0),(160793,10202,10205,10044,160792,0,0,'160792','',0,'','/160792',1,0),(160830,10202,10205,10044,160829,0,0,'160829','',0,'','/160829',1,0),(160853,10202,10205,10044,160852,0,0,'160852','',0,'','/160852',1,0),(160876,10202,10205,10044,160875,0,0,'160875','',0,'','/160875',1,0),(160913,10202,10205,10044,160912,0,0,'160912','',0,'','/160912',1,0),(160978,10202,10205,10044,160977,0,0,'160977','',0,'','/160977',1,0),(161015,10202,10205,10044,161014,0,0,'161014','',0,'','/161014',1,0),(161066,10202,10205,10044,161065,0,0,'161065','',0,'','/161065',1,0),(161082,10202,10205,10044,161081,0,0,'161081','',0,'','/161081',1,0),(161098,10202,10205,10044,161097,0,0,'161097','',0,'','/161097',1,0),(161114,10202,10205,10044,161113,0,0,'161113','',0,'','/161113',1,0),(161144,10202,10205,10044,161143,0,0,'161143','',0,'','/161143',1,0),(161219,10202,10205,10044,161218,0,0,'161218','',0,'','/161218',1,0),(161263,10202,10205,10044,161262,0,0,'161262','',0,'','/161262',1,0),(161279,10202,10205,10044,161278,0,0,'161278','',0,'','/161278',1,0),(161295,10202,10205,10044,161294,0,0,'161294','',0,'','/161294',1,0),(161374,10202,10205,10044,161373,0,0,'161373','',0,'','/161373',1,0),(161404,10202,10205,10044,161403,0,0,'161403','',0,'','/161403',1,0),(161434,10202,10205,10044,161433,0,0,'161433','',0,'','/161433',1,0),(161450,10202,10205,10044,161449,0,0,'161449','',0,'','/161449',1,0),(161480,10202,10205,10044,161479,0,0,'161479','',0,'','/161479',1,0),(161524,10202,10205,10044,161523,0,0,'161523','',0,'','/161523',1,0),(161547,10202,10205,10044,161546,0,0,'161546','',0,'','/161546',1,0),(161605,10202,10205,10044,161604,0,0,'161604','',0,'','/161604',1,0),(161621,10202,10205,10044,161620,0,0,'161620','',0,'','/161620',1,0),(161707,10202,10205,10044,161706,0,0,'161706','',0,'','/161706',1,0),(161751,10202,10205,10044,161750,0,0,'161750','',0,'','/161750',1,0),(161788,10202,10205,10044,161787,0,0,'161787','',0,'','/161787',1,0),(161804,10202,10205,10044,161803,0,0,'161803','',0,'','/161803',1,0),(161834,10202,10205,10044,161833,0,0,'161833','',0,'','/161833',1,0),(161850,10202,10205,10044,161849,0,0,'161849','',0,'','/161849',1,0),(161866,10202,10205,10044,161865,0,0,'161865','',0,'','/161865',1,0),(161952,10202,10205,10044,161951,0,0,'161951','',0,'','/161951',1,0),(161975,10202,10205,10044,161974,0,0,'161974','',0,'','/161974',1,0),(162047,10202,10205,10044,162046,0,0,'162046','',0,'','/162046',1,0),(162063,10202,10205,10044,162062,0,0,'162062','',0,'','/162062',1,0),(162079,10202,10205,10044,162078,0,0,'162078','',0,'','/162078',1,0),(162179,10202,10205,10044,162178,0,0,'162178','',0,'','/162178',1,0),(162209,10202,10205,10044,162208,0,0,'162208','',0,'','/162208',1,0),(162232,10202,10205,10044,162231,0,0,'162231','',0,'','/162231',1,0),(162248,10202,10205,10044,162247,0,0,'162247','',0,'','/162247',1,0),(162285,10202,10205,10044,162284,0,0,'162284','',0,'','/162284',1,0),(162308,10202,10205,10044,162307,0,0,'162307','',0,'','/162307',1,0),(162331,10202,10205,10044,162330,0,0,'162330','',0,'','/162330',1,0),(162347,10202,10205,10044,162346,0,0,'162346','',0,'','/162346',1,0),(162419,10202,10205,10044,162418,0,0,'162418','',0,'','/162418',1,0),(162449,10202,10205,10044,162448,0,0,'162448','',0,'','/162448',1,0),(162479,10202,10205,10044,162478,0,0,'162478','',0,'','/162478',1,0),(162495,10202,10205,10044,162494,0,0,'162494','',0,'','/162494',1,0),(162511,10202,10205,10044,162510,0,0,'162510','',0,'','/162510',1,0),(162527,10202,10205,10044,162526,0,0,'162526','',0,'','/162526',1,0),(162557,10202,10205,10044,162556,0,0,'162556','',0,'','/162556',1,0),(162587,10202,10205,10044,162586,0,0,'162586','',0,'','/162586',1,0),(162603,10202,10205,10044,162602,0,0,'162602','',0,'','/162602',1,0),(162619,10202,10205,10044,162618,0,0,'162618','',0,'','/162618',1,0),(162642,10202,10205,10044,162641,0,0,'162641','',0,'','/162641',1,0),(166707,10202,11105,10044,166706,0,0,'166706','',0,'','/166706',1,0),(168620,10202,10205,59482,168619,0,0,'168619','',0,'customJspServletContextName=so-hook\n','/template-168619',1,0),(168683,10202,10205,59482,168682,0,0,'168682','',0,'customJspServletContextName=so-hook\n','/template-168682',1,0),(168731,10202,10205,59482,168730,0,0,'168730','',0,'customJspServletContextName=so-hook\n','/template-168730',1,0),(175510,10202,11105,10014,175510,0,0,'socialOfficeGroupe','',1,'','/socialofficegroupe',1,1),(176502,10202,10205,10044,176501,0,0,'176501','',0,'','/176501',1,0),(179902,10202,10205,10044,179901,0,0,'179901','',0,'','/179901',1,0),(180106,10202,10205,10044,180105,0,0,'180105','',0,'','/180105',1,0),(180366,10202,10205,10044,180365,0,0,'180365','',0,'','/180365',1,0),(180474,10202,10205,10044,180473,0,0,'180473','',0,'','/180473',1,0),(180622,10202,10205,10044,180621,0,0,'180621','',0,'','/180621',1,0),(180826,10202,10205,10044,180825,0,0,'180825','',0,'','/180825',1,0),(180862,10202,10205,10044,180861,0,0,'180861','',0,'','/180861',1,0),(181066,10202,10205,10044,181065,0,0,'181065','',0,'','/181065',1,0),(181198,10202,10205,10044,181197,0,0,'181197','',0,'','/181197',1,0),(181444,10202,10205,10044,181443,0,0,'181443','',0,'','/181443',1,0),(181624,10202,10205,10044,181623,0,0,'181623','',0,'','/181623',1,0),(181780,10202,10205,10044,181779,0,0,'181779','',0,'','/181779',1,0),(182016,10202,10205,10044,182015,0,0,'182015','',0,'','/182015',1,0),(182124,10202,10205,10044,182123,0,0,'182123','',0,'','/182123',1,0),(182376,10202,10205,10044,182375,0,0,'182375','',0,'','/182375',1,0),(182540,10202,10205,10044,182539,0,0,'182539','',0,'','/182539',1,0),(182624,10202,10205,10044,182623,0,0,'182623','',0,'','/182623',1,0),(182708,10202,10205,10044,182707,0,0,'182707','',0,'','/182707',1,0),(182928,10202,10205,10044,182927,0,0,'182927','',0,'','/182927',1,0),(183068,10202,10205,10044,183067,0,0,'183067','',0,'','/183067',1,0),(183192,10202,10205,10044,183191,0,0,'183191','',0,'','/183191',1,0),(183374,10202,10205,10044,183373,0,0,'183373','',0,'','/183373',1,0),(183500,10202,10205,10044,183499,0,0,'183499','',0,'','/183499',1,0),(183744,10202,10205,10044,183743,0,0,'183743','',0,'','/183743',1,0),(218938,10202,10205,10044,218937,0,0,'218937','',0,'','/218937',1,0),(218942,10202,10205,10044,218941,0,0,'218941','',0,'','/218941',1,0),(218946,10202,10205,10044,218945,0,0,'218945','',0,'','/218945',1,0),(218950,10202,10205,10044,218949,0,0,'218949','',0,'','/218949',1,0),(218954,10202,10205,10044,218953,0,0,'218953','',0,'','/218953',1,0),(218958,10202,10205,10044,218957,0,0,'218957','',0,'','/218957',1,0),(218962,10202,10205,10044,218961,0,0,'218961','',0,'','/218961',1,0),(218966,10202,10205,10044,218965,0,0,'218965','',0,'','/218965',1,0),(218970,10202,10205,10044,218969,0,0,'218969','',0,'','/218969',1,0),(218974,10202,10205,10044,218973,0,0,'218973','',0,'','/218973',1,0),(218978,10202,10205,10044,218977,0,0,'218977','',0,'','/218977',1,0),(218982,10202,10205,10044,218981,0,0,'218981','',0,'','/218981',1,0),(218986,10202,10205,10044,218985,0,0,'218985','',0,'','/218985',1,0),(218990,10202,10205,10044,218989,0,0,'218989','',0,'','/218989',1,0),(218994,10202,10205,10044,218993,0,0,'218993','',0,'','/218993',1,0),(218998,10202,10205,10044,218997,0,0,'218997','',0,'','/218997',1,0),(219002,10202,10205,10044,219001,0,0,'219001','',0,'','/219001',1,0),(219006,10202,10205,10044,219005,0,0,'219005','',0,'','/219005',1,0),(219010,10202,10205,10044,219009,0,0,'219009','',0,'','/219009',1,0),(219014,10202,10205,10044,219013,0,0,'219013','',0,'','/219013',1,0),(219018,10202,10205,10044,219017,0,0,'219017','',0,'','/219017',1,0),(219022,10202,10205,10044,219021,0,0,'219021','',0,'','/219021',1,0),(219026,10202,10205,10044,219025,0,0,'219025','',0,'','/219025',1,0),(219030,10202,10205,10044,219029,0,0,'219029','',0,'','/219029',1,0),(219034,10202,10205,10044,219033,0,0,'219033','',0,'','/219033',1,0),(219038,10202,10205,10044,219037,0,0,'219037','',0,'','/219037',1,0),(219042,10202,10205,10044,219041,0,0,'219041','',0,'','/219041',1,0),(219046,10202,10205,10044,219045,0,0,'219045','',0,'','/219045',1,0),(219050,10202,10205,10044,219049,0,0,'219049','',0,'','/219049',1,0),(219054,10202,10205,10044,219053,0,0,'219053','',0,'','/219053',1,0),(219058,10202,10205,10044,219057,0,0,'219057','',0,'','/219057',1,0),(219062,10202,10205,10044,219061,0,0,'219061','',0,'','/219061',1,0),(219066,10202,10205,10044,219065,0,0,'219065','',0,'','/219065',1,0),(219070,10202,10205,10044,219069,0,0,'219069','',0,'','/219069',1,0),(219074,10202,10205,10044,219073,0,0,'219073','',0,'','/219073',1,0),(219078,10202,10205,10044,219077,0,0,'219077','',0,'','/219077',1,0),(219082,10202,10205,10044,219081,0,0,'219081','',0,'','/219081',1,0),(219086,10202,10205,10044,219085,0,0,'219085','',0,'','/219085',1,0),(219090,10202,10205,10044,219089,0,0,'219089','',0,'','/219089',1,0),(219094,10202,10205,10044,219093,0,0,'219093','',0,'','/219093',1,0),(219098,10202,10205,10044,219097,0,0,'219097','',0,'','/219097',1,0),(219102,10202,10205,10044,219101,0,0,'219101','',0,'','/219101',1,0),(219106,10202,10205,10044,219105,0,0,'219105','',0,'','/219105',1,0),(219110,10202,10205,10044,219109,0,0,'219109','',0,'','/219109',1,0),(219114,10202,10205,10044,219113,0,0,'219113','',0,'','/219113',1,0),(219118,10202,10205,10044,219117,0,0,'219117','',0,'','/219117',1,0),(219122,10202,10205,10044,219121,0,0,'219121','',0,'','/219121',1,0),(219126,10202,10205,10044,219125,0,0,'219125','',0,'','/219125',1,0),(219130,10202,10205,10044,219129,0,0,'219129','',0,'','/219129',1,0),(219134,10202,10205,10044,219133,0,0,'219133','',0,'','/219133',1,0),(219138,10202,10205,10044,219137,0,0,'219137','',0,'','/219137',1,0),(219142,10202,10205,10044,219141,0,0,'219141','',0,'','/219141',1,0),(219146,10202,10205,10044,219145,0,0,'219145','',0,'','/219145',1,0),(219150,10202,10205,10044,219149,0,0,'219149','',0,'','/219149',1,0),(219154,10202,10205,10044,219153,0,0,'219153','',0,'','/219153',1,0),(219158,10202,10205,10044,219157,0,0,'219157','',0,'','/219157',1,0),(219162,10202,10205,10044,219161,0,0,'219161','',0,'','/219161',1,0),(219166,10202,10205,10044,219165,0,0,'219165','',0,'','/219165',1,0),(219170,10202,10205,10044,219169,0,0,'219169','',0,'','/219169',1,0),(219174,10202,10205,10044,219173,0,0,'219173','',0,'','/219173',1,0),(219178,10202,10205,10044,219177,0,0,'219177','',0,'','/219177',1,0),(219182,10202,10205,10044,219181,0,0,'219181','',0,'','/219181',1,0),(219186,10202,10205,10044,219185,0,0,'219185','',0,'','/219185',1,0),(219190,10202,10205,10044,219189,0,0,'219189','',0,'','/219189',1,0),(219194,10202,10205,10044,219193,0,0,'219193','',0,'','/219193',1,0),(219198,10202,10205,10044,219197,0,0,'219197','',0,'','/219197',1,0),(219202,10202,10205,10044,219201,0,0,'219201','',0,'','/219201',1,0),(219206,10202,10205,10044,219205,0,0,'219205','',0,'','/219205',1,0),(219210,10202,10205,10044,219209,0,0,'219209','',0,'','/219209',1,0),(219214,10202,10205,10044,219213,0,0,'219213','',0,'','/219213',1,0),(219218,10202,10205,10044,219217,0,0,'219217','',0,'','/219217',1,0),(219222,10202,10205,10044,219221,0,0,'219221','',0,'','/219221',1,0),(219226,10202,10205,10044,219225,0,0,'219225','',0,'','/219225',1,0),(219230,10202,10205,10044,219229,0,0,'219229','',0,'','/219229',1,0),(219234,10202,10205,10044,219233,0,0,'219233','',0,'','/219233',1,0),(219238,10202,10205,10044,219237,0,0,'219237','',0,'','/219237',1,0),(219242,10202,10205,10044,219241,0,0,'219241','',0,'','/219241',1,0),(219246,10202,10205,10044,219245,0,0,'219245','',0,'','/219245',1,0),(219250,10202,10205,10044,219249,0,0,'219249','',0,'','/219249',1,0),(219254,10202,10205,10044,219253,0,0,'219253','',0,'','/219253',1,0),(219258,10202,10205,10044,219257,0,0,'219257','',0,'','/219257',1,0),(219262,10202,10205,10044,219261,0,0,'219261','',0,'','/219261',1,0),(219266,10202,10205,10044,219265,0,0,'219265','',0,'','/219265',1,0),(219270,10202,10205,10044,219269,0,0,'219269','',0,'','/219269',1,0),(219274,10202,10205,10044,219273,0,0,'219273','',0,'','/219273',1,0),(219278,10202,10205,10044,219277,0,0,'219277','',0,'','/219277',1,0),(219282,10202,10205,10044,219281,0,0,'219281','',0,'','/219281',1,0),(219286,10202,10205,10044,219285,0,0,'219285','',0,'','/219285',1,0),(219290,10202,10205,10044,219289,0,0,'219289','',0,'','/219289',1,0),(219294,10202,10205,10044,219293,0,0,'219293','',0,'','/219293',1,0),(219298,10202,10205,10044,219297,0,0,'219297','',0,'','/219297',1,0),(219302,10202,10205,10044,219301,0,0,'219301','',0,'','/219301',1,0),(219306,10202,10205,10044,219305,0,0,'219305','',0,'','/219305',1,0),(219310,10202,10205,10044,219309,0,0,'219309','',0,'','/219309',1,0),(219314,10202,10205,10044,219313,0,0,'219313','',0,'','/219313',1,0),(219318,10202,10205,10044,219317,0,0,'219317','',0,'','/219317',1,0),(219322,10202,10205,10044,219321,0,0,'219321','',0,'','/219321',1,0),(219326,10202,10205,10044,219325,0,0,'219325','',0,'','/219325',1,0),(219330,10202,10205,10044,219329,0,0,'219329','',0,'','/219329',1,0),(219334,10202,10205,10044,219333,0,0,'219333','',0,'','/219333',1,0),(219338,10202,10205,10044,219337,0,0,'219337','',0,'','/219337',1,0),(219342,10202,10205,10044,219341,0,0,'219341','',0,'','/219341',1,0),(219346,10202,10205,10044,219345,0,0,'219345','',0,'','/219345',1,0),(219350,10202,10205,10044,219349,0,0,'219349','',0,'','/219349',1,0),(219354,10202,10205,10044,219353,0,0,'219353','',0,'','/219353',1,0),(219358,10202,10205,10044,219357,0,0,'219357','',0,'','/219357',1,0),(219362,10202,10205,10044,219361,0,0,'219361','',0,'','/219361',1,0),(219366,10202,10205,10044,219365,0,0,'219365','',0,'','/219365',1,0),(219370,10202,10205,10044,219369,0,0,'219369','',0,'','/219369',1,0),(219374,10202,10205,10044,219373,0,0,'219373','',0,'','/219373',1,0),(219378,10202,10205,10044,219377,0,0,'219377','',0,'','/219377',1,0),(219382,10202,10205,10044,219381,0,0,'219381','',0,'','/219381',1,0),(219386,10202,10205,10044,219385,0,0,'219385','',0,'','/219385',1,0),(219390,10202,10205,10044,219389,0,0,'219389','',0,'','/219389',1,0),(219394,10202,10205,10044,219393,0,0,'219393','',0,'','/219393',1,0),(219398,10202,10205,10044,219397,0,0,'219397','',0,'','/219397',1,0),(219402,10202,10205,10044,219401,0,0,'219401','',0,'','/219401',1,0),(219406,10202,10205,10044,219405,0,0,'219405','',0,'','/219405',1,0),(219410,10202,10205,10044,219409,0,0,'219409','',0,'','/219409',1,0),(219414,10202,10205,10044,219413,0,0,'219413','',0,'','/219413',1,0),(219418,10202,10205,10044,219417,0,0,'219417','',0,'','/219417',1,0),(219422,10202,10205,10044,219421,0,0,'219421','',0,'','/219421',1,0),(219426,10202,10205,10044,219425,0,0,'219425','',0,'','/219425',1,0),(219430,10202,10205,10044,219429,0,0,'219429','',0,'','/219429',1,0),(219434,10202,10205,10044,219433,0,0,'219433','',0,'','/219433',1,0),(219438,10202,10205,10044,219437,0,0,'219437','',0,'','/219437',1,0),(219442,10202,10205,10044,219441,0,0,'219441','',0,'','/219441',1,0),(219446,10202,10205,10044,219445,0,0,'219445','',0,'','/219445',1,0),(219450,10202,10205,10044,219449,0,0,'219449','',0,'','/219449',1,0),(219454,10202,10205,10044,219453,0,0,'219453','',0,'','/219453',1,0),(219458,10202,10205,10044,219457,0,0,'219457','',0,'','/219457',1,0),(219462,10202,10205,10044,219461,0,0,'219461','',0,'','/219461',1,0),(219466,10202,10205,10044,219465,0,0,'219465','',0,'','/219465',1,0),(219470,10202,10205,10044,219469,0,0,'219469','',0,'','/219469',1,0),(219474,10202,10205,10044,219473,0,0,'219473','',0,'','/219473',1,0),(219478,10202,10205,10044,219477,0,0,'219477','',0,'','/219477',1,0),(219482,10202,10205,10044,219481,0,0,'219481','',0,'','/219481',1,0),(219486,10202,10205,10044,219485,0,0,'219485','',0,'','/219485',1,0),(219490,10202,10205,10044,219489,0,0,'219489','',0,'','/219489',1,0),(219494,10202,10205,10044,219493,0,0,'219493','',0,'','/219493',1,0),(219498,10202,10205,10044,219497,0,0,'219497','',0,'','/219497',1,0),(219502,10202,10205,10044,219501,0,0,'219501','',0,'','/219501',1,0),(219506,10202,10205,10044,219505,0,0,'219505','',0,'','/219505',1,0),(219510,10202,10205,10044,219509,0,0,'219509','',0,'','/219509',1,0),(219514,10202,10205,10044,219513,0,0,'219513','',0,'','/219513',1,0),(219518,10202,10205,10044,219517,0,0,'219517','',0,'','/219517',1,0),(219522,10202,10205,10044,219521,0,0,'219521','',0,'','/219521',1,0),(219526,10202,10205,10044,219525,0,0,'219525','',0,'','/219525',1,0),(219530,10202,10205,10044,219529,0,0,'219529','',0,'','/219529',1,0),(219534,10202,10205,10044,219533,0,0,'219533','',0,'','/219533',1,0),(219538,10202,10205,10044,219537,0,0,'219537','',0,'','/219537',1,0),(219542,10202,10205,10044,219541,0,0,'219541','',0,'','/219541',1,0),(219546,10202,10205,10044,219545,0,0,'219545','',0,'','/219545',1,0),(219550,10202,10205,10044,219549,0,0,'219549','',0,'','/219549',1,0),(219554,10202,10205,10044,219553,0,0,'219553','',0,'','/219553',1,0),(219558,10202,10205,10044,219557,0,0,'219557','',0,'','/219557',1,0),(219562,10202,10205,10044,219561,0,0,'219561','',0,'','/219561',1,0),(219566,10202,10205,10044,219565,0,0,'219565','',0,'','/219565',1,0),(219570,10202,10205,10044,219569,0,0,'219569','',0,'','/219569',1,0),(219574,10202,10205,10044,219573,0,0,'219573','',0,'','/219573',1,0),(219578,10202,10205,10044,219577,0,0,'219577','',0,'','/219577',1,0),(219582,10202,10205,10044,219581,0,0,'219581','',0,'','/219581',1,0),(219586,10202,10205,10044,219585,0,0,'219585','',0,'','/219585',1,0),(219590,10202,10205,10044,219589,0,0,'219589','',0,'','/219589',1,0),(219594,10202,10205,10044,219593,0,0,'219593','',0,'','/219593',1,0),(219598,10202,10205,10044,219597,0,0,'219597','',0,'','/219597',1,0),(219602,10202,10205,10044,219601,0,0,'219601','',0,'','/219601',1,0),(219606,10202,10205,10044,219605,0,0,'219605','',0,'','/219605',1,0),(219610,10202,10205,10044,219609,0,0,'219609','',0,'','/219609',1,0),(219614,10202,10205,10044,219613,0,0,'219613','',0,'','/219613',1,0),(219618,10202,10205,10044,219617,0,0,'219617','',0,'','/219617',1,0),(219622,10202,10205,10044,219621,0,0,'219621','',0,'','/219621',1,0),(219626,10202,10205,10044,219625,0,0,'219625','',0,'','/219625',1,0),(219630,10202,10205,10044,219629,0,0,'219629','',0,'','/219629',1,0),(219634,10202,10205,10044,219633,0,0,'219633','',0,'','/219633',1,0),(219638,10202,10205,10044,219637,0,0,'219637','',0,'','/219637',1,0),(219642,10202,10205,10044,219641,0,0,'219641','',0,'','/219641',1,0),(219646,10202,10205,10044,219645,0,0,'219645','',0,'','/219645',1,0),(219650,10202,10205,10044,219649,0,0,'219649','',0,'','/219649',1,0),(219654,10202,10205,10044,219653,0,0,'219653','',0,'','/219653',1,0),(219658,10202,10205,10044,219657,0,0,'219657','',0,'','/219657',1,0),(219662,10202,10205,10044,219661,0,0,'219661','',0,'','/219661',1,0),(219666,10202,10205,10044,219665,0,0,'219665','',0,'','/219665',1,0),(219670,10202,10205,10044,219669,0,0,'219669','',0,'','/219669',1,0),(219674,10202,10205,10044,219673,0,0,'219673','',0,'','/219673',1,0),(219678,10202,10205,10044,219677,0,0,'219677','',0,'','/219677',1,0),(219682,10202,10205,10044,219681,0,0,'219681','',0,'','/219681',1,0),(219686,10202,10205,10044,219685,0,0,'219685','',0,'','/219685',1,0),(219690,10202,10205,10044,219689,0,0,'219689','',0,'','/219689',1,0),(219694,10202,10205,10044,219693,0,0,'219693','',0,'','/219693',1,0),(219698,10202,10205,10044,219697,0,0,'219697','',0,'','/219697',1,0),(219702,10202,10205,10044,219701,0,0,'219701','',0,'','/219701',1,0),(219706,10202,10205,10044,219705,0,0,'219705','',0,'','/219705',1,0),(219710,10202,10205,10044,219709,0,0,'219709','',0,'','/219709',1,0),(219714,10202,10205,10044,219713,0,0,'219713','',0,'','/219713',1,0),(219718,10202,10205,10044,219717,0,0,'219717','',0,'','/219717',1,0),(219722,10202,10205,10044,219721,0,0,'219721','',0,'','/219721',1,0),(219726,10202,10205,10044,219725,0,0,'219725','',0,'','/219725',1,0),(219730,10202,10205,10044,219729,0,0,'219729','',0,'','/219729',1,0),(219734,10202,10205,10044,219733,0,0,'219733','',0,'','/219733',1,0),(219738,10202,10205,10044,219737,0,0,'219737','',0,'','/219737',1,0),(219742,10202,10205,10044,219741,0,0,'219741','',0,'','/219741',1,0),(219746,10202,10205,10044,219745,0,0,'219745','',0,'','/219745',1,0),(219750,10202,10205,10044,219749,0,0,'219749','',0,'','/219749',1,0),(219754,10202,10205,10044,219753,0,0,'219753','',0,'','/219753',1,0),(219758,10202,10205,10044,219757,0,0,'219757','',0,'','/219757',1,0),(219762,10202,10205,10044,219761,0,0,'219761','',0,'','/219761',1,0),(219766,10202,10205,10044,219765,0,0,'219765','',0,'','/219765',1,0),(219770,10202,10205,10044,219769,0,0,'219769','',0,'','/219769',1,0),(219774,10202,10205,10044,219773,0,0,'219773','',0,'','/219773',1,0),(219778,10202,10205,10044,219777,0,0,'219777','',0,'','/219777',1,0),(219782,10202,10205,10044,219781,0,0,'219781','',0,'','/219781',1,0),(219786,10202,10205,10044,219785,0,0,'219785','',0,'','/219785',1,0),(219790,10202,10205,10044,219789,0,0,'219789','',0,'','/219789',1,0),(219794,10202,10205,10044,219793,0,0,'219793','',0,'','/219793',1,0),(219798,10202,10205,10044,219797,0,0,'219797','',0,'','/219797',1,0),(219802,10202,10205,10044,219801,0,0,'219801','',0,'','/219801',1,0),(219806,10202,10205,10044,219805,0,0,'219805','',0,'','/219805',1,0),(219810,10202,10205,10044,219809,0,0,'219809','',0,'','/219809',1,0),(219814,10202,10205,10044,219813,0,0,'219813','',0,'','/219813',1,0),(219818,10202,10205,10044,219817,0,0,'219817','',0,'','/219817',1,0),(219822,10202,10205,10044,219821,0,0,'219821','',0,'','/219821',1,0),(219826,10202,10205,10044,219825,0,0,'219825','',0,'','/219825',1,0),(219830,10202,10205,10044,219829,0,0,'219829','',0,'','/219829',1,0),(219834,10202,10205,10044,219833,0,0,'219833','',0,'','/219833',1,0),(219838,10202,10205,10044,219837,0,0,'219837','',0,'','/219837',1,0),(219842,10202,10205,10044,219841,0,0,'219841','',0,'','/219841',1,0),(219846,10202,10205,10044,219845,0,0,'219845','',0,'','/219845',1,0),(219850,10202,10205,10044,219849,0,0,'219849','',0,'','/219849',1,0),(219854,10202,10205,10044,219853,0,0,'219853','',0,'','/219853',1,0),(219858,10202,10205,10044,219857,0,0,'219857','',0,'','/219857',1,0),(219862,10202,10205,10044,219861,0,0,'219861','',0,'','/219861',1,0),(219866,10202,10205,10044,219865,0,0,'219865','',0,'','/219865',1,0),(219870,10202,10205,10044,219869,0,0,'219869','',0,'','/219869',1,0),(219874,10202,10205,10044,219873,0,0,'219873','',0,'','/219873',1,0),(219878,10202,10205,10044,219877,0,0,'219877','',0,'','/219877',1,0),(219882,10202,10205,10044,219881,0,0,'219881','',0,'','/219881',1,0),(219886,10202,10205,10044,219885,0,0,'219885','',0,'','/219885',1,0),(219890,10202,10205,10044,219889,0,0,'219889','',0,'','/219889',1,0),(219894,10202,10205,10044,219893,0,0,'219893','',0,'','/219893',1,0),(219898,10202,10205,10044,219897,0,0,'219897','',0,'','/219897',1,0),(219902,10202,10205,10044,219901,0,0,'219901','',0,'','/219901',1,0),(219906,10202,10205,10044,219905,0,0,'219905','',0,'','/219905',1,0),(219910,10202,10205,10044,219909,0,0,'219909','',0,'','/219909',1,0),(219914,10202,10205,10044,219913,0,0,'219913','',0,'','/219913',1,0),(219918,10202,10205,10044,219917,0,0,'219917','',0,'','/219917',1,0),(219922,10202,10205,10044,219921,0,0,'219921','',0,'','/219921',1,0),(219926,10202,10205,10044,219925,0,0,'219925','',0,'','/219925',1,0),(219930,10202,10205,10044,219929,0,0,'219929','',0,'','/219929',1,0),(219934,10202,10205,10044,219933,0,0,'219933','',0,'','/219933',1,0),(219938,10202,10205,10044,219937,0,0,'219937','',0,'','/219937',1,0),(219942,10202,10205,10044,219941,0,0,'219941','',0,'','/219941',1,0),(219946,10202,10205,10044,219945,0,0,'219945','',0,'','/219945',1,0),(219950,10202,10205,10044,219949,0,0,'219949','',0,'','/219949',1,0),(219954,10202,10205,10044,219953,0,0,'219953','',0,'','/219953',1,0),(219958,10202,10205,10044,219957,0,0,'219957','',0,'','/219957',1,0),(219962,10202,10205,10044,219961,0,0,'219961','',0,'','/219961',1,0),(219966,10202,10205,10044,219965,0,0,'219965','',0,'','/219965',1,0),(219970,10202,10205,10044,219969,0,0,'219969','',0,'','/219969',1,0),(219974,10202,10205,10044,219973,0,0,'219973','',0,'','/219973',1,0),(219978,10202,10205,10044,219977,0,0,'219977','',0,'','/219977',1,0),(219982,10202,10205,10044,219981,0,0,'219981','',0,'','/219981',1,0),(219986,10202,10205,10044,219985,0,0,'219985','',0,'','/219985',1,0),(219990,10202,10205,10044,219989,0,0,'219989','',0,'','/219989',1,0),(219994,10202,10205,10044,219993,0,0,'219993','',0,'','/219993',1,0),(219998,10202,10205,10044,219997,0,0,'219997','',0,'','/219997',1,0),(220002,10202,10205,10044,220001,0,0,'220001','',0,'','/220001',1,0),(220006,10202,10205,10044,220005,0,0,'220005','',0,'','/220005',1,0),(220010,10202,10205,10044,220009,0,0,'220009','',0,'','/220009',1,0),(220014,10202,10205,10044,220013,0,0,'220013','',0,'','/220013',1,0),(220018,10202,10205,10044,220017,0,0,'220017','',0,'','/220017',1,0),(220022,10202,10205,10044,220021,0,0,'220021','',0,'','/220021',1,0),(220026,10202,10205,10044,220025,0,0,'220025','',0,'','/220025',1,0),(220030,10202,10205,10044,220029,0,0,'220029','',0,'','/220029',1,0),(220034,10202,10205,10044,220033,0,0,'220033','',0,'','/220033',1,0),(220038,10202,10205,10044,220037,0,0,'220037','',0,'','/220037',1,0),(220042,10202,10205,10044,220041,0,0,'220041','',0,'','/220041',1,0),(220046,10202,10205,10044,220045,0,0,'220045','',0,'','/220045',1,0),(220050,10202,10205,10044,220049,0,0,'220049','',0,'','/220049',1,0),(220054,10202,10205,10044,220053,0,0,'220053','',0,'','/220053',1,0),(220058,10202,10205,10044,220057,0,0,'220057','',0,'','/220057',1,0),(220062,10202,10205,10044,220061,0,0,'220061','',0,'','/220061',1,0),(220066,10202,10205,10044,220065,0,0,'220065','',0,'','/220065',1,0),(220070,10202,10205,10044,220069,0,0,'220069','',0,'','/220069',1,0),(220074,10202,10205,10044,220073,0,0,'220073','',0,'','/220073',1,0),(220078,10202,10205,10044,220077,0,0,'220077','',0,'','/220077',1,0),(220082,10202,10205,10044,220081,0,0,'220081','',0,'','/220081',1,0),(220086,10202,10205,10044,220085,0,0,'220085','',0,'','/220085',1,0),(220090,10202,10205,10044,220089,0,0,'220089','',0,'','/220089',1,0),(220094,10202,10205,10044,220093,0,0,'220093','',0,'','/220093',1,0),(220098,10202,10205,10044,220097,0,0,'220097','',0,'','/220097',1,0),(220102,10202,10205,10044,220101,0,0,'220101','',0,'','/220101',1,0),(220106,10202,10205,10044,220105,0,0,'220105','',0,'','/220105',1,0),(220110,10202,10205,10044,220109,0,0,'220109','',0,'','/220109',1,0),(220114,10202,10205,10044,220113,0,0,'220113','',0,'','/220113',1,0),(220118,10202,10205,10044,220117,0,0,'220117','',0,'','/220117',1,0),(220122,10202,10205,10044,220121,0,0,'220121','',0,'','/220121',1,0),(220126,10202,10205,10044,220125,0,0,'220125','',0,'','/220125',1,0),(220130,10202,10205,10044,220129,0,0,'220129','',0,'','/220129',1,0),(220134,10202,10205,10044,220133,0,0,'220133','',0,'','/220133',1,0),(220138,10202,10205,10044,220137,0,0,'220137','',0,'','/220137',1,0),(220142,10202,10205,10044,220141,0,0,'220141','',0,'','/220141',1,0),(220146,10202,10205,10044,220145,0,0,'220145','',0,'','/220145',1,0),(220150,10202,10205,10044,220149,0,0,'220149','',0,'','/220149',1,0),(220154,10202,10205,10044,220153,0,0,'220153','',0,'','/220153',1,0),(220158,10202,10205,10044,220157,0,0,'220157','',0,'','/220157',1,0),(220162,10202,10205,10044,220161,0,0,'220161','',0,'','/220161',1,0),(220166,10202,10205,10044,220165,0,0,'220165','',0,'','/220165',1,0),(220170,10202,10205,10044,220169,0,0,'220169','',0,'','/220169',1,0),(220174,10202,10205,10044,220173,0,0,'220173','',0,'','/220173',1,0),(220178,10202,10205,10044,220177,0,0,'220177','',0,'','/220177',1,0),(220182,10202,10205,10044,220181,0,0,'220181','',0,'','/220181',1,0),(220186,10202,10205,10044,220185,0,0,'220185','',0,'','/220185',1,0),(220190,10202,10205,10044,220189,0,0,'220189','',0,'','/220189',1,0),(220194,10202,10205,10044,220193,0,0,'220193','',0,'','/220193',1,0),(220198,10202,10205,10044,220197,0,0,'220197','',0,'','/220197',1,0),(220202,10202,10205,10044,220201,0,0,'220201','',0,'','/220201',1,0),(220206,10202,10205,10044,220205,0,0,'220205','',0,'','/220205',1,0),(220210,10202,10205,10044,220209,0,0,'220209','',0,'','/220209',1,0),(220214,10202,10205,10044,220213,0,0,'220213','',0,'','/220213',1,0),(220218,10202,10205,10044,220217,0,0,'220217','',0,'','/220217',1,0),(220222,10202,10205,10044,220221,0,0,'220221','',0,'','/220221',1,0),(220226,10202,10205,10044,220225,0,0,'220225','',0,'','/220225',1,0),(220230,10202,10205,10044,220229,0,0,'220229','',0,'','/220229',1,0),(220234,10202,10205,10044,220233,0,0,'220233','',0,'','/220233',1,0),(220238,10202,10205,10044,220237,0,0,'220237','',0,'','/220237',1,0),(220242,10202,10205,10044,220241,0,0,'220241','',0,'','/220241',1,0),(220246,10202,10205,10044,220245,0,0,'220245','',0,'','/220245',1,0),(220250,10202,10205,10044,220249,0,0,'220249','',0,'','/220249',1,0),(220254,10202,10205,10044,220253,0,0,'220253','',0,'','/220253',1,0),(220258,10202,10205,10044,220257,0,0,'220257','',0,'','/220257',1,0),(220262,10202,10205,10044,220261,0,0,'220261','',0,'','/220261',1,0),(220266,10202,10205,10044,220265,0,0,'220265','',0,'','/220265',1,0),(220270,10202,10205,10044,220269,0,0,'220269','',0,'','/220269',1,0),(311379,10202,11105,10044,311378,0,0,'311378','',0,'','/311378',1,0),(311504,10202,11105,10044,311503,0,0,'311503','',0,'','/311503',1,0),(313092,10202,11105,10044,313091,0,0,'313091','',0,'','/313091',1,0),(313628,10202,10205,59482,313627,0,0,'313627','',0,'','/template-313627',1,0),(313702,10202,11105,10044,313701,0,0,'313701','',0,'','/313701',1,0),(313706,10202,11105,10044,313705,0,0,'313705','',0,'','/313705',1,0),(313972,10202,11105,10044,313971,0,0,'313971','',0,'','/313971',1,0),(313986,10202,11105,10044,313985,0,0,'313985','',0,'','/313985',1,0),(314000,10202,11105,10044,313999,0,0,'313999','',0,'','/313999',1,0),(314015,10202,11105,10044,314014,0,0,'314014','',0,'','/314014',1,0),(314029,10202,11105,10044,314028,0,0,'314028','',0,'','/314028',1,0),(314043,10202,11105,10044,314042,0,0,'314042','',0,'','/314042',1,0),(314057,10202,11105,10044,314056,0,0,'314056','',0,'','/314056',1,0),(314071,10202,11105,10044,314070,0,0,'314070','',0,'','/314070',1,0),(314085,10202,11105,10044,314084,0,0,'314084','',0,'','/314084',1,0),(314099,10202,11105,10044,314098,0,0,'314098','',0,'','/314098',1,0),(314113,10202,11105,10044,314112,0,0,'314112','',0,'','/314112',1,0),(314127,10202,11105,10044,314126,0,0,'314126','',0,'','/314126',1,0),(314142,10202,11105,10044,314141,0,0,'314141','',0,'','/314141',1,0),(314156,10202,11105,10044,314155,0,0,'314155','',0,'','/314155',1,0),(314165,10202,11105,10044,314164,0,0,'314164','',0,'','/314164',1,0),(314179,10202,11105,10044,314178,0,0,'314178','',0,'','/314178',1,0),(314191,10202,11105,10044,314190,0,0,'314190','',0,'','/314190',1,0),(314202,10202,11105,10044,314201,0,0,'314201','',0,'','/314201',1,0),(314211,10202,11105,10044,314210,0,0,'314210','',0,'','/314210',1,0),(314645,10202,11105,10044,314644,0,0,'314644','',0,'','/314644',1,0),(314649,10202,11105,10044,314648,0,0,'314648','',0,'','/314648',1,0);

--
-- Table structure for table `groups_orgs`
--

CREATE TABLE `groups_orgs` (
  `groupId` bigint(20) NOT NULL,
  `organizationId` bigint(20) NOT NULL,
  PRIMARY KEY (`groupId`,`organizationId`),
  KEY `IX_75267DCA` (`groupId`),
  KEY `IX_6BBB7682` (`organizationId`)
) ENGINE=InnoDB DEFAULT CHARSET=utf8;

--
-- Dumping data for table `groups_orgs`
--

INSERT INTO `groups_orgs` VALUES (27688,18241);

--
-- Table structure for table `groups_permissions`
--

CREATE TABLE `groups_permissions` (
  `groupId` bigint(20) NOT NULL,
  `permissionId` bigint(20) NOT NULL,
  PRIMARY KEY (`groupId`,`permissionId`),
  KEY `IX_C48736B` (`groupId`),
  KEY `IX_EC97689D` (`permissionId`)
) ENGINE=InnoDB DEFAULT CHARSET=utf8;

--
-- Dumping data for table `groups_permissions`
--


--
-- Table structure for table `groups_roles`
--

CREATE TABLE `groups_roles` (
  `groupId` bigint(20) NOT NULL,
  `roleId` bigint(20) NOT NULL,
  PRIMARY KEY (`groupId`,`roleId`),
  KEY `IX_84471FD2` (`groupId`),
  KEY `IX_3103EF3D` (`roleId`)
) ENGINE=InnoDB DEFAULT CHARSET=utf8;

--
-- Dumping data for table `groups_roles`
--


--
-- Table structure for table `groups_usergroups`
--

CREATE TABLE `groups_usergroups` (
  `groupId` bigint(20) NOT NULL,
  `userGroupId` bigint(20) NOT NULL,
  PRIMARY KEY (`groupId`,`userGroupId`),
  KEY `IX_31FB749A` (`groupId`),
  KEY `IX_3B69160F` (`userGroupId`)
) ENGINE=InnoDB DEFAULT CHARSET=utf8;

--
-- Dumping data for table `groups_usergroups`
--


--
-- Table structure for table `hiddenentry`
--

CREATE TABLE `hiddenentry` (
  `folderId` bigint(20) NOT NULL,
  PRIMARY KEY (`folderId`),
  KEY `IX_C7D0ABEB` (`folderId`)
) ENGINE=InnoDB DEFAULT CHARSET=utf8;

--
-- Dumping data for table `hiddenentry`
--


--
-- Table structure for table `image`
--

CREATE TABLE `image` (
  `imageId` bigint(20) NOT NULL,
  `modifiedDate` datetime DEFAULT NULL,
  `text_` longtext,
  `type_` varchar(75) DEFAULT NULL,
  `height` int(11) DEFAULT NULL,
  `width` int(11) DEFAULT NULL,
  `size_` int(11) DEFAULT NULL,
  PRIMARY KEY (`imageId`),
  KEY `IX_6A925A4D` (`size_`)
) ENGINE=InnoDB DEFAULT CHARSET=utf8;

--
-- Dumping data for table `image`
--


--
-- Table structure for table `institutionallist_listeinst`
--

CREATE TABLE `institutionallist_listeinst` (
  `listeInstId` bigint(20) NOT NULL,
  `listeInstName` varchar(75) DEFAULT NULL,
  `orgId` bigint(20) DEFAULT NULL,
  `roleId` bigint(20) DEFAULT NULL,
  `orgFilter` tinyint(4) DEFAULT NULL,
  `roleFilter` varchar(75) DEFAULT NULL,
  `onameFind` varchar(75) DEFAULT NULL,
  `onameNotFind` varchar(75) DEFAULT NULL,
  `includeInOrgLoop` tinyint(4) DEFAULT NULL,
  `includeHisOrgLoop` tinyint(4) DEFAULT NULL,
  `active_` tinyint(4) DEFAULT NULL,
  `parentList` tinyint(4) DEFAULT NULL,
  `childrenList` tinyint(4) DEFAULT NULL,
  PRIMARY KEY (`listeInstId`),
  KEY `IX_1FB00DDA` (`orgId`),
  KEY `IX_5555333F` (`orgId`,`roleId`),
  KEY `IX_7590DC4C` (`orgId`,`roleId`,`parentList`,`childrenList`)
) ENGINE=InnoDB DEFAULT CHARSET=latin1;

--
-- Dumping data for table `institutionallist_listeinst`
--


--
-- Table structure for table `institutionallist_listeinstdetails`
--

CREATE TABLE `institutionallist_listeinstdetails` (
  `listeInstDetailsId` bigint(20) NOT NULL,
  `listeInstId` bigint(20) DEFAULT NULL,
  `listeInstDetailsName` varchar(75) DEFAULT NULL,
  `orgId` bigint(20) DEFAULT NULL,
  `roleId` bigint(20) DEFAULT NULL,
  `subOrgId` varchar(75) DEFAULT NULL,
  `roleFilter` varchar(75) DEFAULT NULL,
  `parentList` tinyint(4) DEFAULT NULL,
  `childrenList` tinyint(4) DEFAULT NULL,
  PRIMARY KEY (`listeInstDetailsId`),
  KEY `IX_1C4D6F7F` (`listeInstId`),
  KEY `IX_FAC5F836` (`orgId`),
  KEY `IX_2179019B` (`orgId`,`roleId`),
  KEY `IX_C08B312` (`orgId`,`roleId`,`listeInstId`,`subOrgId`,`roleFilter`),
  KEY `IX_60912FA8` (`orgId`,`roleId`,`parentList`,`childrenList`)
) ENGINE=InnoDB DEFAULT CHARSET=latin1;

--
-- Dumping data for table `institutionallist_listeinstdetails`
--


--
-- Table structure for table `journalarticle`
--

CREATE TABLE `journalarticle` (
  `uuid_` varchar(75) DEFAULT NULL,
  `id_` bigint(20) NOT NULL,
  `resourcePrimKey` bigint(20) DEFAULT NULL,
  `groupId` bigint(20) DEFAULT NULL,
  `companyId` bigint(20) DEFAULT NULL,
  `userId` bigint(20) DEFAULT NULL,
  `userName` varchar(75) DEFAULT NULL,
  `createDate` datetime DEFAULT NULL,
  `modifiedDate` datetime DEFAULT NULL,
  `articleId` varchar(75) DEFAULT NULL,
  `version` double DEFAULT NULL,
  `title` longtext,
  `urlTitle` varchar(150) DEFAULT NULL,
  `description` longtext,
  `content` longtext,
  `type_` varchar(75) DEFAULT NULL,
  `structureId` varchar(75) DEFAULT NULL,
  `templateId` varchar(75) DEFAULT NULL,
  `displayDate` datetime DEFAULT NULL,
  `approved` tinyint(4) DEFAULT NULL,
  `approvedByUserId` bigint(20) DEFAULT NULL,
  `approvedByUserName` varchar(75) DEFAULT NULL,
  `approvedDate` datetime DEFAULT NULL,
  `expired` tinyint(4) DEFAULT NULL,
  `expirationDate` datetime DEFAULT NULL,
  `reviewDate` datetime DEFAULT NULL,
  `indexable` tinyint(4) DEFAULT NULL,
  `smallImage` tinyint(4) DEFAULT NULL,
  `smallImageId` bigint(20) DEFAULT NULL,
  `smallImageURL` longtext,
  `status` int(11) DEFAULT NULL,
  `statusByUserId` bigint(20) DEFAULT NULL,
  `statusByUserName` varchar(75) DEFAULT NULL,
  `statusDate` datetime DEFAULT NULL,
  `classNameId` bigint(20) DEFAULT NULL,
  `classPK` bigint(20) DEFAULT NULL,
  `layoutUuid` varchar(75) DEFAULT NULL,
  PRIMARY KEY (`id_`),
  UNIQUE KEY `IX_85C52EEC` (`groupId`,`articleId`,`version`),
  UNIQUE KEY `IX_3463D95B` (`uuid_`,`groupId`),
  KEY `IX_DFF98523` (`companyId`),
  KEY `IX_9356F865` (`groupId`),
  KEY `IX_68C0F69C` (`groupId`,`articleId`),
  KEY `IX_8DBF1387` (`groupId`,`articleId`,`approved`),
  KEY `IX_2E207659` (`groupId`,`structureId`),
  KEY `IX_8DEAE14E` (`groupId`,`templateId`),
  KEY `IX_22882D02` (`groupId`,`urlTitle`),
  KEY `IX_76186981` (`resourcePrimKey`,`approved`),
  KEY `IX_EF9B7028` (`smallImageId`),
  KEY `IX_F029602F` (`uuid_`),
  KEY `IX_323DF109` (`companyId`,`status`),
  KEY `IX_4D5CD982` (`groupId`,`articleId`,`status`),
  KEY `IX_301D024B` (`groupId`,`status`),
  KEY `IX_D2D249E8` (`groupId`,`urlTitle`,`status`),
  KEY `IX_33F49D16` (`resourcePrimKey`),
  KEY `IX_3E2765FC` (`resourcePrimKey`,`status`),
  KEY `IX_3D070845` (`companyId`,`version`),
  KEY `IX_E82F322B` (`companyId`,`version`,`status`),
  KEY `IX_9CE6E0FA` (`groupId`,`classNameId`,`classPK`),
  KEY `IX_A2534AC2` (`groupId`,`classNameId`,`layoutUuid`),
  KEY `IX_91E78C35` (`groupId`,`classNameId`,`structureId`),
  KEY `IX_F43B9FF2` (`groupId`,`classNameId`,`templateId`),
  KEY `IX_3C028C1E` (`groupId`,`layoutUuid`),
  KEY `IX_F0A26B29` (`groupId`,`version`,`status`),
  KEY `IX_8E8710D9` (`structureId`),
  KEY `IX_9106F6CE` (`templateId`)
) ENGINE=InnoDB DEFAULT CHARSET=utf8;

--
-- Dumping data for table `journalarticle`
--


--
-- Table structure for table `journalarticleimage`
--

CREATE TABLE `journalarticleimage` (
  `articleImageId` bigint(20) NOT NULL,
  `groupId` bigint(20) DEFAULT NULL,
  `articleId` varchar(75) DEFAULT NULL,
  `version` double DEFAULT NULL,
  `elInstanceId` varchar(75) DEFAULT NULL,
  `elName` varchar(75) DEFAULT NULL,
  `languageId` varchar(75) DEFAULT NULL,
  `tempImage` tinyint(4) DEFAULT NULL,
  PRIMARY KEY (`articleImageId`),
  UNIQUE KEY `IX_103D6207` (`groupId`,`articleId`,`version`,`elInstanceId`,`elName`,`languageId`),
  KEY `IX_3B51BB68` (`groupId`),
  KEY `IX_158B526F` (`groupId`,`articleId`,`version`),
  KEY `IX_D4121315` (`tempImage`)
) ENGINE=InnoDB DEFAULT CHARSET=utf8;

--
-- Dumping data for table `journalarticleimage`
--


--
-- Table structure for table `journalarticleresource`
--

CREATE TABLE `journalarticleresource` (
  `resourcePrimKey` bigint(20) NOT NULL,
  `groupId` bigint(20) DEFAULT NULL,
  `articleId` varchar(75) DEFAULT NULL,
  `uuid_` varchar(75) DEFAULT NULL,
  PRIMARY KEY (`resourcePrimKey`),
  UNIQUE KEY `IX_88DF994A` (`groupId`,`articleId`),
  UNIQUE KEY `IX_84AB0309` (`uuid_`,`groupId`),
  KEY `IX_F8433677` (`groupId`),
  KEY `IX_DCD1FAC1` (`uuid_`)
) ENGINE=InnoDB DEFAULT CHARSET=utf8;

--
-- Dumping data for table `journalarticleresource`
--


--
-- Table structure for table `journalcontentsearch`
--

CREATE TABLE `journalcontentsearch` (
  `contentSearchId` bigint(20) NOT NULL,
  `groupId` bigint(20) DEFAULT NULL,
  `companyId` bigint(20) DEFAULT NULL,
  `privateLayout` tinyint(4) DEFAULT NULL,
  `layoutId` bigint(20) DEFAULT NULL,
  `portletId` varchar(200) DEFAULT NULL,
  `articleId` varchar(75) DEFAULT NULL,
  PRIMARY KEY (`contentSearchId`),
  UNIQUE KEY `IX_C3AA93B8` (`groupId`,`privateLayout`,`layoutId`,`portletId`,`articleId`),
  KEY `IX_6838E427` (`groupId`,`articleId`),
  KEY `IX_20962903` (`groupId`,`privateLayout`),
  KEY `IX_7CC7D73E` (`groupId`,`privateLayout`,`articleId`),
  KEY `IX_B3B318DC` (`groupId`,`privateLayout`,`layoutId`),
  KEY `IX_7ACC74C9` (`groupId`,`privateLayout`,`layoutId`,`portletId`),
  KEY `IX_9207CB31` (`articleId`)
) ENGINE=InnoDB DEFAULT CHARSET=utf8;

--
-- Dumping data for table `journalcontentsearch`
--


--
-- Table structure for table `journalfeed`
--

CREATE TABLE `journalfeed` (
  `uuid_` varchar(75) DEFAULT NULL,
  `id_` bigint(20) NOT NULL,
  `groupId` bigint(20) DEFAULT NULL,
  `companyId` bigint(20) DEFAULT NULL,
  `userId` bigint(20) DEFAULT NULL,
  `userName` varchar(75) DEFAULT NULL,
  `createDate` datetime DEFAULT NULL,
  `modifiedDate` datetime DEFAULT NULL,
  `feedId` varchar(75) DEFAULT NULL,
  `name` varchar(75) DEFAULT NULL,
  `description` longtext,
  `type_` varchar(75) DEFAULT NULL,
  `structureId` varchar(75) DEFAULT NULL,
  `templateId` varchar(75) DEFAULT NULL,
  `rendererTemplateId` varchar(75) DEFAULT NULL,
  `delta` int(11) DEFAULT NULL,
  `orderByCol` varchar(75) DEFAULT NULL,
  `orderByType` varchar(75) DEFAULT NULL,
  `targetLayoutFriendlyUrl` varchar(255) DEFAULT NULL,
  `targetPortletId` varchar(75) DEFAULT NULL,
  `contentField` varchar(75) DEFAULT NULL,
  `feedType` varchar(75) DEFAULT NULL,
  `feedVersion` double DEFAULT NULL,
  PRIMARY KEY (`id_`),
  UNIQUE KEY `IX_65576CBC` (`groupId`,`feedId`),
  UNIQUE KEY `IX_39031F51` (`uuid_`,`groupId`),
  KEY `IX_35A2DB2F` (`groupId`),
  KEY `IX_50C36D79` (`uuid_`)
) ENGINE=InnoDB DEFAULT CHARSET=utf8;

--
-- Dumping data for table `journalfeed`
--


--
-- Table structure for table `journalstructure`
--

CREATE TABLE `journalstructure` (
  `uuid_` varchar(75) DEFAULT NULL,
  `id_` bigint(20) NOT NULL,
  `groupId` bigint(20) DEFAULT NULL,
  `companyId` bigint(20) DEFAULT NULL,
  `userId` bigint(20) DEFAULT NULL,
  `userName` varchar(75) DEFAULT NULL,
  `createDate` datetime DEFAULT NULL,
  `modifiedDate` datetime DEFAULT NULL,
  `structureId` varchar(75) DEFAULT NULL,
  `parentStructureId` varchar(75) DEFAULT NULL,
  `name` longtext,
  `description` longtext,
  `xsd` longtext,
  PRIMARY KEY (`id_`),
  UNIQUE KEY `IX_AB6E9996` (`groupId`,`structureId`),
  UNIQUE KEY `IX_42E86E58` (`uuid_`,`groupId`),
  KEY `IX_B97F5608` (`groupId`),
  KEY `IX_CA0BD48C` (`groupId`,`parentStructureId`),
  KEY `IX_8831E4FC` (`structureId`),
  KEY `IX_6702CA92` (`uuid_`),
  KEY `IX_4FA67B72` (`parentStructureId`)
) ENGINE=InnoDB DEFAULT CHARSET=utf8;

--
-- Dumping data for table `journalstructure`
--


--
-- Table structure for table `journaltemplate`
--

CREATE TABLE `journaltemplate` (
  `uuid_` varchar(75) DEFAULT NULL,
  `id_` bigint(20) NOT NULL,
  `groupId` bigint(20) DEFAULT NULL,
  `companyId` bigint(20) DEFAULT NULL,
  `userId` bigint(20) DEFAULT NULL,
  `userName` varchar(75) DEFAULT NULL,
  `createDate` datetime DEFAULT NULL,
  `modifiedDate` datetime DEFAULT NULL,
  `templateId` varchar(75) DEFAULT NULL,
  `structureId` varchar(75) DEFAULT NULL,
  `name` longtext,
  `description` longtext,
  `xsl` longtext,
  `langType` varchar(75) DEFAULT NULL,
  `cacheable` tinyint(4) DEFAULT NULL,
  `smallImage` tinyint(4) DEFAULT NULL,
  `smallImageId` bigint(20) DEFAULT NULL,
  `smallImageURL` longtext,
  PRIMARY KEY (`id_`),
  UNIQUE KEY `IX_E802AA3C` (`groupId`,`templateId`),
  UNIQUE KEY `IX_62D1B3AD` (`uuid_`,`groupId`),
  KEY `IX_77923653` (`groupId`),
  KEY `IX_1701CB2B` (`groupId`,`structureId`),
  KEY `IX_25FFB6FA` (`smallImageId`),
  KEY `IX_1B12CA20` (`templateId`),
  KEY `IX_2857419D` (`uuid_`),
  KEY `IX_45F5A7C7` (`structureId`)
) ENGINE=InnoDB DEFAULT CHARSET=utf8;

--
-- Dumping data for table `journaltemplate`
--


--
-- Table structure for table `kaleoaction`
--

CREATE TABLE `kaleoaction` (
  `kaleoActionId` bigint(20) NOT NULL,
  `groupId` bigint(20) DEFAULT NULL,
  `companyId` bigint(20) DEFAULT NULL,
  `userId` bigint(20) DEFAULT NULL,
  `userName` varchar(200) DEFAULT NULL,
  `createDate` datetime DEFAULT NULL,
  `modifiedDate` datetime DEFAULT NULL,
  `kaleoDefinitionId` bigint(20) DEFAULT NULL,
  `kaleoNodeId` bigint(20) DEFAULT NULL,
  `kaleoNodeName` varchar(200) DEFAULT NULL,
  `name` varchar(200) DEFAULT NULL,
  `description` varchar(2000) DEFAULT NULL,
  `executionType` varchar(20) DEFAULT NULL,
  `script` longtext,
  `scriptLanguage` varchar(75) DEFAULT NULL,
  `priority` int(11) DEFAULT NULL,
  PRIMARY KEY (`kaleoActionId`),
  KEY `IX_50E9112C` (`companyId`),
  KEY `IX_F95A622` (`kaleoDefinitionId`),
  KEY `IX_B88DF9B1` (`kaleoNodeId`,`executionType`)
) ENGINE=InnoDB DEFAULT CHARSET=utf8;

--
-- Dumping data for table `kaleoaction`
--

INSERT INTO `kaleoaction` VALUES (60717,0,10202,10205,' ','2013-06-20 06:30:12','2013-06-20 06:30:12',60711,60716,'approved','approve','','onEntry','\n					\n						Packages.com.liferay.portal.kernel.workflow.WorkflowStatusManagerUtil.updateStatus(Packages.com.liferay.portal.kernel.workflow.WorkflowConstants.toStatus(\"approved\"), workflowContext);\n					\n				','javascript',0);

--
-- Table structure for table `kaleodefinition`
--

CREATE TABLE `kaleodefinition` (
  `kaleoDefinitionId` bigint(20) NOT NULL,
  `groupId` bigint(20) DEFAULT NULL,
  `companyId` bigint(20) DEFAULT NULL,
  `userId` bigint(20) DEFAULT NULL,
  `userName` varchar(200) DEFAULT NULL,
  `createDate` datetime DEFAULT NULL,
  `modifiedDate` datetime DEFAULT NULL,
  `name` varchar(200) DEFAULT NULL,
  `title` longtext,
  `description` varchar(2000) DEFAULT NULL,
  `version` int(11) DEFAULT NULL,
  `active_` tinyint(4) DEFAULT NULL,
  `startKaleoNodeId` bigint(20) DEFAULT NULL,
  PRIMARY KEY (`kaleoDefinitionId`),
  KEY `IX_40B9112F` (`companyId`),
  KEY `IX_408542BA` (`companyId`,`active_`),
  KEY `IX_76C781AE` (`companyId`,`name`),
  KEY `IX_4C23F11B` (`companyId`,`name`,`active_`),
  KEY `IX_EC14F81A` (`companyId`,`name`,`version`)
) ENGINE=InnoDB DEFAULT CHARSET=utf8;

--
-- Dumping data for table `kaleodefinition`
--

INSERT INTO `kaleodefinition` VALUES (60711,0,10202,10205,' ','2013-06-20 06:30:11','2013-06-20 06:30:12','Single Approver','Single Approver','A single approver can approve a workflow content.',1,1,60718);

--
-- Table structure for table `kaleoinstance`
--

CREATE TABLE `kaleoinstance` (
  `kaleoInstanceId` bigint(20) NOT NULL,
  `groupId` bigint(20) DEFAULT NULL,
  `companyId` bigint(20) DEFAULT NULL,
  `userId` bigint(20) DEFAULT NULL,
  `userName` varchar(200) DEFAULT NULL,
  `createDate` datetime DEFAULT NULL,
  `modifiedDate` datetime DEFAULT NULL,
  `kaleoDefinitionId` bigint(20) DEFAULT NULL,
  `kaleoDefinitionName` varchar(200) DEFAULT NULL,
  `kaleoDefinitionVersion` int(11) DEFAULT NULL,
  `rootKaleoInstanceTokenId` bigint(20) DEFAULT NULL,
  `className` varchar(200) DEFAULT NULL,
  `classPK` bigint(20) DEFAULT NULL,
  `completed` tinyint(4) DEFAULT NULL,
  `completionDate` datetime DEFAULT NULL,
  `workflowContext` longtext,
  PRIMARY KEY (`kaleoInstanceId`),
  KEY `IX_5F2FCD2D` (`companyId`),
  KEY `IX_BF5839F8` (`companyId`,`kaleoDefinitionName`,`kaleoDefinitionVersion`,`completionDate`),
  KEY `IX_4DA4D123` (`kaleoDefinitionId`),
  KEY `IX_ACF16238` (`kaleoDefinitionId`,`completed`)
) ENGINE=InnoDB DEFAULT CHARSET=utf8;

--
-- Dumping data for table `kaleoinstance`
--


--
-- Table structure for table `kaleoinstancetoken`
--

CREATE TABLE `kaleoinstancetoken` (
  `kaleoInstanceTokenId` bigint(20) NOT NULL,
  `groupId` bigint(20) DEFAULT NULL,
  `companyId` bigint(20) DEFAULT NULL,
  `userId` bigint(20) DEFAULT NULL,
  `userName` varchar(200) DEFAULT NULL,
  `createDate` datetime DEFAULT NULL,
  `modifiedDate` datetime DEFAULT NULL,
  `kaleoDefinitionId` bigint(20) DEFAULT NULL,
  `kaleoInstanceId` bigint(20) DEFAULT NULL,
  `parentKaleoInstanceTokenId` bigint(20) DEFAULT NULL,
  `currentKaleoNodeId` bigint(20) DEFAULT NULL,
  `currentKaleoNodeName` varchar(200) DEFAULT NULL,
  `className` varchar(75) DEFAULT NULL,
  `classPK` bigint(20) DEFAULT NULL,
  `completed` tinyint(4) DEFAULT NULL,
  `completionDate` datetime DEFAULT NULL,
  PRIMARY KEY (`kaleoInstanceTokenId`),
  KEY `IX_153721BE` (`companyId`),
  KEY `IX_4A86923B` (`companyId`,`parentKaleoInstanceTokenId`),
  KEY `IX_360D34D9` (`companyId`,`parentKaleoInstanceTokenId`,`completionDate`),
  KEY `IX_7BDB04B4` (`kaleoDefinitionId`),
  KEY `IX_F42AAFF6` (`kaleoInstanceId`)
) ENGINE=InnoDB DEFAULT CHARSET=utf8;

--
-- Dumping data for table `kaleoinstancetoken`
--


--
-- Table structure for table `kaleolog`
--

CREATE TABLE `kaleolog` (
  `kaleoLogId` bigint(20) NOT NULL,
  `groupId` bigint(20) DEFAULT NULL,
  `companyId` bigint(20) DEFAULT NULL,
  `userId` bigint(20) DEFAULT NULL,
  `userName` varchar(200) DEFAULT NULL,
  `createDate` datetime DEFAULT NULL,
  `modifiedDate` datetime DEFAULT NULL,
  `kaleoDefinitionId` bigint(20) DEFAULT NULL,
  `kaleoInstanceId` bigint(20) DEFAULT NULL,
  `kaleoInstanceTokenId` bigint(20) DEFAULT NULL,
  `kaleoTaskInstanceTokenId` bigint(20) DEFAULT NULL,
  `kaleoNodeId` bigint(20) DEFAULT NULL,
  `kaleoNodeName` varchar(200) DEFAULT NULL,
  `terminalKaleoNode` tinyint(4) DEFAULT NULL,
  `kaleoActionId` bigint(20) DEFAULT NULL,
  `kaleoActionName` varchar(200) DEFAULT NULL,
  `kaleoActionDescription` varchar(2000) DEFAULT NULL,
  `previousKaleoNodeId` bigint(20) DEFAULT NULL,
  `previousKaleoNodeName` varchar(200) DEFAULT NULL,
  `previousAssigneeClassName` varchar(200) DEFAULT NULL,
  `previousAssigneeClassPK` bigint(20) DEFAULT NULL,
  `currentAssigneeClassName` varchar(200) DEFAULT NULL,
  `currentAssigneeClassPK` bigint(20) DEFAULT NULL,
  `type_` varchar(50) DEFAULT NULL,
  `comment_` varchar(2000) DEFAULT NULL,
  `startDate` datetime DEFAULT NULL,
  `endDate` datetime DEFAULT NULL,
  `duration` bigint(20) DEFAULT NULL,
  `workflowContext` longtext,
  PRIMARY KEY (`kaleoLogId`),
  KEY `IX_73B5F4DE` (`companyId`),
  KEY `IX_6C64B7D4` (`kaleoDefinitionId`),
  KEY `IX_5BC6AB16` (`kaleoInstanceId`),
  KEY `IX_25157F25` (`kaleoInstanceTokenId`,`kaleoNodeId`,`type_`),
  KEY `IX_470B9FF8` (`kaleoInstanceTokenId`,`type_`),
  KEY `IX_B0CDCA38` (`kaleoTaskInstanceTokenId`)
) ENGINE=InnoDB DEFAULT CHARSET=utf8;

--
-- Dumping data for table `kaleolog`
--


--
-- Table structure for table `kaleonode`
--

CREATE TABLE `kaleonode` (
  `kaleoNodeId` bigint(20) NOT NULL,
  `groupId` bigint(20) DEFAULT NULL,
  `companyId` bigint(20) DEFAULT NULL,
  `userId` bigint(20) DEFAULT NULL,
  `userName` varchar(200) DEFAULT NULL,
  `createDate` datetime DEFAULT NULL,
  `modifiedDate` datetime DEFAULT NULL,
  `kaleoDefinitionId` bigint(20) DEFAULT NULL,
  `name` varchar(200) DEFAULT NULL,
  `description` varchar(2000) DEFAULT NULL,
  `type_` varchar(20) DEFAULT NULL,
  `initial_` tinyint(4) DEFAULT NULL,
  `terminal` tinyint(4) DEFAULT NULL,
  PRIMARY KEY (`kaleoNodeId`),
  KEY `IX_C4E9ACE0` (`companyId`),
  KEY `IX_F28C443E` (`companyId`,`kaleoDefinitionId`),
  KEY `IX_32E94DD6` (`kaleoDefinitionId`)
) ENGINE=InnoDB DEFAULT CHARSET=utf8;

--
-- Dumping data for table `kaleonode`
--

INSERT INTO `kaleonode` VALUES (60712,0,10202,10205,' ','2013-06-20 06:30:11','2013-06-20 06:30:11',60711,'update','','TASK',0,0),(60716,0,10202,10205,' ','2013-06-20 06:30:11','2013-06-20 06:30:11',60711,'approved','','STATE',0,1),(60718,0,10202,10205,' ','2013-06-20 06:30:12','2013-06-20 06:30:12',60711,'created','','STATE',1,0),(60719,0,10202,10205,' ','2013-06-20 06:30:12','2013-06-20 06:30:12',60711,'review','','TASK',0,0);

--
-- Table structure for table `kaleonotification`
--

CREATE TABLE `kaleonotification` (
  `kaleoNotificationId` bigint(20) NOT NULL,
  `groupId` bigint(20) DEFAULT NULL,
  `companyId` bigint(20) DEFAULT NULL,
  `userId` bigint(20) DEFAULT NULL,
  `userName` varchar(200) DEFAULT NULL,
  `createDate` datetime DEFAULT NULL,
  `modifiedDate` datetime DEFAULT NULL,
  `kaleoDefinitionId` bigint(20) DEFAULT NULL,
  `kaleoNodeId` bigint(20) DEFAULT NULL,
  `kaleoNodeName` varchar(200) DEFAULT NULL,
  `name` varchar(200) DEFAULT NULL,
  `description` varchar(2000) DEFAULT NULL,
  `executionType` varchar(20) DEFAULT NULL,
  `template` longtext,
  `templateLanguage` varchar(75) DEFAULT NULL,
  `notificationTypes` varchar(25) DEFAULT NULL,
  PRIMARY KEY (`kaleoNotificationId`),
  KEY `IX_38829497` (`companyId`),
  KEY `IX_4B968E8D` (`kaleoDefinitionId`),
  KEY `IX_A5C459A6` (`kaleoNodeId`,`executionType`)
) ENGINE=InnoDB DEFAULT CHARSET=utf8;

--
-- Dumping data for table `kaleonotification`
--

INSERT INTO `kaleonotification` VALUES (60713,0,10202,10205,' ','2013-06-20 06:30:11','2013-06-20 06:30:11',60711,60712,'update','Creator Modification Notification','','onAssignment','Your submission was rejected by a reviewer, please modify and resubmit.','text','email'),(60720,0,10202,10205,' ','2013-06-20 06:30:12','2013-06-20 06:30:12',60711,60719,'review','Review Notification','','onAssignment','You have a new submission waiting for your review in the workflow.','text','email');

--
-- Table structure for table `kaleonotificationrecipient`
--

CREATE TABLE `kaleonotificationrecipient` (
  `kaleoNotificationRecipientId` bigint(20) NOT NULL,
  `groupId` bigint(20) DEFAULT NULL,
  `companyId` bigint(20) DEFAULT NULL,
  `userId` bigint(20) DEFAULT NULL,
  `userName` varchar(75) DEFAULT NULL,
  `createDate` datetime DEFAULT NULL,
  `modifiedDate` datetime DEFAULT NULL,
  `kaleoDefinitionId` bigint(20) DEFAULT NULL,
  `kaleoNotificationId` bigint(20) DEFAULT NULL,
  `recipientClassName` varchar(75) DEFAULT NULL,
  `recipientClassPK` bigint(20) DEFAULT NULL,
  `recipientRoleType` int(11) DEFAULT NULL,
  `address` varchar(75) DEFAULT NULL,
  PRIMARY KEY (`kaleoNotificationRecipientId`),
  KEY `IX_2C8C4AF4` (`companyId`),
  KEY `IX_AA6697EA` (`kaleoDefinitionId`),
  KEY `IX_7F4FED02` (`kaleoNotificationId`)
) ENGINE=InnoDB DEFAULT CHARSET=utf8;

--
-- Dumping data for table `kaleonotificationrecipient`
--


--
-- Table structure for table `kaleotask`
--

CREATE TABLE `kaleotask` (
  `kaleoTaskId` bigint(20) NOT NULL,
  `groupId` bigint(20) DEFAULT NULL,
  `companyId` bigint(20) DEFAULT NULL,
  `userId` bigint(20) DEFAULT NULL,
  `userName` varchar(200) DEFAULT NULL,
  `createDate` datetime DEFAULT NULL,
  `modifiedDate` datetime DEFAULT NULL,
  `kaleoDefinitionId` bigint(20) DEFAULT NULL,
  `kaleoNodeId` bigint(20) DEFAULT NULL,
  `name` varchar(75) DEFAULT NULL,
  `description` varchar(75) DEFAULT NULL,
  `dueDateDuration` double DEFAULT NULL,
  `dueDateScale` varchar(75) DEFAULT NULL,
  PRIMARY KEY (`kaleoTaskId`),
  KEY `IX_E1F8B23D` (`companyId`),
  KEY `IX_3FFA633` (`kaleoDefinitionId`),
  KEY `IX_77B3F1A2` (`kaleoNodeId`)
) ENGINE=InnoDB DEFAULT CHARSET=utf8;

--
-- Dumping data for table `kaleotask`
--

INSERT INTO `kaleotask` VALUES (60714,0,10202,10205,' ','2013-06-20 06:30:11','2013-06-20 06:30:11',60711,60712,'update','',0,''),(60721,0,10202,10205,' ','2013-06-20 06:30:12','2013-06-20 06:30:12',60711,60719,'review','',0,'');

--
-- Table structure for table `kaleotaskassignment`
--

CREATE TABLE `kaleotaskassignment` (
  `kaleoTaskAssignmentId` bigint(20) NOT NULL,
  `groupId` bigint(20) DEFAULT NULL,
  `companyId` bigint(20) DEFAULT NULL,
  `userId` bigint(20) DEFAULT NULL,
  `userName` varchar(200) DEFAULT NULL,
  `createDate` datetime DEFAULT NULL,
  `modifiedDate` datetime DEFAULT NULL,
  `kaleoDefinitionId` bigint(20) DEFAULT NULL,
  `kaleoNodeId` bigint(20) DEFAULT NULL,
  `kaleoTaskId` bigint(20) DEFAULT NULL,
  `assigneeClassName` varchar(200) DEFAULT NULL,
  `assigneeClassPK` bigint(20) DEFAULT NULL,
  PRIMARY KEY (`kaleoTaskAssignmentId`),
  KEY `IX_81225C04` (`assigneeClassName`,`kaleoTaskId`),
  KEY `IX_611732B0` (`companyId`),
  KEY `IX_575C03A6` (`kaleoDefinitionId`),
  KEY `IX_4DD12F58` (`kaleoTaskId`)
) ENGINE=InnoDB DEFAULT CHARSET=utf8;

--
-- Dumping data for table `kaleotaskassignment`
--

INSERT INTO `kaleotaskassignment` VALUES (60715,0,10202,10205,' ','2013-06-20 06:30:11','2013-06-20 06:30:11',60711,60712,60714,'com.liferay.portal.model.User',0),(60722,0,10202,10205,' ','2013-06-20 06:30:12','2013-06-20 06:30:12',60711,60719,60721,'com.liferay.portal.model.Role',59477),(60723,0,10202,10205,' ','2013-06-20 06:30:12','2013-06-20 06:30:12',60711,60719,60721,'com.liferay.portal.model.Role',10216),(60724,0,10202,10205,' ','2013-06-20 06:30:12','2013-06-20 06:30:12',60711,60719,60721,'com.liferay.portal.model.Role',10215),(60725,0,10202,10205,' ','2013-06-20 06:30:12','2013-06-20 06:30:12',60711,60719,60721,'com.liferay.portal.model.Role',10208),(60726,0,10202,10205,' ','2013-06-20 06:30:12','2013-06-20 06:30:12',60711,60719,60721,'com.liferay.portal.model.Role',10218),(60727,0,10202,10205,' ','2013-06-20 06:30:12','2013-06-20 06:30:12',60711,60719,60721,'com.liferay.portal.model.Role',59475),(60728,0,10202,10205,' ','2013-06-20 06:30:12','2013-06-20 06:30:12',60711,60719,60721,'com.liferay.portal.model.Role',10213),(60729,0,10202,10205,' ','2013-06-20 06:30:12','2013-06-20 06:30:12',60711,60719,60721,'com.liferay.portal.model.Role',59476);

--
-- Table structure for table `kaleotaskassignmentinstance`
--

CREATE TABLE `kaleotaskassignmentinstance` (
  `kaleoTaskAssignmentInstanceId` bigint(20) NOT NULL,
  `groupId` bigint(20) DEFAULT NULL,
  `companyId` bigint(20) DEFAULT NULL,
  `userId` bigint(20) DEFAULT NULL,
  `userName` varchar(75) DEFAULT NULL,
  `createDate` datetime DEFAULT NULL,
  `modifiedDate` datetime DEFAULT NULL,
  `kaleoDefinitionId` bigint(20) DEFAULT NULL,
  `kaleoInstanceId` bigint(20) DEFAULT NULL,
  `kaleoInstanceTokenId` bigint(20) DEFAULT NULL,
  `kaleoTaskInstanceTokenId` bigint(20) DEFAULT NULL,
  `kaleoTaskId` bigint(20) DEFAULT NULL,
  `kaleoTaskName` varchar(75) DEFAULT NULL,
  `assigneeClassName` varchar(75) DEFAULT NULL,
  `assigneeClassPK` bigint(20) DEFAULT NULL,
  `completed` tinyint(4) DEFAULT NULL,
  `completionDate` datetime DEFAULT NULL,
  PRIMARY KEY (`kaleoTaskAssignmentInstanceId`),
  KEY `IX_6E3CDA1B` (`companyId`),
  KEY `IX_C851011` (`kaleoDefinitionId`),
  KEY `IX_67A9EE93` (`kaleoInstanceId`),
  KEY `IX_D4C2235B` (`kaleoTaskInstanceTokenId`)
) ENGINE=InnoDB DEFAULT CHARSET=utf8;

--
-- Dumping data for table `kaleotaskassignmentinstance`
--


--
-- Table structure for table `kaleotaskinstancetoken`
--

CREATE TABLE `kaleotaskinstancetoken` (
  `kaleoTaskInstanceTokenId` bigint(20) NOT NULL,
  `groupId` bigint(20) DEFAULT NULL,
  `companyId` bigint(20) DEFAULT NULL,
  `userId` bigint(20) DEFAULT NULL,
  `userName` varchar(200) DEFAULT NULL,
  `createDate` datetime DEFAULT NULL,
  `modifiedDate` datetime DEFAULT NULL,
  `kaleoDefinitionId` bigint(20) DEFAULT NULL,
  `kaleoInstanceId` bigint(20) DEFAULT NULL,
  `kaleoInstanceTokenId` bigint(20) DEFAULT NULL,
  `kaleoTaskId` bigint(20) DEFAULT NULL,
  `kaleoTaskName` varchar(200) DEFAULT NULL,
  `className` varchar(75) DEFAULT NULL,
  `classPK` bigint(20) DEFAULT NULL,
  `completionUserId` bigint(20) DEFAULT NULL,
  `completed` tinyint(4) DEFAULT NULL,
  `completionDate` datetime DEFAULT NULL,
  `dueDate` datetime DEFAULT NULL,
  `workflowContext` longtext,
  PRIMARY KEY (`kaleoTaskInstanceTokenId`),
  KEY `IX_997FE723` (`companyId`),
  KEY `IX_608E9519` (`kaleoDefinitionId`),
  KEY `IX_2CE1159B` (`kaleoInstanceId`)
) ENGINE=InnoDB DEFAULT CHARSET=utf8;

--
-- Dumping data for table `kaleotaskinstancetoken`
--


--
-- Table structure for table `kaleotransition`
--

CREATE TABLE `kaleotransition` (
  `kaleoTransitionId` bigint(20) NOT NULL,
  `groupId` bigint(20) DEFAULT NULL,
  `companyId` bigint(20) DEFAULT NULL,
  `userId` bigint(20) DEFAULT NULL,
  `userName` varchar(200) DEFAULT NULL,
  `createDate` datetime DEFAULT NULL,
  `modifiedDate` datetime DEFAULT NULL,
  `kaleoDefinitionId` bigint(20) DEFAULT NULL,
  `kaleoNodeId` bigint(20) DEFAULT NULL,
  `name` varchar(200) DEFAULT NULL,
  `description` varchar(2000) DEFAULT NULL,
  `sourceKaleoNodeId` bigint(20) DEFAULT NULL,
  `sourceKaleoNodeName` varchar(200) DEFAULT NULL,
  `targetKaleoNodeId` bigint(20) DEFAULT NULL,
  `targetKaleoNodeName` varchar(200) DEFAULT NULL,
  `defaultTransition` tinyint(4) DEFAULT NULL,
  PRIMARY KEY (`kaleoTransitionId`),
  KEY `IX_41D6C6D` (`companyId`),
  KEY `IX_479F3063` (`kaleoDefinitionId`),
  KEY `IX_A392DFD2` (`kaleoNodeId`),
  KEY `IX_A38E2194` (`kaleoNodeId`,`defaultTransition`),
  KEY `IX_85268A11` (`kaleoNodeId`,`name`)
) ENGINE=InnoDB DEFAULT CHARSET=utf8;

--
-- Dumping data for table `kaleotransition`
--

INSERT INTO `kaleotransition` VALUES (60730,0,10202,10205,' ','2013-06-20 06:30:12','2013-06-20 06:30:12',60711,60712,'resubmit','',60712,'update',60719,'review',1),(60731,0,10202,10205,' ','2013-06-20 06:30:12','2013-06-20 06:30:12',60711,60718,'review','',60718,'created',60719,'review',1),(60732,0,10202,10205,' ','2013-06-20 06:30:12','2013-06-20 06:30:12',60711,60719,'approve','',60719,'review',60716,'approved',1),(60733,0,10202,10205,' ','2013-06-20 06:30:12','2013-06-20 06:30:12',60711,60719,'reject','',60719,'review',60712,'update',0);

--
-- Table structure for table `layout`
--

CREATE TABLE `layout` (
  `plid` bigint(20) NOT NULL,
  `groupId` bigint(20) DEFAULT NULL,
  `companyId` bigint(20) DEFAULT NULL,
  `privateLayout` tinyint(4) DEFAULT NULL,
  `layoutId` bigint(20) DEFAULT NULL,
  `parentLayoutId` bigint(20) DEFAULT NULL,
  `name` longtext,
  `title` longtext,
  `description` longtext,
  `type_` varchar(75) DEFAULT NULL,
  `typeSettings` longtext,
  `hidden_` tinyint(4) DEFAULT NULL,
  `friendlyURL` varchar(100) DEFAULT NULL,
  `iconImage` tinyint(4) DEFAULT NULL,
  `iconImageId` bigint(20) DEFAULT NULL,
  `themeId` varchar(75) DEFAULT NULL,
  `colorSchemeId` varchar(75) DEFAULT NULL,
  `wapThemeId` varchar(75) DEFAULT NULL,
  `wapColorSchemeId` varchar(75) DEFAULT NULL,
  `css` longtext,
  `priority` int(11) DEFAULT NULL,
  `uuid_` varchar(75) DEFAULT NULL,
  `createDate` datetime DEFAULT NULL,
  `modifiedDate` datetime DEFAULT NULL,
  `keywords` longtext,
  `robots` longtext,
  `layoutPrototypeUuid` varchar(75) DEFAULT NULL,
  `layoutPrototypeLinkEnabled` tinyint(4) DEFAULT NULL,
  `sourcePrototypeLayoutUuid` varchar(75) DEFAULT NULL,
  PRIMARY KEY (`plid`),
  UNIQUE KEY `IX_BC2C4231` (`groupId`,`privateLayout`,`friendlyURL`),
  UNIQUE KEY `IX_7162C27C` (`groupId`,`privateLayout`,`layoutId`),
  UNIQUE KEY `IX_CED31606` (`uuid_`,`groupId`),
  KEY `IX_C7FBC998` (`companyId`),
  KEY `IX_C099D61A` (`groupId`),
  KEY `IX_705F5AA3` (`groupId`,`privateLayout`),
  KEY `IX_6DE88B06` (`groupId`,`privateLayout`,`parentLayoutId`),
  KEY `IX_1A1B61D2` (`groupId`,`privateLayout`,`type_`),
  KEY `IX_23922F7D` (`iconImageId`),
  KEY `IX_D0822724` (`uuid_`),
  KEY `IX_8CE8C0D9` (`groupId`,`privateLayout`,`sourcePrototypeLayoutUuid`),
  KEY `IX_B529BFD3` (`layoutPrototypeUuid`)
) ENGINE=InnoDB DEFAULT CHARSET=utf8;

--
-- Dumping data for table `layout`
--

INSERT INTO `layout` VALUES (10222,10219,10202,1,1,0,'<?xml version=\'1.0\' encoding=\'UTF-8\'?><root available-locales=\"fr_FR\" default-locale=\"fr_FR\"><Name language-id=\"fr_FR\">Control Panel</Name></root>','<root />','','control_panel','',0,'/manage',0,0,'pentilaBanner_WAR_pentilaBannertheme','','','','',0,'d1cddef6-f204-473a-8395-259615623d55','2013-06-20 15:46:24','2013-06-20 15:46:25',NULL,NULL,NULL,NULL,NULL),(10229,10226,10202,0,1,0,'<?xml version=\'1.0\' encoding=\'UTF-8\'?><root available-locales=\"fr_FR\" default-locale=\"fr_FR\"><Name language-id=\"fr_FR\">Accueil</Name></root>','<root />','','portlet','layout-template-id=1_column\nsitemap-changefreq=daily\nsitemap-include=1\ncolumn-1=33,\n',0,'/home',0,0,'PentilaInternet_WAR_PentilaInternettheme','01','','','',0,'4b987b4e-51dd-4b58-b42b-a201fbcd58ab','2013-06-20 15:46:24','2013-06-20 15:46:25',NULL,NULL,NULL,NULL,NULL),(11327,11228,10202,1,1,0,'<?xml version=\'1.0\' encoding=\'UTF-8\'?><root available-locales=\"fr_FR\" default-locale=\"fr_FR\"><Name language-id=\"fr_FR\">Groupes</Name></root>','<root />','','portlet','layout-template-id=1_column\ncolumn-1=accesAteliers_WAR_accesAteliersportlet\n',0,'/ateliers',0,0,'pentilaBanner_WAR_pentilaBannertheme','','','','',0,'79b22827-c277-4f70-9855-3855a56c16bb','2013-06-20 15:46:24','2013-06-20 15:46:25',NULL,NULL,NULL,NULL,NULL),(11354,11232,10202,1,1,0,'<?xml version=\'1.0\' encoding=\'UTF-8\'?><root available-locales=\"fr_FR\" default-locale=\"fr_FR\"><Name language-id=\"fr_FR\">Actualités</Name></root>','<root />','','portlet','layout-template-id=1_column\ncolumn-1=actualites_WAR_actualitesportlet\n',0,'/actualites',0,0,'pentilaBanner_WAR_pentilaBannertheme','01','','','',0,'60a4d376-2425-49b9-99f7-624530d0b4d1','2013-06-20 15:46:24','2013-06-20 15:46:25',NULL,NULL,NULL,NULL,NULL),(11361,11236,10202,1,1,0,'<?xml version=\'1.0\' encoding=\'UTF-8\'?><root available-locales=\"fr_FR\" default-locale=\"fr_FR\"><Name language-id=\"fr_FR\">amis</Name></root>','<root />','','portlet','layout-template-id=1_column\nshow-alternate-links=true\nlayoutUpdateable=true\ncolumn-1-customizable=false\ncolumn-1=amis_WAR_amisportlet_INSTANCE_k2Kl,\n',0,'/amis',0,0,'pentilaBanner_WAR_pentilaBannertheme','01','pentilaBanner_WAR_pentilaBannertheme','','',0,'a7b57acf-02ba-4577-b835-33719cac5c5c','2013-06-20 15:46:24','2014-04-17 15:57:25','','','',0,''),(11368,11240,10202,1,1,0,'<?xml version=\'1.0\' encoding=\'UTF-8\'?><root available-locales=\"fr_FR\" default-locale=\"fr_FR\"><Name language-id=\"fr_FR\">Annuaire</Name></root>','<root />','','portlet','layout-template-id=1_column\ncolumn-1=annuaire_WAR_annuaireportlet\n',0,'/annuaire',0,0,'pentilaBanner_WAR_pentilaBannertheme','','','','',0,'6bdb3805-dbfd-4b0d-a7ba-ebf6b61f1de4','2013-06-20 15:46:24','2013-06-20 15:46:25',NULL,NULL,NULL,NULL,NULL),(11375,11244,10202,1,1,0,'<?xml version=\'1.0\' encoding=\'UTF-8\'?><root available-locales=\"fr_FR\" default-locale=\"fr_FR\"><Name language-id=\"fr_FR\">applicationManager</Name></root>','<root />','','portlet','layout-template-id=1_column\ncolumn-1=applicationManager_WAR_applicationManagerportlet\n',0,'/applicationmanager',0,0,'pentilaBanner_WAR_pentilaBannertheme','','','','',0,'e10d0cc4-3cee-4c6f-a3df-a6b30c65d99f','2013-06-20 15:46:24','2013-06-20 15:46:25',NULL,NULL,NULL,NULL,NULL),(11400,11252,10202,1,1,0,'<?xml version=\'1.0\' encoding=\'UTF-8\'?><root available-locales=\"fr_FR\" default-locale=\"fr_FR\"><Name language-id=\"fr_FR\">Carnet d\'adresses</Name></root>','<root />','','portlet','layout-template-id=1_column\ncolumn-1=carnetDAdresses_WAR_carnetDAdressesportlet\n',0,'/carnet-d-adresses',0,0,'pentilaBanner_WAR_pentilaBannertheme','01','','','',0,'5c8f1b25-68ab-430f-8683-e1860262811b','2013-06-20 15:46:24','2013-06-20 15:46:25',NULL,NULL,NULL,NULL,NULL),(11407,11256,10202,1,1,0,'<?xml version=\'1.0\' encoding=\'UTF-8\'?><root available-locales=\"fr_FR\" default-locale=\"fr_FR\"><Name language-id=\"fr_FR\">Cartable</Name></root>','<root />','','portlet','layout-template-id=1_column\nshow-alternate-links=true\nlayoutUpdateable=true\ncolumn-1-customizable=false\ncolumn-1=cartable_WAR_cartableportlet,\n',0,'/cartable',0,0,'pentilaBanner_WAR_pentilaBannertheme','','pentilaBanner_WAR_pentilaBannertheme','','',0,'aee94694-bbf5-4b8c-a658-23d758ac108d','2013-06-20 15:46:24','2017-10-17 07:47:37','','','',0,''),(11416,11260,10202,1,1,0,'<?xml version=\'1.0\' encoding=\'UTF-8\'?><root available-locales=\"fr_FR\" default-locale=\"fr_FR\"><Name language-id=\"fr_FR\">Casier</Name></root>','<root />','','portlet','layout-template-id=1_column\ncolumn-1=casier_WAR_cartableportlet\n',0,'/casier',0,0,'pentilaBanner_WAR_pentilaBannertheme','','','','',0,'44bd7e4a-53dd-46b1-a1a6-500546bd681f','2013-06-20 15:46:24','2013-06-20 15:46:25',NULL,NULL,NULL,NULL,NULL),(11470,11280,10202,1,1,0,'<?xml version=\'1.0\' encoding=\'UTF-8\'?><root available-locales=\"fr_FR\" default-locale=\"fr_FR\"><Name language-id=\"fr_FR\">gestion-menu</Name></root>','<root />','','portlet','layout-template-id=1_column\ncolumn-1=gestionMenus_WAR_gestionMenusportlet\n',0,'/gestion-menu',0,0,'pentilaBanner_WAR_pentilaBannertheme','','','','',0,'faba3636-1b63-4733-b1ca-b447797fe155','2013-06-20 15:46:24','2013-06-20 15:46:25',NULL,NULL,NULL,NULL,NULL),(11477,11284,10202,1,1,0,'<?xml version=\'1.0\' encoding=\'UTF-8\'?><root available-locales=\"fr_FR\" default-locale=\"fr_FR\"><Name language-id=\"fr_FR\">gestion-user</Name></root>','<root />','','portlet','layout-template-id=1_column\ncolumn-1=gestionUtilisateurs_WAR_gestionUtilisateursportlet\n',0,'/gestion-user',0,0,'pentilaBanner_WAR_pentilaBannertheme','','','','',0,'484756cf-f0da-49e7-a49f-b59fd3703b82','2013-06-20 15:46:24','2013-06-20 15:46:25',NULL,NULL,NULL,NULL,NULL),(11491,11296,10202,1,1,0,'<?xml version=\'1.0\' encoding=\'UTF-8\'?><root available-locales=\"fr_FR\" default-locale=\"fr_FR\"><Name language-id=\"fr_FR\">forum</Name></root>','<root />','','portlet','layout-template-id=1_column\ncolumn-1=forumAggregator_WAR_forumportlet\n',0,'/forum',0,0,'pentilaBanner_WAR_pentilaBannertheme','','','','',0,'2b5ff1ea-8665-414f-9ac5-8041e6763df4','2013-06-20 15:46:24','2013-06-20 15:46:25',NULL,NULL,NULL,NULL,NULL),(11499,11300,10202,1,1,0,'<?xml version=\'1.0\' encoding=\'UTF-8\'?><root available-locales=\"fr_FR\" default-locale=\"fr_FR\"><Name language-id=\"fr_FR\">messagerie</Name></root>','<root />','','portlet','layout-template-id=1_column\ncolumn-1=internalMessaging_WAR_internalMessagingportlet\n',0,'/messagerie',0,0,'pentilaBanner_WAR_pentilaBannertheme','','','','',0,'e014641f-22ac-4199-9bfc-769709294913','2013-06-20 15:46:24','2013-06-20 15:46:25',NULL,NULL,NULL,NULL,NULL),(11517,11304,10202,1,1,0,'<?xml version=\'1.0\' encoding=\'UTF-8\'?><root available-locales=\"fr_FR\" default-locale=\"fr_FR\"><Name language-id=\"fr_FR\">moteur-de-recherche</Name></root>','<root />','','portlet','layout-template-id=1_column\ncolumn-1=moteurDeRecherche_WAR_moteurDeRechercheportlet\n',0,'/moteur-de-recherche',0,0,'pentilaBanner_WAR_pentilaBannertheme','','','','',0,'a22d4d57-9b6b-4d21-9587-94b360189b41','2013-06-20 15:46:24','2013-06-20 15:46:25',NULL,NULL,NULL,NULL,NULL),(11545,11324,10202,1,1,0,'<?xml version=\'1.0\' encoding=\'UTF-8\'?><root available-locales=\"fr_FR\" default-locale=\"fr_FR\"><Name language-id=\"fr_FR\">visio</Name></root>','<root />','','portlet','layout-template-id=1_column\ncolumn-1=visio_WAR_visioportlet_INSTANCE_G23k\n',0,'/visio',0,0,'pentilaBanner_WAR_pentilaBannertheme','','','','',0,'2d04b490-08df-4723-a6a8-29c8242bc8db','2013-06-20 15:46:24','2013-06-20 15:46:25',NULL,NULL,NULL,NULL,NULL),(18204,18202,10202,1,1,0,'<?xml version=\'1.0\' encoding=\'UTF-8\'?><root available-locales=\"fr_FR\" default-locale=\"fr_FR\"><Name language-id=\"fr_FR\">Atelier</Name></root>','<root />','','panel','',0,'/atelier',0,0,'','','','','',0,'4d0cff1f-3461-41d1-a641-a0a69d63e9d8','2013-06-20 15:46:24','2013-06-20 15:46:25',NULL,NULL,NULL,NULL,NULL),(18213,18211,10202,1,1,0,'<?xml version=\'1.0\' encoding=\'UTF-8\'?><root available-locales=\"fr_FR\" default-locale=\"fr_FR\"><Name language-id=\"fr_FR\">Atelier</Name></root>','<root />','','panel','',0,'/atelier',0,0,'','','','','',0,'fec8fed8-0815-478f-816b-9c66e5e0e1ea','2013-06-20 15:46:24','2013-06-20 15:46:25',NULL,NULL,NULL,NULL,NULL),(18226,18224,10202,1,1,0,'<?xml version=\'1.0\' encoding=\'UTF-8\'?><root available-locales=\"fr_FR\" default-locale=\"fr_FR\"><Name language-id=\"fr_FR\">Atelier</Name></root>','<root />','','panel','',0,'/atelier',0,0,'','','','','',0,'ccd3e1c7-55c3-4861-9123-8e7171278c4c','2013-06-20 15:46:24','2013-06-20 15:46:25',NULL,NULL,NULL,NULL,NULL),(18235,18233,10202,1,1,0,'<?xml version=\'1.0\' encoding=\'UTF-8\'?><root available-locales=\"fr_FR\" default-locale=\"fr_FR\"><Name language-id=\"fr_FR\">Atelier</Name></root>','<root />','','panel','',0,'/atelier',0,0,'','','','','',0,'189a963e-8a8b-4989-9382-f0748f75ac99','2013-06-20 15:46:24','2013-06-20 15:46:25',NULL,NULL,NULL,NULL,NULL),(18244,18242,10202,1,1,0,'<?xml version=\'1.0\' encoding=\'UTF-8\'?><root available-locales=\"fr_FR\" default-locale=\"fr_FR\"><Name language-id=\"fr_FR\">Atelier</Name></root>','<root />','','panel','',0,'/atelier',0,0,'','','','','',0,'195fe2d0-dc3b-4e37-b97e-df6645572327','2013-06-20 15:46:24','2013-06-20 15:46:25',NULL,NULL,NULL,NULL,NULL),(19578,19575,10202,1,1,0,'<?xml version=\'1.0\' encoding=\'UTF-8\'?><root available-locales=\"fr_FR\" default-locale=\"fr_FR\"><Name language-id=\"fr_FR\">Agenda</Name></root>','<root />','','portlet','layout-template-id=1_column\ncolumn-1=agenda_WAR_agendaportlet_INSTANCE_b4Np\n',0,'/agenda',0,0,'pentilaBanner_WAR_pentilaBannertheme','01','','','',0,'62305be5-8931-4030-a932-81ebd58309cc','2013-06-20 15:46:24','2013-06-20 15:46:25',NULL,NULL,NULL,NULL,NULL),(26455,26448,10202,1,1,0,'<?xml version=\'1.0\' encoding=\'UTF-8\'?><root available-locales=\"fr_FR\" default-locale=\"fr_FR\"><Name language-id=\"fr_FR\">CantineClg</Name></root>','<root />','','portlet','layout-template-id=1_column\ncolumn-1=cantineCollege_WAR_cantineportlet\n',0,'/cantineclg',0,0,'pentilaBanner_WAR_pentilaBannertheme','01','','','',0,'f6e619da-8a3b-4ed6-9d9e-8ea1e68c8077','2013-06-20 15:46:24','2013-06-20 15:46:25',NULL,NULL,NULL,NULL,NULL),(26476,26452,10202,1,1,0,'<?xml version=\'1.0\' encoding=\'UTF-8\'?><root available-locales=\"fr_FR\" default-locale=\"fr_FR\"><Name language-id=\"fr_FR\">CantineDpt</Name></root>','<root />','','portlet','layout-template-id=1_column\ncolumn-1=cantine_WAR_cantineportlet\n',0,'/cantinedpt',0,0,'pentilaBanner_WAR_pentilaBannertheme','01','','','',0,'d3e14260-665d-403c-9ab4-b3a44adb2aa1','2013-06-20 15:46:24','2013-06-20 15:46:25',NULL,NULL,NULL,NULL,NULL),(36764,36761,10202,1,1,0,'<?xml version=\'1.0\' encoding=\'UTF-8\'?><root available-locales=\"fr_FR\" default-locale=\"fr_FR\"><Name language-id=\"fr_FR\">casManager</Name></root>','<root />','','portlet','layout-template-id=1_column\ncolumn-1=casManager_WAR_casManagerportlet_INSTANCE_mA2U\n',0,'/casmanager',0,0,'pentilaBanner_WAR_pentilaBannertheme','01','','','',0,'d68d518c-3f0a-4b62-a184-e9131b089a8a','2013-06-20 15:46:24','2013-06-20 15:46:25',NULL,NULL,NULL,NULL,NULL),(39704,18211,10202,1,2,0,'<?xml version=\'1.0\' encoding=\'UTF-8\'?><root available-locales=\"fr_FR\" default-locale=\"fr_FR\"><Name language-id=\"fr_FR\">mobileServices</Name></root>','<root />','','portlet','layout-template-id=2_columns_ii\ncolumn-1=mobileServices_WAR_mobileServicesportlet_INSTANCE_AYr6\n',0,'/mobileservices',0,0,'pentilaBanner_WAR_pentilaBannertheme','01','','','',1,'2ca9e5b2-9789-45ac-ad63-fb8e6e9aa99e','2013-06-20 15:46:24','2013-06-20 15:46:25',NULL,NULL,NULL,NULL,NULL),(45920,45917,10202,1,1,0,'<?xml version=\'1.0\' encoding=\'UTF-8\'?><root available-locales=\"fr_FR\" default-locale=\"fr_FR\"><Name language-id=\"fr_FR\">gestionSites</Name></root>','<root />','','portlet','layout-template-id=1_column\ncolumn-1=gestionSite_WAR_gestionSiteportlet\n',0,'/gestionsites',0,0,'pentilaBanner_WAR_pentilaBannertheme','01','','','',0,'68405b3f-fd4c-482d-9970-4b6bf5198625','2013-06-20 15:46:24','2013-06-20 15:46:25',NULL,NULL,NULL,NULL,NULL),(60590,60587,10202,1,1,0,'<?xml version=\'1.0\' encoding=\'UTF-8\'?><root available-locales=\"fr_FR\" default-locale=\"fr_FR\"><Name language-id=\"fr_FR\">60586</Name></root>','','','portlet','layout-template-id=2_columns_iii\ncolumn-2=148_INSTANCE_Bo7v,114,\ncolumn-1=33,\n',0,'/layout',0,0,'','','','','',0,'4a8e911e-7425-4b92-8c48-bb3630dd0ab4','2013-06-20 15:46:24','2013-06-20 15:46:25',NULL,NULL,NULL,NULL,NULL),(60599,60596,10202,1,1,0,'<?xml version=\'1.0\' encoding=\'UTF-8\'?><root available-locales=\"fr_FR\" default-locale=\"fr_FR\"><Name language-id=\"fr_FR\">60595</Name></root>','','','portlet','layout-template-id=2_columns_ii\ncolumn-2=3,101_INSTANCE_8Jti,\ncolumn-1=141_INSTANCE_T0eH,122_INSTANCE_6srE,\n',0,'/layout',0,0,'','','','','',0,'6bcc9254-f21c-4594-b112-afc247abd802','2013-06-20 15:46:24','2013-06-20 15:46:25',NULL,NULL,NULL,NULL,NULL),(60608,60605,10202,1,1,0,'<?xml version=\'1.0\' encoding=\'UTF-8\'?><root available-locales=\"fr_FR\" default-locale=\"fr_FR\"><Name language-id=\"fr_FR\">60604</Name></root>','','','portlet','layout-template-id=2_columns_iii\ncolumn-2=122_INSTANCE_wM78,141_INSTANCE_6Uak,\ncolumn-1=36,\n',0,'/layout',0,0,'','','','','',0,'27f9df5c-637d-4012-8cef-5efe86eaa7bf','2013-06-20 15:46:24','2013-06-20 15:46:25',NULL,NULL,NULL,NULL,NULL),(60622,60614,10202,1,1,0,'<?xml version=\'1.0\' encoding=\'UTF-8\'?><root available-locales=\"fr_FR\" default-locale=\"fr_FR\"><Name language-id=\"fr_FR\">Home</Name></root>','','','portlet','layout-template-id=1_2_columns_ii\ncolumn-3=59_INSTANCE_Ppd9,\ncolumn-2=101_INSTANCE_Wh04,\ncolumn-1=77,56_INSTANCE_Xb8z,\n',0,'/home',0,0,'','','','','',0,'b79dbdc2-a284-4a43-aa05-fb7315d26a68','2013-06-20 15:46:24','2013-06-20 15:46:25',NULL,NULL,NULL,NULL,NULL),(60627,60614,10202,1,2,0,'<?xml version=\'1.0\' encoding=\'UTF-8\'?><root available-locales=\"fr_FR\" default-locale=\"fr_FR\"><Name language-id=\"fr_FR\">Blog</Name></root>','','','portlet','layout-template-id=2_columns_iii\ncolumn-2=148_INSTANCE_9PRz,114,\ncolumn-1=33,\n',0,'/blog',0,0,'','','','','',1,'c7fb4bbf-daa0-4b9e-8dbe-bb6aa5905b80','2013-06-20 15:46:24','2013-06-20 15:46:25',NULL,NULL,NULL,NULL,NULL),(60632,60614,10202,1,3,0,'<?xml version=\'1.0\' encoding=\'UTF-8\'?><root available-locales=\"fr_FR\" default-locale=\"fr_FR\"><Name language-id=\"fr_FR\">Wiki</Name></root>','','','portlet','layout-template-id=2_columns_iii\ncolumn-2=122_INSTANCE_9nJq,141_INSTANCE_9KHz,\ncolumn-1=36,\n',0,'/wiki',0,0,'','','','','',2,'f6f344b0-3720-41e2-91fa-eda32c71dcb8','2013-06-20 15:46:24','2013-06-20 15:46:25',NULL,NULL,NULL,NULL,NULL),(60637,60614,10202,1,4,0,'<?xml version=\'1.0\' encoding=\'UTF-8\'?><root available-locales=\"fr_FR\" default-locale=\"fr_FR\"><Name language-id=\"fr_FR\">Forum</Name></root>','','','portlet','layout-template-id=1_column\ncolumn-1=19,\n',0,'/forum',0,0,'','','','','',3,'1b2ee1e9-f506-45cb-8e68-ee6ceafbe322','2013-06-20 15:46:24','2013-06-20 15:46:25',NULL,NULL,NULL,NULL,NULL),(60651,60643,10202,1,1,0,'<?xml version=\'1.0\' encoding=\'UTF-8\'?><root available-locales=\"fr_FR\" default-locale=\"fr_FR\"><Name language-id=\"fr_FR\">Home</Name></root>','','','portlet','layout-template-id=2_columns_iii\ncolumn-2=100,11,\ncolumn-1=84,116,\n',0,'/home',0,0,'','','','','',0,'60125839-6283-49a2-b54a-04f749568ef5','2013-06-20 15:46:24','2013-06-20 15:46:25',NULL,NULL,NULL,NULL,NULL),(60656,60643,10202,1,2,0,'<?xml version=\'1.0\' encoding=\'UTF-8\'?><root available-locales=\"fr_FR\" default-locale=\"fr_FR\"><Name language-id=\"fr_FR\">Calendar</Name></root>','','','portlet','layout-template-id=2_columns_iii\ncolumn-2=101_INSTANCE_2cNd,\ncolumn-1=8,\n',0,'/calendar',0,0,'','','','','',1,'5c5a3462-e3d7-45d4-adf8-a4a70aa822ac','2013-06-20 15:46:24','2013-06-20 15:46:25',NULL,NULL,NULL,NULL,NULL),(60662,60643,10202,1,3,0,'<?xml version=\'1.0\' encoding=\'UTF-8\'?><root available-locales=\"fr_FR\" default-locale=\"fr_FR\"><Name language-id=\"fr_FR\">Documents</Name></root>','','','portlet','layout-template-id=2_columns_iii\ncolumn-2=64,\ncolumn-1=110_INSTANCE_jXg2,\n',0,'/documents',0,0,'','','','','',2,'3e89b162-2963-42fc-8daf-18b33539ef40','2013-06-20 15:46:24','2013-06-20 15:46:25',NULL,NULL,NULL,NULL,NULL),(60667,60643,10202,1,4,0,'<?xml version=\'1.0\' encoding=\'UTF-8\'?><root available-locales=\"fr_FR\" default-locale=\"fr_FR\"><Name language-id=\"fr_FR\">Images</Name></root>','','','portlet','layout-template-id=1_column\ncolumn-1=31,\n',0,'/images',0,0,'','','','','',3,'6f64b3ac-34aa-47d8-98f2-c12057e73a80','2013-06-20 15:46:24','2013-06-20 15:46:25',NULL,NULL,NULL,NULL,NULL),(118007,118004,10202,1,1,0,'<?xml version=\'1.0\' encoding=\'UTF-8\'?><root available-locales=\"fr_FR\" default-locale=\"fr_FR\"><Name language-id=\"fr_FR\">blog</Name></root>','','','portlet','layout-template-id=1_column\nshow-alternate-links=true\nlayoutUpdateable=true\ncolumn-2-customizable=false\ncolumn-1-customizable=false\ncolumn-1=blog_WAR_blogportlet\n',0,'/blog',0,0,'pentilaBanner_WAR_pentilaBannertheme','01','pentilaBanner_WAR_pentilaBannertheme','','',0,'47c0eb93-b320-4c51-8d17-6d374d2f5aab','2013-07-19 06:28:28','2013-07-19 07:02:13','','','',0,''),(118607,118004,10202,0,1,0,'<?xml version=\'1.0\' encoding=\'UTF-8\'?><root available-locales=\"fr_FR\" default-locale=\"fr_FR\"><Name language-id=\"fr_FR\">blog</Name></root>','','','portlet','sitemap-changefreq=daily\nlayout-template-id=1_column\nshow-alternate-links=true\nsitemap-include=1\nlayoutUpdateable=true\ncolumn-2-customizable=false\ncolumn-1-customizable=false\ncolumn-1=blogInternet_WAR_blogportlet\n',0,'/blog',0,0,'pentilaBanner_WAR_pentilaBannertheme','01','pentilaBanner_WAR_pentilaBannertheme','','',0,'0357d8d8-f01f-4c34-90f3-c5218c5789e0','2013-07-19 07:37:30','2013-07-19 08:15:58','','','',0,''),(125514,125511,10202,1,1,0,'<?xml version=\'1.0\' encoding=\'UTF-8\'?><root available-locales=\"fr_FR\" default-locale=\"fr_FR\"><Name language-id=\"fr_FR\">Blog</Name></root>','','','portlet','layout-template-id=2_columns_iii\ncolumn-2=148_INSTANCE_JNCSBHjl0Yj5,114,\ncolumn-1=33,\n',0,'/layout',0,0,'','','','','',0,'b2de0823-d21a-4bfa-b147-2ce7d0705b23','2013-07-23 08:38:22','2013-07-23 08:38:22','','','',0,''),(125523,125520,10202,1,1,0,'<?xml version=\'1.0\' encoding=\'UTF-8\'?><root available-locales=\"fr_FR\" default-locale=\"fr_FR\"><Name language-id=\"fr_FR\">Content Display Page</Name></root>','','','portlet','default-asset-publisher-portlet-id=101_INSTANCE_5zkKPQtWIz4Z\nlayout-template-id=2_columns_ii\ncolumn-2=3,101_INSTANCE_5zkKPQtWIz4Z,\ncolumn-1=141_INSTANCE_gDVICOdmAr8E,122_INSTANCE_z8ebN5XoH86T,\n',0,'/layout',0,0,'','','','','',0,'cb970cb9-9e9c-42b5-8583-0c8832a3d462','2013-07-23 08:38:22','2013-07-23 08:38:22','','','',0,''),(125532,125529,10202,1,1,0,'<?xml version=\'1.0\' encoding=\'UTF-8\'?><root available-locales=\"fr_FR\" default-locale=\"fr_FR\"><Name language-id=\"fr_FR\">Wiki</Name></root>','','','portlet','layout-template-id=2_columns_iii\ncolumn-2=122_INSTANCE_u3sxyer0Y6Ec,141_INSTANCE_VBnZ8SxiBxqP,\ncolumn-1=36,\n',0,'/layout',0,0,'','','','','',0,'c27a4385-1e80-4862-96c7-5b3171f1d719','2013-07-23 08:38:22','2013-07-23 08:38:22','','','',0,''),(125546,125538,10202,1,1,0,'<?xml version=\'1.0\' encoding=\'UTF-8\'?><root available-locales=\"fr_FR\" default-locale=\"fr_FR\"><Name language-id=\"fr_FR\">Home</Name></root>','','','portlet','layout-template-id=2_columns_iii\ncolumn-2=3,59_INSTANCE_qiQWjgNF7cC9,180,\ncolumn-1=19,\n',0,'/home',0,0,'','','','','',0,'ce809d76-7330-4c50-9c12-a4c3a1a183d6','2013-07-23 08:38:23','2013-07-23 08:38:23','','','',0,''),(125552,125538,10202,1,2,0,'<?xml version=\'1.0\' encoding=\'UTF-8\'?><root available-locales=\"fr_FR\" default-locale=\"fr_FR\"><Name language-id=\"fr_FR\">Calendar</Name></root>','','','portlet','layout-template-id=2_columns_iii\ncolumn-2=101_INSTANCE_W2nJKZlcCcx3,\ncolumn-1=8,\n',0,'/calendar',0,0,'','','','','',1,'e9935e7d-3824-4236-9351-e139691241f6','2013-07-23 08:38:23','2013-07-23 08:38:23','','','',0,''),(125558,125538,10202,1,3,0,'<?xml version=\'1.0\' encoding=\'UTF-8\'?><root available-locales=\"fr_FR\" default-locale=\"fr_FR\"><Name language-id=\"fr_FR\">Wiki</Name></root>','','','portlet','layout-template-id=2_columns_iii\ncolumn-2=122_INSTANCE_pVb0JNSiQ7zO,148_INSTANCE_ws0QBG7o82UM,\ncolumn-1=36,\n',0,'/wiki',0,0,'','','','','',2,'a88d7a5c-be7f-4957-9e7f-f0039dab6cd7','2013-07-23 08:38:23','2013-07-23 08:38:23','','','',0,''),(125572,125564,10202,1,1,0,'<?xml version=\'1.0\' encoding=\'UTF-8\'?><root available-locales=\"fr_FR\" default-locale=\"fr_FR\"><Name language-id=\"fr_FR\">Home</Name></root>','','','portlet','layout-template-id=2_columns_i\ncolumn-2=3,82,101_INSTANCE_aRoZGB9xLFMw,\ncolumn-1=116,\n',0,'/home',0,0,'','','','','',0,'b9257b4c-3a39-467d-9a59-d68ebb96bad4','2013-07-23 08:38:24','2013-07-23 08:38:24','','','',0,''),(125580,125564,10202,1,2,0,'<?xml version=\'1.0\' encoding=\'UTF-8\'?><root available-locales=\"fr_FR\" default-locale=\"fr_FR\"><Name language-id=\"fr_FR\">Documents and Media</Name></root>','','','portlet','layout-template-id=1_column\ncolumn-1=20,\n',0,'/documents',0,0,'','','','','',1,'eaa0af40-dbde-4556-91a6-de64c1ae5103','2013-07-23 08:38:24','2013-07-23 08:38:24','','','',0,''),(125586,125564,10202,1,3,0,'<?xml version=\'1.0\' encoding=\'UTF-8\'?><root available-locales=\"fr_FR\" default-locale=\"fr_FR\"><Name language-id=\"fr_FR\">Calendar</Name></root>','','','portlet','layout-template-id=2_columns_iii\ncolumn-2=101_INSTANCE_2CnHwamwhjZD,\ncolumn-1=8,\n',0,'/calendar',0,0,'','','','','',2,'918b38bb-9f76-43f2-b92d-7029c2ce73c2','2013-07-23 08:38:24','2013-07-23 08:38:24','','','',0,''),(125592,125564,10202,1,4,0,'<?xml version=\'1.0\' encoding=\'UTF-8\'?><root available-locales=\"fr_FR\" default-locale=\"fr_FR\"><Name language-id=\"fr_FR\">News</Name></root>','','','portlet','layout-template-id=2_columns_iii\ncolumn-2=39_INSTANCE_zoM03snGVXGJ,\ncolumn-1=39_INSTANCE_Guyq1ItU93Yp,\n',0,'/news',0,0,'','','','','',3,'2407dcf9-9204-434d-a07d-ae967cce23a1','2013-07-23 08:38:24','2013-07-23 08:38:24','','','',0,''),(142505,142502,10202,1,1,0,'<?xml version=\'1.0\' encoding=\'UTF-8\'?><root available-locales=\"fr_FR\" default-locale=\"fr_FR\"><Name language-id=\"fr_FR\">statistics</Name></root>','','','portlet','layout-template-id=1_column\nshow-alternate-links=true\nlayoutUpdateable=true\ncolumn-2-customizable=false\ncolumn-1-customizable=false\ncolumn-1=statistics_WAR_statisticsportlet\n',0,'/statistics',0,0,'pentilaBanner_WAR_pentilaBannertheme','01','pentilaBanner_WAR_pentilaBannertheme','','',0,'9ffa66a9-5aee-401d-8269-f62a76737996','2013-08-27 14:47:17','2013-08-27 14:48:49','','','',0,''),(152505,152502,10202,1,1,0,'<?xml version=\'1.0\' encoding=\'UTF-8\'?><root available-locales=\"fr_FR\" default-locale=\"fr_FR\"><Name language-id=\"fr_FR\">wiki</Name></root>','','','portlet','show-alternate-links=true\nlayout-template-id=1_column\nlayoutUpdateable=true\ncolumn-2-customizable=false\ncolumn-1-customizable=false\ncolumn-1=36\n',0,'/wiki',0,0,'pentilaBanner_WAR_pentilaBannertheme','','pentilaBanner_WAR_pentilaBannertheme','','',0,'d2912ec0-7756-4ee1-8551-fcde58294c14','2013-09-25 09:53:38','2013-09-25 09:54:36','','','',0,''),(166710,166707,10202,1,1,0,'<?xml version=\'1.0\' encoding=\'UTF-8\'?><root available-locales=\"fr_FR\" default-locale=\"fr_FR\"><Name language-id=\"fr_FR\">james bond</Name></root>','','','portlet','layout-template-id=1_column\nshow-alternate-links=true\nlayoutUpdateable=true\ncolumn-2-customizable=false\ncolumn-1-customizable=false\ncolumn-1=27\n',0,'/james-bond',0,0,'pentilaBanner_WAR_pentilaBannertheme','01','pentilaBanner_WAR_pentilaBannertheme','','',0,'35989e82-d0a1-4c0f-95d8-b454929f1510','2013-11-19 14:54:16','2013-11-19 14:59:37','','','',0,''),(168630,168620,10202,1,1,0,'<?xml version=\'1.0\' encoding=\'UTF-8\'?><root available-locales=\"fr_FR,zh_CN,en_US,de_DE,hu_HU,pt_BR,es_ES,\" default-locale=\"fr_FR\"><Name language-id=\"zh_CN\">主页</Name><Name language-id=\"en_US\">Home</Name><Name language-id=\"fr_FR\">Accueil</Name><Name language-id=\"de_DE\">Home</Name><Name language-id=\"hu_HU\">Nyitólap</Name><Name language-id=\"pt_BR\">Início</Name><Name language-id=\"es_ES\">Inicio</Name></root>','','','portlet','layout-template-id=2_columns_iii\ncolumn-2=1_WAR_wysiwygportlet_INSTANCE_abcd,28,39_INSTANCE_abcd,64,1_WAR_eventsdisplayportlet,\ncolumn-1=84,1_WAR_soportlet,\n',0,'/accueil',0,0,'','','','','',0,'e5eb2d20-468c-45a2-aa28-25d4aa6c430b','2014-01-21 16:26:19','2014-01-21 16:26:20','','','',0,''),(168638,168620,10202,1,2,0,'<?xml version=\'1.0\' encoding=\'UTF-8\'?><root available-locales=\"fr_FR,zh_CN,en_US,de_DE,hu_HU,pt_BR,es_ES,\" default-locale=\"fr_FR\"><Name language-id=\"zh_CN\">日程管理</Name><Name language-id=\"en_US\">Calendar</Name><Name language-id=\"fr_FR\">Calendrier</Name><Name language-id=\"de_DE\">Kalender</Name><Name language-id=\"hu_HU\">Naptár</Name><Name language-id=\"pt_BR\">Calendário</Name><Name language-id=\"es_ES\">Calendario</Name></root>','','','portlet','layout-template-id=1_column\ncolumn-1=8,\n',0,'/calendrier',0,0,'','','','','',1,'56da79cb-19e9-4d9a-82ce-75894a1e35e8','2014-01-21 16:26:20','2014-01-21 16:26:20','','','',0,''),(168644,168620,10202,1,3,0,'<?xml version=\'1.0\' encoding=\'UTF-8\'?><root available-locales=\"fr_FR,zh_CN,de_DE,hu_HU,pt_BR,es_ES,\" default-locale=\"fr_FR\"><Name language-id=\"zh_CN\">文件</Name><Name language-id=\"fr_FR\">Documents</Name><Name language-id=\"de_DE\">Dokumente</Name><Name language-id=\"hu_HU\">Dokumentumok</Name><Name language-id=\"pt_BR\">Documentos</Name><Name language-id=\"es_ES\">Documentos</Name></root>','','','portlet','layout-template-id=1_column\ncolumn-1=20,\n',0,'/documents',0,0,'','','','','',2,'a436cbfb-b45f-4d6b-8e04-22d2f6fd78f0','2014-01-21 16:26:20','2014-01-21 16:26:20','','','',0,''),(168651,168620,10202,1,4,0,'<?xml version=\'1.0\' encoding=\'UTF-8\'?><root available-locales=\"fr_FR,zh_CN,en_US,de_DE,hu_HU,pt_BR,es_ES,\" default-locale=\"fr_FR\"><Name language-id=\"zh_CN\">论坛</Name><Name language-id=\"en_US\">Forums</Name><Name language-id=\"fr_FR\">Forum</Name><Name language-id=\"de_DE\">Foren</Name><Name language-id=\"hu_HU\">Fórumok</Name><Name language-id=\"pt_BR\">Fóruns</Name><Name language-id=\"es_ES\">Foros</Name></root>','','','portlet','layout-template-id=1_column\ncolumn-1=73_INSTANCE_0OyhAcuIPCp0,19,\n',0,'/forum',0,0,'','','','','',3,'87177ccb-8249-4142-8728-10d55ce10a0b','2014-01-21 16:26:20','2014-01-21 16:26:21','','','',0,''),(168660,168620,10202,1,5,0,'<?xml version=\'1.0\' encoding=\'UTF-8\'?><root available-locales=\"fr_FR,zh_CN,hu_HU,\" default-locale=\"fr_FR\"><Name language-id=\"zh_CN\">博客</Name><Name language-id=\"fr_FR\">Blogs</Name><Name language-id=\"hu_HU\">Blogok</Name></root>','','','portlet','layout-template-id=2_columns_iii\ncolumn-2=115,\ncolumn-1=33,\n',0,'/blogs',0,0,'','','','','',4,'b3008431-dc92-4366-93c3-fef687a3421d','2014-01-21 16:26:21','2014-01-21 16:26:21','','','',0,''),(168668,168620,10202,1,6,0,'<?xml version=\'1.0\' encoding=\'UTF-8\'?><root available-locales=\"fr_FR,hu_HU,\" default-locale=\"fr_FR\"><Name language-id=\"fr_FR\">Wiki</Name><Name language-id=\"hu_HU\">Wikik</Name></root>','','','portlet','layout-template-id=1_column\ncolumn-1=36,\n',0,'/wiki',0,0,'','','','','',5,'ce14523d-213a-438e-a2bb-52c672b82472','2014-01-21 16:26:21','2014-01-21 16:26:21','','','',0,''),(168675,168620,10202,1,7,0,'<?xml version=\'1.0\' encoding=\'UTF-8\'?><root available-locales=\"fr_FR,zh_CN,en_US,de_DE,hu_HU,pt_BR,es_ES,\" default-locale=\"fr_FR\"><Name language-id=\"zh_CN\">成员</Name><Name language-id=\"en_US\">Members</Name><Name language-id=\"fr_FR\">Membres</Name><Name language-id=\"de_DE\">Mitglieder</Name><Name language-id=\"hu_HU\">Tagok</Name><Name language-id=\"pt_BR\">Membros</Name><Name language-id=\"es_ES\">Miembros</Name></root>','','','portlet','layout-template-id=1_column\ncolumn-1=2_WAR_soportlet,4_WAR_contactsportlet,\n',0,'/membres',0,0,'','','','','',6,'2af36526-200b-4be5-a932-273204c08c13','2014-01-21 16:26:21','2014-01-21 16:26:22','','','',0,''),(168693,168683,10202,1,1,0,'<?xml version=\'1.0\' encoding=\'UTF-8\'?><root available-locales=\"fr_FR,zh_CN,en_US,de_DE,hu_HU,pt_BR,es_ES,\" default-locale=\"fr_FR\"><Name language-id=\"zh_CN\">仪表板</Name><Name language-id=\"en_US\">Dashboard</Name><Name language-id=\"fr_FR\">Tableau de bord</Name><Name language-id=\"de_DE\">Armaturenbrett</Name><Name language-id=\"hu_HU\">Dashboard</Name><Name language-id=\"pt_BR\">Painel</Name><Name language-id=\"es_ES\">Escritorio</Name></root>','','','portlet','layout-template-id=2_columns_iii\ncolumn-2=2_WAR_tasksportlet,1_WAR_eventsdisplayportlet,\ncolumn-1=2_WAR_microblogsportlet,1_WAR_soportlet,\n',0,'/so/dashboard',0,0,'','','','','',0,'01abd6c0-2d25-4603-b671-ed45309488c5','2014-01-21 16:26:22','2014-01-21 16:26:22','','','',0,''),(168700,168683,10202,1,2,0,'<?xml version=\'1.0\' encoding=\'UTF-8\'?><root available-locales=\"fr_FR,zh_CN,en_US,de_DE,hu_HU,pt_BR,es_ES,\" default-locale=\"fr_FR\"><Name language-id=\"zh_CN\">联系中心</Name><Name language-id=\"en_US\">Contacts Center</Name><Name language-id=\"fr_FR\">Centre de contacts</Name><Name language-id=\"de_DE\">Contacts Center</Name><Name language-id=\"hu_HU\">Contacts Center</Name><Name language-id=\"pt_BR\">Central de contatos</Name><Name language-id=\"es_ES\">Centro de contactos</Name></root>','','','portlet','layout-template-id=1_column\ncolumn-1=1_WAR_contactsportlet,\n',0,'/so/contacts-center',0,0,'','','','','',1,'3656290c-7aef-4fcf-8027-1d0b649522ee','2014-01-21 16:26:22','2014-01-21 16:26:22','','','',0,''),(168706,168683,10202,1,3,0,'<?xml version=\'1.0\' encoding=\'UTF-8\'?><root available-locales=\"fr_FR,zh_CN,\" default-locale=\"fr_FR\"><Name language-id=\"zh_CN\">微博</Name><Name language-id=\"fr_FR\">Microblogs</Name></root>','','','portlet','layout-template-id=1_column\ncolumn-1=1_WAR_microblogsportlet,\n',0,'/so/microblogs',0,0,'','','','','',2,'9b42f231-e23e-42ba-ab37-85b56bc9adb0','2014-01-21 16:26:22','2014-01-21 16:26:23','','','',0,''),(168712,168683,10202,1,4,0,'<?xml version=\'1.0\' encoding=\'UTF-8\'?><root available-locales=\"fr_FR,zh_CN,de_DE,hu_HU,pt_BR,es_ES,\" default-locale=\"fr_FR\"><Name language-id=\"zh_CN\">消息</Name><Name language-id=\"fr_FR\">Messages</Name><Name language-id=\"de_DE\">Nachrichten</Name><Name language-id=\"hu_HU\">Üzenetek</Name><Name language-id=\"pt_BR\">Mensagens</Name><Name language-id=\"es_ES\">Mensajes</Name></root>','','','portlet','layout-template-id=1_column\ncolumn-1=1_WAR_privatemessagingportlet,\n',0,'/so/messages',0,0,'','','','','',3,'dca19b47-dd76-4820-a1f1-15cfba263148','2014-01-21 16:26:23','2014-01-21 16:26:23','','','',0,''),(168718,168683,10202,1,5,0,'<?xml version=\'1.0\' encoding=\'UTF-8\'?><root available-locales=\"fr_FR,zh_CN,en_US,de_DE,hu_HU,pt_BR,es_ES,\" default-locale=\"fr_FR\"><Name language-id=\"zh_CN\">我的文档</Name><Name language-id=\"en_US\">My Documents</Name><Name language-id=\"fr_FR\">Mes Documents</Name><Name language-id=\"de_DE\">My Documents</Name><Name language-id=\"hu_HU\">My Documents</Name><Name language-id=\"pt_BR\">Meus documentos</Name><Name language-id=\"es_ES\">Mis documentos</Name></root>','','','portlet','layout-template-id=1_column\ncolumn-1=20,\n',0,'/so/my-documents',0,0,'','','','','',4,'3d0a662b-8938-4f5d-9718-abd20d17927f','2014-01-21 16:26:23','2014-01-21 16:26:23','','','',0,''),(168724,168683,10202,1,6,0,'<?xml version=\'1.0\' encoding=\'UTF-8\'?><root available-locales=\"fr_FR,zh_CN,en_US,de_DE,hu_HU,pt_BR,es_ES,\" default-locale=\"fr_FR\"><Name language-id=\"zh_CN\">任务</Name><Name language-id=\"en_US\">Tasks</Name><Name language-id=\"fr_FR\">Tâches</Name><Name language-id=\"de_DE\">Aufgaben</Name><Name language-id=\"hu_HU\">Feladatok</Name><Name language-id=\"pt_BR\">Tarefas</Name><Name language-id=\"es_ES\">Tareas</Name></root>','','','portlet','layout-template-id=1_column\ncolumn-1=1_WAR_tasksportlet,\n',0,'/so/tasks',0,0,'','','','','',5,'4457ba8d-802f-42dc-a345-e6ed80e8712a','2014-01-21 16:26:23','2014-01-21 16:26:23','','','',0,''),(168741,168731,10202,1,1,0,'<?xml version=\'1.0\' encoding=\'UTF-8\'?><root available-locales=\"fr_FR,zh_CN,en_US,pt_BR,es_ES,\" default-locale=\"fr_FR\"><Name language-id=\"zh_CN\">概况</Name><Name language-id=\"en_US\">Profile</Name><Name language-id=\"fr_FR\">Profil</Name><Name language-id=\"pt_BR\">Perfil</Name><Name language-id=\"es_ES\">Perfil</Name></root>','','','portlet','layout-template-id=1_2_columns_ii\ncolumn-3=2_WAR_contactsportlet_INSTANCE_ijkl,\ncolumn-2=2_WAR_microblogsportlet,2_WAR_contactsportlet_INSTANCE_efgh,1_WAR_soportlet,\ncolumn-1=2_WAR_contactsportlet_INSTANCE_abcd,\n',0,'/so/profile',0,0,'','','','','',0,'f811af88-632b-4794-bc06-c4a9f5fb9092','2014-01-21 16:26:23','2014-01-21 16:26:24','','','',0,''),(168750,168731,10202,1,2,0,'<?xml version=\'1.0\' encoding=\'UTF-8\'?><root available-locales=\"fr_FR,zh_CN,de_DE,hu_HU,pt_BR,es_ES,\" default-locale=\"fr_FR\"><Name language-id=\"zh_CN\">联络信息</Name><Name language-id=\"fr_FR\">Contacts</Name><Name language-id=\"de_DE\">Kontakte</Name><Name language-id=\"hu_HU\">Kapcsolatok</Name><Name language-id=\"pt_BR\">Contatos</Name><Name language-id=\"es_ES\">Contactos</Name></root>','','','portlet','layout-template-id=1_column\ncolumn-1=2_WAR_contactsportlet_INSTANCE_abcd,1_WAR_contactsportlet,\n',0,'/so/contacts',0,0,'','','','','',1,'f37b80df-8fa1-4c1a-8975-19e9e94a9784','2014-01-21 16:26:24','2014-01-21 16:26:24','','','',0,''),(168757,168731,10202,1,3,0,'<?xml version=\'1.0\' encoding=\'UTF-8\'?><root available-locales=\"fr_FR,zh_CN,\" default-locale=\"fr_FR\"><Name language-id=\"zh_CN\">微博</Name><Name language-id=\"fr_FR\">Microblogs</Name></root>','','','portlet','layout-template-id=1_column\ncolumn-1=2_WAR_contactsportlet_INSTANCE_abcd,1_WAR_microblogsportlet,\n',0,'/so/microblogs',0,0,'','','','','',2,'f7351206-3138-4c04-9f07-091d2e54a33b','2014-01-21 16:26:24','2014-01-21 16:26:24','','','',0,''),(173501,11107,10202,1,170,0,'<?xml version=\'1.0\' encoding=\'UTF-8\'?><root available-locales=\"fr_FR\" default-locale=\"fr_FR\"><Name language-id=\"fr_FR\">Groupes</Name></root>','<root />','','portlet','layout-template-id=1_column\ncolumn-1=accesAteliers_WAR_accesAteliersportlet\n',0,'/ateliers',0,0,'pentilaBanner_WAR_pentilaBannertheme','','','','',26,'6f1229e1-c843-4aa3-b9fa-f964b2009770',NULL,NULL,'','','',0,'79b22827-c277-4f70-9855-3855a56c16bb'),(173513,11107,10202,1,172,0,'<?xml version=\'1.0\' encoding=\'UTF-8\'?><root available-locales=\"fr_FR\" default-locale=\"fr_FR\"><Name language-id=\"fr_FR\">Agenda</Name></root>','<root />','','portlet','layout-template-id=1_column\ncolumn-1=agenda_WAR_agendaportlet_INSTANCE_b4Np\n',0,'/agenda',0,0,'pentilaBanner_WAR_pentilaBannertheme','01','','','',26,'9ab8ee1a-2d2c-4624-99e9-a34783598403',NULL,NULL,'','','',0,'62305be5-8931-4030-a932-81ebd58309cc'),(173518,11107,10202,1,173,0,'<?xml version=\'1.0\' encoding=\'UTF-8\'?><root available-locales=\"fr_FR\" default-locale=\"fr_FR\"><Name language-id=\"fr_FR\">amis</Name></root>','<root />','','portlet','layout-template-id=1_column\ncolumn-1=amis_WAR_amisportlet_INSTANCE_k2Kl\n',0,'/amis',0,0,'pentilaBanner_WAR_pentilaBannertheme','','','','',26,'5c69d477-1bc7-4c61-8ce2-4ae0ca51c821',NULL,NULL,'','','',0,'a7b57acf-02ba-4577-b835-33719cac5c5c'),(173562,11107,10202,1,180,0,'<?xml version=\'1.0\' encoding=\'UTF-8\'?><root available-locales=\"fr_FR\" default-locale=\"fr_FR\"><Name language-id=\"fr_FR\">Carnet d\'adresses</Name></root>','<root />','','portlet','layout-template-id=1_column\ncolumn-1=carnetDAdresses_WAR_carnetDAdressesportlet\n',0,'/carnet-d-adresses',0,0,'pentilaBanner_WAR_pentilaBannertheme','01','','','',26,'548eb0b6-9ca0-46cb-b528-9996b204729d',NULL,NULL,'','','',0,'5c8f1b25-68ab-430f-8683-e1860262811b'),(173573,11107,10202,1,182,0,'<?xml version=\'1.0\' encoding=\'UTF-8\'?><root available-locales=\"fr_FR\" default-locale=\"fr_FR\"><Name language-id=\"fr_FR\">Casier</Name></root>','<root />','','portlet','layout-template-id=1_column\ncolumn-1=casier_WAR_cartableportlet\n',0,'/casier',0,0,'pentilaBanner_WAR_pentilaBannertheme','','','','',3,'2624651d-5fde-468a-bf6d-5ab8ea9ee821',NULL,NULL,'','','',0,'44bd7e4a-53dd-46b1-a1a6-500546bd681f'),(173646,11107,10202,1,195,0,'<?xml version=\'1.0\' encoding=\'UTF-8\'?><root available-locales=\"fr_FR\" default-locale=\"fr_FR\"><Name language-id=\"fr_FR\">forum</Name></root>','<root />','','portlet','layout-template-id=1_column\ncolumn-1=forumAggregator_WAR_forumportlet\n',0,'/forum',0,0,'pentilaBanner_WAR_pentilaBannertheme','','','','',26,'071169e4-d3d1-4022-bb34-90eeaf5e141a',NULL,NULL,'','','',0,'2b5ff1ea-8665-414f-9ac5-8041e6763df4'),(173652,11107,10202,1,196,0,'<?xml version=\'1.0\' encoding=\'UTF-8\'?><root available-locales=\"fr_FR\" default-locale=\"fr_FR\"><Name language-id=\"fr_FR\">messagerie</Name></root>','<root />','','portlet','layout-template-id=1_column\ncolumn-1=internalMessaging_WAR_internalMessagingportlet\n',0,'/messagerie',0,0,'pentilaBanner_WAR_pentilaBannertheme','','','','',26,'9fe6248e-cfce-4336-b20c-f84ad2e28837',NULL,NULL,'','','',0,'e014641f-22ac-4199-9bfc-769709294913'),(175513,175510,10202,1,1,0,'<?xml version=\'1.0\' encoding=\'UTF-8\'?><root available-locales=\"fr_FR\" default-locale=\"fr_FR\"><Name language-id=\"fr_FR\">Atelier</Name></root>','','','panel','',0,'/atelier',0,0,'','','','','',1000000,'266858a0-ebcc-45df-8f0f-0b2789940234','2014-04-01 15:29:51','2014-04-01 15:29:51','','','',0,''),(175542,175510,10202,1,2,0,'<?xml version=\'1.0\' encoding=\'UTF-8\'?><root available-locales=\"fr_FR,zh_CN,en_US,de_DE,hu_HU,pt_BR,es_ES,\" default-locale=\"fr_FR\"><Name language-id=\"zh_CN\">主页</Name><Name language-id=\"en_US\">Home</Name><Name language-id=\"fr_FR\">Accueil</Name><Name language-id=\"de_DE\">Home</Name><Name language-id=\"hu_HU\">Nyitólap</Name><Name language-id=\"pt_BR\">Início</Name><Name language-id=\"es_ES\">Inicio</Name></root>','','','portlet','layout-template-id=2_columns_iii\ncolumn-2=1_WAR_wysiwygportlet_INSTANCE_abcd,28,39_INSTANCE_abcd,64,1_WAR_eventsdisplayportlet,\ncolumn-1=84,1_WAR_soportlet,\n',0,'/accueil',0,0,'','','','','',0,'801e2680-200d-4da9-910f-121e917549b3',NULL,'2014-04-01 15:29:58','','','',0,'e5eb2d20-468c-45a2-aa28-25d4aa6c430b'),(175543,175510,10202,1,3,0,'<?xml version=\'1.0\' encoding=\'UTF-8\'?><root available-locales=\"fr_FR,zh_CN,en_US,de_DE,hu_HU,pt_BR,es_ES,\" default-locale=\"fr_FR\"><Name language-id=\"zh_CN\">日程管理</Name><Name language-id=\"en_US\">Calendar</Name><Name language-id=\"fr_FR\">Calendrier</Name><Name language-id=\"de_DE\">Kalender</Name><Name language-id=\"hu_HU\">Naptár</Name><Name language-id=\"pt_BR\">Calendário</Name><Name language-id=\"es_ES\">Calendario</Name></root>','','','portlet','layout-template-id=1_column\ncolumn-1=8,\n',0,'/calendrier',0,0,'','','','','',1,'3292152f-076f-4f45-a113-a7605017def2',NULL,'2014-04-01 15:29:58','','','',0,'56da79cb-19e9-4d9a-82ce-75894a1e35e8'),(175544,175510,10202,1,4,0,'<?xml version=\'1.0\' encoding=\'UTF-8\'?><root available-locales=\"fr_FR,zh_CN,de_DE,hu_HU,pt_BR,es_ES,\" default-locale=\"fr_FR\"><Name language-id=\"zh_CN\">文件</Name><Name language-id=\"fr_FR\">Documents</Name><Name language-id=\"de_DE\">Dokumente</Name><Name language-id=\"hu_HU\">Dokumentumok</Name><Name language-id=\"pt_BR\">Documentos</Name><Name language-id=\"es_ES\">Documentos</Name></root>','','','portlet','layout-template-id=1_column\ncolumn-1=20,\n',0,'/documents',0,0,'','','','','',2,'ca9f226a-23b9-413a-8978-a6396404d874',NULL,'2014-04-01 15:29:58','','','',0,'a436cbfb-b45f-4d6b-8e04-22d2f6fd78f0'),(175545,175510,10202,1,5,0,'<?xml version=\'1.0\' encoding=\'UTF-8\'?><root available-locales=\"fr_FR,zh_CN,en_US,de_DE,hu_HU,pt_BR,es_ES,\" default-locale=\"fr_FR\"><Name language-id=\"zh_CN\">论坛</Name><Name language-id=\"en_US\">Forums</Name><Name language-id=\"fr_FR\">Forum</Name><Name language-id=\"de_DE\">Foren</Name><Name language-id=\"hu_HU\">Fórumok</Name><Name language-id=\"pt_BR\">Fóruns</Name><Name language-id=\"es_ES\">Foros</Name></root>','','','portlet','layout-template-id=1_column\ncolumn-1=73_INSTANCE_0OyhAcuIPCp0,19,\n',0,'/forum',0,0,'','','','','',3,'5966e74b-58ca-4990-bd37-12940f513d76',NULL,'2014-04-01 15:29:58','','','',0,'87177ccb-8249-4142-8728-10d55ce10a0b'),(175546,175510,10202,1,6,0,'<?xml version=\'1.0\' encoding=\'UTF-8\'?><root available-locales=\"fr_FR,zh_CN,hu_HU,\" default-locale=\"fr_FR\"><Name language-id=\"zh_CN\">博客</Name><Name language-id=\"fr_FR\">Blogs</Name><Name language-id=\"hu_HU\">Blogok</Name></root>','','','portlet','layout-template-id=2_columns_iii\ncolumn-2=115,\ncolumn-1=33,\n',0,'/blogs',0,0,'','','','','',4,'f659ebf7-8ac7-40f4-8328-d3b5f80b7af3',NULL,'2014-04-01 15:29:58','','','',0,'b3008431-dc92-4366-93c3-fef687a3421d'),(175547,175510,10202,1,7,0,'<?xml version=\'1.0\' encoding=\'UTF-8\'?><root available-locales=\"fr_FR,hu_HU,\" default-locale=\"fr_FR\"><Name language-id=\"fr_FR\">Wiki</Name><Name language-id=\"hu_HU\">Wikik</Name></root>','','','portlet','layout-template-id=1_column\ncolumn-1=36,\n',0,'/wiki',0,0,'','','','','',5,'37b7d098-1d73-4bd1-b02e-2c341329170d',NULL,NULL,'','','',0,'ce14523d-213a-438e-a2bb-52c672b82472'),(175548,175510,10202,1,8,0,'<?xml version=\'1.0\' encoding=\'UTF-8\'?><root available-locales=\"fr_FR,zh_CN,en_US,de_DE,hu_HU,pt_BR,es_ES,\" default-locale=\"fr_FR\"><Name language-id=\"zh_CN\">成员</Name><Name language-id=\"en_US\">Members</Name><Name language-id=\"fr_FR\">Membres</Name><Name language-id=\"de_DE\">Mitglieder</Name><Name language-id=\"hu_HU\">Tagok</Name><Name language-id=\"pt_BR\">Membros</Name><Name language-id=\"es_ES\">Miembros</Name></root>','','','portlet','layout-template-id=1_column\ncolumn-1=2_WAR_soportlet,4_WAR_contactsportlet,\n',0,'/membres',0,0,'','','','','',6,'441ad786-1bc6-4991-86cf-1b04a76ff983',NULL,NULL,'','','',0,'2af36526-200b-4be5-a932-273204c08c13'),(310905,310902,10202,1,1,0,'<?xml version=\'1.0\' encoding=\'UTF-8\'?><root available-locales=\"fr_FR\" default-locale=\"fr_FR\"><Name language-id=\"fr_FR\">Atelier</Name></root>','','','panel','',0,'/atelier',0,0,'','','','','',0,'312c4a22-ccc8-4fec-bb48-1bd3f13f1a87','2017-10-16 09:12:32','2017-10-16 09:12:32','','','',0,''),(311382,311379,10202,1,1,0,'<?xml version=\'1.0\' encoding=\'UTF-8\'?><root available-locales=\"fr_FR\" default-locale=\"fr_FR\"><Name language-id=\"fr_FR\">Néro</Name></root>','','','portlet','show-alternate-links=true\nlayout-template-id=1_column\nlayoutUpdateable=true\ncolumn-2-customizable=false\ncolumn-1-customizable=false\n',0,'/nero',0,0,'pentilaBanner_WAR_pentilaBannertheme','01','pentilaBanner_WAR_pentilaBannertheme','','',0,'a5ab5a1a-e84d-4bc7-81a1-4eae2795a0da','2017-10-16 13:00:06','2017-10-16 13:00:24','','','',0,''),(311429,11107,10202,1,209,0,'<?xml version=\'1.0\' encoding=\'UTF-8\'?><root available-locales=\"fr_FR\" default-locale=\"fr_FR\"><Name language-id=\"fr_FR\">Cartable</Name></root>','<root />','','portlet','layout-template-id=1_column\ncolumn-1=cartable_WAR_cartableportlet\n',0,'/cartable',0,0,'pentilaBanner_WAR_pentilaBannertheme','01','','','',2,'60eafe9f-c703-4793-a873-a7bbf1ec7e51',NULL,NULL,'','','',0,'aee94694-bbf5-4b8c-a658-23d758ac108d'),(311451,11107,10202,1,212,0,'<?xml version=\'1.0\' encoding=\'UTF-8\'?><root available-locales=\"fr_FR\" default-locale=\"fr_FR\"><Name language-id=\"fr_FR\">moteur-de-recherche</Name></root>','<root />','','portlet','layout-template-id=1_column\ncolumn-1=moteurDeRecherche_WAR_moteurDeRechercheportlet\n',0,'/moteur-de-recherche',0,0,'pentilaBanner_WAR_pentilaBannertheme','','','','',26,'cc3ada2d-969c-46d7-b6e6-be8532b06c7d',NULL,NULL,'','','',0,'a22d4d57-9b6b-4d21-9587-94b360189b41'),(311473,11107,10202,1,213,0,'<?xml version=\'1.0\' encoding=\'UTF-8\'?><root available-locales=\"fr_FR\" default-locale=\"fr_FR\"><Name language-id=\"fr_FR\">Néro</Name></root>','','','portlet','layout-template-id=1_column\n',0,'/nero',0,0,'pentilaBanner_WAR_pentilaBannertheme','01','pentilaBanner_WAR_pentilaBannertheme','','',0,'492cead6-4196-4f08-b8d0-e975316d0010',NULL,NULL,'','','',0,'a5ab5a1a-e84d-4bc7-81a1-4eae2795a0da'),(311507,311504,10202,1,1,0,'<?xml version=\'1.0\' encoding=\'UTF-8\'?><root available-locales=\"fr_FR\" default-locale=\"fr_FR\"><Name language-id=\"fr_FR\">Tableau de bord</Name></root>','','','portlet','layout-template-id=1_column\nshow-alternate-links=true\nlayoutUpdateable=true\ncolumn-2-customizable=false\ncolumn-1-customizable=false\ncolumn-1=dashboard_WAR_dashboardportlet\n',0,'/tableau-de-bord',0,0,'pentilaBanner_WAR_pentilaBannertheme','','pentilaBanner_WAR_pentilaBannertheme','','',0,'4d234b1f-3b5e-4ac7-ad28-b4b4f368d19b','2017-10-16 14:18:40','2017-10-16 14:19:53','','','',0,''),(311620,11107,10202,1,214,0,'<?xml version=\'1.0\' encoding=\'UTF-8\'?><root available-locales=\"fr_FR\" default-locale=\"fr_FR\"><Name language-id=\"fr_FR\">gestion-user</Name></root>','<root />','','portlet','layout-template-id=1_column\ncolumn-1=gestionUtilisateurs_WAR_gestionUtilisateursportlet\n',0,'/gestion-user',0,0,'pentilaBanner_WAR_pentilaBannertheme','','','','',26,'1784b683-a70a-45b0-8f83-53028bbcbebc',NULL,NULL,'','','',0,'484756cf-f0da-49e7-a49f-b59fd3703b82'),(311632,11107,10202,1,215,0,'<?xml version=\'1.0\' encoding=\'UTF-8\'?><root available-locales=\"fr_FR\" default-locale=\"fr_FR\"><Name language-id=\"fr_FR\">applicationManager</Name></root>','<root />','','portlet','layout-template-id=1_column\ncolumn-1=applicationManager_WAR_applicationManagerportlet\n',0,'/applicationmanager',0,0,'pentilaBanner_WAR_pentilaBannertheme','','','','',26,'b01bd575-70dc-4f04-affe-579c3071cc4e',NULL,NULL,'','','',0,'e10d0cc4-3cee-4c6f-a3df-a6b30c65d99f'),(312617,11107,10202,1,219,0,'<?xml version=\'1.0\' encoding=\'UTF-8\'?><root available-locales=\"fr_FR\" default-locale=\"fr_FR\"><Name language-id=\"fr_FR\">Tableau de bord</Name></root>','','','portlet','layout-template-id=1_column\ncolumn-1=dashboard_WAR_dashboardportlet\n',0,'/tableau-de-bord',0,0,'pentilaBanner_WAR_pentilaBannertheme','','pentilaBanner_WAR_pentilaBannertheme','','',1,'08892835-1c90-471f-a380-bf732b0656b8',NULL,NULL,'','','',0,'4d234b1f-3b5e-4ac7-ad28-b4b4f368d19b'),(312708,11107,10202,1,220,0,'<?xml version=\'1.0\' encoding=\'UTF-8\'?><root available-locales=\"fr_FR\" default-locale=\"fr_FR\"><Name language-id=\"fr_FR\">Annuaire</Name></root>','<root />','','portlet','layout-template-id=1_column\ncolumn-1=annuaire_WAR_annuaireportlet\n',0,'/annuaire',0,0,'pentilaBanner_WAR_pentilaBannertheme','','','','',26,'14d5f3ff-330d-4977-8632-5be2ff23a880',NULL,NULL,'','','',0,'6bdb3805-dbfd-4b0d-a7ba-ebf6b61f1de4'),(312719,11107,10202,1,221,0,'<?xml version=\'1.0\' encoding=\'UTF-8\'?><root available-locales=\"fr_FR\" default-locale=\"fr_FR\"><Name language-id=\"fr_FR\">gestionSites</Name></root>','<root />','','portlet','layout-template-id=1_column\ncolumn-1=gestionSite_WAR_gestionSiteportlet\n',0,'/gestionsites',0,0,'pentilaBanner_WAR_pentilaBannertheme','01','','','',26,'84a3721a-d9cf-4c80-a059-7e6536bcef37',NULL,NULL,'','','',0,'68405b3f-fd4c-482d-9970-4b6bf5198625'),(313096,313092,10202,1,1,0,'<?xml version=\'1.0\' encoding=\'UTF-8\'?><root available-locales=\"fr_FR\" default-locale=\"fr_FR\"><Name language-id=\"fr_FR\">Droits de communication</Name></root>','','','portlet','layout-template-id=1_column\nshow-alternate-links=true\nlayoutUpdateable=true\ncolumn-2-customizable=false\ncolumn-1-customizable=false\ncolumn-1=administrationTools_WAR_administrationToolsportlet\n',0,'/droits-de-communication',0,0,'PentilaIntranet_WAR_PentilaIntranettheme','','PentilaIntranet_WAR_PentilaIntranettheme','','',0,'58db1692-cee3-4a29-816e-0ee63c120021','2017-11-02 14:07:01','2017-11-02 14:09:38','','','',0,''),(313230,11107,10202,1,222,0,'<?xml version=\'1.0\' encoding=\'UTF-8\'?><root available-locales=\"fr_FR\" default-locale=\"fr_FR\"><Name language-id=\"fr_FR\">Droits de communication</Name></root>','','','portlet','layout-template-id=1_column\ncolumn-1=administrationTools_WAR_administrationToolsportlet\n',0,'/droits-de-communication',0,0,'PentilaIntranet_WAR_PentilaIntranettheme','','PentilaIntranet_WAR_PentilaIntranettheme','','',26,'ab53e11f-c1cd-4197-bfc5-1f62a1fd1032',NULL,NULL,'','','',0,'58db1692-cee3-4a29-816e-0ee63c120021'),(313632,313628,10202,1,1,0,'<?xml version=\'1.0\' encoding=\'UTF-8\'?><root available-locales=\"fr_FR\" default-locale=\"fr_FR\"><Name language-id=\"fr_FR\">home</Name></root>','','','portlet','layout-template-id=2_columns_ii\n',0,'/home',0,0,'','','','','',0,'850e545c-68f6-4287-90d5-9b9e93f169fc','2017-11-15 15:43:44','2017-11-15 15:43:44','','','',0,''),(313709,313702,10202,1,1,0,'<?xml version=\'1.0\' encoding=\'UTF-8\'?><root available-locales=\"fr_FR\" default-locale=\"fr_FR\"><Name language-id=\"fr_FR\">Applications</Name></root>','','','portlet','layout-template-id=1_column\nshow-alternate-links=true\nlayoutUpdateable=true\ncolumn-2-customizable=false\ncolumn-1-customizable=false\ncolumn-1=gestionApps_WAR_gestionApplicationsportlet\n',0,'/applications',0,0,'pentilaBanner_WAR_pentilaBannertheme','','pentilaBanner_WAR_pentilaBannertheme','','',0,'428dc9dd-fdc9-460d-a199-6b251f422a4f','2017-11-16 07:05:24','2017-11-16 07:12:56','','','',0,''),(313714,313706,10202,1,1,0,'<?xml version=\'1.0\' encoding=\'UTF-8\'?><root available-locales=\"fr_FR\" default-locale=\"fr_FR\"><Name language-id=\"fr_FR\">Vie scolaire</Name></root>','','','portlet','layout-template-id=1_column\nshow-alternate-links=true\nlayoutUpdateable=true\ncolumn-2-customizable=false\ncolumn-1-customizable=false\ncolumn-1=gestionVieScolaire_WAR_gestionVieScolaireportlet\n',0,'/vie-scolaire',0,0,'pentilaBanner_WAR_pentilaBannertheme','','pentilaBanner_WAR_pentilaBannertheme','','',0,'280df374-b47f-4485-860e-a9295164151a','2017-11-16 07:05:34','2017-11-16 07:13:37','','','',0,''),(313747,11107,10202,1,224,0,'<?xml version=\'1.0\' encoding=\'UTF-8\'?><root available-locales=\"fr_FR\" default-locale=\"fr_FR\"><Name language-id=\"fr_FR\">Applications</Name></root>','','','portlet','layout-template-id=1_column\ncolumn-1=gestionApps_WAR_gestionApplicationsportlet\n',0,'/applications',0,0,'pentilaBanner_WAR_pentilaBannertheme','','pentilaBanner_WAR_pentilaBannertheme','','',26,'3c6a1a63-7dac-466b-9ac9-f7894f106090',NULL,NULL,'','','',0,'428dc9dd-fdc9-460d-a199-6b251f422a4f'),(313769,11107,10202,1,225,0,'<?xml version=\'1.0\' encoding=\'UTF-8\'?><root available-locales=\"fr_FR\" default-locale=\"fr_FR\"><Name language-id=\"fr_FR\">Vie scolaire</Name></root>','','','portlet','layout-template-id=1_column\ncolumn-1=gestionVieScolaire_WAR_gestionVieScolaireportlet\n',0,'/vie-scolaire',0,0,'pentilaBanner_WAR_pentilaBannertheme','','pentilaBanner_WAR_pentilaBannertheme','','',26,'f9a1709b-3cbd-45fb-b1ac-04efc2391ba0',NULL,NULL,'','','',0,'280df374-b47f-4485-860e-a9295164151a'),(313775,11107,10202,1,226,0,'<?xml version=\'1.0\' encoding=\'UTF-8\'?><root available-locales=\"fr_FR\" default-locale=\"fr_FR\"><Name language-id=\"fr_FR\">blog</Name></root>','','','portlet','layout-template-id=1_column\ncolumn-1=blog_WAR_blogportlet\n',0,'/blog',0,0,'pentilaBanner_WAR_pentilaBannertheme','01','pentilaBanner_WAR_pentilaBannertheme','','',26,'4baa6fb2-7751-4278-bb73-f04282d88b78',NULL,NULL,'','','',0,'47c0eb93-b320-4c51-8d17-6d374d2f5aab'),(313788,11107,10202,1,227,0,'<?xml version=\'1.0\' encoding=\'UTF-8\'?><root available-locales=\"fr_FR\" default-locale=\"fr_FR\"><Name language-id=\"fr_FR\">casManager</Name></root>','<root />','','portlet','layout-template-id=1_column\ncolumn-1=casManager_WAR_casManagerportlet_INSTANCE_mA2U\n',0,'/casmanager',0,0,'pentilaBanner_WAR_pentilaBannertheme','01','','','',26,'d6ce1fc1-3f86-40e5-9f93-134e193f0be7',NULL,NULL,'','','',0,'d68d518c-3f0a-4b62-a184-e9131b089a8a'),(313794,11107,10202,1,228,0,'<?xml version=\'1.0\' encoding=\'UTF-8\'?><root available-locales=\"fr_FR\" default-locale=\"fr_FR\"><Name language-id=\"fr_FR\">gestion-menu</Name></root>','<root />','','portlet','layout-template-id=1_column\ncolumn-1=gestionMenus_WAR_gestionMenusportlet\n',0,'/gestion-menu',0,0,'pentilaBanner_WAR_pentilaBannertheme','','','','',26,'f4c285b1-ffff-4485-b2e8-1ee173826ea8',NULL,NULL,'','','',0,'faba3636-1b63-4733-b1ca-b447797fe155'),(313975,313972,10202,1,1,0,'<?xml version=\'1.0\' encoding=\'UTF-8\'?><root available-locales=\"fr_FR\" default-locale=\"fr_FR\"><Name language-id=\"fr_FR\">CNS</Name></root>','','','portlet','show-alternate-links=true\nlayout-template-id=1_column\nlayoutUpdateable=true\ncolumn-2-customizable=false\ncolumn-1-customizable=false\ncolumn-1=cns_WAR_cnsmanuelsportlet\n',0,'/cns',0,0,'pentilaBanner_WAR_pentilaBannertheme','','pentilaBanner_WAR_pentilaBannertheme','','',0,'b0797673-8100-4336-84a5-68b0409a36c4','2017-11-16 08:28:28','2017-11-16 09:06:58','','','',0,''),(313989,313986,10202,1,1,0,'<?xml version=\'1.0\' encoding=\'UTF-8\'?><root available-locales=\"fr_FR\" default-locale=\"fr_FR\"><Name language-id=\"fr_FR\">Esidoc</Name></root>','','','portlet','show-alternate-links=true\nlayout-template-id=1_column\nlayoutUpdateable=true\ncolumn-2-customizable=false\ncolumn-1-customizable=false\ncolumn-1=esidoc_WAR_esidocportlet_INSTANCE_3efpIKtfQazG\n',0,'/esidoc',0,0,'pentilaBanner_WAR_pentilaBannertheme','','pentilaBanner_WAR_pentilaBannertheme','','',0,'a27f9479-4406-49a8-afe0-e43f143e2496','2017-11-16 08:31:33','2017-11-16 08:32:34','','','',0,''),(314003,314000,10202,1,1,0,'<?xml version=\'1.0\' encoding=\'UTF-8\'?><root available-locales=\"fr_FR\" default-locale=\"fr_FR\"><Name language-id=\"fr_FR\">Edumedia</Name></root>','','','portlet','show-alternate-links=true\nlayout-template-id=1_column\nlayoutUpdateable=true\ncolumn-2-customizable=false\ncolumn-1-customizable=false\ncolumn-1=edumedia_WAR_edumediaportlet_INSTANCE_4gDVgCijkzNW\n',0,'/edumedia',0,0,'pentilaBanner_WAR_pentilaBannertheme','','pentilaBanner_WAR_pentilaBannertheme','','',0,'ec10f763-3984-4b0f-b72f-9f9eede7c7df','2017-11-16 08:34:25','2017-11-16 08:36:04','','','',0,''),(314018,314015,10202,1,1,0,'<?xml version=\'1.0\' encoding=\'UTF-8\'?><root available-locales=\"fr_FR\" default-locale=\"fr_FR\"><Name language-id=\"fr_FR\">Folios</Name></root>','','','portlet','show-alternate-links=true\nlayout-template-id=1_column\nlayoutUpdateable=true\ncolumn-2-customizable=false\ncolumn-1-customizable=false\ncolumn-1=folios_WAR_webclasseurportlet_INSTANCE_jVlUcamD8vdI\n',0,'/folios',0,0,'pentilaBanner_WAR_pentilaBannertheme','','pentilaBanner_WAR_pentilaBannertheme','','',0,'1884ae2b-f524-400b-af8f-5483cba4971b','2017-11-16 08:38:04','2017-11-16 08:39:10','','','',0,''),(314032,314029,10202,1,1,0,'<?xml version=\'1.0\' encoding=\'UTF-8\'?><root available-locales=\"fr_FR\" default-locale=\"fr_FR\"><Name language-id=\"fr_FR\">Le site TV</Name></root>','','','portlet','show-alternate-links=true\nlayout-template-id=1_column\nlayoutUpdateable=true\ncolumn-2-customizable=false\ncolumn-1-customizable=false\ncolumn-1=lesiteTV_WAR_lesiteTVportlet\n',0,'/le-site-tv',0,0,'pentilaBanner_WAR_pentilaBannertheme','','pentilaBanner_WAR_pentilaBannertheme','','',0,'39af75cd-c3f2-4ef7-afa4-c79639572c70','2017-11-16 08:41:50','2017-11-16 08:43:08','','','',0,''),(314046,314043,10202,1,1,0,'<?xml version=\'1.0\' encoding=\'UTF-8\'?><root available-locales=\"fr_FR\" default-locale=\"fr_FR\"><Name language-id=\"fr_FR\">Moodle</Name></root>','','','portlet','show-alternate-links=true\nlayout-template-id=1_column\nlayoutUpdateable=true\ncolumn-2-customizable=false\ncolumn-1-customizable=false\ncolumn-1=moodle_WAR_moodleportlet_INSTANCE_b0KDVEekLd0B\n',0,'/moodle',0,0,'pentilaBanner_WAR_pentilaBannertheme','','pentilaBanner_WAR_pentilaBannertheme','','',0,'f1991f9c-41bb-4e0e-80e1-a2a3ffa90ec0','2017-11-16 08:45:03','2017-11-16 08:46:07','','','',0,''),(314060,314057,10202,1,1,0,'<?xml version=\'1.0\' encoding=\'UTF-8\'?><root available-locales=\"fr_FR\" default-locale=\"fr_FR\"><Name language-id=\"fr_FR\">Paraschool</Name></root>','','','portlet','show-alternate-links=true\nlayout-template-id=1_column\nlayoutUpdateable=true\ncolumn-2-customizable=false\ncolumn-1-customizable=false\ncolumn-1=paraschool_WAR_paraschoolportlet_INSTANCE_lRz01sCTe8ej\n',0,'/paraschool',0,0,'pentilaBanner_WAR_pentilaBannertheme','','pentilaBanner_WAR_pentilaBannertheme','','',0,'668a7358-f2f6-495f-95b6-a5f2996b2527','2017-11-16 08:48:01','2017-11-16 08:51:12','','','',0,''),(314074,314071,10202,1,1,0,'<?xml version=\'1.0\' encoding=\'UTF-8\'?><root available-locales=\"fr_FR\" default-locale=\"fr_FR\"><Name language-id=\"fr_FR\">Teacher EDU</Name></root>','','','portlet','show-alternate-links=true\nlayout-template-id=1_column\nlayoutUpdateable=true\ncolumn-2-customizable=false\ncolumn-1-customizable=false\ncolumn-1=teacherEDU_WAR_teacherEDUportlet\n',0,'/teacher-edu',0,0,'pentilaBanner_WAR_pentilaBannertheme','','pentilaBanner_WAR_pentilaBannertheme','','',0,'c11bb0ed-a070-4cea-a1a3-d536f1200a0b','2017-11-16 08:53:17','2017-11-16 08:55:01','','','',0,''),(314088,314085,10202,1,1,0,'<?xml version=\'1.0\' encoding=\'UTF-8\'?><root available-locales=\"fr_FR\" default-locale=\"fr_FR\"><Name language-id=\"fr_FR\">Universalis</Name></root>','','','portlet','show-alternate-links=true\nlayout-template-id=1_column\nlayoutUpdateable=true\ncolumn-2-customizable=false\ncolumn-1-customizable=false\ncolumn-1=unversalis_WAR_unversalisportlet_INSTANCE_4UkYnOU6za5K\n',0,'/universalis',0,0,'pentilaBanner_WAR_pentilaBannertheme','','pentilaBanner_WAR_pentilaBannertheme','','',0,'aa380fd2-af5e-4149-bfe1-cb9723685819','2017-11-16 08:56:29','2017-11-16 08:57:33','','','',0,''),(314102,314099,10202,1,1,0,'<?xml version=\'1.0\' encoding=\'UTF-8\'?><root available-locales=\"fr_FR\" default-locale=\"fr_FR\"><Name language-id=\"fr_FR\">Universalis junior</Name></root>','','','portlet','show-alternate-links=true\nlayout-template-id=1_column\nlayoutUpdateable=true\ncolumn-2-customizable=false\ncolumn-1-customizable=false\ncolumn-1=unversalisJunior_WAR_unversalisportlet_INSTANCE_CJvcgLw2n8dp\n',0,'/universalis-junior',0,0,'pentilaBanner_WAR_pentilaBannertheme','','pentilaBanner_WAR_pentilaBannertheme','','',0,'49636439-4636-4c49-829f-0435e7de58d0','2017-11-16 08:59:07','2017-11-16 09:00:12','','','',0,''),(314116,314113,10202,1,1,0,'<?xml version=\'1.0\' encoding=\'UTF-8\'?><root available-locales=\"fr_FR\" default-locale=\"fr_FR\"><Name language-id=\"fr_FR\">GRR</Name></root>','','','portlet','show-alternate-links=true\nlayout-template-id=1_column\nlayoutUpdateable=true\ncolumn-2-customizable=false\ncolumn-1-customizable=false\ncolumn-1=grr_WAR_grrportlet_INSTANCE_f5QRncWvRseN\n',0,'/grr',0,0,'pentilaBanner_WAR_pentilaBannertheme','','pentilaBanner_WAR_pentilaBannertheme','','',0,'a20a3814-aa60-4491-9da1-66b67f561124','2017-11-16 09:01:57','2017-11-16 09:02:57','','','',0,''),(314130,314127,10202,1,1,0,'<?xml version=\'1.0\' encoding=\'UTF-8\'?><root available-locales=\"fr_FR\" default-locale=\"fr_FR\"><Name language-id=\"fr_FR\">Arena</Name></root>','','','portlet','show-alternate-links=true\nlayout-template-id=1_column\nlayoutUpdateable=true\ncolumn-2-customizable=false\ncolumn-1-customizable=false\ncolumn-1=arenb_WAR_arenbportlet_INSTANCE_KSOpJGM9mO82\n',0,'/arena',0,0,'pentilaBanner_WAR_pentilaBannertheme','','pentilaBanner_WAR_pentilaBannertheme','','',0,'38ba1702-9712-4cae-a105-b149ac734c3d','2017-11-16 09:04:42','2017-11-16 09:05:50','','','',0,''),(314145,314142,10202,1,1,0,'<?xml version=\'1.0\' encoding=\'UTF-8\'?><root available-locales=\"fr_FR\" default-locale=\"fr_FR\"><Name language-id=\"fr_FR\">Cahier de texte</Name></root>','','','portlet','layout-template-id=1_column\nshow-alternate-links=true\nlayoutUpdateable=true\ncolumn-2-customizable=false\ncolumn-1-customizable=false\ncolumn-1=cdt_WAR_cdtportlet\n',0,'/cahier-de-texte',0,0,'pentilaBanner_WAR_pentilaBannertheme','','pentilaBanner_WAR_pentilaBannertheme','','',0,'f3ffbcc7-96b9-46ca-b974-a1473310276a','2017-11-16 09:07:52','2017-11-16 09:09:07','','','',0,''),(314159,314156,10202,1,1,0,'<?xml version=\'1.0\' encoding=\'UTF-8\'?><root available-locales=\"fr_FR\" default-locale=\"fr_FR\"><Name language-id=\"fr_FR\">Gestion du cahier de texte</Name></root>','','','portlet','layout-template-id=1_column\nshow-alternate-links=true\nlayoutUpdateable=true\ncolumn-2-customizable=false\ncolumn-1-customizable=false\ncolumn-1=gestioncdt_WAR_cdtportlet\n',0,'/gestion-cahier-de-texte',0,0,'pentilaBanner_WAR_pentilaBannertheme','','pentilaBanner_WAR_pentilaBannertheme','','',0,'d4dd061f-4b87-4a1c-aaa0-2861cddf2514','2017-11-16 09:10:52','2017-11-16 12:08:52','','','',0,''),(314168,314165,10202,1,1,0,'<?xml version=\'1.0\' encoding=\'UTF-8\'?><root available-locales=\"fr_FR\" default-locale=\"fr_FR\"><Name language-id=\"fr_FR\">Gépi</Name></root>','','','portlet','show-alternate-links=true\nlayout-template-id=1_column\nlayoutUpdateable=true\ncolumn-2-customizable=false\ncolumn-1-customizable=false\ncolumn-1=gepi_WAR_gepiportlet_INSTANCE_f9BXwekSP6B2\n',0,'/gepi',0,0,'pentilaBanner_WAR_pentilaBannertheme','','pentilaBanner_WAR_pentilaBannertheme','','',0,'90151d08-ffe1-410f-a087-a73fc2c74442','2017-11-16 09:17:02','2017-11-16 09:18:05','','','',0,''),(314182,314179,10202,1,1,0,'<?xml version=\'1.0\' encoding=\'UTF-8\'?><root available-locales=\"fr_FR\" default-locale=\"fr_FR\"><Name language-id=\"fr_FR\">SACoche</Name></root>','','','portlet','show-alternate-links=true\nlayout-template-id=1_column\nlayoutUpdateable=true\ncolumn-2-customizable=false\ncolumn-1-customizable=false\ncolumn-1=sacoche_WAR_sacocheportlet\n',0,'/sacoche',0,0,'pentilaBanner_WAR_pentilaBannertheme','','pentilaBanner_WAR_pentilaBannertheme','','',0,'d9a409ab-fd1a-41c5-bfc6-9f6fca5bd3f8','2017-11-16 09:19:25','2017-11-16 09:20:51','','','',0,''),(314196,314191,10202,1,1,0,'<?xml version=\'1.0\' encoding=\'UTF-8\'?><root available-locales=\"fr_FR\" default-locale=\"fr_FR\"><Name language-id=\"fr_FR\">Pronote</Name></root>','','','portlet','show-alternate-links=true\nlayout-template-id=1_column\nlayoutUpdateable=true\ncolumn-2-customizable=false\ncolumn-1-customizable=false\ncolumn-1=pronoteCAS2011_WAR_pronoteCASportlet\n',0,'/pronote',0,0,'pentilaBanner_WAR_pentilaBannertheme','','pentilaBanner_WAR_pentilaBannertheme','','',0,'d7d08556-a474-4983-9a38-e2fe0cdb2abc','2017-11-16 09:22:00','2017-11-16 09:23:14','','','',0,''),(314214,314202,10202,1,1,0,'<?xml version=\'1.0\' encoding=\'UTF-8\'?><root available-locales=\"fr_FR\" default-locale=\"fr_FR\"><Name language-id=\"fr_FR\">Siècle</Name></root>','','','portlet','show-alternate-links=true\nlayout-template-id=1_column\nlayoutUpdateable=true\ncolumn-2-customizable=false\ncolumn-1-customizable=false\ncolumn-1=Sconet_WAR_sconetportlet\n',0,'/siecle',0,0,'pentilaBanner_WAR_pentilaBannertheme','','pentilaBanner_WAR_pentilaBannertheme','','',0,'3fd0a878-3a0a-4741-b84a-82b2ab5ca1c0','2017-11-16 09:24:25','2017-11-16 09:25:30','','','',0,''),(314224,314211,10202,1,1,0,'<?xml version=\'1.0\' encoding=\'UTF-8\'?><root available-locales=\"fr_FR\" default-locale=\"fr_FR\"><Name language-id=\"fr_FR\">Téléservices</Name></root>','','','portlet','show-alternate-links=true\nlayout-template-id=1_column\nlayoutUpdateable=true\ncolumn-2-customizable=false\ncolumn-1-customizable=false\ncolumn-1=teleservice_WAR_teleserviceportlet_INSTANCE_u90nvHelD7Tr\n',0,'/teleservices',0,0,'pentilaBanner_WAR_pentilaBannertheme','','pentilaBanner_WAR_pentilaBannertheme','','',0,'68e36aac-2d0d-4894-afbf-d5f0b720339a','2017-11-16 09:28:44','2017-11-16 09:30:15','','','',0,''),(314652,314645,10202,1,1,0,'<?xml version=\'1.0\' encoding=\'UTF-8\'?><root available-locales=\"fr_FR\" default-locale=\"fr_FR\"><Name language-id=\"fr_FR\">KNE</Name></root>','','','portlet','show-alternate-links=true\nlayout-template-id=1_column\nlayoutUpdateable=true\ncolumn-2-customizable=false\ncolumn-1-customizable=false\ncolumn-1=kne_WAR_knescolportlet\n',0,'/kne',0,0,'pentilaBanner_WAR_pentilaBannertheme','','pentilaBanner_WAR_pentilaBannertheme','','',0,'4a7771bd-84bf-4d08-9854-dbe703f7b9e4','2017-11-16 11:20:24','2017-11-16 11:22:45','','','',0,''),(314662,314649,10202,1,1,0,'<?xml version=\'1.0\' encoding=\'UTF-8\'?><root available-locales=\"fr_FR\" default-locale=\"fr_FR\"><Name language-id=\"fr_FR\">Pearltrees</Name></root>','','','portlet','show-alternate-links=true\nlayout-template-id=1_column\nlayoutUpdateable=true\ncolumn-2-customizable=false\ncolumn-1-customizable=false\ncolumn-1=pearltrees_WAR_pearltreesportlet_INSTANCE_noG9WYTAykaS\n',0,'/pearltrees',0,0,'pentilaBanner_WAR_pentilaBannertheme','','pentilaBanner_WAR_pentilaBannertheme','','',0,'bdf8d2cf-dbbe-4b54-89d4-5e74fbcebceb','2017-11-16 11:23:34','2017-11-16 11:25:00','','','',0,''),(314817,11107,10202,1,229,0,'<?xml version=\'1.0\' encoding=\'UTF-8\'?><root available-locales=\"fr_FR\" default-locale=\"fr_FR\"><Name language-id=\"fr_FR\">Cahier de texte</Name></root>','','','portlet','layout-template-id=1_column\ncolumn-1=cdt_WAR_cdtportlet\n',0,'/cahier-de-texte',0,0,'pentilaBanner_WAR_pentilaBannertheme','','pentilaBanner_WAR_pentilaBannertheme','','',26,'5e22e933-7746-4593-902d-7349153171fd',NULL,NULL,'','','',0,'f3ffbcc7-96b9-46ca-b974-a1473310276a'),(314839,11107,10202,1,230,0,'<?xml version=\'1.0\' encoding=\'UTF-8\'?><root available-locales=\"fr_FR\" default-locale=\"fr_FR\"><Name language-id=\"fr_FR\">Gestion du cahier de texte</Name></root>','','','portlet','layout-template-id=1_column\ncolumn-1=gestioncdt_WAR_cdtportlet\n',0,'/gestion-cahier-de-texte',0,0,'pentilaBanner_WAR_pentilaBannertheme','','pentilaBanner_WAR_pentilaBannertheme','','',26,'804c6993-d00c-42c9-9c2c-0dcf40baa5f0',NULL,NULL,'','','',0,'d4dd061f-4b87-4a1c-aaa0-2861cddf2514'),(314850,11107,10202,1,231,0,'<?xml version=\'1.0\' encoding=\'UTF-8\'?><root available-locales=\"fr_FR\" default-locale=\"fr_FR\"><Name language-id=\"fr_FR\">statistics</Name></root>','','','portlet','layout-template-id=1_column\ncolumn-1=statistics_WAR_statisticsportlet\n',0,'/statistics',0,0,'pentilaBanner_WAR_pentilaBannertheme','01','pentilaBanner_WAR_pentilaBannertheme','','',26,'5e7e61c5-ae42-4c0f-af51-ecee4c705b19',NULL,NULL,'','','',0,'9ffa66a9-5aee-401d-8269-f62a76737996');

--
-- Table structure for table `layoutbranch`
--

CREATE TABLE `layoutbranch` (
  `LayoutBranchId` bigint(20) NOT NULL,
  `groupId` bigint(20) DEFAULT NULL,
  `companyId` bigint(20) DEFAULT NULL,
  `userId` bigint(20) DEFAULT NULL,
  `userName` varchar(75) DEFAULT NULL,
  `layoutSetBranchId` bigint(20) DEFAULT NULL,
  `plid` bigint(20) DEFAULT NULL,
  `name` varchar(75) DEFAULT NULL,
  `description` longtext,
  `master` tinyint(4) DEFAULT NULL,
  PRIMARY KEY (`LayoutBranchId`),
  UNIQUE KEY `IX_FD57097D` (`layoutSetBranchId`,`plid`,`name`),
  KEY `IX_6C226433` (`layoutSetBranchId`),
  KEY `IX_2C42603E` (`layoutSetBranchId`,`plid`),
  KEY `IX_A705FF94` (`layoutSetBranchId`,`plid`,`master`)
) ENGINE=InnoDB DEFAULT CHARSET=latin1;

--
-- Dumping data for table `layoutbranch`
--


--
-- Table structure for table `layoutprototype`
--

CREATE TABLE `layoutprototype` (
  `layoutPrototypeId` bigint(20) NOT NULL,
  `companyId` bigint(20) DEFAULT NULL,
  `name` longtext,
  `description` longtext,
  `settings_` longtext,
  `active_` tinyint(4) DEFAULT NULL,
  `uuid_` varchar(75) DEFAULT NULL,
  PRIMARY KEY (`layoutPrototypeId`),
  KEY `IX_30616AAA` (`companyId`),
  KEY `IX_557A639F` (`companyId`,`active_`),
  KEY `IX_CEF72136` (`uuid_`)
) ENGINE=InnoDB DEFAULT CHARSET=utf8;

--
-- Dumping data for table `layoutprototype`
--

INSERT INTO `layoutprototype` VALUES (60586,10202,'<?xml version=\'1.0\' encoding=\'UTF-8\'?><root available-locales=\"en_US,\" default-locale=\"fr_FR\"><Name language-id=\"en_US\">Blog</Name></root>','Create, edit, and view blogs from this page. Explore topics using tags, and connect with other members that blog.','',1,'49556d2f-4c14-472b-b6d1-2389ae9b4a63'),(60595,10202,'<?xml version=\'1.0\' encoding=\'UTF-8\'?><root available-locales=\"en_US,\" default-locale=\"fr_FR\"><Name language-id=\"en_US\">Content</Name></root>','Create, edit, and explore content with this page. Search available content, explore related content with tags, and browse content categories.','',1,'742e4714-938a-4ef7-9a47-32945b1aa2b3'),(60604,10202,'<?xml version=\'1.0\' encoding=\'UTF-8\'?><root available-locales=\"en_US,\" default-locale=\"fr_FR\"><Name language-id=\"en_US\">Wiki</Name></root>','Collaborate with members through the wiki on this page. Discover related content through tags, and navigate quickly and easily with categories.','',1,'17969612-7b7d-47df-8fe8-f277b6fdfe93'),(125510,10202,'<?xml version=\'1.0\' encoding=\'UTF-8\'?><root available-locales=\"fr_FR\" default-locale=\"fr_FR\"><Name language-id=\"fr_FR\">Blog</Name></root>','Create, edit, and view blogs from this page. Explore topics using tags, and connect with other members that blog.','',1,'e135df96-5138-4f82-816d-9ec4561e4956'),(125519,10202,'<?xml version=\'1.0\' encoding=\'UTF-8\'?><root available-locales=\"fr_FR\" default-locale=\"fr_FR\"><Name language-id=\"fr_FR\">Content Display Page</Name></root>','Create, edit, and explore web content with this page. Search available content, explore related content with tags, and browse content categories.','',1,'77f061a1-6d86-49ca-8173-c833eba4c210'),(125528,10202,'<?xml version=\'1.0\' encoding=\'UTF-8\'?><root available-locales=\"fr_FR\" default-locale=\"fr_FR\"><Name language-id=\"fr_FR\">Wiki</Name></root>','Collaborate with members through the wiki on this page. Discover related content through tags, and navigate quickly and easily with categories.','',1,'ef1c7897-6de1-46a4-b840-5e30b6ce6321');

--
-- Table structure for table `layoutrevision`
--

CREATE TABLE `layoutrevision` (
  `layoutRevisionId` bigint(20) NOT NULL,
  `groupId` bigint(20) DEFAULT NULL,
  `companyId` bigint(20) DEFAULT NULL,
  `userId` bigint(20) DEFAULT NULL,
  `userName` varchar(75) DEFAULT NULL,
  `createDate` datetime DEFAULT NULL,
  `modifiedDate` datetime DEFAULT NULL,
  `layoutSetBranchId` bigint(20) DEFAULT NULL,
  `layoutBranchId` bigint(20) DEFAULT NULL,
  `parentLayoutRevisionId` bigint(20) DEFAULT NULL,
  `head` tinyint(4) DEFAULT NULL,
  `major` tinyint(4) DEFAULT NULL,
  `plid` bigint(20) DEFAULT NULL,
  `privateLayout` tinyint(4) DEFAULT NULL,
  `name` longtext,
  `title` longtext,
  `description` longtext,
  `keywords` longtext,
  `robots` longtext,
  `typeSettings` longtext,
  `iconImage` tinyint(4) DEFAULT NULL,
  `iconImageId` bigint(20) DEFAULT NULL,
  `themeId` varchar(75) DEFAULT NULL,
  `colorSchemeId` varchar(75) DEFAULT NULL,
  `wapThemeId` varchar(75) DEFAULT NULL,
  `wapColorSchemeId` varchar(75) DEFAULT NULL,
  `css` longtext,
  `status` int(11) DEFAULT NULL,
  `statusByUserId` bigint(20) DEFAULT NULL,
  `statusByUserName` varchar(75) DEFAULT NULL,
  `statusDate` datetime DEFAULT NULL,
  PRIMARY KEY (`layoutRevisionId`),
  KEY `IX_43E8286A` (`head`,`plid`),
  KEY `IX_314B621A` (`layoutSetBranchId`),
  KEY `IX_A9AC086E` (`layoutSetBranchId`,`head`),
  KEY `IX_E10AC39` (`layoutSetBranchId`,`head`,`plid`),
  KEY `IX_13984800` (`layoutSetBranchId`,`layoutBranchId`,`plid`),
  KEY `IX_4A84AF43` (`layoutSetBranchId`,`parentLayoutRevisionId`,`plid`),
  KEY `IX_B7B914E5` (`layoutSetBranchId`,`plid`),
  KEY `IX_70DA9ECB` (`layoutSetBranchId`,`plid`,`status`),
  KEY `IX_7FFAE700` (`layoutSetBranchId`,`status`),
  KEY `IX_9329C9D6` (`plid`),
  KEY `IX_8EC3D2BC` (`plid`,`status`)
) ENGINE=InnoDB DEFAULT CHARSET=latin1;

--
-- Dumping data for table `layoutrevision`
--


--
-- Table structure for table `layoutset`
--

CREATE TABLE `layoutset` (
  `layoutSetId` bigint(20) NOT NULL,
  `groupId` bigint(20) DEFAULT NULL,
  `companyId` bigint(20) DEFAULT NULL,
  `privateLayout` tinyint(4) DEFAULT NULL,
  `logo` tinyint(4) DEFAULT NULL,
  `logoId` bigint(20) DEFAULT NULL,
  `themeId` varchar(75) DEFAULT NULL,
  `colorSchemeId` varchar(75) DEFAULT NULL,
  `wapThemeId` varchar(75) DEFAULT NULL,
  `wapColorSchemeId` varchar(75) DEFAULT NULL,
  `css` longtext,
  `pageCount` int(11) DEFAULT NULL,
  `settings_` longtext,
  `createDate` datetime DEFAULT NULL,
  `modifiedDate` datetime DEFAULT NULL,
  `layoutSetPrototypeUuid` varchar(75) DEFAULT NULL,
  `layoutSetPrototypeLinkEnabled` tinyint(4) DEFAULT NULL,
  PRIMARY KEY (`layoutSetId`),
  UNIQUE KEY `IX_48550691` (`groupId`,`privateLayout`),
  KEY `IX_A40B8BEC` (`groupId`),
  KEY `IX_72BBA8B7` (`layoutSetPrototypeUuid`)
) ENGINE=InnoDB DEFAULT CHARSET=utf8;

--
-- Dumping data for table `layoutset`
--

INSERT INTO `layoutset` VALUES (10220,10219,10202,1,0,0,'pentilaBanner_WAR_pentilaBannertheme','01','mobile','01','',1,NULL,'2013-06-20 15:46:27','2013-06-20 15:46:27',NULL,NULL),(10221,10219,10202,0,0,0,'pentilaBanner_WAR_pentilaBannertheme','01','mobile','01','',0,NULL,'2013-06-20 15:46:27','2013-06-20 15:46:27',NULL,NULL),(10227,10226,10202,1,0,0,'pentilaBanner_WAR_pentilaBannertheme','01','mobile','01','',0,NULL,'2013-06-20 15:46:27','2013-06-20 15:46:27',NULL,NULL),(10228,10226,10202,0,0,0,'pentilaBanner_WAR_pentilaBannertheme','01','mobile','01','',1,NULL,'2013-06-20 15:46:27','2013-06-20 15:46:27',NULL,NULL),(10237,10236,10202,1,0,0,'pentilaBanner_WAR_pentilaBannertheme','01','mobile','01','',0,NULL,'2013-06-20 15:46:27','2013-06-20 15:46:27',NULL,NULL),(10238,10236,10202,0,0,0,'pentilaBanner_WAR_pentilaBannertheme','01','mobile','01','',0,NULL,'2013-06-20 15:46:27','2013-06-20 15:46:27',NULL,NULL),(11103,11102,10202,1,0,0,'pentilaBanner_WAR_pentilaBannertheme','01','mobile','01','',0,NULL,'2013-06-20 15:46:27','2013-06-20 15:46:27',NULL,NULL),(11104,11102,10202,0,0,0,'pentilaBanner_WAR_pentilaBannertheme','01','mobile','01','',0,NULL,'2013-06-20 15:46:27','2013-06-20 15:46:27',NULL,NULL),(11108,11107,10202,1,0,0,'pentilaBanner_WAR_pentilaBannertheme','01','mobile','01','',25,'last-merge-time=1393235323552\n','2013-06-20 15:46:27','2017-11-16 12:12:07','0f719a62-99cb-4e6e-ac71-ebfb3412c13b',1),(11109,11107,10202,0,0,0,'pentilaBanner_WAR_pentilaBannertheme','01','mobile','01','',0,'last-merge-time=1390488304633\n','2013-06-20 15:46:27','2017-11-16 13:00:13','f0af52bf-5dd8-4df0-8820-b419e5433e2d',1),(11124,11123,10202,1,0,0,'pentilaBanner_WAR_pentilaBannertheme','01','mobile','01','',0,NULL,'2013-06-20 15:46:27','2013-06-20 15:46:27',NULL,NULL),(11125,11123,10202,0,0,0,'pentilaBanner_WAR_pentilaBannertheme','01','mobile','01','',0,NULL,'2013-06-20 15:46:27','2013-06-20 15:46:27',NULL,NULL),(11128,11127,10202,1,0,0,'pentilaBanner_WAR_pentilaBannertheme','01','mobile','01','',0,NULL,'2013-06-20 15:46:27','2013-06-20 15:46:27',NULL,NULL),(11129,11127,10202,0,0,0,'pentilaBanner_WAR_pentilaBannertheme','01','mobile','01','',0,NULL,'2013-06-20 15:46:27','2013-06-20 15:46:27',NULL,NULL),(11132,11131,10202,1,0,0,'pentilaBanner_WAR_pentilaBannertheme','01','mobile','01','',0,NULL,'2013-06-20 15:46:27','2013-06-20 15:46:27',NULL,NULL),(11133,11131,10202,0,0,0,'pentilaBanner_WAR_pentilaBannertheme','01','mobile','01','',0,NULL,'2013-06-20 15:46:27','2013-06-20 15:46:27',NULL,NULL),(11229,11228,10202,1,0,0,'pentilaBanner_WAR_pentilaBannertheme','01','mobile','01','',1,NULL,'2013-06-20 15:46:27','2013-06-20 15:46:27',NULL,NULL),(11230,11228,10202,0,0,0,'pentilaBanner_WAR_pentilaBannertheme','01','mobile','01','',0,NULL,'2013-06-20 15:46:27','2013-06-20 15:46:27',NULL,NULL),(11233,11232,10202,1,0,0,'pentilaBanner_WAR_pentilaBannertheme','01','mobile','01','',1,NULL,'2013-06-20 15:46:27','2013-06-20 15:46:27',NULL,NULL),(11234,11232,10202,0,0,0,'pentilaBanner_WAR_pentilaBannertheme','01','mobile','01','',0,NULL,'2013-06-20 15:46:27','2013-06-20 15:46:27',NULL,NULL),(11237,11236,10202,1,0,0,'pentilaBanner_WAR_pentilaBannertheme','01','mobile','01','',1,NULL,'2013-06-20 15:46:27','2013-06-20 15:46:27',NULL,NULL),(11238,11236,10202,0,0,0,'pentilaBanner_WAR_pentilaBannertheme','01','mobile','01','',0,NULL,'2013-06-20 15:46:27','2013-06-20 15:46:27',NULL,NULL),(11241,11240,10202,1,0,0,'pentilaBanner_WAR_pentilaBannertheme','01','mobile','01','',1,NULL,'2013-06-20 15:46:27','2013-06-20 15:46:27',NULL,NULL),(11242,11240,10202,0,0,0,'pentilaBanner_WAR_pentilaBannertheme','01','mobile','01','',0,NULL,'2013-06-20 15:46:27','2013-06-20 15:46:27',NULL,NULL),(11245,11244,10202,1,0,0,'pentilaBanner_WAR_pentilaBannertheme','01','mobile','01','',1,NULL,'2013-06-20 15:46:27','2013-06-20 15:46:27',NULL,NULL),(11246,11244,10202,0,0,0,'pentilaBanner_WAR_pentilaBannertheme','01','mobile','01','',0,NULL,'2013-06-20 15:46:27','2013-06-20 15:46:27',NULL,NULL),(11253,11252,10202,1,0,0,'pentilaBanner_WAR_pentilaBannertheme','01','mobile','01','',1,NULL,'2013-06-20 15:46:27','2013-06-20 15:46:27',NULL,NULL),(11254,11252,10202,0,0,0,'pentilaBanner_WAR_pentilaBannertheme','01','mobile','01','',0,NULL,'2013-06-20 15:46:27','2013-06-20 15:46:27',NULL,NULL),(11257,11256,10202,1,0,0,'pentilaBanner_WAR_pentilaBannertheme','01','mobile','01','',1,NULL,'2013-06-20 15:46:27','2013-06-20 15:46:27',NULL,NULL),(11258,11256,10202,0,0,0,'pentilaBanner_WAR_pentilaBannertheme','01','mobile','01','',0,NULL,'2013-06-20 15:46:27','2013-06-20 15:46:27',NULL,NULL),(11261,11260,10202,1,0,0,'pentilaBanner_WAR_pentilaBannertheme','01','mobile','01','',1,NULL,'2013-06-20 15:46:27','2013-06-20 15:46:27',NULL,NULL),(11262,11260,10202,0,0,0,'pentilaBanner_WAR_pentilaBannertheme','01','mobile','01','',0,NULL,'2013-06-20 15:46:27','2013-06-20 15:46:27',NULL,NULL),(11265,11264,10202,1,0,0,'pentilaBanner_WAR_pentilaBannertheme','01','mobile','01','',0,NULL,'2013-06-20 15:46:27','2013-06-20 15:46:27',NULL,NULL),(11266,11264,10202,0,0,0,'pentilaBanner_WAR_pentilaBannertheme','01','mobile','01','',0,NULL,'2013-06-20 15:46:27','2013-06-20 15:46:27',NULL,NULL),(11281,11280,10202,1,0,0,'pentilaBanner_WAR_pentilaBannertheme','01','mobile','01','',1,NULL,'2013-06-20 15:46:27','2013-06-20 15:46:27',NULL,NULL),(11282,11280,10202,0,0,0,'pentilaBanner_WAR_pentilaBannertheme','01','mobile','01','',0,NULL,'2013-06-20 15:46:27','2013-06-20 15:46:27',NULL,NULL),(11285,11284,10202,1,0,0,'pentilaBanner_WAR_pentilaBannertheme','01','mobile','01','',1,NULL,'2013-06-20 15:46:27','2013-06-20 15:46:27',NULL,NULL),(11286,11284,10202,0,0,0,'pentilaBanner_WAR_pentilaBannertheme','01','mobile','01','',0,NULL,'2013-06-20 15:46:27','2013-06-20 15:46:27',NULL,NULL),(11297,11296,10202,1,0,0,'pentilaBanner_WAR_pentilaBannertheme','01','mobile','01','',1,NULL,'2013-06-20 15:46:27','2013-06-20 15:46:27',NULL,NULL),(11298,11296,10202,0,0,0,'pentilaBanner_WAR_pentilaBannertheme','01','mobile','01','',0,NULL,'2013-06-20 15:46:27','2013-06-20 15:46:27',NULL,NULL),(11301,11300,10202,1,0,0,'pentilaBanner_WAR_pentilaBannertheme','01','mobile','01','',1,NULL,'2013-06-20 15:46:27','2013-06-20 15:46:27',NULL,NULL),(11302,11300,10202,0,0,0,'pentilaBanner_WAR_pentilaBannertheme','01','mobile','01','',0,NULL,'2013-06-20 15:46:27','2013-06-20 15:46:27',NULL,NULL),(11305,11304,10202,1,0,0,'pentilaBanner_WAR_pentilaBannertheme','01','mobile','01','',1,NULL,'2013-06-20 15:46:27','2013-06-20 15:46:27',NULL,NULL),(11306,11304,10202,0,0,0,'pentilaBanner_WAR_pentilaBannertheme','01','mobile','01','',0,NULL,'2013-06-20 15:46:27','2013-06-20 15:46:27',NULL,NULL),(11325,11324,10202,1,0,0,'pentilaBanner_WAR_pentilaBannertheme','01','mobile','01','',1,NULL,'2013-06-20 15:46:27','2013-06-20 15:46:27',NULL,NULL),(11326,11324,10202,0,0,0,'pentilaBanner_WAR_pentilaBannertheme','01','mobile','01','',0,NULL,'2013-06-20 15:46:27','2013-06-20 15:46:27',NULL,NULL),(12603,12602,10202,1,0,0,'pentilaBanner_WAR_pentilaBannertheme','01','mobile','01','',0,NULL,'2013-06-20 15:46:27','2013-06-20 15:46:27',NULL,NULL),(12604,12602,10202,0,0,0,'pentilaBanner_WAR_pentilaBannertheme','01','mobile','01','',0,NULL,'2013-06-20 15:46:27','2013-06-20 15:46:27',NULL,NULL),(18203,18202,10202,1,0,0,'pentilaBanner_WAR_pentilaBannertheme','01','mobile','01','',1,NULL,'2013-06-20 15:46:27','2013-06-20 15:46:27',NULL,NULL),(18208,18202,10202,0,0,0,'pentilaBanner_WAR_pentilaBannertheme','01','mobile','01','',0,NULL,'2013-06-20 15:46:27','2013-06-20 15:46:27',NULL,NULL),(18212,18211,10202,1,0,0,'pentilaBanner_WAR_pentilaBannertheme','01','mobile','01','',2,NULL,'2013-06-20 15:46:27','2013-06-20 15:46:27',NULL,NULL),(18217,18211,10202,0,0,0,'pentilaBanner_WAR_pentilaBannertheme','01','mobile','01','',0,NULL,'2013-06-20 15:46:27','2013-06-20 15:46:27',NULL,NULL),(18221,18220,10202,1,0,0,'pentilaBanner_WAR_pentilaBannertheme','01','mobile','01','',0,NULL,'2013-06-20 15:46:27','2013-06-20 15:46:27',NULL,NULL),(18222,18220,10202,0,0,0,'pentilaBanner_WAR_pentilaBannertheme','01','mobile','01','',0,NULL,'2013-06-20 15:46:27','2013-06-20 15:46:27',NULL,NULL),(18225,18224,10202,1,0,0,'pentilaBanner_WAR_pentilaBannertheme','01','mobile','01','',1,NULL,'2013-06-20 15:46:27','2013-06-20 15:46:27',NULL,NULL),(18230,18224,10202,0,0,0,'pentilaBanner_WAR_pentilaBannertheme','01','mobile','01','',0,NULL,'2013-06-20 15:46:27','2013-06-20 15:46:27',NULL,NULL),(18234,18233,10202,1,0,0,'pentilaBanner_WAR_pentilaBannertheme','01','mobile','01','',1,NULL,'2013-06-20 15:46:27','2013-06-20 15:46:27',NULL,NULL),(18239,18233,10202,0,0,0,'pentilaBanner_WAR_pentilaBannertheme','01','mobile','01','',0,NULL,'2013-06-20 15:46:27','2013-06-20 15:46:27',NULL,NULL),(18243,18242,10202,1,0,0,'pentilaBanner_WAR_pentilaBannertheme','01','mobile','01','',1,NULL,'2013-06-20 15:46:27','2013-06-20 15:46:27',NULL,NULL),(18248,18242,10202,0,0,0,'pentilaBanner_WAR_pentilaBannertheme','01','mobile','01','',0,NULL,'2013-06-20 15:46:27','2013-06-20 15:46:27',NULL,NULL),(18403,18402,10202,1,0,0,'pentilaBanner_WAR_pentilaBannertheme','01','mobile','01','',0,NULL,'2013-06-20 15:46:27','2013-06-20 15:46:27',NULL,NULL),(18404,18402,10202,0,0,0,'pentilaBanner_WAR_pentilaBannertheme','01','mobile','01','',0,NULL,'2013-06-20 15:46:27','2013-06-20 15:46:27',NULL,NULL),(19576,19575,10202,1,0,0,'pentilaBanner_WAR_pentilaBannertheme','01','mobile','01','',1,NULL,'2013-06-20 15:46:27','2013-06-20 15:46:27',NULL,NULL),(19577,19575,10202,0,0,0,'pentilaBanner_WAR_pentilaBannertheme','01','mobile','01','',0,NULL,'2013-06-20 15:46:27','2013-06-20 15:46:27',NULL,NULL),(26449,26448,10202,1,0,0,'pentilaBanner_WAR_pentilaBannertheme','01','mobile','01','',1,NULL,'2013-06-20 15:46:27','2013-06-20 15:46:27',NULL,NULL),(26450,26448,10202,0,0,0,'pentilaBanner_WAR_pentilaBannertheme','01','mobile','01','',0,NULL,'2013-06-20 15:46:27','2013-06-20 15:46:27',NULL,NULL),(26453,26452,10202,1,0,0,'pentilaBanner_WAR_pentilaBannertheme','01','mobile','01','',1,NULL,'2013-06-20 15:46:27','2013-06-20 15:46:27',NULL,NULL),(26454,26452,10202,0,0,0,'pentilaBanner_WAR_pentilaBannertheme','01','mobile','01','',0,NULL,'2013-06-20 15:46:27','2013-06-20 15:46:27',NULL,NULL),(29603,29602,10202,1,0,0,'pentilaBanner_WAR_pentilaBannertheme','01','mobile','01','',0,NULL,'2013-06-20 15:46:27','2013-06-20 15:46:27',NULL,NULL),(29604,29602,10202,0,0,0,'pentilaBanner_WAR_pentilaBannertheme','01','mobile','01','',0,NULL,'2013-06-20 15:46:27','2013-06-20 15:46:27',NULL,NULL),(29607,29606,10202,1,0,0,'pentilaBanner_WAR_pentilaBannertheme','01','mobile','01','',0,NULL,'2013-06-20 15:46:27','2013-06-20 15:46:27',NULL,NULL),(29608,29606,10202,0,0,0,'pentilaBanner_WAR_pentilaBannertheme','01','mobile','01','',0,NULL,'2013-06-20 15:46:27','2013-06-20 15:46:27',NULL,NULL),(29780,29779,10202,1,0,0,'pentilaBanner_WAR_pentilaBannertheme','01','mobile','01','',0,NULL,'2013-06-20 15:46:27','2013-06-20 15:46:27',NULL,NULL),(29781,29779,10202,0,0,0,'pentilaBanner_WAR_pentilaBannertheme','01','mobile','01','',0,NULL,'2013-06-20 15:46:27','2013-06-20 15:46:27',NULL,NULL),(29784,29783,10202,1,0,0,'pentilaBanner_WAR_pentilaBannertheme','01','mobile','01','',0,NULL,'2013-06-20 15:46:27','2013-06-20 15:46:27',NULL,NULL),(29785,29783,10202,0,0,0,'pentilaBanner_WAR_pentilaBannertheme','01','mobile','01','',0,NULL,'2013-06-20 15:46:27','2013-06-20 15:46:27',NULL,NULL),(29957,29956,10202,1,0,0,'pentilaBanner_WAR_pentilaBannertheme','01','mobile','01','',0,NULL,'2013-06-20 15:46:27','2013-06-20 15:46:27',NULL,NULL),(29958,29956,10202,0,0,0,'pentilaBanner_WAR_pentilaBannertheme','01','mobile','01','',0,NULL,'2013-06-20 15:46:27','2013-06-20 15:46:27',NULL,NULL),(29961,29960,10202,1,0,0,'pentilaBanner_WAR_pentilaBannertheme','01','mobile','01','',0,NULL,'2013-06-20 15:46:27','2013-06-20 15:46:27',NULL,NULL),(29962,29960,10202,0,0,0,'pentilaBanner_WAR_pentilaBannertheme','01','mobile','01','',0,NULL,'2013-06-20 15:46:27','2013-06-20 15:46:27',NULL,NULL),(30134,30133,10202,1,0,0,'pentilaBanner_WAR_pentilaBannertheme','01','mobile','01','',0,NULL,'2013-06-20 15:46:27','2013-06-20 15:46:27',NULL,NULL),(30135,30133,10202,0,0,0,'pentilaBanner_WAR_pentilaBannertheme','01','mobile','01','',0,NULL,'2013-06-20 15:46:27','2013-06-20 15:46:27',NULL,NULL),(30138,30137,10202,1,0,0,'pentilaBanner_WAR_pentilaBannertheme','01','mobile','01','',0,NULL,'2013-06-20 15:46:27','2013-06-20 15:46:27',NULL,NULL),(30139,30137,10202,0,0,0,'pentilaBanner_WAR_pentilaBannertheme','01','mobile','01','',0,NULL,'2013-06-20 15:46:27','2013-06-20 15:46:27',NULL,NULL),(30311,30310,10202,1,0,0,'pentilaBanner_WAR_pentilaBannertheme','01','mobile','01','',0,NULL,'2013-06-20 15:46:27','2013-06-20 15:46:27',NULL,NULL),(30312,30310,10202,0,0,0,'pentilaBanner_WAR_pentilaBannertheme','01','mobile','01','',0,NULL,'2013-06-20 15:46:27','2013-06-20 15:46:27',NULL,NULL),(30334,30333,10202,1,0,0,'pentilaBanner_WAR_pentilaBannertheme','01','mobile','01','',0,NULL,'2013-06-20 15:46:27','2013-06-20 15:46:27',NULL,NULL),(30335,30333,10202,0,0,0,'pentilaBanner_WAR_pentilaBannertheme','01','mobile','01','',0,NULL,'2013-06-20 15:46:27','2013-06-20 15:46:27',NULL,NULL),(30338,30337,10202,1,0,0,'pentilaBanner_WAR_pentilaBannertheme','01','mobile','01','',0,NULL,'2013-06-20 15:46:27','2013-06-20 15:46:27',NULL,NULL),(30339,30337,10202,0,0,0,'pentilaBanner_WAR_pentilaBannertheme','01','mobile','01','',0,NULL,'2013-06-20 15:46:27','2013-06-20 15:46:27',NULL,NULL),(30342,30341,10202,1,0,0,'pentilaBanner_WAR_pentilaBannertheme','01','mobile','01','',0,NULL,'2013-06-20 15:46:27','2013-06-20 15:46:27',NULL,NULL),(30343,30341,10202,0,0,0,'pentilaBanner_WAR_pentilaBannertheme','01','mobile','01','',0,NULL,'2013-06-20 15:46:27','2013-06-20 15:46:27',NULL,NULL),(30365,30364,10202,1,0,0,'pentilaBanner_WAR_pentilaBannertheme','01','mobile','01','',0,NULL,'2013-06-20 15:46:27','2013-06-20 15:46:27',NULL,NULL),(30366,30364,10202,0,0,0,'pentilaBanner_WAR_pentilaBannertheme','01','mobile','01','',0,NULL,'2013-06-20 15:46:27','2013-06-20 15:46:27',NULL,NULL),(30388,30387,10202,1,0,0,'pentilaBanner_WAR_pentilaBannertheme','01','mobile','01','',0,NULL,'2013-06-20 15:46:27','2013-06-20 15:46:27',NULL,NULL),(30389,30387,10202,0,0,0,'pentilaBanner_WAR_pentilaBannertheme','01','mobile','01','',0,NULL,'2013-06-20 15:46:27','2013-06-20 15:46:27',NULL,NULL),(36762,36761,10202,1,0,0,'pentilaBanner_WAR_pentilaBannertheme','01','mobile','01','',1,NULL,'2013-06-20 15:46:27','2013-06-20 15:46:27',NULL,NULL),(36763,36761,10202,0,0,0,'pentilaBanner_WAR_pentilaBannertheme','01','mobile','01','',0,NULL,'2013-06-20 15:46:27','2013-06-20 15:46:27',NULL,NULL),(45918,45917,10202,1,0,0,'pentilaBanner_WAR_pentilaBannertheme','01','mobile','01','',1,NULL,'2013-06-20 15:46:27','2013-06-20 15:46:27',NULL,NULL),(45919,45917,10202,0,0,0,'pentilaBanner_WAR_pentilaBannertheme','01','mobile','01','',0,NULL,'2013-06-20 15:46:27','2013-06-20 15:46:27',NULL,NULL),(59504,59503,10202,1,0,0,'pentilaBanner_WAR_pentilaBannertheme','01','mobile','01','',0,'','2013-06-20 15:46:27','2013-06-20 15:46:27',NULL,NULL),(59505,59503,10202,0,0,0,'pentilaBanner_WAR_pentilaBannertheme','01','mobile','01','',0,'','2013-06-20 15:46:27','2013-06-20 15:46:27',NULL,NULL),(60588,60587,10202,1,0,0,'pentilaBanner_WAR_pentilaBannertheme','01','mobile','01','',1,'','2013-06-20 15:46:27','2013-06-20 15:46:27',NULL,NULL),(60589,60587,10202,0,0,0,'pentilaBanner_WAR_pentilaBannertheme','01','mobile','01','',0,'','2013-06-20 15:46:27','2013-06-20 15:46:27',NULL,NULL),(60597,60596,10202,1,0,0,'pentilaBanner_WAR_pentilaBannertheme','01','mobile','01','',1,'','2013-06-20 15:46:27','2013-06-20 15:46:27',NULL,NULL),(60598,60596,10202,0,0,0,'pentilaBanner_WAR_pentilaBannertheme','01','mobile','01','',0,'','2013-06-20 15:46:27','2013-06-20 15:46:27',NULL,NULL),(60606,60605,10202,1,0,0,'pentilaBanner_WAR_pentilaBannertheme','01','mobile','01','',1,'','2013-06-20 15:46:27','2013-06-20 15:46:27',NULL,NULL),(60607,60605,10202,0,0,0,'pentilaBanner_WAR_pentilaBannertheme','01','mobile','01','',0,'','2013-06-20 15:46:27','2013-06-20 15:46:27',NULL,NULL),(60615,60614,10202,1,0,0,'pentilaBanner_WAR_pentilaBannertheme','01','mobile','01','',4,'','2013-06-20 15:46:27','2013-06-20 15:46:27',NULL,NULL),(60616,60614,10202,0,0,0,'pentilaBanner_WAR_pentilaBannertheme','01','mobile','01','',0,'','2013-06-20 15:46:27','2013-06-20 15:46:27',NULL,NULL),(60644,60643,10202,1,0,0,'pentilaBanner_WAR_pentilaBannertheme','01','mobile','01','',4,'','2013-06-20 15:46:27','2013-06-20 15:46:27',NULL,NULL),(60645,60643,10202,0,0,0,'pentilaBanner_WAR_pentilaBannertheme','01','mobile','01','',0,'','2013-06-20 15:46:27','2013-06-20 15:46:27',NULL,NULL),(63003,63002,10202,1,0,0,'pentilaBanner_WAR_pentilaBannertheme','01','mobile','01','',0,'','2013-06-20 15:28:06','2013-06-20 15:28:06','',0),(63004,63002,10202,0,0,0,'pentilaBanner_WAR_pentilaBannertheme','01','mobile','01','',0,'','2013-06-20 15:28:06','2013-06-20 15:28:06','',0),(118005,118004,10202,1,0,0,'pentilaBanner_WAR_pentilaBannertheme','01','mobile','01','',1,'','2013-07-19 06:28:01','2013-07-19 06:28:28','',0),(118006,118004,10202,0,0,0,'pentilaBanner_WAR_pentilaBannertheme','01','mobile','01','',1,'','2013-07-19 06:28:01','2013-07-19 07:37:30','',0),(125512,125511,10202,1,0,0,'pentilaBanner_WAR_pentilaBannertheme','01','mobile','01','',1,'','2013-07-23 08:38:22','2013-07-23 08:38:22','',0),(125513,125511,10202,0,0,0,'pentilaBanner_WAR_pentilaBannertheme','01','mobile','01','',0,'','2013-07-23 08:38:22','2013-07-23 08:38:22','',0),(125521,125520,10202,1,0,0,'pentilaBanner_WAR_pentilaBannertheme','01','mobile','01','',1,'','2013-07-23 08:38:22','2013-07-23 08:38:22','',0),(125522,125520,10202,0,0,0,'pentilaBanner_WAR_pentilaBannertheme','01','mobile','01','',0,'','2013-07-23 08:38:22','2013-07-23 08:38:22','',0),(125530,125529,10202,1,0,0,'pentilaBanner_WAR_pentilaBannertheme','01','mobile','01','',1,'','2013-07-23 08:38:22','2013-07-23 08:38:22','',0),(125531,125529,10202,0,0,0,'pentilaBanner_WAR_pentilaBannertheme','01','mobile','01','',0,'','2013-07-23 08:38:22','2013-07-23 08:38:22','',0),(125539,125538,10202,1,0,0,'pentilaBanner_WAR_pentilaBannertheme','01','mobile','01','',3,'','2013-07-23 08:38:22','2013-07-23 08:38:23','',0),(125540,125538,10202,0,0,0,'pentilaBanner_WAR_pentilaBannertheme','01','mobile','01','',0,'','2013-07-23 08:38:22','2013-07-23 08:38:22','',0),(125565,125564,10202,1,0,0,'pentilaBanner_WAR_pentilaBannertheme','01','mobile','01','',4,'','2013-07-23 08:38:23','2013-07-23 08:38:24','',0),(125566,125564,10202,0,0,0,'pentilaBanner_WAR_pentilaBannertheme','01','mobile','01','',0,'','2013-07-23 08:38:23','2013-07-23 08:38:23','',0),(142503,142502,10202,1,0,0,'pentilaBanner_WAR_pentilaBannertheme','01','mobile','01','',1,'','2013-08-27 14:46:49','2013-08-27 14:47:17','',0),(142504,142502,10202,0,0,0,'pentilaBanner_WAR_pentilaBannertheme','01','mobile','01','',0,'','2013-08-27 14:46:49','2013-08-27 14:46:49','',0),(152503,152502,10202,1,0,0,'classic','01','mobile','01','',1,'showSiteName=true\nlfr-theme:regular:portlet-setup-show-borders-default=false\n','2013-09-25 09:53:13','2013-09-25 09:53:38','',0),(152504,152502,10202,0,0,0,'pentilaBanner_WAR_pentilaBannertheme','01','mobile','01','',0,'','2013-09-25 09:53:13','2013-09-25 09:53:13','',0),(160134,160133,10202,1,0,0,'pentilaBanner_WAR_pentilaBannertheme','01','mobile','01','',0,'','2013-10-24 06:19:01','2013-10-24 06:19:01','',0),(160135,160133,10202,0,0,0,'pentilaBanner_WAR_pentilaBannertheme','01','mobile','01','',0,'','2013-10-24 06:19:01','2013-10-24 06:19:01','',0),(160276,160275,10202,1,0,0,'pentilaBanner_WAR_pentilaBannertheme','01','mobile','01','',0,'','2013-10-24 06:19:08','2013-10-24 06:19:08','',0),(160277,160275,10202,0,0,0,'pentilaBanner_WAR_pentilaBannertheme','01','mobile','01','',0,'','2013-10-24 06:19:08','2013-10-24 06:19:08','',0),(160320,160319,10202,1,0,0,'pentilaBanner_WAR_pentilaBannertheme','01','mobile','01','',0,'','2013-10-24 06:19:09','2013-10-24 06:19:09','',0),(160321,160319,10202,0,0,0,'pentilaBanner_WAR_pentilaBannertheme','01','mobile','01','',0,'','2013-10-24 06:19:09','2013-10-24 06:19:09','',0),(160525,160524,10202,1,0,0,'pentilaBanner_WAR_pentilaBannertheme','01','mobile','01','',0,'','2013-10-24 06:19:15','2013-10-24 06:19:15','',0),(160526,160524,10202,0,0,0,'pentilaBanner_WAR_pentilaBannertheme','01','mobile','01','',0,'','2013-10-24 06:19:15','2013-10-24 06:19:15','',0),(160625,160624,10202,1,0,0,'pentilaBanner_WAR_pentilaBannertheme','01','mobile','01','',0,'','2013-10-24 06:19:18','2013-10-24 06:19:18','',0),(160626,160624,10202,0,0,0,'pentilaBanner_WAR_pentilaBannertheme','01','mobile','01','',0,'','2013-10-24 06:19:18','2013-10-24 06:19:18','',0),(160662,160661,10202,1,0,0,'pentilaBanner_WAR_pentilaBannertheme','01','mobile','01','',0,'','2013-10-24 06:19:18','2013-10-24 06:19:18','',0),(160663,160661,10202,0,0,0,'pentilaBanner_WAR_pentilaBannertheme','01','mobile','01','',0,'','2013-10-24 06:19:18','2013-10-24 06:19:18','',0),(160713,160712,10202,1,0,0,'pentilaBanner_WAR_pentilaBannertheme','01','mobile','01','',0,'','2013-10-24 06:19:20','2013-10-24 06:19:20','',0),(160714,160712,10202,0,0,0,'pentilaBanner_WAR_pentilaBannertheme','01','mobile','01','',0,'','2013-10-24 06:19:20','2013-10-24 06:19:20','',0),(160750,160749,10202,1,0,0,'pentilaBanner_WAR_pentilaBannertheme','01','mobile','01','',0,'','2013-10-24 06:19:21','2013-10-24 06:19:21','',0),(160751,160749,10202,0,0,0,'pentilaBanner_WAR_pentilaBannertheme','01','mobile','01','',0,'','2013-10-24 06:19:21','2013-10-24 06:19:21','',0),(160794,160793,10202,1,0,0,'pentilaBanner_WAR_pentilaBannertheme','01','mobile','01','',0,'','2013-10-24 06:19:22','2013-10-24 06:19:22','',0),(160795,160793,10202,0,0,0,'pentilaBanner_WAR_pentilaBannertheme','01','mobile','01','',0,'','2013-10-24 06:19:22','2013-10-24 06:19:22','',0),(160831,160830,10202,1,0,0,'pentilaBanner_WAR_pentilaBannertheme','01','mobile','01','',0,'','2013-10-24 06:19:23','2013-10-24 06:19:23','',0),(160832,160830,10202,0,0,0,'pentilaBanner_WAR_pentilaBannertheme','01','mobile','01','',0,'','2013-10-24 06:19:23','2013-10-24 06:19:23','',0),(160854,160853,10202,1,0,0,'pentilaBanner_WAR_pentilaBannertheme','01','mobile','01','',0,'','2013-10-24 06:19:23','2013-10-24 06:19:23','',0),(160855,160853,10202,0,0,0,'pentilaBanner_WAR_pentilaBannertheme','01','mobile','01','',0,'','2013-10-24 06:19:23','2013-10-24 06:19:23','',0),(160877,160876,10202,1,0,0,'pentilaBanner_WAR_pentilaBannertheme','01','mobile','01','',0,'','2013-10-24 06:19:24','2013-10-24 06:19:24','',0),(160878,160876,10202,0,0,0,'pentilaBanner_WAR_pentilaBannertheme','01','mobile','01','',0,'','2013-10-24 06:19:24','2013-10-24 06:19:24','',0),(160914,160913,10202,1,0,0,'pentilaBanner_WAR_pentilaBannertheme','01','mobile','01','',0,'','2013-10-24 06:19:24','2013-10-24 06:19:24','',0),(160915,160913,10202,0,0,0,'pentilaBanner_WAR_pentilaBannertheme','01','mobile','01','',0,'','2013-10-24 06:19:24','2013-10-24 06:19:24','',0),(160979,160978,10202,1,0,0,'pentilaBanner_WAR_pentilaBannertheme','01','mobile','01','',0,'','2013-10-24 06:19:26','2013-10-24 06:19:26','',0),(160980,160978,10202,0,0,0,'pentilaBanner_WAR_pentilaBannertheme','01','mobile','01','',0,'','2013-10-24 06:19:26','2013-10-24 06:19:26','',0),(161016,161015,10202,1,0,0,'pentilaBanner_WAR_pentilaBannertheme','01','mobile','01','',0,'','2013-10-24 06:19:26','2013-10-24 06:19:26','',0),(161017,161015,10202,0,0,0,'pentilaBanner_WAR_pentilaBannertheme','01','mobile','01','',0,'','2013-10-24 06:19:26','2013-10-24 06:19:26','',0),(161067,161066,10202,1,0,0,'pentilaBanner_WAR_pentilaBannertheme','01','mobile','01','',0,'','2013-10-24 06:19:28','2013-10-24 06:19:28','',0),(161068,161066,10202,0,0,0,'pentilaBanner_WAR_pentilaBannertheme','01','mobile','01','',0,'','2013-10-24 06:19:28','2013-10-24 06:19:28','',0),(161083,161082,10202,1,0,0,'pentilaBanner_WAR_pentilaBannertheme','01','mobile','01','',0,'','2013-10-24 06:19:29','2013-10-24 06:19:29','',0),(161084,161082,10202,0,0,0,'pentilaBanner_WAR_pentilaBannertheme','01','mobile','01','',0,'','2013-10-24 06:19:29','2013-10-24 06:19:29','',0),(161099,161098,10202,1,0,0,'pentilaBanner_WAR_pentilaBannertheme','01','mobile','01','',0,'','2013-10-24 06:19:33','2013-10-24 06:19:33','',0),(161100,161098,10202,0,0,0,'pentilaBanner_WAR_pentilaBannertheme','01','mobile','01','',0,'','2013-10-24 06:19:33','2013-10-24 06:19:33','',0),(161115,161114,10202,1,0,0,'pentilaBanner_WAR_pentilaBannertheme','01','mobile','01','',0,'','2013-10-24 06:19:34','2013-10-24 06:19:34','',0),(161116,161114,10202,0,0,0,'pentilaBanner_WAR_pentilaBannertheme','01','mobile','01','',0,'','2013-10-24 06:19:34','2013-10-24 06:19:34','',0),(161145,161144,10202,1,0,0,'pentilaBanner_WAR_pentilaBannertheme','01','mobile','01','',0,'','2013-10-24 06:19:36','2013-10-24 06:19:36','',0),(161146,161144,10202,0,0,0,'pentilaBanner_WAR_pentilaBannertheme','01','mobile','01','',0,'','2013-10-24 06:19:36','2013-10-24 06:19:36','',0),(161220,161219,10202,1,0,0,'pentilaBanner_WAR_pentilaBannertheme','01','mobile','01','',0,'','2013-10-24 06:19:39','2013-10-24 06:19:39','',0),(161221,161219,10202,0,0,0,'pentilaBanner_WAR_pentilaBannertheme','01','mobile','01','',0,'','2013-10-24 06:19:39','2013-10-24 06:19:39','',0),(161264,161263,10202,1,0,0,'pentilaBanner_WAR_pentilaBannertheme','01','mobile','01','',0,'','2013-10-24 06:19:40','2013-10-24 06:19:40','',0),(161265,161263,10202,0,0,0,'pentilaBanner_WAR_pentilaBannertheme','01','mobile','01','',0,'','2013-10-24 06:19:40','2013-10-24 06:19:40','',0),(161280,161279,10202,1,0,0,'pentilaBanner_WAR_pentilaBannertheme','01','mobile','01','',0,'','2013-10-24 06:19:40','2013-10-24 06:19:40','',0),(161281,161279,10202,0,0,0,'pentilaBanner_WAR_pentilaBannertheme','01','mobile','01','',0,'','2013-10-24 06:19:40','2013-10-24 06:19:40','',0),(161296,161295,10202,1,0,0,'pentilaBanner_WAR_pentilaBannertheme','01','mobile','01','',0,'','2013-10-24 06:19:40','2013-10-24 06:19:40','',0),(161297,161295,10202,0,0,0,'pentilaBanner_WAR_pentilaBannertheme','01','mobile','01','',0,'','2013-10-24 06:19:40','2013-10-24 06:19:40','',0),(161375,161374,10202,1,0,0,'pentilaBanner_WAR_pentilaBannertheme','01','mobile','01','',0,'','2013-10-24 06:19:42','2013-10-24 06:19:42','',0),(161376,161374,10202,0,0,0,'pentilaBanner_WAR_pentilaBannertheme','01','mobile','01','',0,'','2013-10-24 06:19:42','2013-10-24 06:19:42','',0),(161405,161404,10202,1,0,0,'pentilaBanner_WAR_pentilaBannertheme','01','mobile','01','',0,'','2013-10-24 06:19:43','2013-10-24 06:19:43','',0),(161406,161404,10202,0,0,0,'pentilaBanner_WAR_pentilaBannertheme','01','mobile','01','',0,'','2013-10-24 06:19:43','2013-10-24 06:19:43','',0),(161435,161434,10202,1,0,0,'pentilaBanner_WAR_pentilaBannertheme','01','mobile','01','',0,'','2013-10-24 06:19:43','2013-10-24 06:19:43','',0),(161436,161434,10202,0,0,0,'pentilaBanner_WAR_pentilaBannertheme','01','mobile','01','',0,'','2013-10-24 06:19:43','2013-10-24 06:19:43','',0),(161451,161450,10202,1,0,0,'pentilaBanner_WAR_pentilaBannertheme','01','mobile','01','',0,'','2013-10-24 06:19:44','2013-10-24 06:19:44','',0),(161452,161450,10202,0,0,0,'pentilaBanner_WAR_pentilaBannertheme','01','mobile','01','',0,'','2013-10-24 06:19:44','2013-10-24 06:19:44','',0),(161481,161480,10202,1,0,0,'pentilaBanner_WAR_pentilaBannertheme','01','mobile','01','',0,'','2013-10-24 06:19:44','2013-10-24 06:19:44','',0),(161482,161480,10202,0,0,0,'pentilaBanner_WAR_pentilaBannertheme','01','mobile','01','',0,'','2013-10-24 06:19:44','2013-10-24 06:19:44','',0),(161525,161524,10202,1,0,0,'pentilaBanner_WAR_pentilaBannertheme','01','mobile','01','',0,'','2013-10-24 06:19:45','2013-10-24 06:19:45','',0),(161526,161524,10202,0,0,0,'pentilaBanner_WAR_pentilaBannertheme','01','mobile','01','',0,'','2013-10-24 06:19:45','2013-10-24 06:19:45','',0),(161548,161547,10202,1,0,0,'pentilaBanner_WAR_pentilaBannertheme','01','mobile','01','',0,'','2013-10-24 06:19:45','2013-10-24 06:19:45','',0),(161549,161547,10202,0,0,0,'pentilaBanner_WAR_pentilaBannertheme','01','mobile','01','',0,'','2013-10-24 06:19:45','2013-10-24 06:19:45','',0),(161606,161605,10202,1,0,0,'pentilaBanner_WAR_pentilaBannertheme','01','mobile','01','',0,'','2013-10-24 06:19:47','2013-10-24 06:19:47','',0),(161607,161605,10202,0,0,0,'pentilaBanner_WAR_pentilaBannertheme','01','mobile','01','',0,'','2013-10-24 06:19:47','2013-10-24 06:19:47','',0),(161622,161621,10202,1,0,0,'pentilaBanner_WAR_pentilaBannertheme','01','mobile','01','',0,'','2013-10-24 06:19:47','2013-10-24 06:19:47','',0),(161623,161621,10202,0,0,0,'pentilaBanner_WAR_pentilaBannertheme','01','mobile','01','',0,'','2013-10-24 06:19:47','2013-10-24 06:19:47','',0),(161708,161707,10202,1,0,0,'pentilaBanner_WAR_pentilaBannertheme','01','mobile','01','',0,'','2013-10-24 06:19:48','2013-10-24 06:19:48','',0),(161709,161707,10202,0,0,0,'pentilaBanner_WAR_pentilaBannertheme','01','mobile','01','',0,'','2013-10-24 06:19:48','2013-10-24 06:19:48','',0),(161752,161751,10202,1,0,0,'pentilaBanner_WAR_pentilaBannertheme','01','mobile','01','',0,'','2013-10-24 06:19:49','2013-10-24 06:19:49','',0),(161753,161751,10202,0,0,0,'pentilaBanner_WAR_pentilaBannertheme','01','mobile','01','',0,'','2013-10-24 06:19:49','2013-10-24 06:19:49','',0),(161789,161788,10202,1,0,0,'pentilaBanner_WAR_pentilaBannertheme','01','mobile','01','',0,'','2013-10-24 06:19:50','2013-10-24 06:19:50','',0),(161790,161788,10202,0,0,0,'pentilaBanner_WAR_pentilaBannertheme','01','mobile','01','',0,'','2013-10-24 06:19:50','2013-10-24 06:19:50','',0),(161805,161804,10202,1,0,0,'pentilaBanner_WAR_pentilaBannertheme','01','mobile','01','',0,'','2013-10-24 06:19:51','2013-10-24 06:19:51','',0),(161806,161804,10202,0,0,0,'pentilaBanner_WAR_pentilaBannertheme','01','mobile','01','',0,'','2013-10-24 06:19:51','2013-10-24 06:19:51','',0),(161835,161834,10202,1,0,0,'pentilaBanner_WAR_pentilaBannertheme','01','mobile','01','',0,'','2013-10-24 06:19:51','2013-10-24 06:19:51','',0),(161836,161834,10202,0,0,0,'pentilaBanner_WAR_pentilaBannertheme','01','mobile','01','',0,'','2013-10-24 06:19:51','2013-10-24 06:19:51','',0),(161851,161850,10202,1,0,0,'pentilaBanner_WAR_pentilaBannertheme','01','mobile','01','',0,'','2013-10-24 06:19:51','2013-10-24 06:19:51','',0),(161852,161850,10202,0,0,0,'pentilaBanner_WAR_pentilaBannertheme','01','mobile','01','',0,'','2013-10-24 06:19:51','2013-10-24 06:19:51','',0),(161867,161866,10202,1,0,0,'pentilaBanner_WAR_pentilaBannertheme','01','mobile','01','',0,'','2013-10-24 06:19:52','2013-10-24 06:19:52','',0),(161868,161866,10202,0,0,0,'pentilaBanner_WAR_pentilaBannertheme','01','mobile','01','',0,'','2013-10-24 06:19:52','2013-10-24 06:19:52','',0),(161953,161952,10202,1,0,0,'pentilaBanner_WAR_pentilaBannertheme','01','mobile','01','',0,'','2013-10-24 06:19:55','2013-10-24 06:19:55','',0),(161954,161952,10202,0,0,0,'pentilaBanner_WAR_pentilaBannertheme','01','mobile','01','',0,'','2013-10-24 06:19:55','2013-10-24 06:19:55','',0),(161976,161975,10202,1,0,0,'pentilaBanner_WAR_pentilaBannertheme','01','mobile','01','',0,'','2013-10-24 06:19:55','2013-10-24 06:19:55','',0),(161977,161975,10202,0,0,0,'pentilaBanner_WAR_pentilaBannertheme','01','mobile','01','',0,'','2013-10-24 06:19:55','2013-10-24 06:19:55','',0),(162048,162047,10202,1,0,0,'pentilaBanner_WAR_pentilaBannertheme','01','mobile','01','',0,'','2013-10-24 06:19:56','2013-10-24 06:19:56','',0),(162049,162047,10202,0,0,0,'pentilaBanner_WAR_pentilaBannertheme','01','mobile','01','',0,'','2013-10-24 06:19:56','2013-10-24 06:19:56','',0),(162064,162063,10202,1,0,0,'pentilaBanner_WAR_pentilaBannertheme','01','mobile','01','',0,'','2013-10-24 06:19:57','2013-10-24 06:19:57','',0),(162065,162063,10202,0,0,0,'pentilaBanner_WAR_pentilaBannertheme','01','mobile','01','',0,'','2013-10-24 06:19:57','2013-10-24 06:19:57','',0),(162080,162079,10202,1,0,0,'pentilaBanner_WAR_pentilaBannertheme','01','mobile','01','',0,'','2013-10-24 06:19:58','2013-10-24 06:19:58','',0),(162081,162079,10202,0,0,0,'pentilaBanner_WAR_pentilaBannertheme','01','mobile','01','',0,'','2013-10-24 06:19:58','2013-10-24 06:19:58','',0),(162180,162179,10202,1,0,0,'pentilaBanner_WAR_pentilaBannertheme','01','mobile','01','',0,'','2013-10-24 06:20:01','2013-10-24 06:20:01','',0),(162181,162179,10202,0,0,0,'pentilaBanner_WAR_pentilaBannertheme','01','mobile','01','',0,'','2013-10-24 06:20:01','2013-10-24 06:20:01','',0),(162210,162209,10202,1,0,0,'pentilaBanner_WAR_pentilaBannertheme','01','mobile','01','',0,'','2013-10-24 06:20:03','2013-10-24 06:20:03','',0),(162211,162209,10202,0,0,0,'pentilaBanner_WAR_pentilaBannertheme','01','mobile','01','',0,'','2013-10-24 06:20:03','2013-10-24 06:20:03','',0),(162233,162232,10202,1,0,0,'pentilaBanner_WAR_pentilaBannertheme','01','mobile','01','',0,'','2013-10-24 06:20:04','2013-10-24 06:20:04','',0),(162234,162232,10202,0,0,0,'pentilaBanner_WAR_pentilaBannertheme','01','mobile','01','',0,'','2013-10-24 06:20:04','2013-10-24 06:20:04','',0),(162249,162248,10202,1,0,0,'pentilaBanner_WAR_pentilaBannertheme','01','mobile','01','',0,'','2013-10-24 06:20:04','2013-10-24 06:20:04','',0),(162250,162248,10202,0,0,0,'pentilaBanner_WAR_pentilaBannertheme','01','mobile','01','',0,'','2013-10-24 06:20:04','2013-10-24 06:20:04','',0),(162286,162285,10202,1,0,0,'pentilaBanner_WAR_pentilaBannertheme','01','mobile','01','',0,'','2013-10-24 06:20:05','2013-10-24 06:20:05','',0),(162287,162285,10202,0,0,0,'pentilaBanner_WAR_pentilaBannertheme','01','mobile','01','',0,'','2013-10-24 06:20:05','2013-10-24 06:20:05','',0),(162309,162308,10202,1,0,0,'pentilaBanner_WAR_pentilaBannertheme','01','mobile','01','',0,'','2013-10-24 06:20:06','2013-10-24 06:20:06','',0),(162310,162308,10202,0,0,0,'pentilaBanner_WAR_pentilaBannertheme','01','mobile','01','',0,'','2013-10-24 06:20:06','2013-10-24 06:20:06','',0),(162332,162331,10202,1,0,0,'pentilaBanner_WAR_pentilaBannertheme','01','mobile','01','',0,'','2013-10-24 06:20:06','2013-10-24 06:20:06','',0),(162333,162331,10202,0,0,0,'pentilaBanner_WAR_pentilaBannertheme','01','mobile','01','',0,'','2013-10-24 06:20:06','2013-10-24 06:20:06','',0),(162348,162347,10202,1,0,0,'pentilaBanner_WAR_pentilaBannertheme','01','mobile','01','',0,'','2013-10-24 06:20:06','2013-10-24 06:20:06','',0),(162349,162347,10202,0,0,0,'pentilaBanner_WAR_pentilaBannertheme','01','mobile','01','',0,'','2013-10-24 06:20:06','2013-10-24 06:20:06','',0),(162420,162419,10202,1,0,0,'pentilaBanner_WAR_pentilaBannertheme','01','mobile','01','',0,'','2013-10-24 06:20:07','2013-10-24 06:20:07','',0),(162421,162419,10202,0,0,0,'pentilaBanner_WAR_pentilaBannertheme','01','mobile','01','',0,'','2013-10-24 06:20:07','2013-10-24 06:20:07','',0),(162450,162449,10202,1,0,0,'pentilaBanner_WAR_pentilaBannertheme','01','mobile','01','',0,'','2013-10-24 06:20:08','2013-10-24 06:20:08','',0),(162451,162449,10202,0,0,0,'pentilaBanner_WAR_pentilaBannertheme','01','mobile','01','',0,'','2013-10-24 06:20:08','2013-10-24 06:20:08','',0),(162480,162479,10202,1,0,0,'pentilaBanner_WAR_pentilaBannertheme','01','mobile','01','',0,'','2013-10-24 06:20:08','2013-10-24 06:20:08','',0),(162481,162479,10202,0,0,0,'pentilaBanner_WAR_pentilaBannertheme','01','mobile','01','',0,'','2013-10-24 06:20:08','2013-10-24 06:20:08','',0),(162496,162495,10202,1,0,0,'pentilaBanner_WAR_pentilaBannertheme','01','mobile','01','',0,'','2013-10-24 06:20:08','2013-10-24 06:20:08','',0),(162497,162495,10202,0,0,0,'pentilaBanner_WAR_pentilaBannertheme','01','mobile','01','',0,'','2013-10-24 06:20:08','2013-10-24 06:20:08','',0),(162512,162511,10202,1,0,0,'pentilaBanner_WAR_pentilaBannertheme','01','mobile','01','',0,'','2013-10-24 06:20:09','2013-10-24 06:20:09','',0),(162513,162511,10202,0,0,0,'pentilaBanner_WAR_pentilaBannertheme','01','mobile','01','',0,'','2013-10-24 06:20:09','2013-10-24 06:20:09','',0),(162528,162527,10202,1,0,0,'pentilaBanner_WAR_pentilaBannertheme','01','mobile','01','',0,'','2013-10-24 06:20:09','2013-10-24 06:20:09','',0),(162529,162527,10202,0,0,0,'pentilaBanner_WAR_pentilaBannertheme','01','mobile','01','',0,'','2013-10-24 06:20:09','2013-10-24 06:20:09','',0),(162558,162557,10202,1,0,0,'pentilaBanner_WAR_pentilaBannertheme','01','mobile','01','',0,'','2013-10-24 06:20:10','2013-10-24 06:20:10','',0),(162559,162557,10202,0,0,0,'pentilaBanner_WAR_pentilaBannertheme','01','mobile','01','',0,'','2013-10-24 06:20:10','2013-10-24 06:20:10','',0),(162588,162587,10202,1,0,0,'pentilaBanner_WAR_pentilaBannertheme','01','mobile','01','',0,'','2013-10-24 06:20:10','2013-10-24 06:20:10','',0),(162589,162587,10202,0,0,0,'pentilaBanner_WAR_pentilaBannertheme','01','mobile','01','',0,'','2013-10-24 06:20:10','2013-10-24 06:20:10','',0),(162604,162603,10202,1,0,0,'pentilaBanner_WAR_pentilaBannertheme','01','mobile','01','',0,'','2013-10-24 06:20:11','2013-10-24 06:20:11','',0),(162605,162603,10202,0,0,0,'pentilaBanner_WAR_pentilaBannertheme','01','mobile','01','',0,'','2013-10-24 06:20:11','2013-10-24 06:20:11','',0),(162620,162619,10202,1,0,0,'pentilaBanner_WAR_pentilaBannertheme','01','mobile','01','',0,'','2013-10-24 06:20:12','2013-10-24 06:20:12','',0),(162621,162619,10202,0,0,0,'pentilaBanner_WAR_pentilaBannertheme','01','mobile','01','',0,'','2013-10-24 06:20:12','2013-10-24 06:20:12','',0),(162643,162642,10202,1,0,0,'pentilaBanner_WAR_pentilaBannertheme','01','mobile','01','',0,'','2013-10-24 06:20:13','2013-10-24 06:20:13','',0),(162644,162642,10202,0,0,0,'pentilaBanner_WAR_pentilaBannertheme','01','mobile','01','',0,'','2013-10-24 06:20:13','2013-10-24 06:20:13','',0),(166708,166707,10202,1,0,0,'pentilaBanner_WAR_pentilaBannertheme','01','mobile','01','',1,'','2013-11-19 14:53:32','2013-11-19 14:54:16','',0),(166709,166707,10202,0,0,0,'pentilaBanner_WAR_pentilaBannertheme','01','mobile','01','',0,'','2013-11-19 14:53:32','2013-11-19 14:53:32','',0),(168621,168620,10202,1,0,0,'so_WAR_sotheme','01','mobile','01','',7,'','2014-01-21 16:26:17','2014-01-21 16:26:22','',0),(168622,168620,10202,0,0,0,'so_WAR_sotheme','01','mobile','01','',0,'','2014-01-21 16:26:17','2014-01-21 16:26:18','',0),(168684,168683,10202,1,0,0,'so_WAR_sotheme','01','mobile','01','',6,'','2014-01-21 16:26:22','2014-01-21 16:26:23','',0),(168685,168683,10202,0,0,0,'so_WAR_sotheme','01','mobile','01','',0,'','2014-01-21 16:26:22','2014-01-21 16:26:22','',0),(168732,168731,10202,1,0,0,'so_WAR_sotheme','01','mobile','01','',3,'','2014-01-21 16:26:23','2014-01-21 16:26:24','',0),(168733,168731,10202,0,0,0,'so_WAR_sotheme','01','mobile','01','',0,'','2014-01-21 16:26:23','2014-01-21 16:26:23','',0),(175512,175510,10202,1,0,0,'so_WAR_sotheme','01','mobile','01','',8,'last-merge-time=1396366199292\n','2014-04-01 15:29:51','2014-04-01 15:29:59','1b26a476-b20d-4e0e-8969-6ca2093bae97',1),(175518,175510,10202,0,0,0,'pentilaBanner_WAR_pentilaBannertheme','01','mobile','01','',0,'','2014-04-01 15:29:51','2014-04-01 15:29:51','',0),(176503,176502,10202,1,0,0,'pentilaBanner_WAR_pentilaBannertheme','01','mobile','01','',0,'','2014-04-14 15:56:00','2014-04-14 15:56:00','',0),(176504,176502,10202,0,0,0,'pentilaBanner_WAR_pentilaBannertheme','01','mobile','01','',0,'','2014-04-14 15:56:00','2014-04-14 15:56:00','',0),(179903,179902,10202,1,0,0,'pentilaBanner_WAR_pentilaBannertheme','01','mobile','01','',0,'','2014-05-07 13:19:19','2014-05-07 13:19:19','',0),(179904,179902,10202,0,0,0,'pentilaBanner_WAR_pentilaBannertheme','01','mobile','01','',0,'','2014-05-07 13:19:19','2014-05-07 13:19:19','',0),(180107,180106,10202,1,0,0,'pentilaBanner_WAR_pentilaBannertheme','01','mobile','01','',0,'','2014-05-07 13:19:25','2014-05-07 13:19:25','',0),(180108,180106,10202,0,0,0,'pentilaBanner_WAR_pentilaBannertheme','01','mobile','01','',0,'','2014-05-07 13:19:25','2014-05-07 13:19:25','',0),(180367,180366,10202,1,0,0,'pentilaBanner_WAR_pentilaBannertheme','01','mobile','01','',0,'','2014-05-07 13:19:32','2014-05-07 13:19:32','',0),(180368,180366,10202,0,0,0,'pentilaBanner_WAR_pentilaBannertheme','01','mobile','01','',0,'','2014-05-07 13:19:32','2014-05-07 13:19:32','',0),(180475,180474,10202,1,0,0,'pentilaBanner_WAR_pentilaBannertheme','01','mobile','01','',0,'','2014-05-07 13:19:34','2014-05-07 13:19:34','',0),(180476,180474,10202,0,0,0,'pentilaBanner_WAR_pentilaBannertheme','01','mobile','01','',0,'','2014-05-07 13:19:34','2014-05-07 13:19:34','',0),(180623,180622,10202,1,0,0,'pentilaBanner_WAR_pentilaBannertheme','01','mobile','01','',0,'','2014-05-07 13:19:37','2014-05-07 13:19:37','',0),(180624,180622,10202,0,0,0,'pentilaBanner_WAR_pentilaBannertheme','01','mobile','01','',0,'','2014-05-07 13:19:37','2014-05-07 13:19:37','',0),(180827,180826,10202,1,0,0,'pentilaBanner_WAR_pentilaBannertheme','01','mobile','01','',0,'','2014-05-07 13:19:41','2014-05-07 13:19:41','',0),(180828,180826,10202,0,0,0,'pentilaBanner_WAR_pentilaBannertheme','01','mobile','01','',0,'','2014-05-07 13:19:41','2014-05-07 13:19:41','',0),(180863,180862,10202,1,0,0,'pentilaBanner_WAR_pentilaBannertheme','01','mobile','01','',0,'','2014-05-07 13:19:42','2014-05-07 13:19:42','',0),(180864,180862,10202,0,0,0,'pentilaBanner_WAR_pentilaBannertheme','01','mobile','01','',0,'','2014-05-07 13:19:42','2014-05-07 13:19:42','',0),(181067,181066,10202,1,0,0,'pentilaBanner_WAR_pentilaBannertheme','01','mobile','01','',0,'','2014-05-07 13:19:46','2014-05-07 13:19:46','',0),(181068,181066,10202,0,0,0,'pentilaBanner_WAR_pentilaBannertheme','01','mobile','01','',0,'','2014-05-07 13:19:46','2014-05-07 13:19:46','',0),(181199,181198,10202,1,0,0,'pentilaBanner_WAR_pentilaBannertheme','01','mobile','01','',0,'','2014-05-07 13:19:50','2014-05-07 13:19:50','',0),(181200,181198,10202,0,0,0,'pentilaBanner_WAR_pentilaBannertheme','01','mobile','01','',0,'','2014-05-07 13:19:50','2014-05-07 13:19:50','',0),(181445,181444,10202,1,0,0,'pentilaBanner_WAR_pentilaBannertheme','01','mobile','01','',0,'','2014-05-07 13:19:56','2014-05-07 13:19:56','',0),(181446,181444,10202,0,0,0,'pentilaBanner_WAR_pentilaBannertheme','01','mobile','01','',0,'','2014-05-07 13:19:56','2014-05-07 13:19:56','',0),(181625,181624,10202,1,0,0,'pentilaBanner_WAR_pentilaBannertheme','01','mobile','01','',0,'','2014-05-07 13:20:00','2014-05-07 13:20:00','',0),(181626,181624,10202,0,0,0,'pentilaBanner_WAR_pentilaBannertheme','01','mobile','01','',0,'','2014-05-07 13:20:00','2014-05-07 13:20:00','',0),(181781,181780,10202,1,0,0,'pentilaBanner_WAR_pentilaBannertheme','01','mobile','01','',0,'','2014-05-07 13:20:03','2014-05-07 13:20:03','',0),(181782,181780,10202,0,0,0,'pentilaBanner_WAR_pentilaBannertheme','01','mobile','01','',0,'','2014-05-07 13:20:03','2014-05-07 13:20:03','',0),(182017,182016,10202,1,0,0,'pentilaBanner_WAR_pentilaBannertheme','01','mobile','01','',0,'','2014-05-07 13:20:08','2014-05-07 13:20:08','',0),(182018,182016,10202,0,0,0,'pentilaBanner_WAR_pentilaBannertheme','01','mobile','01','',0,'','2014-05-07 13:20:08','2014-05-07 13:20:08','',0),(182125,182124,10202,1,0,0,'pentilaBanner_WAR_pentilaBannertheme','01','mobile','01','',0,'','2014-05-07 13:20:11','2014-05-07 13:20:11','',0),(182126,182124,10202,0,0,0,'pentilaBanner_WAR_pentilaBannertheme','01','mobile','01','',0,'','2014-05-07 13:20:11','2014-05-07 13:20:11','',0),(182377,182376,10202,1,0,0,'pentilaBanner_WAR_pentilaBannertheme','01','mobile','01','',0,'','2014-05-07 13:20:17','2014-05-07 13:20:17','',0),(182378,182376,10202,0,0,0,'pentilaBanner_WAR_pentilaBannertheme','01','mobile','01','',0,'','2014-05-07 13:20:17','2014-05-07 13:20:17','',0),(182541,182540,10202,1,0,0,'pentilaBanner_WAR_pentilaBannertheme','01','mobile','01','',0,'','2014-05-07 13:20:21','2014-05-07 13:20:21','',0),(182542,182540,10202,0,0,0,'pentilaBanner_WAR_pentilaBannertheme','01','mobile','01','',0,'','2014-05-07 13:20:21','2014-05-07 13:20:21','',0),(182625,182624,10202,1,0,0,'pentilaBanner_WAR_pentilaBannertheme','01','mobile','01','',0,'','2014-05-07 13:20:22','2014-05-07 13:20:22','',0),(182626,182624,10202,0,0,0,'pentilaBanner_WAR_pentilaBannertheme','01','mobile','01','',0,'','2014-05-07 13:20:22','2014-05-07 13:20:22','',0),(182709,182708,10202,1,0,0,'pentilaBanner_WAR_pentilaBannertheme','01','mobile','01','',0,'','2014-05-07 13:20:25','2014-05-07 13:20:25','',0),(182710,182708,10202,0,0,0,'pentilaBanner_WAR_pentilaBannertheme','01','mobile','01','',0,'','2014-05-07 13:20:25','2014-05-07 13:20:25','',0),(182929,182928,10202,1,0,0,'pentilaBanner_WAR_pentilaBannertheme','01','mobile','01','',0,'','2014-05-07 13:20:30','2014-05-07 13:20:30','',0),(182930,182928,10202,0,0,0,'pentilaBanner_WAR_pentilaBannertheme','01','mobile','01','',0,'','2014-05-07 13:20:30','2014-05-07 13:20:30','',0),(183069,183068,10202,1,0,0,'pentilaBanner_WAR_pentilaBannertheme','01','mobile','01','',0,'','2014-05-07 13:20:32','2014-05-07 13:20:32','',0),(183070,183068,10202,0,0,0,'pentilaBanner_WAR_pentilaBannertheme','01','mobile','01','',0,'','2014-05-07 13:20:32','2014-05-07 13:20:32','',0),(183193,183192,10202,1,0,0,'pentilaBanner_WAR_pentilaBannertheme','01','mobile','01','',0,'','2014-05-07 13:20:35','2014-05-07 13:20:35','',0),(183194,183192,10202,0,0,0,'pentilaBanner_WAR_pentilaBannertheme','01','mobile','01','',0,'','2014-05-07 13:20:35','2014-05-07 13:20:35','',0),(183375,183374,10202,1,0,0,'pentilaBanner_WAR_pentilaBannertheme','01','mobile','01','',0,'','2014-05-07 13:20:39','2014-05-07 13:20:39','',0),(183376,183374,10202,0,0,0,'pentilaBanner_WAR_pentilaBannertheme','01','mobile','01','',0,'','2014-05-07 13:20:39','2014-05-07 13:20:39','',0),(183501,183500,10202,1,0,0,'pentilaBanner_WAR_pentilaBannertheme','01','mobile','01','',0,'','2014-05-07 13:20:43','2014-05-07 13:20:43','',0),(183502,183500,10202,0,0,0,'pentilaBanner_WAR_pentilaBannertheme','01','mobile','01','',0,'','2014-05-07 13:20:43','2014-05-07 13:20:43','',0),(183745,183744,10202,1,0,0,'pentilaBanner_WAR_pentilaBannertheme','01','mobile','01','',0,'','2014-05-07 13:20:49','2014-05-07 13:20:49','',0),(183746,183744,10202,0,0,0,'pentilaBanner_WAR_pentilaBannertheme','01','mobile','01','',0,'','2014-05-07 13:20:49','2014-05-07 13:20:49','',0),(218939,218938,10202,1,0,0,'pentilaBanner_WAR_pentilaBannertheme','01','mobile','01','',0,'','2014-05-08 07:03:44','2014-05-08 07:03:44','',0),(218940,218938,10202,0,0,0,'pentilaBanner_WAR_pentilaBannertheme','01','mobile','01','',0,'','2014-05-08 07:03:44','2014-05-08 07:03:44','',0),(218943,218942,10202,1,0,0,'pentilaBanner_WAR_pentilaBannertheme','01','mobile','01','',0,'','2014-05-08 07:03:44','2014-05-08 07:03:44','',0),(218944,218942,10202,0,0,0,'pentilaBanner_WAR_pentilaBannertheme','01','mobile','01','',0,'','2014-05-08 07:03:44','2014-05-08 07:03:44','',0),(218947,218946,10202,1,0,0,'pentilaBanner_WAR_pentilaBannertheme','01','mobile','01','',0,'','2014-05-08 07:03:44','2014-05-08 07:03:44','',0),(218948,218946,10202,0,0,0,'pentilaBanner_WAR_pentilaBannertheme','01','mobile','01','',0,'','2014-05-08 07:03:44','2014-05-08 07:03:44','',0),(218951,218950,10202,1,0,0,'pentilaBanner_WAR_pentilaBannertheme','01','mobile','01','',0,'','2014-05-08 07:03:45','2014-05-08 07:03:45','',0),(218952,218950,10202,0,0,0,'pentilaBanner_WAR_pentilaBannertheme','01','mobile','01','',0,'','2014-05-08 07:03:45','2014-05-08 07:03:45','',0),(218955,218954,10202,1,0,0,'pentilaBanner_WAR_pentilaBannertheme','01','mobile','01','',0,'','2014-05-08 07:03:45','2014-05-08 07:03:45','',0),(218956,218954,10202,0,0,0,'pentilaBanner_WAR_pentilaBannertheme','01','mobile','01','',0,'','2014-05-08 07:03:45','2014-05-08 07:03:45','',0),(218959,218958,10202,1,0,0,'pentilaBanner_WAR_pentilaBannertheme','01','mobile','01','',0,'','2014-05-08 07:03:46','2014-05-08 07:03:46','',0),(218960,218958,10202,0,0,0,'pentilaBanner_WAR_pentilaBannertheme','01','mobile','01','',0,'','2014-05-08 07:03:46','2014-05-08 07:03:46','',0),(218963,218962,10202,1,0,0,'pentilaBanner_WAR_pentilaBannertheme','01','mobile','01','',0,'','2014-05-08 07:03:46','2014-05-08 07:03:46','',0),(218964,218962,10202,0,0,0,'pentilaBanner_WAR_pentilaBannertheme','01','mobile','01','',0,'','2014-05-08 07:03:46','2014-05-08 07:03:46','',0),(218967,218966,10202,1,0,0,'pentilaBanner_WAR_pentilaBannertheme','01','mobile','01','',0,'','2014-05-08 07:03:47','2014-05-08 07:03:47','',0),(218968,218966,10202,0,0,0,'pentilaBanner_WAR_pentilaBannertheme','01','mobile','01','',0,'','2014-05-08 07:03:47','2014-05-08 07:03:47','',0),(218971,218970,10202,1,0,0,'pentilaBanner_WAR_pentilaBannertheme','01','mobile','01','',0,'','2014-05-08 07:03:47','2014-05-08 07:03:47','',0),(218972,218970,10202,0,0,0,'pentilaBanner_WAR_pentilaBannertheme','01','mobile','01','',0,'','2014-05-08 07:03:47','2014-05-08 07:03:47','',0),(218975,218974,10202,1,0,0,'pentilaBanner_WAR_pentilaBannertheme','01','mobile','01','',0,'','2014-05-08 07:03:48','2014-05-08 07:03:48','',0),(218976,218974,10202,0,0,0,'pentilaBanner_WAR_pentilaBannertheme','01','mobile','01','',0,'','2014-05-08 07:03:48','2014-05-08 07:03:48','',0),(218979,218978,10202,1,0,0,'pentilaBanner_WAR_pentilaBannertheme','01','mobile','01','',0,'','2014-05-08 07:03:48','2014-05-08 07:03:48','',0),(218980,218978,10202,0,0,0,'pentilaBanner_WAR_pentilaBannertheme','01','mobile','01','',0,'','2014-05-08 07:03:48','2014-05-08 07:03:48','',0),(218983,218982,10202,1,0,0,'pentilaBanner_WAR_pentilaBannertheme','01','mobile','01','',0,'','2014-05-08 07:03:48','2014-05-08 07:03:48','',0),(218984,218982,10202,0,0,0,'pentilaBanner_WAR_pentilaBannertheme','01','mobile','01','',0,'','2014-05-08 07:03:48','2014-05-08 07:03:48','',0),(218987,218986,10202,1,0,0,'pentilaBanner_WAR_pentilaBannertheme','01','mobile','01','',0,'','2014-05-08 07:03:48','2014-05-08 07:03:48','',0),(218988,218986,10202,0,0,0,'pentilaBanner_WAR_pentilaBannertheme','01','mobile','01','',0,'','2014-05-08 07:03:48','2014-05-08 07:03:48','',0),(218991,218990,10202,1,0,0,'pentilaBanner_WAR_pentilaBannertheme','01','mobile','01','',0,'','2014-05-08 07:03:49','2014-05-08 07:03:49','',0),(218992,218990,10202,0,0,0,'pentilaBanner_WAR_pentilaBannertheme','01','mobile','01','',0,'','2014-05-08 07:03:49','2014-05-08 07:03:49','',0),(218995,218994,10202,1,0,0,'pentilaBanner_WAR_pentilaBannertheme','01','mobile','01','',0,'','2014-05-08 07:03:49','2014-05-08 07:03:49','',0),(218996,218994,10202,0,0,0,'pentilaBanner_WAR_pentilaBannertheme','01','mobile','01','',0,'','2014-05-08 07:03:49','2014-05-08 07:03:49','',0),(218999,218998,10202,1,0,0,'pentilaBanner_WAR_pentilaBannertheme','01','mobile','01','',0,'','2014-05-08 07:03:50','2014-05-08 07:03:50','',0),(219000,218998,10202,0,0,0,'pentilaBanner_WAR_pentilaBannertheme','01','mobile','01','',0,'','2014-05-08 07:03:50','2014-05-08 07:03:50','',0),(219003,219002,10202,1,0,0,'pentilaBanner_WAR_pentilaBannertheme','01','mobile','01','',0,'','2014-05-08 07:03:50','2014-05-08 07:03:50','',0),(219004,219002,10202,0,0,0,'pentilaBanner_WAR_pentilaBannertheme','01','mobile','01','',0,'','2014-05-08 07:03:50','2014-05-08 07:03:50','',0),(219007,219006,10202,1,0,0,'pentilaBanner_WAR_pentilaBannertheme','01','mobile','01','',0,'','2014-05-08 07:03:50','2014-05-08 07:03:50','',0),(219008,219006,10202,0,0,0,'pentilaBanner_WAR_pentilaBannertheme','01','mobile','01','',0,'','2014-05-08 07:03:50','2014-05-08 07:03:50','',0),(219011,219010,10202,1,0,0,'pentilaBanner_WAR_pentilaBannertheme','01','mobile','01','',0,'','2014-05-08 07:03:51','2014-05-08 07:03:51','',0),(219012,219010,10202,0,0,0,'pentilaBanner_WAR_pentilaBannertheme','01','mobile','01','',0,'','2014-05-08 07:03:51','2014-05-08 07:03:51','',0),(219015,219014,10202,1,0,0,'pentilaBanner_WAR_pentilaBannertheme','01','mobile','01','',0,'','2014-05-08 07:03:51','2014-05-08 07:03:51','',0),(219016,219014,10202,0,0,0,'pentilaBanner_WAR_pentilaBannertheme','01','mobile','01','',0,'','2014-05-08 07:03:51','2014-05-08 07:03:51','',0),(219019,219018,10202,1,0,0,'pentilaBanner_WAR_pentilaBannertheme','01','mobile','01','',0,'','2014-05-08 07:03:52','2014-05-08 07:03:52','',0),(219020,219018,10202,0,0,0,'pentilaBanner_WAR_pentilaBannertheme','01','mobile','01','',0,'','2014-05-08 07:03:52','2014-05-08 07:03:52','',0),(219023,219022,10202,1,0,0,'pentilaBanner_WAR_pentilaBannertheme','01','mobile','01','',0,'','2014-05-08 07:03:52','2014-05-08 07:03:52','',0),(219024,219022,10202,0,0,0,'pentilaBanner_WAR_pentilaBannertheme','01','mobile','01','',0,'','2014-05-08 07:03:52','2014-05-08 07:03:52','',0),(219027,219026,10202,1,0,0,'pentilaBanner_WAR_pentilaBannertheme','01','mobile','01','',0,'','2014-05-08 07:03:53','2014-05-08 07:03:53','',0),(219028,219026,10202,0,0,0,'pentilaBanner_WAR_pentilaBannertheme','01','mobile','01','',0,'','2014-05-08 07:03:53','2014-05-08 07:03:53','',0),(219031,219030,10202,1,0,0,'pentilaBanner_WAR_pentilaBannertheme','01','mobile','01','',0,'','2014-05-08 07:03:53','2014-05-08 07:03:53','',0),(219032,219030,10202,0,0,0,'pentilaBanner_WAR_pentilaBannertheme','01','mobile','01','',0,'','2014-05-08 07:03:53','2014-05-08 07:03:53','',0),(219035,219034,10202,1,0,0,'pentilaBanner_WAR_pentilaBannertheme','01','mobile','01','',0,'','2014-05-08 07:03:53','2014-05-08 07:03:53','',0),(219036,219034,10202,0,0,0,'pentilaBanner_WAR_pentilaBannertheme','01','mobile','01','',0,'','2014-05-08 07:03:53','2014-05-08 07:03:53','',0),(219039,219038,10202,1,0,0,'pentilaBanner_WAR_pentilaBannertheme','01','mobile','01','',0,'','2014-05-08 07:03:54','2014-05-08 07:03:54','',0),(219040,219038,10202,0,0,0,'pentilaBanner_WAR_pentilaBannertheme','01','mobile','01','',0,'','2014-05-08 07:03:54','2014-05-08 07:03:54','',0),(219043,219042,10202,1,0,0,'pentilaBanner_WAR_pentilaBannertheme','01','mobile','01','',0,'','2014-05-08 07:03:54','2014-05-08 07:03:54','',0),(219044,219042,10202,0,0,0,'pentilaBanner_WAR_pentilaBannertheme','01','mobile','01','',0,'','2014-05-08 07:03:54','2014-05-08 07:03:54','',0),(219047,219046,10202,1,0,0,'pentilaBanner_WAR_pentilaBannertheme','01','mobile','01','',0,'','2014-05-08 07:03:54','2014-05-08 07:03:54','',0),(219048,219046,10202,0,0,0,'pentilaBanner_WAR_pentilaBannertheme','01','mobile','01','',0,'','2014-05-08 07:03:54','2014-05-08 07:03:54','',0),(219051,219050,10202,1,0,0,'pentilaBanner_WAR_pentilaBannertheme','01','mobile','01','',0,'','2014-05-08 07:03:55','2014-05-08 07:03:55','',0),(219052,219050,10202,0,0,0,'pentilaBanner_WAR_pentilaBannertheme','01','mobile','01','',0,'','2014-05-08 07:03:55','2014-05-08 07:03:55','',0),(219055,219054,10202,1,0,0,'pentilaBanner_WAR_pentilaBannertheme','01','mobile','01','',0,'','2014-05-08 07:03:55','2014-05-08 07:03:55','',0),(219056,219054,10202,0,0,0,'pentilaBanner_WAR_pentilaBannertheme','01','mobile','01','',0,'','2014-05-08 07:03:55','2014-05-08 07:03:55','',0),(219059,219058,10202,1,0,0,'pentilaBanner_WAR_pentilaBannertheme','01','mobile','01','',0,'','2014-05-08 07:03:55','2014-05-08 07:03:55','',0),(219060,219058,10202,0,0,0,'pentilaBanner_WAR_pentilaBannertheme','01','mobile','01','',0,'','2014-05-08 07:03:55','2014-05-08 07:03:55','',0),(219063,219062,10202,1,0,0,'pentilaBanner_WAR_pentilaBannertheme','01','mobile','01','',0,'','2014-05-08 07:03:56','2014-05-08 07:03:56','',0),(219064,219062,10202,0,0,0,'pentilaBanner_WAR_pentilaBannertheme','01','mobile','01','',0,'','2014-05-08 07:03:56','2014-05-08 07:03:56','',0),(219067,219066,10202,1,0,0,'pentilaBanner_WAR_pentilaBannertheme','01','mobile','01','',0,'','2014-05-08 07:03:56','2014-05-08 07:03:56','',0),(219068,219066,10202,0,0,0,'pentilaBanner_WAR_pentilaBannertheme','01','mobile','01','',0,'','2014-05-08 07:03:56','2014-05-08 07:03:56','',0),(219071,219070,10202,1,0,0,'pentilaBanner_WAR_pentilaBannertheme','01','mobile','01','',0,'','2014-05-08 07:03:57','2014-05-08 07:03:57','',0),(219072,219070,10202,0,0,0,'pentilaBanner_WAR_pentilaBannertheme','01','mobile','01','',0,'','2014-05-08 07:03:57','2014-05-08 07:03:57','',0),(219075,219074,10202,1,0,0,'pentilaBanner_WAR_pentilaBannertheme','01','mobile','01','',0,'','2014-05-08 07:03:57','2014-05-08 07:03:57','',0),(219076,219074,10202,0,0,0,'pentilaBanner_WAR_pentilaBannertheme','01','mobile','01','',0,'','2014-05-08 07:03:57','2014-05-08 07:03:57','',0),(219079,219078,10202,1,0,0,'pentilaBanner_WAR_pentilaBannertheme','01','mobile','01','',0,'','2014-05-08 07:03:58','2014-05-08 07:03:58','',0),(219080,219078,10202,0,0,0,'pentilaBanner_WAR_pentilaBannertheme','01','mobile','01','',0,'','2014-05-08 07:03:58','2014-05-08 07:03:58','',0),(219083,219082,10202,1,0,0,'pentilaBanner_WAR_pentilaBannertheme','01','mobile','01','',0,'','2014-05-08 07:03:58','2014-05-08 07:03:58','',0),(219084,219082,10202,0,0,0,'pentilaBanner_WAR_pentilaBannertheme','01','mobile','01','',0,'','2014-05-08 07:03:58','2014-05-08 07:03:58','',0),(219087,219086,10202,1,0,0,'pentilaBanner_WAR_pentilaBannertheme','01','mobile','01','',0,'','2014-05-08 07:03:58','2014-05-08 07:03:58','',0),(219088,219086,10202,0,0,0,'pentilaBanner_WAR_pentilaBannertheme','01','mobile','01','',0,'','2014-05-08 07:03:58','2014-05-08 07:03:58','',0),(219091,219090,10202,1,0,0,'pentilaBanner_WAR_pentilaBannertheme','01','mobile','01','',0,'','2014-05-08 07:03:59','2014-05-08 07:03:59','',0),(219092,219090,10202,0,0,0,'pentilaBanner_WAR_pentilaBannertheme','01','mobile','01','',0,'','2014-05-08 07:03:59','2014-05-08 07:03:59','',0),(219095,219094,10202,1,0,0,'pentilaBanner_WAR_pentilaBannertheme','01','mobile','01','',0,'','2014-05-08 07:03:59','2014-05-08 07:03:59','',0),(219096,219094,10202,0,0,0,'pentilaBanner_WAR_pentilaBannertheme','01','mobile','01','',0,'','2014-05-08 07:03:59','2014-05-08 07:03:59','',0),(219099,219098,10202,1,0,0,'pentilaBanner_WAR_pentilaBannertheme','01','mobile','01','',0,'','2014-05-08 07:04:00','2014-05-08 07:04:00','',0),(219100,219098,10202,0,0,0,'pentilaBanner_WAR_pentilaBannertheme','01','mobile','01','',0,'','2014-05-08 07:04:00','2014-05-08 07:04:00','',0),(219103,219102,10202,1,0,0,'pentilaBanner_WAR_pentilaBannertheme','01','mobile','01','',0,'','2014-05-08 07:04:00','2014-05-08 07:04:00','',0),(219104,219102,10202,0,0,0,'pentilaBanner_WAR_pentilaBannertheme','01','mobile','01','',0,'','2014-05-08 07:04:00','2014-05-08 07:04:00','',0),(219107,219106,10202,1,0,0,'pentilaBanner_WAR_pentilaBannertheme','01','mobile','01','',0,'','2014-05-08 07:04:00','2014-05-08 07:04:00','',0),(219108,219106,10202,0,0,0,'pentilaBanner_WAR_pentilaBannertheme','01','mobile','01','',0,'','2014-05-08 07:04:00','2014-05-08 07:04:00','',0),(219111,219110,10202,1,0,0,'pentilaBanner_WAR_pentilaBannertheme','01','mobile','01','',0,'','2014-05-08 07:04:00','2014-05-08 07:04:00','',0),(219112,219110,10202,0,0,0,'pentilaBanner_WAR_pentilaBannertheme','01','mobile','01','',0,'','2014-05-08 07:04:00','2014-05-08 07:04:00','',0),(219115,219114,10202,1,0,0,'pentilaBanner_WAR_pentilaBannertheme','01','mobile','01','',0,'','2014-05-08 07:04:03','2014-05-08 07:04:03','',0),(219116,219114,10202,0,0,0,'pentilaBanner_WAR_pentilaBannertheme','01','mobile','01','',0,'','2014-05-08 07:04:03','2014-05-08 07:04:03','',0),(219119,219118,10202,1,0,0,'pentilaBanner_WAR_pentilaBannertheme','01','mobile','01','',0,'','2014-05-08 07:04:04','2014-05-08 07:04:04','',0),(219120,219118,10202,0,0,0,'pentilaBanner_WAR_pentilaBannertheme','01','mobile','01','',0,'','2014-05-08 07:04:04','2014-05-08 07:04:04','',0),(219123,219122,10202,1,0,0,'pentilaBanner_WAR_pentilaBannertheme','01','mobile','01','',0,'','2014-05-08 07:04:04','2014-05-08 07:04:04','',0),(219124,219122,10202,0,0,0,'pentilaBanner_WAR_pentilaBannertheme','01','mobile','01','',0,'','2014-05-08 07:04:04','2014-05-08 07:04:04','',0),(219127,219126,10202,1,0,0,'pentilaBanner_WAR_pentilaBannertheme','01','mobile','01','',0,'','2014-05-08 07:04:04','2014-05-08 07:04:04','',0),(219128,219126,10202,0,0,0,'pentilaBanner_WAR_pentilaBannertheme','01','mobile','01','',0,'','2014-05-08 07:04:04','2014-05-08 07:04:04','',0),(219131,219130,10202,1,0,0,'pentilaBanner_WAR_pentilaBannertheme','01','mobile','01','',0,'','2014-05-08 07:04:05','2014-05-08 07:04:05','',0),(219132,219130,10202,0,0,0,'pentilaBanner_WAR_pentilaBannertheme','01','mobile','01','',0,'','2014-05-08 07:04:05','2014-05-08 07:04:05','',0),(219135,219134,10202,1,0,0,'pentilaBanner_WAR_pentilaBannertheme','01','mobile','01','',0,'','2014-05-08 07:04:05','2014-05-08 07:04:05','',0),(219136,219134,10202,0,0,0,'pentilaBanner_WAR_pentilaBannertheme','01','mobile','01','',0,'','2014-05-08 07:04:05','2014-05-08 07:04:05','',0),(219139,219138,10202,1,0,0,'pentilaBanner_WAR_pentilaBannertheme','01','mobile','01','',0,'','2014-05-08 07:04:05','2014-05-08 07:04:05','',0),(219140,219138,10202,0,0,0,'pentilaBanner_WAR_pentilaBannertheme','01','mobile','01','',0,'','2014-05-08 07:04:05','2014-05-08 07:04:05','',0),(219143,219142,10202,1,0,0,'pentilaBanner_WAR_pentilaBannertheme','01','mobile','01','',0,'','2014-05-08 07:04:06','2014-05-08 07:04:06','',0),(219144,219142,10202,0,0,0,'pentilaBanner_WAR_pentilaBannertheme','01','mobile','01','',0,'','2014-05-08 07:04:06','2014-05-08 07:04:06','',0),(219147,219146,10202,1,0,0,'pentilaBanner_WAR_pentilaBannertheme','01','mobile','01','',0,'','2014-05-08 07:04:06','2014-05-08 07:04:06','',0),(219148,219146,10202,0,0,0,'pentilaBanner_WAR_pentilaBannertheme','01','mobile','01','',0,'','2014-05-08 07:04:06','2014-05-08 07:04:06','',0),(219151,219150,10202,1,0,0,'pentilaBanner_WAR_pentilaBannertheme','01','mobile','01','',0,'','2014-05-08 07:04:07','2014-05-08 07:04:07','',0),(219152,219150,10202,0,0,0,'pentilaBanner_WAR_pentilaBannertheme','01','mobile','01','',0,'','2014-05-08 07:04:07','2014-05-08 07:04:07','',0),(219155,219154,10202,1,0,0,'pentilaBanner_WAR_pentilaBannertheme','01','mobile','01','',0,'','2014-05-08 07:04:07','2014-05-08 07:04:07','',0),(219156,219154,10202,0,0,0,'pentilaBanner_WAR_pentilaBannertheme','01','mobile','01','',0,'','2014-05-08 07:04:07','2014-05-08 07:04:07','',0),(219159,219158,10202,1,0,0,'pentilaBanner_WAR_pentilaBannertheme','01','mobile','01','',0,'','2014-05-08 07:04:08','2014-05-08 07:04:08','',0),(219160,219158,10202,0,0,0,'pentilaBanner_WAR_pentilaBannertheme','01','mobile','01','',0,'','2014-05-08 07:04:08','2014-05-08 07:04:08','',0),(219163,219162,10202,1,0,0,'pentilaBanner_WAR_pentilaBannertheme','01','mobile','01','',0,'','2014-05-08 07:04:08','2014-05-08 07:04:08','',0),(219164,219162,10202,0,0,0,'pentilaBanner_WAR_pentilaBannertheme','01','mobile','01','',0,'','2014-05-08 07:04:08','2014-05-08 07:04:08','',0),(219167,219166,10202,1,0,0,'pentilaBanner_WAR_pentilaBannertheme','01','mobile','01','',0,'','2014-05-08 07:04:08','2014-05-08 07:04:08','',0),(219168,219166,10202,0,0,0,'pentilaBanner_WAR_pentilaBannertheme','01','mobile','01','',0,'','2014-05-08 07:04:08','2014-05-08 07:04:08','',0),(219171,219170,10202,1,0,0,'pentilaBanner_WAR_pentilaBannertheme','01','mobile','01','',0,'','2014-05-08 07:04:09','2014-05-08 07:04:09','',0),(219172,219170,10202,0,0,0,'pentilaBanner_WAR_pentilaBannertheme','01','mobile','01','',0,'','2014-05-08 07:04:09','2014-05-08 07:04:09','',0),(219175,219174,10202,1,0,0,'pentilaBanner_WAR_pentilaBannertheme','01','mobile','01','',0,'','2014-05-08 07:04:09','2014-05-08 07:04:09','',0),(219176,219174,10202,0,0,0,'pentilaBanner_WAR_pentilaBannertheme','01','mobile','01','',0,'','2014-05-08 07:04:09','2014-05-08 07:04:09','',0),(219179,219178,10202,1,0,0,'pentilaBanner_WAR_pentilaBannertheme','01','mobile','01','',0,'','2014-05-08 07:04:09','2014-05-08 07:04:09','',0),(219180,219178,10202,0,0,0,'pentilaBanner_WAR_pentilaBannertheme','01','mobile','01','',0,'','2014-05-08 07:04:09','2014-05-08 07:04:09','',0),(219183,219182,10202,1,0,0,'pentilaBanner_WAR_pentilaBannertheme','01','mobile','01','',0,'','2014-05-08 07:04:10','2014-05-08 07:04:10','',0),(219184,219182,10202,0,0,0,'pentilaBanner_WAR_pentilaBannertheme','01','mobile','01','',0,'','2014-05-08 07:04:10','2014-05-08 07:04:10','',0),(219187,219186,10202,1,0,0,'pentilaBanner_WAR_pentilaBannertheme','01','mobile','01','',0,'','2014-05-08 07:04:10','2014-05-08 07:04:10','',0),(219188,219186,10202,0,0,0,'pentilaBanner_WAR_pentilaBannertheme','01','mobile','01','',0,'','2014-05-08 07:04:10','2014-05-08 07:04:10','',0),(219191,219190,10202,1,0,0,'pentilaBanner_WAR_pentilaBannertheme','01','mobile','01','',0,'','2014-05-08 07:04:11','2014-05-08 07:04:11','',0),(219192,219190,10202,0,0,0,'pentilaBanner_WAR_pentilaBannertheme','01','mobile','01','',0,'','2014-05-08 07:04:11','2014-05-08 07:04:11','',0),(219195,219194,10202,1,0,0,'pentilaBanner_WAR_pentilaBannertheme','01','mobile','01','',0,'','2014-05-08 07:04:11','2014-05-08 07:04:11','',0),(219196,219194,10202,0,0,0,'pentilaBanner_WAR_pentilaBannertheme','01','mobile','01','',0,'','2014-05-08 07:04:11','2014-05-08 07:04:11','',0),(219199,219198,10202,1,0,0,'pentilaBanner_WAR_pentilaBannertheme','01','mobile','01','',0,'','2014-05-08 07:04:11','2014-05-08 07:04:11','',0),(219200,219198,10202,0,0,0,'pentilaBanner_WAR_pentilaBannertheme','01','mobile','01','',0,'','2014-05-08 07:04:11','2014-05-08 07:04:11','',0),(219203,219202,10202,1,0,0,'pentilaBanner_WAR_pentilaBannertheme','01','mobile','01','',0,'','2014-05-08 07:04:12','2014-05-08 07:04:12','',0),(219204,219202,10202,0,0,0,'pentilaBanner_WAR_pentilaBannertheme','01','mobile','01','',0,'','2014-05-08 07:04:12','2014-05-08 07:04:12','',0),(219207,219206,10202,1,0,0,'pentilaBanner_WAR_pentilaBannertheme','01','mobile','01','',0,'','2014-05-08 07:04:12','2014-05-08 07:04:12','',0),(219208,219206,10202,0,0,0,'pentilaBanner_WAR_pentilaBannertheme','01','mobile','01','',0,'','2014-05-08 07:04:12','2014-05-08 07:04:12','',0),(219211,219210,10202,1,0,0,'pentilaBanner_WAR_pentilaBannertheme','01','mobile','01','',0,'','2014-05-08 07:04:13','2014-05-08 07:04:13','',0),(219212,219210,10202,0,0,0,'pentilaBanner_WAR_pentilaBannertheme','01','mobile','01','',0,'','2014-05-08 07:04:13','2014-05-08 07:04:13','',0),(219215,219214,10202,1,0,0,'pentilaBanner_WAR_pentilaBannertheme','01','mobile','01','',0,'','2014-05-08 07:04:13','2014-05-08 07:04:13','',0),(219216,219214,10202,0,0,0,'pentilaBanner_WAR_pentilaBannertheme','01','mobile','01','',0,'','2014-05-08 07:04:13','2014-05-08 07:04:13','',0),(219219,219218,10202,1,0,0,'pentilaBanner_WAR_pentilaBannertheme','01','mobile','01','',0,'','2014-05-08 07:04:14','2014-05-08 07:04:14','',0),(219220,219218,10202,0,0,0,'pentilaBanner_WAR_pentilaBannertheme','01','mobile','01','',0,'','2014-05-08 07:04:14','2014-05-08 07:04:14','',0),(219223,219222,10202,1,0,0,'pentilaBanner_WAR_pentilaBannertheme','01','mobile','01','',0,'','2014-05-08 07:04:14','2014-05-08 07:04:14','',0),(219224,219222,10202,0,0,0,'pentilaBanner_WAR_pentilaBannertheme','01','mobile','01','',0,'','2014-05-08 07:04:14','2014-05-08 07:04:14','',0),(219227,219226,10202,1,0,0,'pentilaBanner_WAR_pentilaBannertheme','01','mobile','01','',0,'','2014-05-08 07:04:14','2014-05-08 07:04:14','',0),(219228,219226,10202,0,0,0,'pentilaBanner_WAR_pentilaBannertheme','01','mobile','01','',0,'','2014-05-08 07:04:14','2014-05-08 07:04:14','',0),(219231,219230,10202,1,0,0,'pentilaBanner_WAR_pentilaBannertheme','01','mobile','01','',0,'','2014-05-08 07:04:15','2014-05-08 07:04:15','',0),(219232,219230,10202,0,0,0,'pentilaBanner_WAR_pentilaBannertheme','01','mobile','01','',0,'','2014-05-08 07:04:15','2014-05-08 07:04:15','',0),(219235,219234,10202,1,0,0,'pentilaBanner_WAR_pentilaBannertheme','01','mobile','01','',0,'','2014-05-08 07:04:15','2014-05-08 07:04:15','',0),(219236,219234,10202,0,0,0,'pentilaBanner_WAR_pentilaBannertheme','01','mobile','01','',0,'','2014-05-08 07:04:15','2014-05-08 07:04:15','',0),(219239,219238,10202,1,0,0,'pentilaBanner_WAR_pentilaBannertheme','01','mobile','01','',0,'','2014-05-08 07:04:15','2014-05-08 07:04:15','',0),(219240,219238,10202,0,0,0,'pentilaBanner_WAR_pentilaBannertheme','01','mobile','01','',0,'','2014-05-08 07:04:15','2014-05-08 07:04:15','',0),(219243,219242,10202,1,0,0,'pentilaBanner_WAR_pentilaBannertheme','01','mobile','01','',0,'','2014-05-08 07:04:16','2014-05-08 07:04:16','',0),(219244,219242,10202,0,0,0,'pentilaBanner_WAR_pentilaBannertheme','01','mobile','01','',0,'','2014-05-08 07:04:16','2014-05-08 07:04:16','',0),(219247,219246,10202,1,0,0,'pentilaBanner_WAR_pentilaBannertheme','01','mobile','01','',0,'','2014-05-08 07:04:16','2014-05-08 07:04:16','',0),(219248,219246,10202,0,0,0,'pentilaBanner_WAR_pentilaBannertheme','01','mobile','01','',0,'','2014-05-08 07:04:16','2014-05-08 07:04:16','',0),(219251,219250,10202,1,0,0,'pentilaBanner_WAR_pentilaBannertheme','01','mobile','01','',0,'','2014-05-08 07:04:16','2014-05-08 07:04:16','',0),(219252,219250,10202,0,0,0,'pentilaBanner_WAR_pentilaBannertheme','01','mobile','01','',0,'','2014-05-08 07:04:16','2014-05-08 07:04:16','',0),(219255,219254,10202,1,0,0,'pentilaBanner_WAR_pentilaBannertheme','01','mobile','01','',0,'','2014-05-08 07:04:17','2014-05-08 07:04:17','',0),(219256,219254,10202,0,0,0,'pentilaBanner_WAR_pentilaBannertheme','01','mobile','01','',0,'','2014-05-08 07:04:17','2014-05-08 07:04:17','',0),(219259,219258,10202,1,0,0,'pentilaBanner_WAR_pentilaBannertheme','01','mobile','01','',0,'','2014-05-08 07:04:17','2014-05-08 07:04:17','',0),(219260,219258,10202,0,0,0,'pentilaBanner_WAR_pentilaBannertheme','01','mobile','01','',0,'','2014-05-08 07:04:17','2014-05-08 07:04:17','',0),(219263,219262,10202,1,0,0,'pentilaBanner_WAR_pentilaBannertheme','01','mobile','01','',0,'','2014-05-08 07:04:18','2014-05-08 07:04:18','',0),(219264,219262,10202,0,0,0,'pentilaBanner_WAR_pentilaBannertheme','01','mobile','01','',0,'','2014-05-08 07:04:18','2014-05-08 07:04:18','',0),(219267,219266,10202,1,0,0,'pentilaBanner_WAR_pentilaBannertheme','01','mobile','01','',0,'','2014-05-08 07:04:18','2014-05-08 07:04:18','',0),(219268,219266,10202,0,0,0,'pentilaBanner_WAR_pentilaBannertheme','01','mobile','01','',0,'','2014-05-08 07:04:18','2014-05-08 07:04:18','',0),(219271,219270,10202,1,0,0,'pentilaBanner_WAR_pentilaBannertheme','01','mobile','01','',0,'','2014-05-08 07:04:18','2014-05-08 07:04:18','',0),(219272,219270,10202,0,0,0,'pentilaBanner_WAR_pentilaBannertheme','01','mobile','01','',0,'','2014-05-08 07:04:18','2014-05-08 07:04:18','',0),(219275,219274,10202,1,0,0,'pentilaBanner_WAR_pentilaBannertheme','01','mobile','01','',0,'','2014-05-08 07:04:19','2014-05-08 07:04:19','',0),(219276,219274,10202,0,0,0,'pentilaBanner_WAR_pentilaBannertheme','01','mobile','01','',0,'','2014-05-08 07:04:19','2014-05-08 07:04:19','',0),(219279,219278,10202,1,0,0,'pentilaBanner_WAR_pentilaBannertheme','01','mobile','01','',0,'','2014-05-08 07:04:19','2014-05-08 07:04:19','',0),(219280,219278,10202,0,0,0,'pentilaBanner_WAR_pentilaBannertheme','01','mobile','01','',0,'','2014-05-08 07:04:19','2014-05-08 07:04:19','',0),(219283,219282,10202,1,0,0,'pentilaBanner_WAR_pentilaBannertheme','01','mobile','01','',0,'','2014-05-08 07:04:19','2014-05-08 07:04:19','',0),(219284,219282,10202,0,0,0,'pentilaBanner_WAR_pentilaBannertheme','01','mobile','01','',0,'','2014-05-08 07:04:19','2014-05-08 07:04:19','',0),(219287,219286,10202,1,0,0,'pentilaBanner_WAR_pentilaBannertheme','01','mobile','01','',0,'','2014-05-08 07:04:20','2014-05-08 07:04:20','',0),(219288,219286,10202,0,0,0,'pentilaBanner_WAR_pentilaBannertheme','01','mobile','01','',0,'','2014-05-08 07:04:20','2014-05-08 07:04:20','',0),(219291,219290,10202,1,0,0,'pentilaBanner_WAR_pentilaBannertheme','01','mobile','01','',0,'','2014-05-08 07:04:20','2014-05-08 07:04:20','',0),(219292,219290,10202,0,0,0,'pentilaBanner_WAR_pentilaBannertheme','01','mobile','01','',0,'','2014-05-08 07:04:20','2014-05-08 07:04:20','',0),(219295,219294,10202,1,0,0,'pentilaBanner_WAR_pentilaBannertheme','01','mobile','01','',0,'','2014-05-08 07:04:20','2014-05-08 07:04:20','',0),(219296,219294,10202,0,0,0,'pentilaBanner_WAR_pentilaBannertheme','01','mobile','01','',0,'','2014-05-08 07:04:20','2014-05-08 07:04:20','',0),(219299,219298,10202,1,0,0,'pentilaBanner_WAR_pentilaBannertheme','01','mobile','01','',0,'','2014-05-08 07:04:21','2014-05-08 07:04:21','',0),(219300,219298,10202,0,0,0,'pentilaBanner_WAR_pentilaBannertheme','01','mobile','01','',0,'','2014-05-08 07:04:21','2014-05-08 07:04:21','',0),(219303,219302,10202,1,0,0,'pentilaBanner_WAR_pentilaBannertheme','01','mobile','01','',0,'','2014-05-08 07:04:21','2014-05-08 07:04:21','',0),(219304,219302,10202,0,0,0,'pentilaBanner_WAR_pentilaBannertheme','01','mobile','01','',0,'','2014-05-08 07:04:21','2014-05-08 07:04:21','',0),(219307,219306,10202,1,0,0,'pentilaBanner_WAR_pentilaBannertheme','01','mobile','01','',0,'','2014-05-08 07:04:21','2014-05-08 07:04:21','',0),(219308,219306,10202,0,0,0,'pentilaBanner_WAR_pentilaBannertheme','01','mobile','01','',0,'','2014-05-08 07:04:21','2014-05-08 07:04:21','',0),(219311,219310,10202,1,0,0,'pentilaBanner_WAR_pentilaBannertheme','01','mobile','01','',0,'','2014-05-08 07:04:22','2014-05-08 07:04:22','',0),(219312,219310,10202,0,0,0,'pentilaBanner_WAR_pentilaBannertheme','01','mobile','01','',0,'','2014-05-08 07:04:22','2014-05-08 07:04:22','',0),(219315,219314,10202,1,0,0,'pentilaBanner_WAR_pentilaBannertheme','01','mobile','01','',0,'','2014-05-08 07:04:22','2014-05-08 07:04:22','',0),(219316,219314,10202,0,0,0,'pentilaBanner_WAR_pentilaBannertheme','01','mobile','01','',0,'','2014-05-08 07:04:22','2014-05-08 07:04:22','',0),(219319,219318,10202,1,0,0,'pentilaBanner_WAR_pentilaBannertheme','01','mobile','01','',0,'','2014-05-08 07:04:23','2014-05-08 07:04:23','',0),(219320,219318,10202,0,0,0,'pentilaBanner_WAR_pentilaBannertheme','01','mobile','01','',0,'','2014-05-08 07:04:23','2014-05-08 07:04:23','',0),(219323,219322,10202,1,0,0,'pentilaBanner_WAR_pentilaBannertheme','01','mobile','01','',0,'','2014-05-08 07:04:23','2014-05-08 07:04:23','',0),(219324,219322,10202,0,0,0,'pentilaBanner_WAR_pentilaBannertheme','01','mobile','01','',0,'','2014-05-08 07:04:23','2014-05-08 07:04:23','',0),(219327,219326,10202,1,0,0,'pentilaBanner_WAR_pentilaBannertheme','01','mobile','01','',0,'','2014-05-08 07:04:24','2014-05-08 07:04:24','',0),(219328,219326,10202,0,0,0,'pentilaBanner_WAR_pentilaBannertheme','01','mobile','01','',0,'','2014-05-08 07:04:24','2014-05-08 07:04:24','',0),(219331,219330,10202,1,0,0,'pentilaBanner_WAR_pentilaBannertheme','01','mobile','01','',0,'','2014-05-08 07:04:24','2014-05-08 07:04:24','',0),(219332,219330,10202,0,0,0,'pentilaBanner_WAR_pentilaBannertheme','01','mobile','01','',0,'','2014-05-08 07:04:24','2014-05-08 07:04:24','',0),(219335,219334,10202,1,0,0,'pentilaBanner_WAR_pentilaBannertheme','01','mobile','01','',0,'','2014-05-08 07:04:25','2014-05-08 07:04:25','',0),(219336,219334,10202,0,0,0,'pentilaBanner_WAR_pentilaBannertheme','01','mobile','01','',0,'','2014-05-08 07:04:25','2014-05-08 07:04:25','',0),(219339,219338,10202,1,0,0,'pentilaBanner_WAR_pentilaBannertheme','01','mobile','01','',0,'','2014-05-08 07:04:25','2014-05-08 07:04:25','',0),(219340,219338,10202,0,0,0,'pentilaBanner_WAR_pentilaBannertheme','01','mobile','01','',0,'','2014-05-08 07:04:25','2014-05-08 07:04:25','',0),(219343,219342,10202,1,0,0,'pentilaBanner_WAR_pentilaBannertheme','01','mobile','01','',0,'','2014-05-08 07:04:25','2014-05-08 07:04:25','',0),(219344,219342,10202,0,0,0,'pentilaBanner_WAR_pentilaBannertheme','01','mobile','01','',0,'','2014-05-08 07:04:25','2014-05-08 07:04:25','',0),(219347,219346,10202,1,0,0,'pentilaBanner_WAR_pentilaBannertheme','01','mobile','01','',0,'','2014-05-08 07:04:25','2014-05-08 07:04:25','',0),(219348,219346,10202,0,0,0,'pentilaBanner_WAR_pentilaBannertheme','01','mobile','01','',0,'','2014-05-08 07:04:25','2014-05-08 07:04:25','',0),(219351,219350,10202,1,0,0,'pentilaBanner_WAR_pentilaBannertheme','01','mobile','01','',0,'','2014-05-08 07:04:26','2014-05-08 07:04:26','',0),(219352,219350,10202,0,0,0,'pentilaBanner_WAR_pentilaBannertheme','01','mobile','01','',0,'','2014-05-08 07:04:26','2014-05-08 07:04:26','',0),(219355,219354,10202,1,0,0,'pentilaBanner_WAR_pentilaBannertheme','01','mobile','01','',0,'','2014-05-08 07:04:26','2014-05-08 07:04:26','',0),(219356,219354,10202,0,0,0,'pentilaBanner_WAR_pentilaBannertheme','01','mobile','01','',0,'','2014-05-08 07:04:26','2014-05-08 07:04:26','',0),(219359,219358,10202,1,0,0,'pentilaBanner_WAR_pentilaBannertheme','01','mobile','01','',0,'','2014-05-08 07:04:26','2014-05-08 07:04:26','',0),(219360,219358,10202,0,0,0,'pentilaBanner_WAR_pentilaBannertheme','01','mobile','01','',0,'','2014-05-08 07:04:26','2014-05-08 07:04:26','',0),(219363,219362,10202,1,0,0,'pentilaBanner_WAR_pentilaBannertheme','01','mobile','01','',0,'','2014-05-08 07:04:27','2014-05-08 07:04:27','',0),(219364,219362,10202,0,0,0,'pentilaBanner_WAR_pentilaBannertheme','01','mobile','01','',0,'','2014-05-08 07:04:27','2014-05-08 07:04:27','',0),(219367,219366,10202,1,0,0,'pentilaBanner_WAR_pentilaBannertheme','01','mobile','01','',0,'','2014-05-08 07:04:27','2014-05-08 07:04:27','',0),(219368,219366,10202,0,0,0,'pentilaBanner_WAR_pentilaBannertheme','01','mobile','01','',0,'','2014-05-08 07:04:27','2014-05-08 07:04:27','',0),(219371,219370,10202,1,0,0,'pentilaBanner_WAR_pentilaBannertheme','01','mobile','01','',0,'','2014-05-08 07:04:27','2014-05-08 07:04:27','',0),(219372,219370,10202,0,0,0,'pentilaBanner_WAR_pentilaBannertheme','01','mobile','01','',0,'','2014-05-08 07:04:27','2014-05-08 07:04:27','',0),(219375,219374,10202,1,0,0,'pentilaBanner_WAR_pentilaBannertheme','01','mobile','01','',0,'','2014-05-08 07:04:27','2014-05-08 07:04:27','',0),(219376,219374,10202,0,0,0,'pentilaBanner_WAR_pentilaBannertheme','01','mobile','01','',0,'','2014-05-08 07:04:27','2014-05-08 07:04:27','',0),(219379,219378,10202,1,0,0,'pentilaBanner_WAR_pentilaBannertheme','01','mobile','01','',0,'','2014-05-08 07:04:27','2014-05-08 07:04:27','',0),(219380,219378,10202,0,0,0,'pentilaBanner_WAR_pentilaBannertheme','01','mobile','01','',0,'','2014-05-08 07:04:27','2014-05-08 07:04:27','',0),(219383,219382,10202,1,0,0,'pentilaBanner_WAR_pentilaBannertheme','01','mobile','01','',0,'','2014-05-08 07:04:27','2014-05-08 07:04:27','',0),(219384,219382,10202,0,0,0,'pentilaBanner_WAR_pentilaBannertheme','01','mobile','01','',0,'','2014-05-08 07:04:27','2014-05-08 07:04:27','',0),(219387,219386,10202,1,0,0,'pentilaBanner_WAR_pentilaBannertheme','01','mobile','01','',0,'','2014-05-08 07:04:28','2014-05-08 07:04:28','',0),(219388,219386,10202,0,0,0,'pentilaBanner_WAR_pentilaBannertheme','01','mobile','01','',0,'','2014-05-08 07:04:28','2014-05-08 07:04:28','',0),(219391,219390,10202,1,0,0,'pentilaBanner_WAR_pentilaBannertheme','01','mobile','01','',0,'','2014-05-08 07:04:28','2014-05-08 07:04:28','',0),(219392,219390,10202,0,0,0,'pentilaBanner_WAR_pentilaBannertheme','01','mobile','01','',0,'','2014-05-08 07:04:28','2014-05-08 07:04:28','',0),(219395,219394,10202,1,0,0,'pentilaBanner_WAR_pentilaBannertheme','01','mobile','01','',0,'','2014-05-08 07:04:29','2014-05-08 07:04:29','',0),(219396,219394,10202,0,0,0,'pentilaBanner_WAR_pentilaBannertheme','01','mobile','01','',0,'','2014-05-08 07:04:29','2014-05-08 07:04:29','',0),(219399,219398,10202,1,0,0,'pentilaBanner_WAR_pentilaBannertheme','01','mobile','01','',0,'','2014-05-08 07:04:29','2014-05-08 07:04:29','',0),(219400,219398,10202,0,0,0,'pentilaBanner_WAR_pentilaBannertheme','01','mobile','01','',0,'','2014-05-08 07:04:29','2014-05-08 07:04:29','',0),(219403,219402,10202,1,0,0,'pentilaBanner_WAR_pentilaBannertheme','01','mobile','01','',0,'','2014-05-08 07:04:29','2014-05-08 07:04:29','',0),(219404,219402,10202,0,0,0,'pentilaBanner_WAR_pentilaBannertheme','01','mobile','01','',0,'','2014-05-08 07:04:29','2014-05-08 07:04:29','',0),(219407,219406,10202,1,0,0,'pentilaBanner_WAR_pentilaBannertheme','01','mobile','01','',0,'','2014-05-08 07:04:29','2014-05-08 07:04:29','',0),(219408,219406,10202,0,0,0,'pentilaBanner_WAR_pentilaBannertheme','01','mobile','01','',0,'','2014-05-08 07:04:29','2014-05-08 07:04:29','',0),(219411,219410,10202,1,0,0,'pentilaBanner_WAR_pentilaBannertheme','01','mobile','01','',0,'','2014-05-08 07:04:30','2014-05-08 07:04:30','',0),(219412,219410,10202,0,0,0,'pentilaBanner_WAR_pentilaBannertheme','01','mobile','01','',0,'','2014-05-08 07:04:30','2014-05-08 07:04:30','',0),(219415,219414,10202,1,0,0,'pentilaBanner_WAR_pentilaBannertheme','01','mobile','01','',0,'','2014-05-08 07:04:30','2014-05-08 07:04:30','',0),(219416,219414,10202,0,0,0,'pentilaBanner_WAR_pentilaBannertheme','01','mobile','01','',0,'','2014-05-08 07:04:30','2014-05-08 07:04:30','',0),(219419,219418,10202,1,0,0,'pentilaBanner_WAR_pentilaBannertheme','01','mobile','01','',0,'','2014-05-08 07:04:31','2014-05-08 07:04:31','',0),(219420,219418,10202,0,0,0,'pentilaBanner_WAR_pentilaBannertheme','01','mobile','01','',0,'','2014-05-08 07:04:31','2014-05-08 07:04:31','',0),(219423,219422,10202,1,0,0,'pentilaBanner_WAR_pentilaBannertheme','01','mobile','01','',0,'','2014-05-08 07:04:31','2014-05-08 07:04:31','',0),(219424,219422,10202,0,0,0,'pentilaBanner_WAR_pentilaBannertheme','01','mobile','01','',0,'','2014-05-08 07:04:31','2014-05-08 07:04:31','',0),(219427,219426,10202,1,0,0,'pentilaBanner_WAR_pentilaBannertheme','01','mobile','01','',0,'','2014-05-08 07:04:31','2014-05-08 07:04:31','',0),(219428,219426,10202,0,0,0,'pentilaBanner_WAR_pentilaBannertheme','01','mobile','01','',0,'','2014-05-08 07:04:31','2014-05-08 07:04:31','',0),(219431,219430,10202,1,0,0,'pentilaBanner_WAR_pentilaBannertheme','01','mobile','01','',0,'','2014-05-08 07:04:32','2014-05-08 07:04:32','',0),(219432,219430,10202,0,0,0,'pentilaBanner_WAR_pentilaBannertheme','01','mobile','01','',0,'','2014-05-08 07:04:32','2014-05-08 07:04:32','',0),(219435,219434,10202,1,0,0,'pentilaBanner_WAR_pentilaBannertheme','01','mobile','01','',0,'','2014-05-08 07:04:32','2014-05-08 07:04:32','',0),(219436,219434,10202,0,0,0,'pentilaBanner_WAR_pentilaBannertheme','01','mobile','01','',0,'','2014-05-08 07:04:32','2014-05-08 07:04:32','',0),(219439,219438,10202,1,0,0,'pentilaBanner_WAR_pentilaBannertheme','01','mobile','01','',0,'','2014-05-08 07:04:32','2014-05-08 07:04:32','',0),(219440,219438,10202,0,0,0,'pentilaBanner_WAR_pentilaBannertheme','01','mobile','01','',0,'','2014-05-08 07:04:32','2014-05-08 07:04:32','',0),(219443,219442,10202,1,0,0,'pentilaBanner_WAR_pentilaBannertheme','01','mobile','01','',0,'','2014-05-08 07:04:33','2014-05-08 07:04:33','',0),(219444,219442,10202,0,0,0,'pentilaBanner_WAR_pentilaBannertheme','01','mobile','01','',0,'','2014-05-08 07:04:33','2014-05-08 07:04:33','',0),(219447,219446,10202,1,0,0,'pentilaBanner_WAR_pentilaBannertheme','01','mobile','01','',0,'','2014-05-08 07:04:33','2014-05-08 07:04:33','',0),(219448,219446,10202,0,0,0,'pentilaBanner_WAR_pentilaBannertheme','01','mobile','01','',0,'','2014-05-08 07:04:33','2014-05-08 07:04:33','',0),(219451,219450,10202,1,0,0,'pentilaBanner_WAR_pentilaBannertheme','01','mobile','01','',0,'','2014-05-08 07:04:34','2014-05-08 07:04:34','',0),(219452,219450,10202,0,0,0,'pentilaBanner_WAR_pentilaBannertheme','01','mobile','01','',0,'','2014-05-08 07:04:34','2014-05-08 07:04:34','',0),(219455,219454,10202,1,0,0,'pentilaBanner_WAR_pentilaBannertheme','01','mobile','01','',0,'','2014-05-08 07:04:34','2014-05-08 07:04:34','',0),(219456,219454,10202,0,0,0,'pentilaBanner_WAR_pentilaBannertheme','01','mobile','01','',0,'','2014-05-08 07:04:34','2014-05-08 07:04:34','',0),(219459,219458,10202,1,0,0,'pentilaBanner_WAR_pentilaBannertheme','01','mobile','01','',0,'','2014-05-08 07:04:35','2014-05-08 07:04:35','',0),(219460,219458,10202,0,0,0,'pentilaBanner_WAR_pentilaBannertheme','01','mobile','01','',0,'','2014-05-08 07:04:35','2014-05-08 07:04:35','',0),(219463,219462,10202,1,0,0,'pentilaBanner_WAR_pentilaBannertheme','01','mobile','01','',0,'','2014-05-08 07:04:35','2014-05-08 07:04:35','',0),(219464,219462,10202,0,0,0,'pentilaBanner_WAR_pentilaBannertheme','01','mobile','01','',0,'','2014-05-08 07:04:35','2014-05-08 07:04:35','',0),(219467,219466,10202,1,0,0,'pentilaBanner_WAR_pentilaBannertheme','01','mobile','01','',0,'','2014-05-08 07:04:36','2014-05-08 07:04:36','',0),(219468,219466,10202,0,0,0,'pentilaBanner_WAR_pentilaBannertheme','01','mobile','01','',0,'','2014-05-08 07:04:36','2014-05-08 07:04:36','',0),(219471,219470,10202,1,0,0,'pentilaBanner_WAR_pentilaBannertheme','01','mobile','01','',0,'','2014-05-08 07:04:36','2014-05-08 07:04:36','',0),(219472,219470,10202,0,0,0,'pentilaBanner_WAR_pentilaBannertheme','01','mobile','01','',0,'','2014-05-08 07:04:36','2014-05-08 07:04:36','',0),(219475,219474,10202,1,0,0,'pentilaBanner_WAR_pentilaBannertheme','01','mobile','01','',0,'','2014-05-08 07:04:36','2014-05-08 07:04:36','',0),(219476,219474,10202,0,0,0,'pentilaBanner_WAR_pentilaBannertheme','01','mobile','01','',0,'','2014-05-08 07:04:36','2014-05-08 07:04:36','',0),(219479,219478,10202,1,0,0,'pentilaBanner_WAR_pentilaBannertheme','01','mobile','01','',0,'','2014-05-08 07:04:37','2014-05-08 07:04:37','',0),(219480,219478,10202,0,0,0,'pentilaBanner_WAR_pentilaBannertheme','01','mobile','01','',0,'','2014-05-08 07:04:37','2014-05-08 07:04:37','',0),(219483,219482,10202,1,0,0,'pentilaBanner_WAR_pentilaBannertheme','01','mobile','01','',0,'','2014-05-08 07:04:37','2014-05-08 07:04:37','',0),(219484,219482,10202,0,0,0,'pentilaBanner_WAR_pentilaBannertheme','01','mobile','01','',0,'','2014-05-08 07:04:37','2014-05-08 07:04:37','',0),(219487,219486,10202,1,0,0,'pentilaBanner_WAR_pentilaBannertheme','01','mobile','01','',0,'','2014-05-08 07:04:37','2014-05-08 07:04:37','',0),(219488,219486,10202,0,0,0,'pentilaBanner_WAR_pentilaBannertheme','01','mobile','01','',0,'','2014-05-08 07:04:37','2014-05-08 07:04:37','',0),(219491,219490,10202,1,0,0,'pentilaBanner_WAR_pentilaBannertheme','01','mobile','01','',0,'','2014-05-08 07:04:38','2014-05-08 07:04:38','',0),(219492,219490,10202,0,0,0,'pentilaBanner_WAR_pentilaBannertheme','01','mobile','01','',0,'','2014-05-08 07:04:38','2014-05-08 07:04:38','',0),(219495,219494,10202,1,0,0,'pentilaBanner_WAR_pentilaBannertheme','01','mobile','01','',0,'','2014-05-08 07:04:39','2014-05-08 07:04:39','',0),(219496,219494,10202,0,0,0,'pentilaBanner_WAR_pentilaBannertheme','01','mobile','01','',0,'','2014-05-08 07:04:39','2014-05-08 07:04:39','',0),(219499,219498,10202,1,0,0,'pentilaBanner_WAR_pentilaBannertheme','01','mobile','01','',0,'','2014-05-08 07:04:39','2014-05-08 07:04:39','',0),(219500,219498,10202,0,0,0,'pentilaBanner_WAR_pentilaBannertheme','01','mobile','01','',0,'','2014-05-08 07:04:39','2014-05-08 07:04:39','',0),(219503,219502,10202,1,0,0,'pentilaBanner_WAR_pentilaBannertheme','01','mobile','01','',0,'','2014-05-08 07:04:42','2014-05-08 07:04:42','',0),(219504,219502,10202,0,0,0,'pentilaBanner_WAR_pentilaBannertheme','01','mobile','01','',0,'','2014-05-08 07:04:42','2014-05-08 07:04:42','',0),(219507,219506,10202,1,0,0,'pentilaBanner_WAR_pentilaBannertheme','01','mobile','01','',0,'','2014-05-08 07:04:43','2014-05-08 07:04:43','',0),(219508,219506,10202,0,0,0,'pentilaBanner_WAR_pentilaBannertheme','01','mobile','01','',0,'','2014-05-08 07:04:43','2014-05-08 07:04:43','',0),(219511,219510,10202,1,0,0,'pentilaBanner_WAR_pentilaBannertheme','01','mobile','01','',0,'','2014-05-08 07:04:43','2014-05-08 07:04:43','',0),(219512,219510,10202,0,0,0,'pentilaBanner_WAR_pentilaBannertheme','01','mobile','01','',0,'','2014-05-08 07:04:43','2014-05-08 07:04:43','',0),(219515,219514,10202,1,0,0,'pentilaBanner_WAR_pentilaBannertheme','01','mobile','01','',0,'','2014-05-08 07:04:43','2014-05-08 07:04:43','',0),(219516,219514,10202,0,0,0,'pentilaBanner_WAR_pentilaBannertheme','01','mobile','01','',0,'','2014-05-08 07:04:43','2014-05-08 07:04:43','',0),(219519,219518,10202,1,0,0,'pentilaBanner_WAR_pentilaBannertheme','01','mobile','01','',0,'','2014-05-08 07:04:43','2014-05-08 07:04:43','',0),(219520,219518,10202,0,0,0,'pentilaBanner_WAR_pentilaBannertheme','01','mobile','01','',0,'','2014-05-08 07:04:43','2014-05-08 07:04:43','',0),(219523,219522,10202,1,0,0,'pentilaBanner_WAR_pentilaBannertheme','01','mobile','01','',0,'','2014-05-08 07:04:44','2014-05-08 07:04:44','',0),(219524,219522,10202,0,0,0,'pentilaBanner_WAR_pentilaBannertheme','01','mobile','01','',0,'','2014-05-08 07:04:44','2014-05-08 07:04:44','',0),(219527,219526,10202,1,0,0,'pentilaBanner_WAR_pentilaBannertheme','01','mobile','01','',0,'','2014-05-08 07:04:44','2014-05-08 07:04:44','',0),(219528,219526,10202,0,0,0,'pentilaBanner_WAR_pentilaBannertheme','01','mobile','01','',0,'','2014-05-08 07:04:44','2014-05-08 07:04:44','',0),(219531,219530,10202,1,0,0,'pentilaBanner_WAR_pentilaBannertheme','01','mobile','01','',0,'','2014-05-08 07:04:44','2014-05-08 07:04:44','',0),(219532,219530,10202,0,0,0,'pentilaBanner_WAR_pentilaBannertheme','01','mobile','01','',0,'','2014-05-08 07:04:44','2014-05-08 07:04:44','',0),(219535,219534,10202,1,0,0,'pentilaBanner_WAR_pentilaBannertheme','01','mobile','01','',0,'','2014-05-08 07:04:45','2014-05-08 07:04:45','',0),(219536,219534,10202,0,0,0,'pentilaBanner_WAR_pentilaBannertheme','01','mobile','01','',0,'','2014-05-08 07:04:45','2014-05-08 07:04:45','',0),(219539,219538,10202,1,0,0,'pentilaBanner_WAR_pentilaBannertheme','01','mobile','01','',0,'','2014-05-08 07:04:48','2014-05-08 07:04:48','',0),(219540,219538,10202,0,0,0,'pentilaBanner_WAR_pentilaBannertheme','01','mobile','01','',0,'','2014-05-08 07:04:48','2014-05-08 07:04:48','',0),(219543,219542,10202,1,0,0,'pentilaBanner_WAR_pentilaBannertheme','01','mobile','01','',0,'','2014-05-08 07:04:48','2014-05-08 07:04:48','',0),(219544,219542,10202,0,0,0,'pentilaBanner_WAR_pentilaBannertheme','01','mobile','01','',0,'','2014-05-08 07:04:48','2014-05-08 07:04:48','',0),(219547,219546,10202,1,0,0,'pentilaBanner_WAR_pentilaBannertheme','01','mobile','01','',0,'','2014-05-08 07:04:49','2014-05-08 07:04:49','',0),(219548,219546,10202,0,0,0,'pentilaBanner_WAR_pentilaBannertheme','01','mobile','01','',0,'','2014-05-08 07:04:49','2014-05-08 07:04:49','',0),(219551,219550,10202,1,0,0,'pentilaBanner_WAR_pentilaBannertheme','01','mobile','01','',0,'','2014-05-08 07:04:49','2014-05-08 07:04:49','',0),(219552,219550,10202,0,0,0,'pentilaBanner_WAR_pentilaBannertheme','01','mobile','01','',0,'','2014-05-08 07:04:49','2014-05-08 07:04:49','',0),(219555,219554,10202,1,0,0,'pentilaBanner_WAR_pentilaBannertheme','01','mobile','01','',0,'','2014-05-08 07:04:50','2014-05-08 07:04:50','',0),(219556,219554,10202,0,0,0,'pentilaBanner_WAR_pentilaBannertheme','01','mobile','01','',0,'','2014-05-08 07:04:50','2014-05-08 07:04:50','',0),(219559,219558,10202,1,0,0,'pentilaBanner_WAR_pentilaBannertheme','01','mobile','01','',0,'','2014-05-08 07:04:52','2014-05-08 07:04:52','',0),(219560,219558,10202,0,0,0,'pentilaBanner_WAR_pentilaBannertheme','01','mobile','01','',0,'','2014-05-08 07:04:52','2014-05-08 07:04:52','',0),(219563,219562,10202,1,0,0,'pentilaBanner_WAR_pentilaBannertheme','01','mobile','01','',0,'','2014-05-08 07:04:55','2014-05-08 07:04:55','',0),(219564,219562,10202,0,0,0,'pentilaBanner_WAR_pentilaBannertheme','01','mobile','01','',0,'','2014-05-08 07:04:55','2014-05-08 07:04:55','',0),(219567,219566,10202,1,0,0,'pentilaBanner_WAR_pentilaBannertheme','01','mobile','01','',0,'','2014-05-08 07:04:57','2014-05-08 07:04:57','',0),(219568,219566,10202,0,0,0,'pentilaBanner_WAR_pentilaBannertheme','01','mobile','01','',0,'','2014-05-08 07:04:57','2014-05-08 07:04:57','',0),(219571,219570,10202,1,0,0,'pentilaBanner_WAR_pentilaBannertheme','01','mobile','01','',0,'','2014-05-08 07:04:57','2014-05-08 07:04:57','',0),(219572,219570,10202,0,0,0,'pentilaBanner_WAR_pentilaBannertheme','01','mobile','01','',0,'','2014-05-08 07:04:57','2014-05-08 07:04:57','',0),(219575,219574,10202,1,0,0,'pentilaBanner_WAR_pentilaBannertheme','01','mobile','01','',0,'','2014-05-08 07:04:58','2014-05-08 07:04:58','',0),(219576,219574,10202,0,0,0,'pentilaBanner_WAR_pentilaBannertheme','01','mobile','01','',0,'','2014-05-08 07:04:58','2014-05-08 07:04:58','',0),(219579,219578,10202,1,0,0,'pentilaBanner_WAR_pentilaBannertheme','01','mobile','01','',0,'','2014-05-08 07:04:58','2014-05-08 07:04:58','',0),(219580,219578,10202,0,0,0,'pentilaBanner_WAR_pentilaBannertheme','01','mobile','01','',0,'','2014-05-08 07:04:58','2014-05-08 07:04:58','',0),(219583,219582,10202,1,0,0,'pentilaBanner_WAR_pentilaBannertheme','01','mobile','01','',0,'','2014-05-08 07:05:03','2014-05-08 07:05:03','',0),(219584,219582,10202,0,0,0,'pentilaBanner_WAR_pentilaBannertheme','01','mobile','01','',0,'','2014-05-08 07:05:03','2014-05-08 07:05:03','',0),(219587,219586,10202,1,0,0,'pentilaBanner_WAR_pentilaBannertheme','01','mobile','01','',0,'','2014-05-08 07:05:03','2014-05-08 07:05:03','',0),(219588,219586,10202,0,0,0,'pentilaBanner_WAR_pentilaBannertheme','01','mobile','01','',0,'','2014-05-08 07:05:03','2014-05-08 07:05:03','',0),(219591,219590,10202,1,0,0,'pentilaBanner_WAR_pentilaBannertheme','01','mobile','01','',0,'','2014-05-08 07:05:05','2014-05-08 07:05:05','',0),(219592,219590,10202,0,0,0,'pentilaBanner_WAR_pentilaBannertheme','01','mobile','01','',0,'','2014-05-08 07:05:05','2014-05-08 07:05:05','',0),(219595,219594,10202,1,0,0,'pentilaBanner_WAR_pentilaBannertheme','01','mobile','01','',0,'','2014-05-08 07:05:06','2014-05-08 07:05:06','',0),(219596,219594,10202,0,0,0,'pentilaBanner_WAR_pentilaBannertheme','01','mobile','01','',0,'','2014-05-08 07:05:06','2014-05-08 07:05:06','',0),(219599,219598,10202,1,0,0,'pentilaBanner_WAR_pentilaBannertheme','01','mobile','01','',0,'','2014-05-08 07:05:08','2014-05-08 07:05:08','',0),(219600,219598,10202,0,0,0,'pentilaBanner_WAR_pentilaBannertheme','01','mobile','01','',0,'','2014-05-08 07:05:08','2014-05-08 07:05:08','',0),(219603,219602,10202,1,0,0,'pentilaBanner_WAR_pentilaBannertheme','01','mobile','01','',0,'','2014-05-08 07:05:08','2014-05-08 07:05:08','',0),(219604,219602,10202,0,0,0,'pentilaBanner_WAR_pentilaBannertheme','01','mobile','01','',0,'','2014-05-08 07:05:08','2014-05-08 07:05:08','',0),(219607,219606,10202,1,0,0,'pentilaBanner_WAR_pentilaBannertheme','01','mobile','01','',0,'','2014-05-08 07:05:09','2014-05-08 07:05:09','',0),(219608,219606,10202,0,0,0,'pentilaBanner_WAR_pentilaBannertheme','01','mobile','01','',0,'','2014-05-08 07:05:09','2014-05-08 07:05:09','',0),(219611,219610,10202,1,0,0,'pentilaBanner_WAR_pentilaBannertheme','01','mobile','01','',0,'','2014-05-08 07:05:13','2014-05-08 07:05:13','',0),(219612,219610,10202,0,0,0,'pentilaBanner_WAR_pentilaBannertheme','01','mobile','01','',0,'','2014-05-08 07:05:13','2014-05-08 07:05:13','',0),(219615,219614,10202,1,0,0,'pentilaBanner_WAR_pentilaBannertheme','01','mobile','01','',0,'','2014-05-08 07:05:15','2014-05-08 07:05:15','',0),(219616,219614,10202,0,0,0,'pentilaBanner_WAR_pentilaBannertheme','01','mobile','01','',0,'','2014-05-08 07:05:15','2014-05-08 07:05:15','',0),(219619,219618,10202,1,0,0,'pentilaBanner_WAR_pentilaBannertheme','01','mobile','01','',0,'','2014-05-08 07:05:17','2014-05-08 07:05:17','',0),(219620,219618,10202,0,0,0,'pentilaBanner_WAR_pentilaBannertheme','01','mobile','01','',0,'','2014-05-08 07:05:17','2014-05-08 07:05:17','',0),(219623,219622,10202,1,0,0,'pentilaBanner_WAR_pentilaBannertheme','01','mobile','01','',0,'','2014-05-08 07:05:17','2014-05-08 07:05:17','',0),(219624,219622,10202,0,0,0,'pentilaBanner_WAR_pentilaBannertheme','01','mobile','01','',0,'','2014-05-08 07:05:17','2014-05-08 07:05:17','',0),(219627,219626,10202,1,0,0,'pentilaBanner_WAR_pentilaBannertheme','01','mobile','01','',0,'','2014-05-08 07:05:18','2014-05-08 07:05:18','',0),(219628,219626,10202,0,0,0,'pentilaBanner_WAR_pentilaBannertheme','01','mobile','01','',0,'','2014-05-08 07:05:18','2014-05-08 07:05:18','',0),(219631,219630,10202,1,0,0,'pentilaBanner_WAR_pentilaBannertheme','01','mobile','01','',0,'','2014-05-08 07:05:18','2014-05-08 07:05:18','',0),(219632,219630,10202,0,0,0,'pentilaBanner_WAR_pentilaBannertheme','01','mobile','01','',0,'','2014-05-08 07:05:18','2014-05-08 07:05:18','',0),(219635,219634,10202,1,0,0,'pentilaBanner_WAR_pentilaBannertheme','01','mobile','01','',0,'','2014-05-08 07:05:19','2014-05-08 07:05:19','',0),(219636,219634,10202,0,0,0,'pentilaBanner_WAR_pentilaBannertheme','01','mobile','01','',0,'','2014-05-08 07:05:19','2014-05-08 07:05:19','',0),(219639,219638,10202,1,0,0,'pentilaBanner_WAR_pentilaBannertheme','01','mobile','01','',0,'','2014-05-08 07:05:19','2014-05-08 07:05:19','',0),(219640,219638,10202,0,0,0,'pentilaBanner_WAR_pentilaBannertheme','01','mobile','01','',0,'','2014-05-08 07:05:19','2014-05-08 07:05:19','',0),(219643,219642,10202,1,0,0,'pentilaBanner_WAR_pentilaBannertheme','01','mobile','01','',0,'','2014-05-08 07:05:19','2014-05-08 07:05:19','',0),(219644,219642,10202,0,0,0,'pentilaBanner_WAR_pentilaBannertheme','01','mobile','01','',0,'','2014-05-08 07:05:19','2014-05-08 07:05:19','',0),(219647,219646,10202,1,0,0,'pentilaBanner_WAR_pentilaBannertheme','01','mobile','01','',0,'','2014-05-08 07:05:20','2014-05-08 07:05:20','',0),(219648,219646,10202,0,0,0,'pentilaBanner_WAR_pentilaBannertheme','01','mobile','01','',0,'','2014-05-08 07:05:20','2014-05-08 07:05:20','',0),(219651,219650,10202,1,0,0,'pentilaBanner_WAR_pentilaBannertheme','01','mobile','01','',0,'','2014-05-08 07:05:22','2014-05-08 07:05:22','',0),(219652,219650,10202,0,0,0,'pentilaBanner_WAR_pentilaBannertheme','01','mobile','01','',0,'','2014-05-08 07:05:22','2014-05-08 07:05:22','',0),(219655,219654,10202,1,0,0,'pentilaBanner_WAR_pentilaBannertheme','01','mobile','01','',0,'','2014-05-08 07:05:24','2014-05-08 07:05:24','',0),(219656,219654,10202,0,0,0,'pentilaBanner_WAR_pentilaBannertheme','01','mobile','01','',0,'','2014-05-08 07:05:24','2014-05-08 07:05:24','',0),(219659,219658,10202,1,0,0,'pentilaBanner_WAR_pentilaBannertheme','01','mobile','01','',0,'','2014-05-08 07:05:26','2014-05-08 07:05:26','',0),(219660,219658,10202,0,0,0,'pentilaBanner_WAR_pentilaBannertheme','01','mobile','01','',0,'','2014-05-08 07:05:26','2014-05-08 07:05:26','',0),(219663,219662,10202,1,0,0,'pentilaBanner_WAR_pentilaBannertheme','01','mobile','01','',0,'','2014-05-08 07:05:27','2014-05-08 07:05:27','',0),(219664,219662,10202,0,0,0,'pentilaBanner_WAR_pentilaBannertheme','01','mobile','01','',0,'','2014-05-08 07:05:27','2014-05-08 07:05:27','',0),(219667,219666,10202,1,0,0,'pentilaBanner_WAR_pentilaBannertheme','01','mobile','01','',0,'','2014-05-08 07:05:27','2014-05-08 07:05:27','',0),(219668,219666,10202,0,0,0,'pentilaBanner_WAR_pentilaBannertheme','01','mobile','01','',0,'','2014-05-08 07:05:27','2014-05-08 07:05:27','',0),(219671,219670,10202,1,0,0,'pentilaBanner_WAR_pentilaBannertheme','01','mobile','01','',0,'','2014-05-08 07:05:28','2014-05-08 07:05:28','',0),(219672,219670,10202,0,0,0,'pentilaBanner_WAR_pentilaBannertheme','01','mobile','01','',0,'','2014-05-08 07:05:28','2014-05-08 07:05:28','',0),(219675,219674,10202,1,0,0,'pentilaBanner_WAR_pentilaBannertheme','01','mobile','01','',0,'','2014-05-08 07:05:28','2014-05-08 07:05:28','',0),(219676,219674,10202,0,0,0,'pentilaBanner_WAR_pentilaBannertheme','01','mobile','01','',0,'','2014-05-08 07:05:28','2014-05-08 07:05:28','',0),(219679,219678,10202,1,0,0,'pentilaBanner_WAR_pentilaBannertheme','01','mobile','01','',0,'','2014-05-08 07:05:31','2014-05-08 07:05:31','',0),(219680,219678,10202,0,0,0,'pentilaBanner_WAR_pentilaBannertheme','01','mobile','01','',0,'','2014-05-08 07:05:31','2014-05-08 07:05:31','',0),(219683,219682,10202,1,0,0,'pentilaBanner_WAR_pentilaBannertheme','01','mobile','01','',0,'','2014-05-08 07:05:33','2014-05-08 07:05:33','',0),(219684,219682,10202,0,0,0,'pentilaBanner_WAR_pentilaBannertheme','01','mobile','01','',0,'','2014-05-08 07:05:33','2014-05-08 07:05:33','',0),(219687,219686,10202,1,0,0,'pentilaBanner_WAR_pentilaBannertheme','01','mobile','01','',0,'','2014-05-08 07:05:33','2014-05-08 07:05:33','',0),(219688,219686,10202,0,0,0,'pentilaBanner_WAR_pentilaBannertheme','01','mobile','01','',0,'','2014-05-08 07:05:33','2014-05-08 07:05:33','',0),(219691,219690,10202,1,0,0,'pentilaBanner_WAR_pentilaBannertheme','01','mobile','01','',0,'','2014-05-08 07:05:33','2014-05-08 07:05:33','',0),(219692,219690,10202,0,0,0,'pentilaBanner_WAR_pentilaBannertheme','01','mobile','01','',0,'','2014-05-08 07:05:33','2014-05-08 07:05:33','',0),(219695,219694,10202,1,0,0,'pentilaBanner_WAR_pentilaBannertheme','01','mobile','01','',0,'','2014-05-08 07:05:34','2014-05-08 07:05:34','',0),(219696,219694,10202,0,0,0,'pentilaBanner_WAR_pentilaBannertheme','01','mobile','01','',0,'','2014-05-08 07:05:34','2014-05-08 07:05:34','',0),(219699,219698,10202,1,0,0,'pentilaBanner_WAR_pentilaBannertheme','01','mobile','01','',0,'','2014-05-08 07:05:34','2014-05-08 07:05:34','',0),(219700,219698,10202,0,0,0,'pentilaBanner_WAR_pentilaBannertheme','01','mobile','01','',0,'','2014-05-08 07:05:34','2014-05-08 07:05:34','',0),(219703,219702,10202,1,0,0,'pentilaBanner_WAR_pentilaBannertheme','01','mobile','01','',0,'','2014-05-08 07:05:34','2014-05-08 07:05:34','',0),(219704,219702,10202,0,0,0,'pentilaBanner_WAR_pentilaBannertheme','01','mobile','01','',0,'','2014-05-08 07:05:34','2014-05-08 07:05:34','',0),(219707,219706,10202,1,0,0,'pentilaBanner_WAR_pentilaBannertheme','01','mobile','01','',0,'','2014-05-08 07:05:39','2014-05-08 07:05:39','',0),(219708,219706,10202,0,0,0,'pentilaBanner_WAR_pentilaBannertheme','01','mobile','01','',0,'','2014-05-08 07:05:39','2014-05-08 07:05:39','',0),(219711,219710,10202,1,0,0,'pentilaBanner_WAR_pentilaBannertheme','01','mobile','01','',0,'','2014-05-08 07:05:39','2014-05-08 07:05:39','',0),(219712,219710,10202,0,0,0,'pentilaBanner_WAR_pentilaBannertheme','01','mobile','01','',0,'','2014-05-08 07:05:39','2014-05-08 07:05:39','',0),(219715,219714,10202,1,0,0,'pentilaBanner_WAR_pentilaBannertheme','01','mobile','01','',0,'','2014-05-08 07:05:40','2014-05-08 07:05:40','',0),(219716,219714,10202,0,0,0,'pentilaBanner_WAR_pentilaBannertheme','01','mobile','01','',0,'','2014-05-08 07:05:40','2014-05-08 07:05:40','',0),(219719,219718,10202,1,0,0,'pentilaBanner_WAR_pentilaBannertheme','01','mobile','01','',0,'','2014-05-08 07:05:40','2014-05-08 07:05:40','',0),(219720,219718,10202,0,0,0,'pentilaBanner_WAR_pentilaBannertheme','01','mobile','01','',0,'','2014-05-08 07:05:40','2014-05-08 07:05:40','',0),(219723,219722,10202,1,0,0,'pentilaBanner_WAR_pentilaBannertheme','01','mobile','01','',0,'','2014-05-08 07:05:41','2014-05-08 07:05:41','',0),(219724,219722,10202,0,0,0,'pentilaBanner_WAR_pentilaBannertheme','01','mobile','01','',0,'','2014-05-08 07:05:41','2014-05-08 07:05:41','',0),(219727,219726,10202,1,0,0,'pentilaBanner_WAR_pentilaBannertheme','01','mobile','01','',0,'','2014-05-08 07:05:41','2014-05-08 07:05:41','',0),(219728,219726,10202,0,0,0,'pentilaBanner_WAR_pentilaBannertheme','01','mobile','01','',0,'','2014-05-08 07:05:41','2014-05-08 07:05:41','',0),(219731,219730,10202,1,0,0,'pentilaBanner_WAR_pentilaBannertheme','01','mobile','01','',0,'','2014-05-08 07:05:41','2014-05-08 07:05:41','',0),(219732,219730,10202,0,0,0,'pentilaBanner_WAR_pentilaBannertheme','01','mobile','01','',0,'','2014-05-08 07:05:41','2014-05-08 07:05:41','',0),(219735,219734,10202,1,0,0,'pentilaBanner_WAR_pentilaBannertheme','01','mobile','01','',0,'','2014-05-08 07:05:41','2014-05-08 07:05:41','',0),(219736,219734,10202,0,0,0,'pentilaBanner_WAR_pentilaBannertheme','01','mobile','01','',0,'','2014-05-08 07:05:41','2014-05-08 07:05:41','',0),(219739,219738,10202,1,0,0,'pentilaBanner_WAR_pentilaBannertheme','01','mobile','01','',0,'','2014-05-08 07:05:46','2014-05-08 07:05:46','',0),(219740,219738,10202,0,0,0,'pentilaBanner_WAR_pentilaBannertheme','01','mobile','01','',0,'','2014-05-08 07:05:46','2014-05-08 07:05:46','',0),(219743,219742,10202,1,0,0,'pentilaBanner_WAR_pentilaBannertheme','01','mobile','01','',0,'','2014-05-08 07:05:46','2014-05-08 07:05:46','',0),(219744,219742,10202,0,0,0,'pentilaBanner_WAR_pentilaBannertheme','01','mobile','01','',0,'','2014-05-08 07:05:46','2014-05-08 07:05:46','',0),(219747,219746,10202,1,0,0,'pentilaBanner_WAR_pentilaBannertheme','01','mobile','01','',0,'','2014-05-08 07:05:47','2014-05-08 07:05:47','',0),(219748,219746,10202,0,0,0,'pentilaBanner_WAR_pentilaBannertheme','01','mobile','01','',0,'','2014-05-08 07:05:47','2014-05-08 07:05:47','',0),(219751,219750,10202,1,0,0,'pentilaBanner_WAR_pentilaBannertheme','01','mobile','01','',0,'','2014-05-08 07:05:47','2014-05-08 07:05:47','',0),(219752,219750,10202,0,0,0,'pentilaBanner_WAR_pentilaBannertheme','01','mobile','01','',0,'','2014-05-08 07:05:47','2014-05-08 07:05:47','',0),(219755,219754,10202,1,0,0,'pentilaBanner_WAR_pentilaBannertheme','01','mobile','01','',0,'','2014-05-08 07:05:48','2014-05-08 07:05:48','',0),(219756,219754,10202,0,0,0,'pentilaBanner_WAR_pentilaBannertheme','01','mobile','01','',0,'','2014-05-08 07:05:48','2014-05-08 07:05:48','',0),(219759,219758,10202,1,0,0,'pentilaBanner_WAR_pentilaBannertheme','01','mobile','01','',0,'','2014-05-08 07:05:48','2014-05-08 07:05:48','',0),(219760,219758,10202,0,0,0,'pentilaBanner_WAR_pentilaBannertheme','01','mobile','01','',0,'','2014-05-08 07:05:48','2014-05-08 07:05:48','',0),(219763,219762,10202,1,0,0,'pentilaBanner_WAR_pentilaBannertheme','01','mobile','01','',0,'','2014-05-08 07:05:49','2014-05-08 07:05:49','',0),(219764,219762,10202,0,0,0,'pentilaBanner_WAR_pentilaBannertheme','01','mobile','01','',0,'','2014-05-08 07:05:49','2014-05-08 07:05:49','',0),(219767,219766,10202,1,0,0,'pentilaBanner_WAR_pentilaBannertheme','01','mobile','01','',0,'','2014-05-08 07:05:49','2014-05-08 07:05:49','',0),(219768,219766,10202,0,0,0,'pentilaBanner_WAR_pentilaBannertheme','01','mobile','01','',0,'','2014-05-08 07:05:49','2014-05-08 07:05:49','',0),(219771,219770,10202,1,0,0,'pentilaBanner_WAR_pentilaBannertheme','01','mobile','01','',0,'','2014-05-08 07:05:53','2014-05-08 07:05:53','',0),(219772,219770,10202,0,0,0,'pentilaBanner_WAR_pentilaBannertheme','01','mobile','01','',0,'','2014-05-08 07:05:53','2014-05-08 07:05:53','',0),(219775,219774,10202,1,0,0,'pentilaBanner_WAR_pentilaBannertheme','01','mobile','01','',0,'','2014-05-08 07:05:54','2014-05-08 07:05:54','',0),(219776,219774,10202,0,0,0,'pentilaBanner_WAR_pentilaBannertheme','01','mobile','01','',0,'','2014-05-08 07:05:54','2014-05-08 07:05:54','',0),(219779,219778,10202,1,0,0,'pentilaBanner_WAR_pentilaBannertheme','01','mobile','01','',0,'','2014-05-08 07:05:54','2014-05-08 07:05:54','',0),(219780,219778,10202,0,0,0,'pentilaBanner_WAR_pentilaBannertheme','01','mobile','01','',0,'','2014-05-08 07:05:54','2014-05-08 07:05:54','',0),(219783,219782,10202,1,0,0,'pentilaBanner_WAR_pentilaBannertheme','01','mobile','01','',0,'','2014-05-08 07:05:57','2014-05-08 07:05:57','',0),(219784,219782,10202,0,0,0,'pentilaBanner_WAR_pentilaBannertheme','01','mobile','01','',0,'','2014-05-08 07:05:57','2014-05-08 07:05:57','',0),(219787,219786,10202,1,0,0,'pentilaBanner_WAR_pentilaBannertheme','01','mobile','01','',0,'','2014-05-08 07:05:57','2014-05-08 07:05:57','',0),(219788,219786,10202,0,0,0,'pentilaBanner_WAR_pentilaBannertheme','01','mobile','01','',0,'','2014-05-08 07:05:57','2014-05-08 07:05:57','',0),(219791,219790,10202,1,0,0,'pentilaBanner_WAR_pentilaBannertheme','01','mobile','01','',0,'','2014-05-08 07:05:58','2014-05-08 07:05:58','',0),(219792,219790,10202,0,0,0,'pentilaBanner_WAR_pentilaBannertheme','01','mobile','01','',0,'','2014-05-08 07:05:58','2014-05-08 07:05:58','',0),(219795,219794,10202,1,0,0,'pentilaBanner_WAR_pentilaBannertheme','01','mobile','01','',0,'','2014-05-08 07:05:58','2014-05-08 07:05:58','',0),(219796,219794,10202,0,0,0,'pentilaBanner_WAR_pentilaBannertheme','01','mobile','01','',0,'','2014-05-08 07:05:58','2014-05-08 07:05:58','',0),(219799,219798,10202,1,0,0,'pentilaBanner_WAR_pentilaBannertheme','01','mobile','01','',0,'','2014-05-08 07:05:58','2014-05-08 07:05:58','',0),(219800,219798,10202,0,0,0,'pentilaBanner_WAR_pentilaBannertheme','01','mobile','01','',0,'','2014-05-08 07:05:58','2014-05-08 07:05:58','',0),(219803,219802,10202,1,0,0,'pentilaBanner_WAR_pentilaBannertheme','01','mobile','01','',0,'','2014-05-08 07:05:58','2014-05-08 07:05:58','',0),(219804,219802,10202,0,0,0,'pentilaBanner_WAR_pentilaBannertheme','01','mobile','01','',0,'','2014-05-08 07:05:58','2014-05-08 07:05:58','',0),(219807,219806,10202,1,0,0,'pentilaBanner_WAR_pentilaBannertheme','01','mobile','01','',0,'','2014-05-08 07:05:58','2014-05-08 07:05:58','',0),(219808,219806,10202,0,0,0,'pentilaBanner_WAR_pentilaBannertheme','01','mobile','01','',0,'','2014-05-08 07:05:58','2014-05-08 07:05:58','',0),(219811,219810,10202,1,0,0,'pentilaBanner_WAR_pentilaBannertheme','01','mobile','01','',0,'','2014-05-08 07:05:59','2014-05-08 07:05:59','',0),(219812,219810,10202,0,0,0,'pentilaBanner_WAR_pentilaBannertheme','01','mobile','01','',0,'','2014-05-08 07:05:59','2014-05-08 07:05:59','',0),(219815,219814,10202,1,0,0,'pentilaBanner_WAR_pentilaBannertheme','01','mobile','01','',0,'','2014-05-08 07:05:59','2014-05-08 07:05:59','',0),(219816,219814,10202,0,0,0,'pentilaBanner_WAR_pentilaBannertheme','01','mobile','01','',0,'','2014-05-08 07:05:59','2014-05-08 07:05:59','',0),(219819,219818,10202,1,0,0,'pentilaBanner_WAR_pentilaBannertheme','01','mobile','01','',0,'','2014-05-08 07:05:59','2014-05-08 07:05:59','',0),(219820,219818,10202,0,0,0,'pentilaBanner_WAR_pentilaBannertheme','01','mobile','01','',0,'','2014-05-08 07:05:59','2014-05-08 07:05:59','',0),(219823,219822,10202,1,0,0,'pentilaBanner_WAR_pentilaBannertheme','01','mobile','01','',0,'','2014-05-08 07:05:59','2014-05-08 07:05:59','',0),(219824,219822,10202,0,0,0,'pentilaBanner_WAR_pentilaBannertheme','01','mobile','01','',0,'','2014-05-08 07:05:59','2014-05-08 07:05:59','',0),(219827,219826,10202,1,0,0,'pentilaBanner_WAR_pentilaBannertheme','01','mobile','01','',0,'','2014-05-08 07:06:00','2014-05-08 07:06:00','',0),(219828,219826,10202,0,0,0,'pentilaBanner_WAR_pentilaBannertheme','01','mobile','01','',0,'','2014-05-08 07:06:00','2014-05-08 07:06:00','',0),(219831,219830,10202,1,0,0,'pentilaBanner_WAR_pentilaBannertheme','01','mobile','01','',0,'','2014-05-08 07:06:00','2014-05-08 07:06:00','',0),(219832,219830,10202,0,0,0,'pentilaBanner_WAR_pentilaBannertheme','01','mobile','01','',0,'','2014-05-08 07:06:00','2014-05-08 07:06:00','',0),(219835,219834,10202,1,0,0,'pentilaBanner_WAR_pentilaBannertheme','01','mobile','01','',0,'','2014-05-08 07:06:00','2014-05-08 07:06:00','',0),(219836,219834,10202,0,0,0,'pentilaBanner_WAR_pentilaBannertheme','01','mobile','01','',0,'','2014-05-08 07:06:00','2014-05-08 07:06:00','',0),(219839,219838,10202,1,0,0,'pentilaBanner_WAR_pentilaBannertheme','01','mobile','01','',0,'','2014-05-08 07:06:00','2014-05-08 07:06:00','',0),(219840,219838,10202,0,0,0,'pentilaBanner_WAR_pentilaBannertheme','01','mobile','01','',0,'','2014-05-08 07:06:00','2014-05-08 07:06:00','',0),(219843,219842,10202,1,0,0,'pentilaBanner_WAR_pentilaBannertheme','01','mobile','01','',0,'','2014-05-08 07:06:01','2014-05-08 07:06:01','',0),(219844,219842,10202,0,0,0,'pentilaBanner_WAR_pentilaBannertheme','01','mobile','01','',0,'','2014-05-08 07:06:01','2014-05-08 07:06:01','',0),(219847,219846,10202,1,0,0,'pentilaBanner_WAR_pentilaBannertheme','01','mobile','01','',0,'','2014-05-08 07:06:01','2014-05-08 07:06:01','',0),(219848,219846,10202,0,0,0,'pentilaBanner_WAR_pentilaBannertheme','01','mobile','01','',0,'','2014-05-08 07:06:01','2014-05-08 07:06:01','',0),(219851,219850,10202,1,0,0,'pentilaBanner_WAR_pentilaBannertheme','01','mobile','01','',0,'','2014-05-08 07:06:01','2014-05-08 07:06:01','',0),(219852,219850,10202,0,0,0,'pentilaBanner_WAR_pentilaBannertheme','01','mobile','01','',0,'','2014-05-08 07:06:01','2014-05-08 07:06:01','',0),(219855,219854,10202,1,0,0,'pentilaBanner_WAR_pentilaBannertheme','01','mobile','01','',0,'','2014-05-08 07:06:02','2014-05-08 07:06:02','',0),(219856,219854,10202,0,0,0,'pentilaBanner_WAR_pentilaBannertheme','01','mobile','01','',0,'','2014-05-08 07:06:02','2014-05-08 07:06:02','',0),(219859,219858,10202,1,0,0,'pentilaBanner_WAR_pentilaBannertheme','01','mobile','01','',0,'','2014-05-08 07:06:02','2014-05-08 07:06:02','',0),(219860,219858,10202,0,0,0,'pentilaBanner_WAR_pentilaBannertheme','01','mobile','01','',0,'','2014-05-08 07:06:02','2014-05-08 07:06:02','',0),(219863,219862,10202,1,0,0,'pentilaBanner_WAR_pentilaBannertheme','01','mobile','01','',0,'','2014-05-08 07:06:03','2014-05-08 07:06:03','',0),(219864,219862,10202,0,0,0,'pentilaBanner_WAR_pentilaBannertheme','01','mobile','01','',0,'','2014-05-08 07:06:03','2014-05-08 07:06:03','',0),(219867,219866,10202,1,0,0,'pentilaBanner_WAR_pentilaBannertheme','01','mobile','01','',0,'','2014-05-08 07:06:03','2014-05-08 07:06:03','',0),(219868,219866,10202,0,0,0,'pentilaBanner_WAR_pentilaBannertheme','01','mobile','01','',0,'','2014-05-08 07:06:03','2014-05-08 07:06:03','',0),(219871,219870,10202,1,0,0,'pentilaBanner_WAR_pentilaBannertheme','01','mobile','01','',0,'','2014-05-08 07:06:03','2014-05-08 07:06:03','',0),(219872,219870,10202,0,0,0,'pentilaBanner_WAR_pentilaBannertheme','01','mobile','01','',0,'','2014-05-08 07:06:03','2014-05-08 07:06:03','',0),(219875,219874,10202,1,0,0,'pentilaBanner_WAR_pentilaBannertheme','01','mobile','01','',0,'','2014-05-08 07:06:04','2014-05-08 07:06:04','',0),(219876,219874,10202,0,0,0,'pentilaBanner_WAR_pentilaBannertheme','01','mobile','01','',0,'','2014-05-08 07:06:04','2014-05-08 07:06:04','',0),(219879,219878,10202,1,0,0,'pentilaBanner_WAR_pentilaBannertheme','01','mobile','01','',0,'','2014-05-08 07:06:04','2014-05-08 07:06:04','',0),(219880,219878,10202,0,0,0,'pentilaBanner_WAR_pentilaBannertheme','01','mobile','01','',0,'','2014-05-08 07:06:04','2014-05-08 07:06:04','',0),(219883,219882,10202,1,0,0,'pentilaBanner_WAR_pentilaBannertheme','01','mobile','01','',0,'','2014-05-08 07:06:05','2014-05-08 07:06:05','',0),(219884,219882,10202,0,0,0,'pentilaBanner_WAR_pentilaBannertheme','01','mobile','01','',0,'','2014-05-08 07:06:05','2014-05-08 07:06:05','',0),(219887,219886,10202,1,0,0,'pentilaBanner_WAR_pentilaBannertheme','01','mobile','01','',0,'','2014-05-08 07:06:05','2014-05-08 07:06:05','',0),(219888,219886,10202,0,0,0,'pentilaBanner_WAR_pentilaBannertheme','01','mobile','01','',0,'','2014-05-08 07:06:05','2014-05-08 07:06:05','',0),(219891,219890,10202,1,0,0,'pentilaBanner_WAR_pentilaBannertheme','01','mobile','01','',0,'','2014-05-08 07:06:05','2014-05-08 07:06:05','',0),(219892,219890,10202,0,0,0,'pentilaBanner_WAR_pentilaBannertheme','01','mobile','01','',0,'','2014-05-08 07:06:05','2014-05-08 07:06:05','',0),(219895,219894,10202,1,0,0,'pentilaBanner_WAR_pentilaBannertheme','01','mobile','01','',0,'','2014-05-08 07:06:05','2014-05-08 07:06:05','',0),(219896,219894,10202,0,0,0,'pentilaBanner_WAR_pentilaBannertheme','01','mobile','01','',0,'','2014-05-08 07:06:05','2014-05-08 07:06:05','',0),(219899,219898,10202,1,0,0,'pentilaBanner_WAR_pentilaBannertheme','01','mobile','01','',0,'','2014-05-08 07:06:06','2014-05-08 07:06:06','',0),(219900,219898,10202,0,0,0,'pentilaBanner_WAR_pentilaBannertheme','01','mobile','01','',0,'','2014-05-08 07:06:06','2014-05-08 07:06:06','',0),(219903,219902,10202,1,0,0,'pentilaBanner_WAR_pentilaBannertheme','01','mobile','01','',0,'','2014-05-08 07:06:10','2014-05-08 07:06:10','',0),(219904,219902,10202,0,0,0,'pentilaBanner_WAR_pentilaBannertheme','01','mobile','01','',0,'','2014-05-08 07:06:10','2014-05-08 07:06:10','',0),(219907,219906,10202,1,0,0,'pentilaBanner_WAR_pentilaBannertheme','01','mobile','01','',0,'','2014-05-08 07:06:12','2014-05-08 07:06:12','',0),(219908,219906,10202,0,0,0,'pentilaBanner_WAR_pentilaBannertheme','01','mobile','01','',0,'','2014-05-08 07:06:12','2014-05-08 07:06:12','',0),(219911,219910,10202,1,0,0,'pentilaBanner_WAR_pentilaBannertheme','01','mobile','01','',0,'','2014-05-08 07:06:13','2014-05-08 07:06:13','',0),(219912,219910,10202,0,0,0,'pentilaBanner_WAR_pentilaBannertheme','01','mobile','01','',0,'','2014-05-08 07:06:13','2014-05-08 07:06:13','',0),(219915,219914,10202,1,0,0,'pentilaBanner_WAR_pentilaBannertheme','01','mobile','01','',0,'','2014-05-08 07:06:13','2014-05-08 07:06:13','',0),(219916,219914,10202,0,0,0,'pentilaBanner_WAR_pentilaBannertheme','01','mobile','01','',0,'','2014-05-08 07:06:13','2014-05-08 07:06:13','',0),(219919,219918,10202,1,0,0,'pentilaBanner_WAR_pentilaBannertheme','01','mobile','01','',0,'','2014-05-08 07:06:13','2014-05-08 07:06:13','',0),(219920,219918,10202,0,0,0,'pentilaBanner_WAR_pentilaBannertheme','01','mobile','01','',0,'','2014-05-08 07:06:13','2014-05-08 07:06:13','',0),(219923,219922,10202,1,0,0,'pentilaBanner_WAR_pentilaBannertheme','01','mobile','01','',0,'','2014-05-08 07:06:14','2014-05-08 07:06:14','',0),(219924,219922,10202,0,0,0,'pentilaBanner_WAR_pentilaBannertheme','01','mobile','01','',0,'','2014-05-08 07:06:14','2014-05-08 07:06:14','',0),(219927,219926,10202,1,0,0,'pentilaBanner_WAR_pentilaBannertheme','01','mobile','01','',0,'','2014-05-08 07:06:14','2014-05-08 07:06:14','',0),(219928,219926,10202,0,0,0,'pentilaBanner_WAR_pentilaBannertheme','01','mobile','01','',0,'','2014-05-08 07:06:14','2014-05-08 07:06:14','',0),(219931,219930,10202,1,0,0,'pentilaBanner_WAR_pentilaBannertheme','01','mobile','01','',0,'','2014-05-08 07:06:18','2014-05-08 07:06:18','',0),(219932,219930,10202,0,0,0,'pentilaBanner_WAR_pentilaBannertheme','01','mobile','01','',0,'','2014-05-08 07:06:18','2014-05-08 07:06:18','',0),(219935,219934,10202,1,0,0,'pentilaBanner_WAR_pentilaBannertheme','01','mobile','01','',0,'','2014-05-08 07:06:18','2014-05-08 07:06:18','',0),(219936,219934,10202,0,0,0,'pentilaBanner_WAR_pentilaBannertheme','01','mobile','01','',0,'','2014-05-08 07:06:18','2014-05-08 07:06:18','',0),(219939,219938,10202,1,0,0,'pentilaBanner_WAR_pentilaBannertheme','01','mobile','01','',0,'','2014-05-08 07:06:19','2014-05-08 07:06:19','',0),(219940,219938,10202,0,0,0,'pentilaBanner_WAR_pentilaBannertheme','01','mobile','01','',0,'','2014-05-08 07:06:19','2014-05-08 07:06:19','',0),(219943,219942,10202,1,0,0,'pentilaBanner_WAR_pentilaBannertheme','01','mobile','01','',0,'','2014-05-08 07:06:20','2014-05-08 07:06:20','',0),(219944,219942,10202,0,0,0,'pentilaBanner_WAR_pentilaBannertheme','01','mobile','01','',0,'','2014-05-08 07:06:20','2014-05-08 07:06:20','',0),(219947,219946,10202,1,0,0,'pentilaBanner_WAR_pentilaBannertheme','01','mobile','01','',0,'','2014-05-08 07:06:20','2014-05-08 07:06:20','',0),(219948,219946,10202,0,0,0,'pentilaBanner_WAR_pentilaBannertheme','01','mobile','01','',0,'','2014-05-08 07:06:20','2014-05-08 07:06:20','',0),(219951,219950,10202,1,0,0,'pentilaBanner_WAR_pentilaBannertheme','01','mobile','01','',0,'','2014-05-08 07:06:20','2014-05-08 07:06:20','',0),(219952,219950,10202,0,0,0,'pentilaBanner_WAR_pentilaBannertheme','01','mobile','01','',0,'','2014-05-08 07:06:20','2014-05-08 07:06:20','',0),(219955,219954,10202,1,0,0,'pentilaBanner_WAR_pentilaBannertheme','01','mobile','01','',0,'','2014-05-08 07:06:20','2014-05-08 07:06:20','',0),(219956,219954,10202,0,0,0,'pentilaBanner_WAR_pentilaBannertheme','01','mobile','01','',0,'','2014-05-08 07:06:20','2014-05-08 07:06:20','',0),(219959,219958,10202,1,0,0,'pentilaBanner_WAR_pentilaBannertheme','01','mobile','01','',0,'','2014-05-08 07:06:20','2014-05-08 07:06:20','',0),(219960,219958,10202,0,0,0,'pentilaBanner_WAR_pentilaBannertheme','01','mobile','01','',0,'','2014-05-08 07:06:20','2014-05-08 07:06:20','',0),(219963,219962,10202,1,0,0,'pentilaBanner_WAR_pentilaBannertheme','01','mobile','01','',0,'','2014-05-08 07:06:22','2014-05-08 07:06:22','',0),(219964,219962,10202,0,0,0,'pentilaBanner_WAR_pentilaBannertheme','01','mobile','01','',0,'','2014-05-08 07:06:22','2014-05-08 07:06:22','',0),(219967,219966,10202,1,0,0,'pentilaBanner_WAR_pentilaBannertheme','01','mobile','01','',0,'','2014-05-08 07:06:25','2014-05-08 07:06:25','',0),(219968,219966,10202,0,0,0,'pentilaBanner_WAR_pentilaBannertheme','01','mobile','01','',0,'','2014-05-08 07:06:25','2014-05-08 07:06:25','',0),(219971,219970,10202,1,0,0,'pentilaBanner_WAR_pentilaBannertheme','01','mobile','01','',0,'','2014-05-08 07:06:25','2014-05-08 07:06:25','',0),(219972,219970,10202,0,0,0,'pentilaBanner_WAR_pentilaBannertheme','01','mobile','01','',0,'','2014-05-08 07:06:25','2014-05-08 07:06:25','',0),(219975,219974,10202,1,0,0,'pentilaBanner_WAR_pentilaBannertheme','01','mobile','01','',0,'','2014-05-08 07:06:25','2014-05-08 07:06:25','',0),(219976,219974,10202,0,0,0,'pentilaBanner_WAR_pentilaBannertheme','01','mobile','01','',0,'','2014-05-08 07:06:25','2014-05-08 07:06:25','',0),(219979,219978,10202,1,0,0,'pentilaBanner_WAR_pentilaBannertheme','01','mobile','01','',0,'','2014-05-08 07:06:25','2014-05-08 07:06:25','',0),(219980,219978,10202,0,0,0,'pentilaBanner_WAR_pentilaBannertheme','01','mobile','01','',0,'','2014-05-08 07:06:25','2014-05-08 07:06:25','',0),(219983,219982,10202,1,0,0,'pentilaBanner_WAR_pentilaBannertheme','01','mobile','01','',0,'','2014-05-08 07:06:26','2014-05-08 07:06:26','',0),(219984,219982,10202,0,0,0,'pentilaBanner_WAR_pentilaBannertheme','01','mobile','01','',0,'','2014-05-08 07:06:26','2014-05-08 07:06:26','',0),(219987,219986,10202,1,0,0,'pentilaBanner_WAR_pentilaBannertheme','01','mobile','01','',0,'','2014-05-08 07:06:26','2014-05-08 07:06:26','',0),(219988,219986,10202,0,0,0,'pentilaBanner_WAR_pentilaBannertheme','01','mobile','01','',0,'','2014-05-08 07:06:26','2014-05-08 07:06:26','',0),(219991,219990,10202,1,0,0,'pentilaBanner_WAR_pentilaBannertheme','01','mobile','01','',0,'','2014-05-08 07:06:27','2014-05-08 07:06:27','',0),(219992,219990,10202,0,0,0,'pentilaBanner_WAR_pentilaBannertheme','01','mobile','01','',0,'','2014-05-08 07:06:27','2014-05-08 07:06:27','',0),(219995,219994,10202,1,0,0,'pentilaBanner_WAR_pentilaBannertheme','01','mobile','01','',0,'','2014-05-08 07:06:31','2014-05-08 07:06:31','',0),(219996,219994,10202,0,0,0,'pentilaBanner_WAR_pentilaBannertheme','01','mobile','01','',0,'','2014-05-08 07:06:31','2014-05-08 07:06:31','',0),(219999,219998,10202,1,0,0,'pentilaBanner_WAR_pentilaBannertheme','01','mobile','01','',0,'','2014-05-08 07:06:34','2014-05-08 07:06:34','',0),(220000,219998,10202,0,0,0,'pentilaBanner_WAR_pentilaBannertheme','01','mobile','01','',0,'','2014-05-08 07:06:34','2014-05-08 07:06:34','',0),(220003,220002,10202,1,0,0,'pentilaBanner_WAR_pentilaBannertheme','01','mobile','01','',0,'','2014-05-08 07:06:34','2014-05-08 07:06:34','',0),(220004,220002,10202,0,0,0,'pentilaBanner_WAR_pentilaBannertheme','01','mobile','01','',0,'','2014-05-08 07:06:34','2014-05-08 07:06:34','',0),(220007,220006,10202,1,0,0,'pentilaBanner_WAR_pentilaBannertheme','01','mobile','01','',0,'','2014-05-08 07:06:35','2014-05-08 07:06:35','',0),(220008,220006,10202,0,0,0,'pentilaBanner_WAR_pentilaBannertheme','01','mobile','01','',0,'','2014-05-08 07:06:35','2014-05-08 07:06:35','',0),(220011,220010,10202,1,0,0,'pentilaBanner_WAR_pentilaBannertheme','01','mobile','01','',0,'','2014-05-08 07:06:35','2014-05-08 07:06:35','',0),(220012,220010,10202,0,0,0,'pentilaBanner_WAR_pentilaBannertheme','01','mobile','01','',0,'','2014-05-08 07:06:35','2014-05-08 07:06:35','',0),(220015,220014,10202,1,0,0,'pentilaBanner_WAR_pentilaBannertheme','01','mobile','01','',0,'','2014-05-08 07:06:36','2014-05-08 07:06:36','',0),(220016,220014,10202,0,0,0,'pentilaBanner_WAR_pentilaBannertheme','01','mobile','01','',0,'','2014-05-08 07:06:36','2014-05-08 07:06:36','',0),(220019,220018,10202,1,0,0,'pentilaBanner_WAR_pentilaBannertheme','01','mobile','01','',0,'','2014-05-08 07:06:36','2014-05-08 07:06:36','',0),(220020,220018,10202,0,0,0,'pentilaBanner_WAR_pentilaBannertheme','01','mobile','01','',0,'','2014-05-08 07:06:36','2014-05-08 07:06:36','',0),(220023,220022,10202,1,0,0,'pentilaBanner_WAR_pentilaBannertheme','01','mobile','01','',0,'','2014-05-08 07:06:39','2014-05-08 07:06:39','',0),(220024,220022,10202,0,0,0,'pentilaBanner_WAR_pentilaBannertheme','01','mobile','01','',0,'','2014-05-08 07:06:39','2014-05-08 07:06:39','',0),(220027,220026,10202,1,0,0,'pentilaBanner_WAR_pentilaBannertheme','01','mobile','01','',0,'','2014-05-08 07:06:41','2014-05-08 07:06:41','',0),(220028,220026,10202,0,0,0,'pentilaBanner_WAR_pentilaBannertheme','01','mobile','01','',0,'','2014-05-08 07:06:41','2014-05-08 07:06:41','',0),(220031,220030,10202,1,0,0,'pentilaBanner_WAR_pentilaBannertheme','01','mobile','01','',0,'','2014-05-08 07:06:41','2014-05-08 07:06:41','',0),(220032,220030,10202,0,0,0,'pentilaBanner_WAR_pentilaBannertheme','01','mobile','01','',0,'','2014-05-08 07:06:41','2014-05-08 07:06:41','',0),(220035,220034,10202,1,0,0,'pentilaBanner_WAR_pentilaBannertheme','01','mobile','01','',0,'','2014-05-08 07:06:42','2014-05-08 07:06:42','',0),(220036,220034,10202,0,0,0,'pentilaBanner_WAR_pentilaBannertheme','01','mobile','01','',0,'','2014-05-08 07:06:42','2014-05-08 07:06:42','',0),(220039,220038,10202,1,0,0,'pentilaBanner_WAR_pentilaBannertheme','01','mobile','01','',0,'','2014-05-08 07:06:43','2014-05-08 07:06:43','',0),(220040,220038,10202,0,0,0,'pentilaBanner_WAR_pentilaBannertheme','01','mobile','01','',0,'','2014-05-08 07:06:43','2014-05-08 07:06:43','',0),(220043,220042,10202,1,0,0,'pentilaBanner_WAR_pentilaBannertheme','01','mobile','01','',0,'','2014-05-08 07:06:43','2014-05-08 07:06:43','',0),(220044,220042,10202,0,0,0,'pentilaBanner_WAR_pentilaBannertheme','01','mobile','01','',0,'','2014-05-08 07:06:43','2014-05-08 07:06:43','',0),(220047,220046,10202,1,0,0,'pentilaBanner_WAR_pentilaBannertheme','01','mobile','01','',0,'','2014-05-08 07:06:43','2014-05-08 07:06:43','',0),(220048,220046,10202,0,0,0,'pentilaBanner_WAR_pentilaBannertheme','01','mobile','01','',0,'','2014-05-08 07:06:43','2014-05-08 07:06:43','',0),(220051,220050,10202,1,0,0,'pentilaBanner_WAR_pentilaBannertheme','01','mobile','01','',0,'','2014-05-08 07:06:44','2014-05-08 07:06:44','',0),(220052,220050,10202,0,0,0,'pentilaBanner_WAR_pentilaBannertheme','01','mobile','01','',0,'','2014-05-08 07:06:44','2014-05-08 07:06:44','',0),(220055,220054,10202,1,0,0,'pentilaBanner_WAR_pentilaBannertheme','01','mobile','01','',0,'','2014-05-08 07:06:45','2014-05-08 07:06:45','',0),(220056,220054,10202,0,0,0,'pentilaBanner_WAR_pentilaBannertheme','01','mobile','01','',0,'','2014-05-08 07:06:45','2014-05-08 07:06:45','',0),(220059,220058,10202,1,0,0,'pentilaBanner_WAR_pentilaBannertheme','01','mobile','01','',0,'','2014-05-08 07:06:45','2014-05-08 07:06:45','',0),(220060,220058,10202,0,0,0,'pentilaBanner_WAR_pentilaBannertheme','01','mobile','01','',0,'','2014-05-08 07:06:45','2014-05-08 07:06:45','',0),(220063,220062,10202,1,0,0,'pentilaBanner_WAR_pentilaBannertheme','01','mobile','01','',0,'','2014-05-08 07:06:46','2014-05-08 07:06:46','',0),(220064,220062,10202,0,0,0,'pentilaBanner_WAR_pentilaBannertheme','01','mobile','01','',0,'','2014-05-08 07:06:46','2014-05-08 07:06:46','',0),(220067,220066,10202,1,0,0,'pentilaBanner_WAR_pentilaBannertheme','01','mobile','01','',0,'','2014-05-08 07:06:47','2014-05-08 07:06:47','',0),(220068,220066,10202,0,0,0,'pentilaBanner_WAR_pentilaBannertheme','01','mobile','01','',0,'','2014-05-08 07:06:47','2014-05-08 07:06:47','',0),(220071,220070,10202,1,0,0,'pentilaBanner_WAR_pentilaBannertheme','01','mobile','01','',0,'','2014-05-08 07:06:48','2014-05-08 07:06:48','',0),(220072,220070,10202,0,0,0,'pentilaBanner_WAR_pentilaBannertheme','01','mobile','01','',0,'','2014-05-08 07:06:48','2014-05-08 07:06:48','',0),(220075,220074,10202,1,0,0,'pentilaBanner_WAR_pentilaBannertheme','01','mobile','01','',0,'','2014-05-08 07:06:48','2014-05-08 07:06:48','',0),(220076,220074,10202,0,0,0,'pentilaBanner_WAR_pentilaBannertheme','01','mobile','01','',0,'','2014-05-08 07:06:48','2014-05-08 07:06:48','',0),(220079,220078,10202,1,0,0,'pentilaBanner_WAR_pentilaBannertheme','01','mobile','01','',0,'','2014-05-08 07:06:48','2014-05-08 07:06:48','',0),(220080,220078,10202,0,0,0,'pentilaBanner_WAR_pentilaBannertheme','01','mobile','01','',0,'','2014-05-08 07:06:48','2014-05-08 07:06:48','',0),(220083,220082,10202,1,0,0,'pentilaBanner_WAR_pentilaBannertheme','01','mobile','01','',0,'','2014-05-08 07:06:49','2014-05-08 07:06:49','',0),(220084,220082,10202,0,0,0,'pentilaBanner_WAR_pentilaBannertheme','01','mobile','01','',0,'','2014-05-08 07:06:49','2014-05-08 07:06:49','',0),(220087,220086,10202,1,0,0,'pentilaBanner_WAR_pentilaBannertheme','01','mobile','01','',0,'','2014-05-08 07:06:50','2014-05-08 07:06:50','',0),(220088,220086,10202,0,0,0,'pentilaBanner_WAR_pentilaBannertheme','01','mobile','01','',0,'','2014-05-08 07:06:50','2014-05-08 07:06:50','',0),(220091,220090,10202,1,0,0,'pentilaBanner_WAR_pentilaBannertheme','01','mobile','01','',0,'','2014-05-08 07:06:50','2014-05-08 07:06:50','',0),(220092,220090,10202,0,0,0,'pentilaBanner_WAR_pentilaBannertheme','01','mobile','01','',0,'','2014-05-08 07:06:50','2014-05-08 07:06:50','',0),(220095,220094,10202,1,0,0,'pentilaBanner_WAR_pentilaBannertheme','01','mobile','01','',0,'','2014-05-08 07:06:51','2014-05-08 07:06:51','',0),(220096,220094,10202,0,0,0,'pentilaBanner_WAR_pentilaBannertheme','01','mobile','01','',0,'','2014-05-08 07:06:51','2014-05-08 07:06:51','',0),(220099,220098,10202,1,0,0,'pentilaBanner_WAR_pentilaBannertheme','01','mobile','01','',0,'','2014-05-08 07:06:51','2014-05-08 07:06:51','',0),(220100,220098,10202,0,0,0,'pentilaBanner_WAR_pentilaBannertheme','01','mobile','01','',0,'','2014-05-08 07:06:51','2014-05-08 07:06:51','',0),(220103,220102,10202,1,0,0,'pentilaBanner_WAR_pentilaBannertheme','01','mobile','01','',0,'','2014-05-08 07:06:51','2014-05-08 07:06:51','',0),(220104,220102,10202,0,0,0,'pentilaBanner_WAR_pentilaBannertheme','01','mobile','01','',0,'','2014-05-08 07:06:51','2014-05-08 07:06:51','',0),(220107,220106,10202,1,0,0,'pentilaBanner_WAR_pentilaBannertheme','01','mobile','01','',0,'','2014-05-08 07:06:52','2014-05-08 07:06:52','',0),(220108,220106,10202,0,0,0,'pentilaBanner_WAR_pentilaBannertheme','01','mobile','01','',0,'','2014-05-08 07:06:52','2014-05-08 07:06:52','',0),(220111,220110,10202,1,0,0,'pentilaBanner_WAR_pentilaBannertheme','01','mobile','01','',0,'','2014-05-08 07:06:52','2014-05-08 07:06:52','',0),(220112,220110,10202,0,0,0,'pentilaBanner_WAR_pentilaBannertheme','01','mobile','01','',0,'','2014-05-08 07:06:52','2014-05-08 07:06:52','',0),(220115,220114,10202,1,0,0,'pentilaBanner_WAR_pentilaBannertheme','01','mobile','01','',0,'','2014-05-08 07:06:52','2014-05-08 07:06:52','',0),(220116,220114,10202,0,0,0,'pentilaBanner_WAR_pentilaBannertheme','01','mobile','01','',0,'','2014-05-08 07:06:52','2014-05-08 07:06:52','',0),(220119,220118,10202,1,0,0,'pentilaBanner_WAR_pentilaBannertheme','01','mobile','01','',0,'','2014-05-08 07:06:54','2014-05-08 07:06:54','',0),(220120,220118,10202,0,0,0,'pentilaBanner_WAR_pentilaBannertheme','01','mobile','01','',0,'','2014-05-08 07:06:54','2014-05-08 07:06:54','',0),(220123,220122,10202,1,0,0,'pentilaBanner_WAR_pentilaBannertheme','01','mobile','01','',0,'','2014-05-08 07:06:54','2014-05-08 07:06:54','',0),(220124,220122,10202,0,0,0,'pentilaBanner_WAR_pentilaBannertheme','01','mobile','01','',0,'','2014-05-08 07:06:54','2014-05-08 07:06:54','',0),(220127,220126,10202,1,0,0,'pentilaBanner_WAR_pentilaBannertheme','01','mobile','01','',0,'','2014-05-08 07:06:54','2014-05-08 07:06:54','',0),(220128,220126,10202,0,0,0,'pentilaBanner_WAR_pentilaBannertheme','01','mobile','01','',0,'','2014-05-08 07:06:54','2014-05-08 07:06:54','',0),(220131,220130,10202,1,0,0,'pentilaBanner_WAR_pentilaBannertheme','01','mobile','01','',0,'','2014-05-08 07:06:55','2014-05-08 07:06:55','',0),(220132,220130,10202,0,0,0,'pentilaBanner_WAR_pentilaBannertheme','01','mobile','01','',0,'','2014-05-08 07:06:55','2014-05-08 07:06:55','',0),(220135,220134,10202,1,0,0,'pentilaBanner_WAR_pentilaBannertheme','01','mobile','01','',0,'','2014-05-08 07:06:56','2014-05-08 07:06:56','',0),(220136,220134,10202,0,0,0,'pentilaBanner_WAR_pentilaBannertheme','01','mobile','01','',0,'','2014-05-08 07:06:56','2014-05-08 07:06:56','',0),(220139,220138,10202,1,0,0,'pentilaBanner_WAR_pentilaBannertheme','01','mobile','01','',0,'','2014-05-08 07:06:56','2014-05-08 07:06:56','',0),(220140,220138,10202,0,0,0,'pentilaBanner_WAR_pentilaBannertheme','01','mobile','01','',0,'','2014-05-08 07:06:56','2014-05-08 07:06:56','',0),(220143,220142,10202,1,0,0,'pentilaBanner_WAR_pentilaBannertheme','01','mobile','01','',0,'','2014-05-08 07:06:57','2014-05-08 07:06:57','',0),(220144,220142,10202,0,0,0,'pentilaBanner_WAR_pentilaBannertheme','01','mobile','01','',0,'','2014-05-08 07:06:57','2014-05-08 07:06:57','',0),(220147,220146,10202,1,0,0,'pentilaBanner_WAR_pentilaBannertheme','01','mobile','01','',0,'','2014-05-08 07:06:57','2014-05-08 07:06:57','',0),(220148,220146,10202,0,0,0,'pentilaBanner_WAR_pentilaBannertheme','01','mobile','01','',0,'','2014-05-08 07:06:57','2014-05-08 07:06:57','',0),(220151,220150,10202,1,0,0,'pentilaBanner_WAR_pentilaBannertheme','01','mobile','01','',0,'','2014-05-08 07:06:57','2014-05-08 07:06:57','',0),(220152,220150,10202,0,0,0,'pentilaBanner_WAR_pentilaBannertheme','01','mobile','01','',0,'','2014-05-08 07:06:57','2014-05-08 07:06:57','',0),(220155,220154,10202,1,0,0,'pentilaBanner_WAR_pentilaBannertheme','01','mobile','01','',0,'','2014-05-08 07:06:58','2014-05-08 07:06:58','',0),(220156,220154,10202,0,0,0,'pentilaBanner_WAR_pentilaBannertheme','01','mobile','01','',0,'','2014-05-08 07:06:58','2014-05-08 07:06:58','',0),(220159,220158,10202,1,0,0,'pentilaBanner_WAR_pentilaBannertheme','01','mobile','01','',0,'','2014-05-08 07:06:58','2014-05-08 07:06:58','',0),(220160,220158,10202,0,0,0,'pentilaBanner_WAR_pentilaBannertheme','01','mobile','01','',0,'','2014-05-08 07:06:58','2014-05-08 07:06:58','',0),(220163,220162,10202,1,0,0,'pentilaBanner_WAR_pentilaBannertheme','01','mobile','01','',0,'','2014-05-08 07:06:59','2014-05-08 07:06:59','',0),(220164,220162,10202,0,0,0,'pentilaBanner_WAR_pentilaBannertheme','01','mobile','01','',0,'','2014-05-08 07:06:59','2014-05-08 07:06:59','',0),(220167,220166,10202,1,0,0,'pentilaBanner_WAR_pentilaBannertheme','01','mobile','01','',0,'','2014-05-08 07:06:59','2014-05-08 07:06:59','',0),(220168,220166,10202,0,0,0,'pentilaBanner_WAR_pentilaBannertheme','01','mobile','01','',0,'','2014-05-08 07:06:59','2014-05-08 07:06:59','',0),(220171,220170,10202,1,0,0,'pentilaBanner_WAR_pentilaBannertheme','01','mobile','01','',0,'','2014-05-08 07:07:00','2014-05-08 07:07:00','',0),(220172,220170,10202,0,0,0,'pentilaBanner_WAR_pentilaBannertheme','01','mobile','01','',0,'','2014-05-08 07:07:00','2014-05-08 07:07:00','',0),(220175,220174,10202,1,0,0,'pentilaBanner_WAR_pentilaBannertheme','01','mobile','01','',0,'','2014-05-08 07:07:01','2014-05-08 07:07:01','',0),(220176,220174,10202,0,0,0,'pentilaBanner_WAR_pentilaBannertheme','01','mobile','01','',0,'','2014-05-08 07:07:01','2014-05-08 07:07:01','',0),(220179,220178,10202,1,0,0,'pentilaBanner_WAR_pentilaBannertheme','01','mobile','01','',0,'','2014-05-08 07:07:01','2014-05-08 07:07:01','',0),(220180,220178,10202,0,0,0,'pentilaBanner_WAR_pentilaBannertheme','01','mobile','01','',0,'','2014-05-08 07:07:01','2014-05-08 07:07:01','',0),(220183,220182,10202,1,0,0,'pentilaBanner_WAR_pentilaBannertheme','01','mobile','01','',0,'','2014-05-08 07:07:01','2014-05-08 07:07:01','',0),(220184,220182,10202,0,0,0,'pentilaBanner_WAR_pentilaBannertheme','01','mobile','01','',0,'','2014-05-08 07:07:01','2014-05-08 07:07:01','',0),(220187,220186,10202,1,0,0,'pentilaBanner_WAR_pentilaBannertheme','01','mobile','01','',0,'','2014-05-08 07:07:01','2014-05-08 07:07:01','',0),(220188,220186,10202,0,0,0,'pentilaBanner_WAR_pentilaBannertheme','01','mobile','01','',0,'','2014-05-08 07:07:01','2014-05-08 07:07:01','',0),(220191,220190,10202,1,0,0,'pentilaBanner_WAR_pentilaBannertheme','01','mobile','01','',0,'','2014-05-08 07:07:01','2014-05-08 07:07:01','',0),(220192,220190,10202,0,0,0,'pentilaBanner_WAR_pentilaBannertheme','01','mobile','01','',0,'','2014-05-08 07:07:01','2014-05-08 07:07:01','',0),(220195,220194,10202,1,0,0,'pentilaBanner_WAR_pentilaBannertheme','01','mobile','01','',0,'','2014-05-08 07:07:02','2014-05-08 07:07:02','',0),(220196,220194,10202,0,0,0,'pentilaBanner_WAR_pentilaBannertheme','01','mobile','01','',0,'','2014-05-08 07:07:02','2014-05-08 07:07:02','',0),(220199,220198,10202,1,0,0,'pentilaBanner_WAR_pentilaBannertheme','01','mobile','01','',0,'','2014-05-08 07:07:02','2014-05-08 07:07:02','',0),(220200,220198,10202,0,0,0,'pentilaBanner_WAR_pentilaBannertheme','01','mobile','01','',0,'','2014-05-08 07:07:02','2014-05-08 07:07:02','',0),(220203,220202,10202,1,0,0,'pentilaBanner_WAR_pentilaBannertheme','01','mobile','01','',0,'','2014-05-08 07:07:02','2014-05-08 07:07:02','',0),(220204,220202,10202,0,0,0,'pentilaBanner_WAR_pentilaBannertheme','01','mobile','01','',0,'','2014-05-08 07:07:02','2014-05-08 07:07:02','',0),(220207,220206,10202,1,0,0,'pentilaBanner_WAR_pentilaBannertheme','01','mobile','01','',0,'','2014-05-08 07:07:03','2014-05-08 07:07:03','',0),(220208,220206,10202,0,0,0,'pentilaBanner_WAR_pentilaBannertheme','01','mobile','01','',0,'','2014-05-08 07:07:03','2014-05-08 07:07:03','',0),(220211,220210,10202,1,0,0,'pentilaBanner_WAR_pentilaBannertheme','01','mobile','01','',0,'','2014-05-08 07:07:03','2014-05-08 07:07:03','',0),(220212,220210,10202,0,0,0,'pentilaBanner_WAR_pentilaBannertheme','01','mobile','01','',0,'','2014-05-08 07:07:03','2014-05-08 07:07:03','',0),(220215,220214,10202,1,0,0,'pentilaBanner_WAR_pentilaBannertheme','01','mobile','01','',0,'','2014-05-08 07:07:03','2014-05-08 07:07:03','',0),(220216,220214,10202,0,0,0,'pentilaBanner_WAR_pentilaBannertheme','01','mobile','01','',0,'','2014-05-08 07:07:03','2014-05-08 07:07:03','',0),(220219,220218,10202,1,0,0,'pentilaBanner_WAR_pentilaBannertheme','01','mobile','01','',0,'','2014-05-08 07:07:03','2014-05-08 07:07:03','',0),(220220,220218,10202,0,0,0,'pentilaBanner_WAR_pentilaBannertheme','01','mobile','01','',0,'','2014-05-08 07:07:03','2014-05-08 07:07:03','',0),(220223,220222,10202,1,0,0,'pentilaBanner_WAR_pentilaBannertheme','01','mobile','01','',0,'','2014-05-08 07:07:04','2014-05-08 07:07:04','',0),(220224,220222,10202,0,0,0,'pentilaBanner_WAR_pentilaBannertheme','01','mobile','01','',0,'','2014-05-08 07:07:04','2014-05-08 07:07:04','',0),(220227,220226,10202,1,0,0,'pentilaBanner_WAR_pentilaBannertheme','01','mobile','01','',0,'','2014-05-08 07:07:04','2014-05-08 07:07:04','',0),(220228,220226,10202,0,0,0,'pentilaBanner_WAR_pentilaBannertheme','01','mobile','01','',0,'','2014-05-08 07:07:04','2014-05-08 07:07:04','',0),(220231,220230,10202,1,0,0,'pentilaBanner_WAR_pentilaBannertheme','01','mobile','01','',0,'','2014-05-08 07:07:05','2014-05-08 07:07:05','',0),(220232,220230,10202,0,0,0,'pentilaBanner_WAR_pentilaBannertheme','01','mobile','01','',0,'','2014-05-08 07:07:05','2014-05-08 07:07:05','',0),(220235,220234,10202,1,0,0,'pentilaBanner_WAR_pentilaBannertheme','01','mobile','01','',0,'','2014-05-08 07:07:06','2014-05-08 07:07:06','',0),(220236,220234,10202,0,0,0,'pentilaBanner_WAR_pentilaBannertheme','01','mobile','01','',0,'','2014-05-08 07:07:06','2014-05-08 07:07:06','',0),(220239,220238,10202,1,0,0,'pentilaBanner_WAR_pentilaBannertheme','01','mobile','01','',0,'','2014-05-08 07:07:07','2014-05-08 07:07:07','',0),(220240,220238,10202,0,0,0,'pentilaBanner_WAR_pentilaBannertheme','01','mobile','01','',0,'','2014-05-08 07:07:07','2014-05-08 07:07:07','',0),(220243,220242,10202,1,0,0,'pentilaBanner_WAR_pentilaBannertheme','01','mobile','01','',0,'','2014-05-08 07:07:07','2014-05-08 07:07:07','',0),(220244,220242,10202,0,0,0,'pentilaBanner_WAR_pentilaBannertheme','01','mobile','01','',0,'','2014-05-08 07:07:07','2014-05-08 07:07:07','',0),(220247,220246,10202,1,0,0,'pentilaBanner_WAR_pentilaBannertheme','01','mobile','01','',0,'','2014-05-08 07:07:08','2014-05-08 07:07:08','',0),(220248,220246,10202,0,0,0,'pentilaBanner_WAR_pentilaBannertheme','01','mobile','01','',0,'','2014-05-08 07:07:08','2014-05-08 07:07:08','',0),(220251,220250,10202,1,0,0,'pentilaBanner_WAR_pentilaBannertheme','01','mobile','01','',0,'','2014-05-08 07:07:09','2014-05-08 07:07:09','',0),(220252,220250,10202,0,0,0,'pentilaBanner_WAR_pentilaBannertheme','01','mobile','01','',0,'','2014-05-08 07:07:09','2014-05-08 07:07:09','',0),(220255,220254,10202,1,0,0,'pentilaBanner_WAR_pentilaBannertheme','01','mobile','01','',0,'','2014-05-08 07:07:10','2014-05-08 07:07:10','',0),(220256,220254,10202,0,0,0,'pentilaBanner_WAR_pentilaBannertheme','01','mobile','01','',0,'','2014-05-08 07:07:10','2014-05-08 07:07:10','',0),(220259,220258,10202,1,0,0,'pentilaBanner_WAR_pentilaBannertheme','01','mobile','01','',0,'','2014-05-08 07:07:12','2014-05-08 07:07:12','',0),(220260,220258,10202,0,0,0,'pentilaBanner_WAR_pentilaBannertheme','01','mobile','01','',0,'','2014-05-08 07:07:12','2014-05-08 07:07:12','',0),(220263,220262,10202,1,0,0,'pentilaBanner_WAR_pentilaBannertheme','01','mobile','01','',0,'','2014-05-08 07:07:12','2014-05-08 07:07:12','',0),(220264,220262,10202,0,0,0,'pentilaBanner_WAR_pentilaBannertheme','01','mobile','01','',0,'','2014-05-08 07:07:12','2014-05-08 07:07:12','',0),(220267,220266,10202,1,0,0,'pentilaBanner_WAR_pentilaBannertheme','01','mobile','01','',0,'','2014-05-08 07:07:13','2014-05-08 07:07:13','',0),(220268,220266,10202,0,0,0,'pentilaBanner_WAR_pentilaBannertheme','01','mobile','01','',0,'','2014-05-08 07:07:13','2014-05-08 07:07:13','',0),(220271,220270,10202,1,0,0,'pentilaBanner_WAR_pentilaBannertheme','01','mobile','01','',0,'','2014-05-08 07:07:14','2014-05-08 07:07:14','',0),(220272,220270,10202,0,0,0,'pentilaBanner_WAR_pentilaBannertheme','01','mobile','01','',0,'','2014-05-08 07:07:14','2014-05-08 07:07:14','',0),(310904,310902,10202,1,0,0,'pentilaBanner_WAR_pentilaBannertheme','01','mobile','01','',1,'','2017-10-16 09:12:32','2017-10-16 09:12:33','',0),(310910,310902,10202,0,0,0,'pentilaBanner_WAR_pentilaBannertheme','01','mobile','01','',0,'','2017-10-16 09:12:33','2017-10-16 09:12:33','',0),(311380,311379,10202,1,0,0,'pentilaBanner_WAR_pentilaBannertheme','01','mobile','01','',1,'','2017-10-16 12:57:23','2017-10-16 13:00:06','',0),(311381,311379,10202,0,0,0,'pentilaBanner_WAR_pentilaBannertheme','01','mobile','01','',0,'','2017-10-16 12:57:23','2017-10-16 12:57:23','',0),(311505,311504,10202,1,0,0,'pentilaBanner_WAR_pentilaBannertheme','01','mobile','01','',1,'','2017-10-16 14:15:08','2017-10-16 14:18:40','',0),(311506,311504,10202,0,0,0,'pentilaBanner_WAR_pentilaBannertheme','01','mobile','01','',0,'','2017-10-16 14:15:08','2017-10-16 14:15:08','',0),(313093,313092,10202,1,0,0,'PentilaIntranet_WAR_PentilaIntranettheme','01','mobile','01','',1,'','2017-11-02 13:55:14','2017-11-02 14:07:01','',0),(313094,313092,10202,0,0,0,'PentilaIntranet_WAR_PentilaIntranettheme','01','mobile','01','',0,'','2017-11-02 13:55:14','2017-11-02 13:55:14','',0),(313629,313628,10202,1,0,0,'pentilaBanner_WAR_pentilaBannertheme','01','mobile','01','',1,'','2017-11-15 15:43:44','2017-11-15 15:43:44','',0),(313630,313628,10202,0,0,0,'pentilaBanner_WAR_pentilaBannertheme','01','mobile','01','',0,'','2017-11-15 15:43:44','2017-11-15 15:43:44','',0),(313703,313702,10202,1,0,0,'pentilaBanner_WAR_pentilaBannertheme','01','mobile','01','',1,'','2017-11-16 07:01:25','2017-11-16 07:05:24','',0),(313704,313702,10202,0,0,0,'pentilaBanner_WAR_pentilaBannertheme','01','mobile','01','',0,'','2017-11-16 07:01:25','2017-11-16 07:01:25','',0),(313707,313706,10202,1,0,0,'pentilaBanner_WAR_pentilaBannertheme','01','mobile','01','',1,'','2017-11-16 07:01:49','2017-11-16 07:05:34','',0),(313708,313706,10202,0,0,0,'pentilaBanner_WAR_pentilaBannertheme','01','mobile','01','',0,'','2017-11-16 07:01:49','2017-11-16 07:01:49','',0),(313973,313972,10202,1,0,0,'pentilaBanner_WAR_pentilaBannertheme','01','mobile','01','',1,'','2017-11-16 08:27:46','2017-11-16 08:28:28','',0),(313974,313972,10202,0,0,0,'pentilaBanner_WAR_pentilaBannertheme','01','mobile','01','',0,'','2017-11-16 08:27:46','2017-11-16 08:27:46','',0),(313987,313986,10202,1,0,0,'pentilaBanner_WAR_pentilaBannertheme','01','mobile','01','',1,'','2017-11-16 08:30:33','2017-11-16 08:31:33','',0),(313988,313986,10202,0,0,0,'pentilaBanner_WAR_pentilaBannertheme','01','mobile','01','',0,'','2017-11-16 08:30:33','2017-11-16 08:30:33','',0),(314001,314000,10202,1,0,0,'pentilaBanner_WAR_pentilaBannertheme','01','mobile','01','',1,'','2017-11-16 08:33:35','2017-11-16 08:34:25','',0),(314002,314000,10202,0,0,0,'pentilaBanner_WAR_pentilaBannertheme','01','mobile','01','',0,'','2017-11-16 08:33:35','2017-11-16 08:33:35','',0),(314016,314015,10202,1,0,0,'pentilaBanner_WAR_pentilaBannertheme','01','mobile','01','',1,'','2017-11-16 08:37:23','2017-11-16 08:38:04','',0),(314017,314015,10202,0,0,0,'pentilaBanner_WAR_pentilaBannertheme','01','mobile','01','',0,'','2017-11-16 08:37:23','2017-11-16 08:37:23','',0),(314030,314029,10202,1,0,0,'pentilaBanner_WAR_pentilaBannertheme','01','mobile','01','',1,'','2017-11-16 08:41:04','2017-11-16 08:41:50','',0),(314031,314029,10202,0,0,0,'pentilaBanner_WAR_pentilaBannertheme','01','mobile','01','',0,'','2017-11-16 08:41:04','2017-11-16 08:41:04','',0),(314044,314043,10202,1,0,0,'pentilaBanner_WAR_pentilaBannertheme','01','mobile','01','',1,'','2017-11-16 08:44:04','2017-11-16 08:45:03','',0),(314045,314043,10202,0,0,0,'pentilaBanner_WAR_pentilaBannertheme','01','mobile','01','',0,'','2017-11-16 08:44:04','2017-11-16 08:44:04','',0),(314058,314057,10202,1,0,0,'pentilaBanner_WAR_pentilaBannertheme','01','mobile','01','',1,'','2017-11-16 08:47:12','2017-11-16 08:48:01','',0),(314059,314057,10202,0,0,0,'pentilaBanner_WAR_pentilaBannertheme','01','mobile','01','',0,'','2017-11-16 08:47:12','2017-11-16 08:47:12','',0),(314072,314071,10202,1,0,0,'pentilaBanner_WAR_pentilaBannertheme','01','mobile','01','',1,'','2017-11-16 08:52:06','2017-11-16 08:53:17','',0),(314073,314071,10202,0,0,0,'pentilaBanner_WAR_pentilaBannertheme','01','mobile','01','',0,'','2017-11-16 08:52:06','2017-11-16 08:52:06','',0),(314086,314085,10202,1,0,0,'pentilaBanner_WAR_pentilaBannertheme','01','mobile','01','',1,'','2017-11-16 08:55:47','2017-11-16 08:56:29','',0),(314087,314085,10202,0,0,0,'pentilaBanner_WAR_pentilaBannertheme','01','mobile','01','',0,'','2017-11-16 08:55:47','2017-11-16 08:55:47','',0),(314100,314099,10202,1,0,0,'pentilaBanner_WAR_pentilaBannertheme','01','mobile','01','',1,'','2017-11-16 08:58:11','2017-11-16 08:59:07','',0),(314101,314099,10202,0,0,0,'pentilaBanner_WAR_pentilaBannertheme','01','mobile','01','',0,'','2017-11-16 08:58:11','2017-11-16 08:58:11','',0),(314114,314113,10202,1,0,0,'pentilaBanner_WAR_pentilaBannertheme','01','mobile','01','',1,'','2017-11-16 09:00:55','2017-11-16 09:01:57','',0),(314115,314113,10202,0,0,0,'pentilaBanner_WAR_pentilaBannertheme','01','mobile','01','',0,'','2017-11-16 09:00:55','2017-11-16 09:00:55','',0),(314128,314127,10202,1,0,0,'pentilaBanner_WAR_pentilaBannertheme','01','mobile','01','',1,'','2017-11-16 09:03:32','2017-11-16 09:04:42','',0),(314129,314127,10202,0,0,0,'pentilaBanner_WAR_pentilaBannertheme','01','mobile','01','',0,'','2017-11-16 09:03:32','2017-11-16 09:03:32','',0),(314143,314142,10202,1,0,0,'pentilaBanner_WAR_pentilaBannertheme','01','mobile','01','',1,'','2017-11-16 09:06:40','2017-11-16 09:07:52','',0),(314144,314142,10202,0,0,0,'pentilaBanner_WAR_pentilaBannertheme','01','mobile','01','',0,'','2017-11-16 09:06:40','2017-11-16 09:06:40','',0),(314157,314156,10202,1,0,0,'pentilaBanner_WAR_pentilaBannertheme','01','mobile','01','',1,'','2017-11-16 09:10:03','2017-11-16 09:10:52','',0),(314158,314156,10202,0,0,0,'pentilaBanner_WAR_pentilaBannertheme','01','mobile','01','',0,'','2017-11-16 09:10:03','2017-11-16 09:10:03','',0),(314166,314165,10202,1,0,0,'pentilaBanner_WAR_pentilaBannertheme','01','mobile','01','',1,'','2017-11-16 09:16:21','2017-11-16 09:17:02','',0),(314167,314165,10202,0,0,0,'pentilaBanner_WAR_pentilaBannertheme','01','mobile','01','',0,'','2017-11-16 09:16:21','2017-11-16 09:16:21','',0),(314180,314179,10202,1,0,0,'pentilaBanner_WAR_pentilaBannertheme','01','mobile','01','',1,'','2017-11-16 09:18:39','2017-11-16 09:19:25','',0),(314181,314179,10202,0,0,0,'pentilaBanner_WAR_pentilaBannertheme','01','mobile','01','',0,'','2017-11-16 09:18:39','2017-11-16 09:18:39','',0),(314192,314191,10202,1,0,0,'pentilaBanner_WAR_pentilaBannertheme','01','mobile','01','',1,'','2017-11-16 09:20:31','2017-11-16 09:22:00','',0),(314193,314191,10202,0,0,0,'pentilaBanner_WAR_pentilaBannertheme','01','mobile','01','',0,'','2017-11-16 09:20:31','2017-11-16 09:20:31','',0),(314203,314202,10202,1,0,0,'pentilaBanner_WAR_pentilaBannertheme','01','mobile','01','',1,'','2017-11-16 09:22:10','2017-11-16 09:24:25','',0),(314204,314202,10202,0,0,0,'pentilaBanner_WAR_pentilaBannertheme','01','mobile','01','',0,'','2017-11-16 09:22:10','2017-11-16 09:22:10','',0),(314212,314211,10202,1,0,0,'pentilaBanner_WAR_pentilaBannertheme','01','mobile','01','',1,'','2017-11-16 09:24:06','2017-11-16 09:28:44','',0),(314213,314211,10202,0,0,0,'pentilaBanner_WAR_pentilaBannertheme','01','mobile','01','',0,'','2017-11-16 09:24:06','2017-11-16 09:24:06','',0),(314646,314645,10202,1,0,0,'pentilaBanner_WAR_pentilaBannertheme','01','mobile','01','',1,'','2017-11-16 11:17:58','2017-11-16 11:20:24','',0),(314647,314645,10202,0,0,0,'pentilaBanner_WAR_pentilaBannertheme','01','mobile','01','',0,'','2017-11-16 11:17:58','2017-11-16 11:17:58','',0),(314650,314649,10202,1,0,0,'pentilaBanner_WAR_pentilaBannertheme','01','mobile','01','',1,'','2017-11-16 11:18:50','2017-11-16 11:23:34','',0),(314651,314649,10202,0,0,0,'pentilaBanner_WAR_pentilaBannertheme','01','mobile','01','',0,'','2017-11-16 11:18:50','2017-11-16 11:18:50','',0);

--
